CRAN Package Check Results for Package pkgdepends

Last updated on 2022-08-13 22:50:07 CEST.

Flavor Version Tinstall Tcheck Ttotal Status Flags
r-devel-linux-x86_64-debian-clang 0.3.1 20.14 75.79 95.93 NOTE
r-devel-linux-x86_64-debian-gcc 0.3.1 16.17 57.40 73.57 NOTE
r-devel-linux-x86_64-fedora-clang 0.3.1 126.78 OK
r-devel-linux-x86_64-fedora-gcc 0.3.1 132.05 OK
r-devel-windows-x86_64 0.3.1 189.00 91.00 280.00 OK
r-patched-linux-x86_64 0.3.1 19.38 71.05 90.43 OK
r-release-linux-x86_64 0.3.1 19.53 71.69 91.22 OK
r-release-macos-arm64 0.3.1 28.00 OK
r-release-macos-x86_64 0.3.1 43.00 OK
r-release-windows-x86_64 0.3.1 240.00 96.00 336.00 OK
r-oldrel-macos-arm64 0.3.1 28.00 OK
r-oldrel-macos-x86_64 0.3.1 50.00 OK
r-oldrel-windows-ix86+x86_64 0.3.1 33.00 89.00 122.00 OK

Check Details

Version: 0.3.1
Check: HTML version of manual
Result: NOTE
    Found the following HTML validation problems:
    pkg_installation_plan.html:119:6: Warning: missing </span> before <p>
    pkg_installation_plan.html:119:118: Warning: inserting implicit <span>
    pkg_installation_plan.html:122:6: Warning: missing </span> before <p>
    pkg_installation_plan.html:122:119: Warning: inserting implicit <span>
    pkg_installation_plan.html:125:6: Warning: missing </span> before <p>
    pkg_installation_plan.html:125:112: Warning: inserting implicit <span>
    pkg_installation_plan.html:128:6: Warning: missing </span> before <p>
    pkg_installation_plan.html:128:108: Warning: inserting implicit <span>
    pkg_installation_plan.html:131:6: Warning: missing </span> before <p>
    pkg_installation_plan.html:131:114: Warning: inserting implicit <span>
    pkg_installation_plan.html:134:6: Warning: missing </span> before <p>
    pkg_installation_plan.html:134:117: Warning: inserting implicit <span>
    pkg_installation_plan.html:137:6: Warning: missing </span> before <p>
    pkg_installation_plan.html:137:120: Warning: inserting implicit <span>
    pkg_installation_plan.html:140:6: Warning: missing </span> before <p>
    pkg_installation_plan.html:140:112: Warning: inserting implicit <span>
    pkg_installation_plan.html:143:6: Warning: missing </span> before <p>
    pkg_installation_plan.html:143:118: Warning: inserting implicit <span>
    pkg_installation_plan.html:146:6: Warning: missing </span> before <p>
    pkg_installation_plan.html:146:116: Warning: inserting implicit <span>
    pkg_installation_plan.html:149:6: Warning: missing </span> before <p>
    pkg_installation_plan.html:149:111: Warning: inserting implicit <span>
    pkg_installation_plan.html:152:6: Warning: missing </span> before <p>
    pkg_installation_plan.html:152:119: Warning: inserting implicit <span>
    pkg_installation_plan.html:155:6: Warning: missing </span> before <p>
    pkg_installation_plan.html:155:109: Warning: inserting implicit <span>
    pkg_installation_plan.html:158:6: Warning: missing </span> before <p>
    pkg_installation_plan.html:158:117: Warning: inserting implicit <span>
    pkg_installation_plan.html:161:6: Warning: missing </span> before <p>
    pkg_installation_plan.html:161:127: Warning: inserting implicit <span>
    pkg_installation_plan.html:164:6: Warning: missing </span> before <p>
    pkg_installation_plan.html:164:127: Warning: inserting implicit <span>
    pkg_installation_plan.html:119:6: Warning: trimming empty <span>
    pkg_installation_plan.html:122:6: Warning: trimming empty <span>
    pkg_installation_plan.html:125:6: Warning: trimming empty <span>
    pkg_installation_plan.html:128:6: Warning: trimming empty <span>
    pkg_installation_plan.html:131:6: Warning: trimming empty <span>
    pkg_installation_plan.html:134:6: Warning: trimming empty <span>
    pkg_installation_plan.html:137:6: Warning: trimming empty <span>
    pkg_installation_plan.html:140:6: Warning: trimming empty <span>
    pkg_installation_plan.html:143:6: Warning: trimming empty <span>
    pkg_installation_plan.html:146:6: Warning: trimming empty <span>
    pkg_installation_plan.html:149:6: Warning: trimming empty <span>
    pkg_installation_plan.html:152:6: Warning: trimming empty <span>
    pkg_installation_plan.html:155:6: Warning: trimming empty <span>
    pkg_installation_plan.html:158:6: Warning: trimming empty <span>
    pkg_installation_plan.html:161:6: Warning: trimming empty <span>
    pkg_installation_plan.html:164:6: Warning: trimming empty <span>
    pkg_refs.html:358:60: Warning: inserting implicit <p>
    pkg_refs.html:364:37: Warning: inserting implicit <p>
    pkg_refs.html:358:60: Warning: trimming empty <p>
    pkg_refs.html:364:37: Warning: trimming empty <p>
    pkgdepends-package.html:76:69: Warning: inserting implicit <p>
    pkgdepends-package.html:105:89: Warning: inserting implicit <p>
    pkgdepends-package.html:162:72: Warning: inserting implicit <p>
    pkgdepends-package.html:175:70: Warning: inserting implicit <p>
    pkgdepends-package.html:76:69: Warning: trimming empty <p>
    pkgdepends-package.html:105:89: Warning: trimming empty <p>
    pkgdepends-package.html:162:72: Warning: trimming empty <p>
    pkgdepends-package.html:175:70: Warning: trimming empty <p>
Flavors: r-devel-linux-x86_64-debian-clang, r-devel-linux-x86_64-debian-gcc