CRAN Package Check Results for Package pkgdown

Last updated on 2019-05-20 18:54:16 CEST.

Flavor Version Tinstall Tcheck Ttotal Status Flags
r-devel-linux-x86_64-debian-clang 1.3.0 7.35 76.95 84.30 OK
r-devel-linux-x86_64-debian-gcc 1.3.0 6.16 60.61 66.77 OK
r-devel-linux-x86_64-fedora-clang 1.3.0 100.74 OK
r-devel-linux-x86_64-fedora-gcc 1.3.0 98.21 OK
r-devel-windows-ix86+x86_64 1.3.0 25.00 155.00 180.00 ERROR
r-patched-linux-x86_64 1.3.0 6.91 75.82 82.73 OK
r-patched-solaris-x86 1.3.0 110.20 OK
r-release-linux-x86_64 1.3.0 7.05 76.34 83.39 OK
r-release-windows-ix86+x86_64 1.3.0 21.00 135.00 156.00 OK
r-release-osx-x86_64 1.3.0 OK
r-oldrel-windows-ix86+x86_64 1.3.0 12.00 100.00 112.00 OK
r-oldrel-osx-x86_64 1.3.0 OK

Check Details

Version: 1.3.0
Check: tests
Result: ERROR
     Running 'testthat.R' [64s]
    Running the tests in 'tests/testthat.R' failed.
    Complete output:
     > library(testthat)
     > library(pkgdown)
     >
     > test_check("pkgdown")
     -- 1. Failure: remote_package_url discovers pkgdown site (@test-metadata.R#7) -
     remote_package_reference_url("pkgdown") not equal to "https://pkgdown.r-lib.org/reference".
     target is NULL, current is character
    
     == testthat results ===========================================================
     OK: 281 SKIPPED: 9 WARNINGS: 19 FAILED: 1
     1. Failure: remote_package_url discovers pkgdown site (@test-metadata.R#7)
    
     Error: testthat unit tests failed
     Execution halted
Flavor: r-devel-windows-ix86+x86_64