CRAN Package Check Results for Package pkgmaker

Last updated on 2014-11-23 12:46:37.

Flavor Version Tinstall Tcheck Ttotal Status Flags
r-devel-linux-x86_64-debian-clang 0.22 1.67 29.89 31.56 NOTE
r-devel-linux-x86_64-debian-gcc 0.22 1.62 29.80 31.42 NOTE
r-devel-linux-x86_64-fedora-clang 0.22 64.87 NOTE
r-devel-linux-x86_64-fedora-gcc 0.22 61.58 NOTE
r-devel-osx-x86_64-clang 0.22 65.70 NOTE
r-devel-windows-ix86+x86_64 0.22 5.00 49.00 54.00 NOTE
r-patched-linux-x86_64 0.22 2.44 30.39 32.83 NOTE
r-patched-solaris-sparc 0.22 354.40 NOTE
r-patched-solaris-x86 0.22 81.40 NOTE
r-release-linux-ix86 0.22 2.16 38.87 41.02 NOTE
r-release-linux-x86_64 0.22 1.64 30.64 32.28 NOTE
r-release-osx-x86_64-mavericks 0.22 NOTE
r-release-osx-x86_64-snowleopard 0.22 NOTE
r-release-windows-ix86+x86_64 0.22 5.00 50.00 55.00 NOTE
r-oldrel-windows-ix86+x86_64 0.22 5.00 58.00 63.00 NOTE

Check Details

Version: 0.22
Check: R code for possible problems
Result: NOTE
    .existsTestLogger: no visible binding for global variable ‘.testLogger’
    CLIArgumentParser: no visible global function definition for
     ‘ArgumentParser’
    CLIArgumentParser: no visible global function definition for ‘proto’
    chunkOutputHook : <anonymous> : <anonymous>: no visible binding for
     global variable ‘knit_hooks’
    cite_pkg: no visible global function definition for ‘read.bib’
    hook_backspace : <anonymous>: no visible binding for global variable
     ‘knit_hooks’
    knit_ex: no visible global function definition for ‘knit2html’
    knit_ex: no visible global function definition for ‘knit’
    latex_bibliography: no visible binding for global variable ‘knit_hooks’
    makeUnitVignette: no visible global function definition for ‘getErrors’
    runVignette.rnw_knitr: no visible binding for global variable
     ‘opts_chunk’
    runVignette.rnw_knitr: no visible global function definition for
     ‘knit2pdf’
    runVignette.rnw_knitr: no visible global function definition for ‘knit’
    write_PACKAGES_index: no visible global function definition for
     ‘HTMLReport’
    write_PACKAGES_index : linkPackage: no visible global function
     definition for ‘hwrite’
    write_PACKAGES_index: no visible global function definition for
     ‘publish’
    write_PACKAGES_index: no visible global function definition for
     ‘knit2html’
    write_PACKAGES_index: no visible global function definition for
     ‘finish’
Flavors: r-devel-linux-x86_64-debian-clang, r-devel-linux-x86_64-debian-gcc, r-devel-linux-x86_64-fedora-clang, r-devel-linux-x86_64-fedora-gcc, r-devel-osx-x86_64-clang, r-devel-windows-ix86+x86_64, r-patched-linux-x86_64, r-patched-solaris-sparc, r-patched-solaris-x86, r-release-linux-ix86, r-release-linux-x86_64, r-release-windows-ix86+x86_64

Version: 0.22
Check: package dependencies
Result: NOTE
    Package suggested but not available for checking: ‘ReportingTools’
Flavors: r-devel-osx-x86_64-clang, r-patched-solaris-sparc, r-patched-solaris-x86, r-release-osx-x86_64-mavericks

Version: 0.22
Check: R code for possible problems
Result: NOTE
    write_PACKAGES_index: no visible global function definition for
     ‘HTMLReport’
    write_PACKAGES_index: no visible global function definition for
     ‘publish’
    write_PACKAGES_index: no visible global function definition for
     ‘finish’
Flavor: r-release-osx-x86_64-mavericks

Version: 0.22
Check: re-building of vignette outputs
Result: NOTE
    Error in re-building vignettes:
     ...
    Warning: running command 'kpsewhich framed.sty' had status 1
    Warning in test_latex_pkg("framed", system.file("misc", "framed.sty", package = "knitr")) :
     unable to find LaTeX package 'framed'; will use a copy from knitr
    Error in texi2dvi(file = file, pdf = TRUE, clean = clean, quiet = quiet, :
     Running 'texi2dvi' on 'pkgmaker-unitTests.tex' failed.
    LaTeX errors:
    ! LaTeX Error: File `vmargin.sty' not found.
    
    Type X to quit or <RETURN> to proceed,
    or enter new name. (Default extension: sty)
    
    n_test/pkgmaker/vignettes/pkgmaker-unitTests.tex:57: ==> Fatal error occurred,
     no output PDF file produced!
    Calls: buildVignettes -> texi2pdf -> texi2dvi
    Execution halted
Flavor: r-release-osx-x86_64-mavericks

Version: 0.22
Check: package dependencies
Result: NOTE
    Packages suggested but not available for checking:
     ‘ReportingTools’ ‘argparse’
Flavor: r-release-osx-x86_64-snowleopard

Version: 0.22
Check: R code for possible problems
Result: NOTE
    CLIArgumentParser: no visible global function definition for
     ‘ArgumentParser’
    CLIArgumentParser: no visible global function definition for ‘proto’
    write_PACKAGES_index: no visible global function definition for
     ‘HTMLReport’
    write_PACKAGES_index: no visible global function definition for
     ‘publish’
    write_PACKAGES_index: no visible global function definition for
     ‘finish’
Flavor: r-release-osx-x86_64-snowleopard

Version: 0.22
Check: Rd cross-references
Result: NOTE
    Package unavailable to check Rd xrefs: ‘argparse’
Flavor: r-release-osx-x86_64-snowleopard

Version: 0.22
Check: R code for possible problems
Result: NOTE
    Error : .onLoad failed in loadNamespace() for 'GO.db', details:
     call: match.arg(synchronous, c("off", "normal", "full"))
     error: 'arg' must be NULL or a character vector
    write_PACKAGES_index: no visible global function definition for
     'HTMLReport'
    write_PACKAGES_index: no visible global function definition for
     'publish'
    write_PACKAGES_index: no visible global function definition for
     'finish'
Flavor: r-oldrel-windows-ix86+x86_64