CRAN Package Check Results for Package pkgmaker

Last updated on 2015-09-03 03:48:36.

Flavor Version Tinstall Tcheck Ttotal Status Flags
r-devel-linux-x86_64-debian-clang 0.22 1.52 26.41 27.94 NOTE
r-devel-linux-x86_64-debian-gcc 0.22 1.34 26.25 27.59 NOTE
r-devel-linux-x86_64-fedora-clang 0.22 53.30 NOTE
r-devel-linux-x86_64-fedora-gcc 0.22 51.59 NOTE
r-devel-osx-x86_64-clang 0.22 52.30 NOTE
r-devel-windows-ix86+x86_64 0.22 8.00 52.00 60.00 NOTE
r-patched-linux-x86_64 0.22 1.42 28.69 30.11 NOTE
r-patched-solaris-sparc 0.22 344.90 NOTE
r-patched-solaris-x86 0.22 78.80 NOTE
r-release-linux-x86_64 0.22 1.45 27.73 29.18 NOTE
r-release-osx-x86_64-mavericks 0.22 NOTE
r-release-windows-ix86+x86_64 0.22 10.00 51.00 61.00 NOTE
r-oldrel-windows-ix86+x86_64 0.22 11.00 92.00 103.00 NOTE

Check Details

Version: 0.22
Check: dependencies in R code
Result: NOTE
    'library' or 'require' calls in package code:
     ‘argparse’ ‘devtools’ ‘knitr’
     Please use :: or requireNamespace() instead.
     See section 'Suggested packages' in the 'Writing R Extensions' manual.
Flavors: r-devel-linux-x86_64-debian-clang, r-devel-linux-x86_64-debian-gcc, r-devel-linux-x86_64-fedora-clang, r-devel-linux-x86_64-fedora-gcc, r-devel-osx-x86_64-clang, r-devel-windows-ix86+x86_64, r-patched-linux-x86_64, r-patched-solaris-sparc, r-patched-solaris-x86, r-release-linux-x86_64, r-release-osx-x86_64-mavericks, r-release-windows-ix86+x86_64, r-oldrel-windows-ix86+x86_64

Version: 0.22
Check: R code for possible problems
Result: NOTE
    .existsTestLogger: no visible binding for global variable ‘.testLogger’
    .silenceF : <anonymous>: no visible global function definition for
     ‘capture.output’
    CLIArgumentParser: no visible global function definition for
     ‘ArgumentParser’
    CLIArgumentParser: no visible global function definition for ‘proto’
    CLIArgumentParser : <anonymous>: no visible global function definition
     for ‘capture.output’
    RdSection2latex: no visible global function definition for
     ‘capture.output’
    RdSection2latex: no visible global function definition for ‘tail’
    as.package: no visible global function definition for ‘untar’
    as.rnw: no visible global function definition for ‘RweaveLatex’
    checkPlot: no visible global function definition for ‘png’
    checkPlot: no visible global function definition for ‘dev.off’
    chunkOutputHook : <anonymous> : <anonymous>: no visible binding for
     global variable ‘knit_hooks’
    cite_pkg: no visible global function definition for ‘read.bib’
    extractLocalFun: no visible global function definition for
     ‘capture.output’
    extractLocalFun: no visible global function definition for ‘tail’
    hook_backspace : <anonymous>: no visible binding for global variable
     ‘knit_hooks’
    is.dir: no visible global function definition for ‘file_test’
    is.file: no visible global function definition for ‘file_test’
    isPackageInstalled : <anonymous>: no visible global function definition
     for ‘compareVersion’
    knit_ex: no visible global function definition for ‘knit2html’
    knit_ex: no visible global function definition for ‘browseURL’
    knit_ex: no visible global function definition for ‘knit’
    latex_bibliography: no visible binding for global variable ‘knit_hooks’
    makeUnitVignette: no visible global function definition for ‘getErrors’
    packageData: no visible global function definition for ‘data’
    packageMakefile: no visible global function definition for
     ‘capture.output’
    parseCMD: no visible global function definition for ‘capture.output’
    parseCMD: no visible global function definition for ‘str’
    print.package_options: no visible global function definition for ‘str’
    qlibrary: no visible global function definition for ‘capture.output’
    rnw: no visible global function definition for ‘par’
    runVignette.rnw_knitr: no visible binding for global variable
     ‘opts_chunk’
    runVignette.rnw_knitr: no visible global function definition for
     ‘knit2pdf’
    runVignette.rnw_knitr: no visible global function definition for ‘knit’
    runVignette.rnw_sweave: no visible global function definition for
     ‘Sweave’
    str_diff: no visible global function definition for ‘head’
    str_fun: no visible global function definition for ‘capture.output’
    str_out: no visible global function definition for ‘head’
    str_out: no visible global function definition for ‘tail’
    utestFramework: no visible global function definition for
     ‘capture.output’
    vignetteMakefile: no visible global function definition for
     ‘packageDescription’
    write.pkgbib: no visible global function definition for
     ‘installed.packages’
    write.pkgbib : <anonymous>: no visible global function definition for
     ‘citation’
    write.pkgbib: no visible global function definition for ‘toBibtex’
    writeUnitVignette: no visible global function definition for ‘toLatex’
    writeUnitVignette: no visible global function definition for
     ‘sessionInfo’
    write_PACKAGES_index: no visible global function definition for
     ‘contrib.url’
    write_PACKAGES_index: no visible global function definition for
     ‘available.packages’
    write_PACKAGES_index: no visible global function definition for
     ‘HTMLReport’
    write_PACKAGES_index : linkPackage: no visible global function
     definition for ‘hwrite’
    write_PACKAGES_index: no visible global function definition for
     ‘publish’
    write_PACKAGES_index: no visible global function definition for
     ‘knit2html’
    write_PACKAGES_index: no visible global function definition for
     ‘finish’
    utest,RUnitTestSuite: no visible global function definition for
     ‘capture.output’
    utest,RUnitTestSuite: no visible global function definition for
     ‘runTestSuite’
    utest,RUnitTestSuite: no visible global function definition for
     ‘printTextProtocol’
    utest,RUnitTestSuite: no visible global function definition for
     ‘printHTMLProtocol’
    utest,RUnitTestSuite: no visible global function definition for
     ‘getErrors’
    utest,character: no visible binding for global variable ‘devtools’
    utest,character: no visible global function definition for ‘is.package’
    utest,character: no visible global function definition for ‘load_all’
    utest,character: no visible global function definition for
     ‘defineTestSuite’
    utest,character: no visible global function definition for ‘str’
    utest,character: no visible global function definition for ‘test_dir’
    utest,character: no visible global function definition for
     ‘runTestFile’
    utest,character: no visible global function definition for ‘test_file’
    Undefined global functions or variables:
     .testLogger ArgumentParser HTMLReport RweaveLatex Sweave
     available.packages browseURL capture.output citation compareVersion
     contrib.url data defineTestSuite dev.off devtools file_test finish
     getErrors head hwrite installed.packages is.package knit knit2html
     knit2pdf knit_hooks load_all opts_chunk packageDescription par png
     printHTMLProtocol printTextProtocol proto publish read.bib
     runTestFile runTestSuite sessionInfo str tail test_dir test_file
     toBibtex toLatex untar
    Consider adding
     importFrom("grDevices", "dev.off", "png")
     importFrom("graphics", "par")
     importFrom("utils", "RweaveLatex", "Sweave", "available.packages",
     "browseURL", "capture.output", "citation", "compareVersion",
     "contrib.url", "data", "file_test", "head",
     "installed.packages", "packageDescription", "sessionInfo",
     "str", "tail", "toBibtex", "toLatex", "untar")
    to your NAMESPACE.
Flavors: r-devel-linux-x86_64-debian-clang, r-devel-linux-x86_64-debian-gcc, r-devel-linux-x86_64-fedora-clang, r-devel-linux-x86_64-fedora-gcc, r-devel-windows-ix86+x86_64

Version: 0.22
Check: R code for possible problems
Result: NOTE
    .existsTestLogger: no visible binding for global variable ‘.testLogger’
    CLIArgumentParser: no visible global function definition for
     ‘ArgumentParser’
    CLIArgumentParser: no visible global function definition for ‘proto’
    chunkOutputHook : <anonymous> : <anonymous>: no visible binding for
     global variable ‘knit_hooks’
    cite_pkg: no visible global function definition for ‘read.bib’
    hook_backspace : <anonymous>: no visible binding for global variable
     ‘knit_hooks’
    knit_ex: no visible global function definition for ‘knit2html’
    knit_ex: no visible global function definition for ‘knit’
    latex_bibliography: no visible binding for global variable ‘knit_hooks’
    makeUnitVignette: no visible global function definition for ‘getErrors’
    runVignette.rnw_knitr: no visible binding for global variable
     ‘opts_chunk’
    runVignette.rnw_knitr: no visible global function definition for
     ‘knit2pdf’
    runVignette.rnw_knitr: no visible global function definition for ‘knit’
    write_PACKAGES_index: no visible global function definition for
     ‘HTMLReport’
    write_PACKAGES_index : linkPackage: no visible global function
     definition for ‘hwrite’
    write_PACKAGES_index: no visible global function definition for
     ‘publish’
    write_PACKAGES_index: no visible global function definition for
     ‘knit2html’
    write_PACKAGES_index: no visible global function definition for
     ‘finish’
    utest,RUnitTestSuite: no visible global function definition for
     ‘runTestSuite’
    utest,RUnitTestSuite: no visible global function definition for
     ‘printTextProtocol’
    utest,RUnitTestSuite: no visible global function definition for
     ‘printHTMLProtocol’
    utest,RUnitTestSuite: no visible global function definition for
     ‘getErrors’
    utest,character: no visible binding for global variable ‘devtools’
    utest,character: no visible global function definition for ‘is.package’
    utest,character: no visible global function definition for ‘load_all’
    utest,character: no visible global function definition for
     ‘defineTestSuite’
    utest,character: no visible global function definition for ‘test_dir’
    utest,character: no visible global function definition for
     ‘runTestFile’
    utest,character: no visible global function definition for ‘test_file’
    Undefined global functions or variables:
     .testLogger ArgumentParser HTMLReport defineTestSuite devtools finish
     getErrors hwrite is.package knit knit2html knit2pdf knit_hooks
     load_all opts_chunk printHTMLProtocol printTextProtocol proto publish
     read.bib runTestFile runTestSuite test_dir test_file
Flavor: r-devel-osx-x86_64-clang

Version: 0.22
Check: R code for possible problems
Result: NOTE
    .existsTestLogger: no visible binding for global variable ‘.testLogger’
    CLIArgumentParser: no visible global function definition for
     ‘ArgumentParser’
    CLIArgumentParser: no visible global function definition for ‘proto’
    chunkOutputHook : <anonymous> : <anonymous>: no visible binding for
     global variable ‘knit_hooks’
    cite_pkg: no visible global function definition for ‘read.bib’
    hook_backspace : <anonymous>: no visible binding for global variable
     ‘knit_hooks’
    knit_ex: no visible global function definition for ‘knit2html’
    knit_ex: no visible global function definition for ‘knit’
    latex_bibliography: no visible binding for global variable ‘knit_hooks’
    makeUnitVignette: no visible global function definition for ‘getErrors’
    runVignette.rnw_knitr: no visible binding for global variable
     ‘opts_chunk’
    runVignette.rnw_knitr: no visible global function definition for
     ‘knit2pdf’
    runVignette.rnw_knitr: no visible global function definition for ‘knit’
    write_PACKAGES_index: no visible global function definition for
     ‘HTMLReport’
    write_PACKAGES_index : linkPackage: no visible global function
     definition for ‘hwrite’
    write_PACKAGES_index: no visible global function definition for
     ‘publish’
    write_PACKAGES_index: no visible global function definition for
     ‘knit2html’
    write_PACKAGES_index: no visible global function definition for
     ‘finish’
    utest,RUnitTestSuite : .local: no visible global function definition
     for ‘runTestSuite’
    utest,RUnitTestSuite : .local: no visible global function definition
     for ‘printTextProtocol’
    utest,RUnitTestSuite : .local: no visible global function definition
     for ‘printHTMLProtocol’
    utest,RUnitTestSuite : .local: no visible global function definition
     for ‘getErrors’
    utest,character : .local: no visible binding for global variable
     ‘devtools’
    utest,character : .local: no visible global function definition for
     ‘is.package’
    utest,character : .local: no visible global function definition for
     ‘load_all’
    utest,character : .local: no visible global function definition for
     ‘defineTestSuite’
    utest,character : .local: no visible global function definition for
     ‘test_dir’
    utest,character : .local: no visible global function definition for
     ‘runTestFile’
    utest,character : .local: no visible global function definition for
     ‘test_file’
Flavors: r-patched-linux-x86_64, r-patched-solaris-sparc, r-patched-solaris-x86, r-release-linux-x86_64, r-release-windows-ix86+x86_64, r-oldrel-windows-ix86+x86_64

Version: 0.22
Check: package dependencies
Result: NOTE
    Package suggested but not available for checking: ‘ReportingTools’
Flavors: r-patched-solaris-sparc, r-patched-solaris-x86, r-release-osx-x86_64-mavericks

Version: 0.22
Check: R code for possible problems
Result: NOTE
    .existsTestLogger: no visible binding for global variable ‘.testLogger’
    CLIArgumentParser: no visible global function definition for
     ‘ArgumentParser’
    CLIArgumentParser: no visible global function definition for ‘proto’
    chunkOutputHook : <anonymous> : <anonymous>: no visible binding for
     global variable ‘knit_hooks’
    cite_pkg: no visible global function definition for ‘read.bib’
    hook_backspace : <anonymous>: no visible binding for global variable
     ‘knit_hooks’
    knit_ex: no visible global function definition for ‘knit2html’
    knit_ex: no visible global function definition for ‘knit’
    latex_bibliography: no visible binding for global variable ‘knit_hooks’
    makeUnitVignette: no visible global function definition for ‘getErrors’
    runVignette.rnw_knitr: no visible binding for global variable
     ‘opts_chunk’
    runVignette.rnw_knitr: no visible global function definition for
     ‘knit2pdf’
    runVignette.rnw_knitr: no visible global function definition for ‘knit’
    write_PACKAGES_index: no visible global function definition for
     ‘HTMLReport’
    write_PACKAGES_index : linkPackage: no visible global function
     definition for ‘hwrite’
    write_PACKAGES_index: no visible global function definition for
     ‘publish’
    write_PACKAGES_index: no visible global function definition for
     ‘knit2html’
    write_PACKAGES_index: no visible global function definition for
     ‘finish’
Flavor: r-release-osx-x86_64-mavericks