CRAN Package Check Results for Package pkgmaker

Last updated on 2015-04-01 13:48:22.

Flavor Version Tinstall Tcheck Ttotal Status Flags
r-devel-linux-x86_64-debian-clang 0.22 1.44 27.81 29.25 NOTE
r-devel-linux-x86_64-debian-gcc 0.22 1.47 27.04 28.51 NOTE
r-devel-linux-x86_64-fedora-clang 0.22 55.35 NOTE
r-devel-linux-x86_64-fedora-gcc 0.22 58.60 NOTE
r-devel-osx-x86_64-clang 0.22 68.17 NOTE
r-prerel-windows-ix86+x86_64 0.22 9.00 50.00 59.00 NOTE
r-prerel-linux-x86_64 0.22 1.49 27.33 28.82 NOTE
r-prerel-solaris-sparc 0.22 350.90 NOTE
r-prerel-solaris-x86 0.22 69.80 NOTE
r-release-linux-x86_64 0.22 1.63 29.97 31.60 NOTE
r-release-osx-x86_64-mavericks 0.22 NOTE
r-release-osx-x86_64-snowleopard 0.22 NOTE
r-release-windows-ix86+x86_64 0.22 7.00 53.00 60.00 NOTE
r-oldrel-windows-ix86+x86_64 0.22 7.00 68.00 75.00 NOTE

Check Details

Version: 0.22
Check: dependencies in R code
Result: NOTE
    'library' or 'require' calls in package code:
     ‘argparse’ ‘devtools’ ‘knitr’
     Please use :: or requireNamespace() instead.
     See section 'Suggested packages' in the 'Writing R Extensions' manual.
Flavors: r-devel-linux-x86_64-debian-clang, r-devel-linux-x86_64-debian-gcc, r-devel-linux-x86_64-fedora-clang, r-devel-linux-x86_64-fedora-gcc, r-devel-osx-x86_64-clang, r-prerel-windows-ix86+x86_64, r-prerel-linux-x86_64, r-prerel-solaris-sparc, r-prerel-solaris-x86, r-release-linux-x86_64, r-release-windows-ix86+x86_64

Version: 0.22
Check: R code for possible problems
Result: NOTE
    .existsTestLogger: no visible binding for global variable ‘.testLogger’
    CLIArgumentParser: no visible global function definition for
     ‘ArgumentParser’
    CLIArgumentParser: no visible global function definition for ‘proto’
    chunkOutputHook : <anonymous> : <anonymous>: no visible binding for
     global variable ‘knit_hooks’
    cite_pkg: no visible global function definition for ‘read.bib’
    hook_backspace : <anonymous>: no visible binding for global variable
     ‘knit_hooks’
    knit_ex: no visible global function definition for ‘knit2html’
    knit_ex: no visible global function definition for ‘knit’
    latex_bibliography: no visible binding for global variable ‘knit_hooks’
    makeUnitVignette: no visible global function definition for ‘getErrors’
    runVignette.rnw_knitr: no visible binding for global variable
     ‘opts_chunk’
    runVignette.rnw_knitr: no visible global function definition for
     ‘knit2pdf’
    runVignette.rnw_knitr: no visible global function definition for ‘knit’
    write_PACKAGES_index: no visible global function definition for
     ‘HTMLReport’
    write_PACKAGES_index : linkPackage: no visible global function
     definition for ‘hwrite’
    write_PACKAGES_index: no visible global function definition for
     ‘publish’
    write_PACKAGES_index: no visible global function definition for
     ‘knit2html’
    write_PACKAGES_index: no visible global function definition for
     ‘finish’
Flavors: r-devel-linux-x86_64-debian-clang, r-devel-linux-x86_64-debian-gcc, r-devel-linux-x86_64-fedora-clang, r-devel-linux-x86_64-fedora-gcc, r-devel-osx-x86_64-clang, r-prerel-windows-ix86+x86_64, r-prerel-linux-x86_64, r-prerel-solaris-sparc, r-prerel-solaris-x86, r-release-linux-x86_64, r-release-osx-x86_64-mavericks, r-release-windows-ix86+x86_64

Version: 0.22
Check: package dependencies
Result: NOTE
    Package suggested but not available for checking: ‘ReportingTools’
Flavors: r-prerel-solaris-sparc, r-prerel-solaris-x86, r-release-osx-x86_64-mavericks

Version: 0.22
Check: package dependencies
Result: NOTE
    Packages suggested but not available for checking:
     ‘ReportingTools’ ‘argparse’
Flavor: r-release-osx-x86_64-snowleopard

Version: 0.22
Check: R code for possible problems
Result: NOTE
    CLIArgumentParser: no visible global function definition for
     ‘ArgumentParser’
    CLIArgumentParser: no visible global function definition for ‘proto’
    write_PACKAGES_index: no visible global function definition for
     ‘HTMLReport’
    write_PACKAGES_index: no visible global function definition for
     ‘publish’
    write_PACKAGES_index: no visible global function definition for
     ‘finish’
Flavor: r-release-osx-x86_64-snowleopard

Version: 0.22
Check: Rd cross-references
Result: NOTE
    Package unavailable to check Rd xrefs: ‘argparse’
Flavor: r-release-osx-x86_64-snowleopard

Version: 0.22
Check: R code for possible problems
Result: NOTE
    Error : .onLoad failed in loadNamespace() for 'GO.db', details:
     call: match.arg(synchronous, c("off", "normal", "full"))
     error: 'arg' must be NULL or a character vector
    write_PACKAGES_index: no visible global function definition for
     'HTMLReport'
    write_PACKAGES_index: no visible global function definition for
     'publish'
    write_PACKAGES_index: no visible global function definition for
     'finish'
Flavor: r-oldrel-windows-ix86+x86_64