CRAN Package Check Results for Package pkgmaker

Last updated on 2018-06-22 18:46:51 CEST.

Flavor Version Tinstall Tcheck Ttotal Status Flags
r-devel-linux-x86_64-debian-clang 0.27 5.42 49.97 55.39 OK
r-devel-linux-x86_64-debian-gcc 0.27 5.88 38.30 44.18 OK
r-devel-linux-x86_64-fedora-clang 0.27 100.01 NOTE
r-devel-linux-x86_64-fedora-gcc 0.27 93.59 NOTE
r-devel-windows-ix86+x86_64 0.27 14.00 76.00 90.00 OK
r-patched-linux-x86_64 0.27 5.62 47.97 53.59 OK
r-patched-solaris-x86 0.27 86.50 NOTE
r-release-linux-x86_64 0.27 5.99 47.72 53.71 OK
r-release-windows-ix86+x86_64 0.27 12.00 76.00 88.00 OK
r-release-osx-x86_64 0.27 NOTE
r-oldrel-windows-ix86+x86_64 0.27 10.00 62.00 72.00 WARN
r-oldrel-osx-x86_64 0.27 NOTE

Check Details

Version: 0.27
Check: dependencies in R code
Result: NOTE
    Namespaces in Imports field not imported from:
     ‘magrittr’ ‘stringi’
     All declared Imports should be used.
Flavors: r-devel-linux-x86_64-fedora-clang, r-devel-linux-x86_64-fedora-gcc, r-patched-solaris-x86, r-release-osx-x86_64, r-oldrel-osx-x86_64

Version: 0.27
Check: whether package can be installed
Result: WARN
    Found the following significant warnings:
     Warning: S3 method 'format.SQLiteConnection' was declared in NAMESPACE but not found
Flavor: r-oldrel-windows-ix86+x86_64