CRAN Package Check Results for Package pkgmaker

Last updated on 2014-07-23 13:47:54.

Flavor Version Tinstall Tcheck Ttotal Status Flags
r-devel-linux-x86_64-debian-clang 0.22 1.69 45.79 47.48 OK
r-devel-linux-x86_64-debian-gcc 0.22 1.64 45.03 46.67 OK
r-devel-linux-x86_64-fedora-clang 0.22 66.84 NOTE
r-devel-linux-x86_64-fedora-gcc 0.22 63.41 NOTE
r-devel-osx-x86_64-clang 0.22 66.16 NOTE
r-devel-windows-ix86+x86_64 0.22 6.00 68.00 74.00 NOTE
r-patched-linux-x86_64 0.22 1.59 42.40 44.00 OK
r-patched-solaris-sparc 0.22 340.40 NOTE
r-patched-solaris-x86 0.22 83.90 NOTE
r-release-linux-ix86 0.22 2.16 59.07 61.23 OK
r-release-linux-x86_64 0.22 1.84 44.60 46.44 OK
r-release-osx-x86_64-mavericks 0.22 NOTE
r-release-osx-x86_64-snowleopard 0.22 NOTE
r-release-windows-ix86+x86_64 0.22 5.00 77.00 82.00 OK
r-oldrel-windows-ix86+x86_64 0.22 6.00 71.00 77.00 OK

Check Details

Version: 0.22
Check: package dependencies
Result: NOTE
    Package suggested but not available for checking: ‘ReportingTools’
Flavors: r-devel-linux-x86_64-fedora-clang, r-devel-linux-x86_64-fedora-gcc, r-devel-osx-x86_64-clang, r-patched-solaris-sparc, r-patched-solaris-x86, r-release-osx-x86_64-mavericks

Version: 0.22
Check: R code for possible problems
Result: NOTE
    write_PACKAGES_index: no visible global function definition for
     ‘HTMLReport’
    write_PACKAGES_index: no visible global function definition for
     ‘publish’
    write_PACKAGES_index: no visible global function definition for
     ‘finish’
Flavors: r-devel-linux-x86_64-fedora-clang, r-devel-linux-x86_64-fedora-gcc, r-devel-osx-x86_64-clang, r-patched-solaris-sparc, r-patched-solaris-x86, r-release-osx-x86_64-mavericks

Version: 0.22
Check: R code for possible problems
Result: NOTE
    Error : object 'runValue' is not exported by 'namespace:IRanges'
    write_PACKAGES_index: no visible global function definition for
     'HTMLReport'
    write_PACKAGES_index: no visible global function definition for
     'publish'
    write_PACKAGES_index: no visible global function definition for
     'finish'
Flavor: r-devel-windows-ix86+x86_64

Version: 0.22
Check: re-building of vignette outputs
Result: NOTE
    Error in re-building vignettes:
     ...
    Warning: running command 'kpsewhich framed.sty' had status 1
    Warning in test_latex_pkg("framed", system.file("misc", "framed.sty", package = "knitr")) :
     unable to find LaTeX package 'framed'; will use a copy from knitr
    Error in texi2dvi(file = file, pdf = TRUE, clean = clean, quiet = quiet, :
     Running 'texi2dvi' on 'pkgmaker-unitTests.tex' failed.
    LaTeX errors:
    ! LaTeX Error: File `vmargin.sty' not found.
    
    Type X to quit or <RETURN> to proceed,
    or enter new name. (Default extension: sty)
    
    n_test/pkgmaker/vignettes/pkgmaker-unitTests.tex:57: ==> Fatal error occurred,
     no output PDF file produced!
    Calls: buildVignettes -> texi2pdf -> texi2dvi
    Execution halted
Flavor: r-release-osx-x86_64-mavericks

Version: 0.22
Check: package dependencies
Result: NOTE
    Packages suggested but not available for checking:
     ‘ReportingTools’ ‘argparse’
Flavor: r-release-osx-x86_64-snowleopard

Version: 0.22
Check: R code for possible problems
Result: NOTE
    CLIArgumentParser: no visible global function definition for
     ‘ArgumentParser’
    CLIArgumentParser: no visible global function definition for ‘proto’
    write_PACKAGES_index: no visible global function definition for
     ‘HTMLReport’
    write_PACKAGES_index: no visible global function definition for
     ‘publish’
    write_PACKAGES_index: no visible global function definition for
     ‘finish’
Flavor: r-release-osx-x86_64-snowleopard

Version: 0.22
Check: Rd cross-references
Result: NOTE
    Package unavailable to check Rd xrefs: ‘argparse’
Flavor: r-release-osx-x86_64-snowleopard