CRAN Package Check Results for Package pkgmaker

Last updated on 2014-08-30 11:51:32.

Flavor Version Tinstall Tcheck Ttotal Status Flags
r-devel-linux-x86_64-debian-clang 0.22 1.62 29.19 30.81 NOTE
r-devel-linux-x86_64-debian-gcc 0.22 1.69 29.18 30.87 NOTE
r-devel-linux-x86_64-fedora-clang 0.22 63.42 NOTE
r-devel-linux-x86_64-fedora-gcc 0.22 60.77 NOTE
r-devel-osx-x86_64-clang 0.22 63.45 NOTE
r-devel-windows-ix86+x86_64 0.22 8.00 51.00 59.00 NOTE
r-patched-linux-x86_64 0.22 1.60 43.76 45.36 OK
r-patched-solaris-sparc 0.22 377.00 NOTE
r-patched-solaris-x86 0.22 83.90 NOTE
r-release-linux-ix86 0.22 2.15 58.46 60.62 OK
r-release-linux-x86_64 0.22 1.77 44.41 46.18 OK
r-release-osx-x86_64-mavericks 0.22 NOTE
r-release-osx-x86_64-snowleopard 0.22 NOTE
r-release-windows-ix86+x86_64 0.22 5.00 73.00 78.00 OK
r-oldrel-windows-ix86+x86_64 0.22 6.00 71.00 77.00 OK

Check Details

Version: 0.22
Check: R code for possible problems
Result: NOTE
    .existsTestLogger: no visible binding for global variable ‘.testLogger’
    CLIArgumentParser: no visible global function definition for
     ‘ArgumentParser’
    CLIArgumentParser: no visible global function definition for ‘proto’
    chunkOutputHook : <anonymous> : <anonymous>: no visible binding for
     global variable ‘knit_hooks’
    cite_pkg: no visible global function definition for ‘read.bib’
    hook_backspace : <anonymous>: no visible binding for global variable
     ‘knit_hooks’
    knit_ex: no visible global function definition for ‘knit2html’
    knit_ex: no visible global function definition for ‘knit’
    latex_bibliography: no visible binding for global variable ‘knit_hooks’
    makeUnitVignette: no visible global function definition for ‘getErrors’
    runVignette.rnw_knitr: no visible binding for global variable
     ‘opts_chunk’
    runVignette.rnw_knitr: no visible global function definition for
     ‘knit2pdf’
    runVignette.rnw_knitr: no visible global function definition for ‘knit’
    write_PACKAGES_index: no visible global function definition for
     ‘HTMLReport’
    write_PACKAGES_index : linkPackage: no visible global function
     definition for ‘hwrite’
    write_PACKAGES_index: no visible global function definition for
     ‘publish’
    write_PACKAGES_index: no visible global function definition for
     ‘knit2html’
    write_PACKAGES_index: no visible global function definition for
     ‘finish’
Flavors: r-devel-linux-x86_64-debian-clang, r-devel-linux-x86_64-debian-gcc, r-devel-linux-x86_64-fedora-clang, r-devel-linux-x86_64-fedora-gcc, r-devel-osx-x86_64-clang, r-devel-windows-ix86+x86_64

Version: 0.22
Check: package dependencies
Result: NOTE
    Package suggested but not available for checking: ‘ReportingTools’
Flavors: r-devel-linux-x86_64-fedora-clang, r-devel-linux-x86_64-fedora-gcc, r-devel-osx-x86_64-clang, r-patched-solaris-sparc, r-patched-solaris-x86, r-release-osx-x86_64-mavericks

Version: 0.22
Check: R code for possible problems
Result: NOTE
    write_PACKAGES_index: no visible global function definition for
     ‘HTMLReport’
    write_PACKAGES_index: no visible global function definition for
     ‘publish’
    write_PACKAGES_index: no visible global function definition for
     ‘finish’
Flavors: r-patched-solaris-sparc, r-patched-solaris-x86, r-release-osx-x86_64-mavericks

Version: 0.22
Check: re-building of vignette outputs
Result: NOTE
    Error in re-building vignettes:
     ...
    Warning: running command 'kpsewhich framed.sty' had status 1
    Warning in test_latex_pkg("framed", system.file("misc", "framed.sty", package = "knitr")) :
     unable to find LaTeX package 'framed'; will use a copy from knitr
    Error in texi2dvi(file = file, pdf = TRUE, clean = clean, quiet = quiet, :
     Running 'texi2dvi' on 'pkgmaker-unitTests.tex' failed.
    LaTeX errors:
    ! LaTeX Error: File `vmargin.sty' not found.
    
    Type X to quit or <RETURN> to proceed,
    or enter new name. (Default extension: sty)
    
    n_test/pkgmaker/vignettes/pkgmaker-unitTests.tex:57: ==> Fatal error occurred,
     no output PDF file produced!
    Calls: buildVignettes -> texi2pdf -> texi2dvi
    Execution halted
Flavor: r-release-osx-x86_64-mavericks

Version: 0.22
Check: package dependencies
Result: NOTE
    Packages suggested but not available for checking:
     ‘ReportingTools’ ‘argparse’
Flavor: r-release-osx-x86_64-snowleopard

Version: 0.22
Check: R code for possible problems
Result: NOTE
    CLIArgumentParser: no visible global function definition for
     ‘ArgumentParser’
    CLIArgumentParser: no visible global function definition for ‘proto’
    write_PACKAGES_index: no visible global function definition for
     ‘HTMLReport’
    write_PACKAGES_index: no visible global function definition for
     ‘publish’
    write_PACKAGES_index: no visible global function definition for
     ‘finish’
Flavor: r-release-osx-x86_64-snowleopard

Version: 0.22
Check: Rd cross-references
Result: NOTE
    Package unavailable to check Rd xrefs: ‘argparse’
Flavor: r-release-osx-x86_64-snowleopard