CRAN Package Check Results for Package pkgverse

Last updated on 2022-12-07 16:49:32 CET.

Flavor Version Tinstall Tcheck Ttotal Status Flags
r-devel-linux-x86_64-debian-clang 0.0.1 2.36 23.11 25.47 NOTE
r-devel-linux-x86_64-debian-gcc 0.0.1 1.79 18.40 20.19 NOTE
r-devel-linux-x86_64-fedora-clang 0.0.1 43.20 NOTE
r-devel-linux-x86_64-fedora-gcc 0.0.1 41.52 NOTE
r-devel-windows-x86_64 0.0.1 8.00 48.00 56.00 NOTE
r-patched-linux-x86_64 0.0.1 1.65 22.93 24.58 NOTE
r-release-linux-x86_64 0.0.1 1.90 22.11 24.01 NOTE
r-release-macos-arm64 0.0.1 15.00 NOTE
r-release-macos-x86_64 0.0.1 24.00 NOTE
r-release-windows-x86_64 0.0.1 10.00 53.00 63.00 NOTE
r-oldrel-macos-arm64 0.0.1 19.00 NOTE
r-oldrel-macos-x86_64 0.0.1 21.00 NOTE
r-oldrel-windows-ix86+x86_64 0.0.1 7.00 46.00 53.00 NOTE

Check Details

Version: 0.0.1
Check: LazyData
Result: NOTE
     'LazyData' is specified without a 'data' directory
Flavors: r-devel-linux-x86_64-debian-clang, r-devel-linux-x86_64-debian-gcc, r-devel-linux-x86_64-fedora-clang, r-devel-linux-x86_64-fedora-gcc, r-devel-windows-x86_64, r-patched-linux-x86_64, r-release-linux-x86_64, r-release-macos-arm64, r-release-macos-x86_64, r-release-windows-x86_64, r-oldrel-macos-arm64, r-oldrel-macos-x86_64, r-oldrel-windows-ix86+x86_64