CRAN Package Check Results for Package pkr

Last updated on 2022-01-28 00:49:03 CET.

Flavor Version Tinstall Tcheck Ttotal Status Flags
r-devel-linux-x86_64-debian-clang 0.1.2 6.55 58.90 65.45 NOTE
r-devel-linux-x86_64-debian-gcc 0.1.2 5.27 45.35 50.62 NOTE
r-devel-linux-x86_64-fedora-clang 0.1.2 79.37 NOTE
r-devel-linux-x86_64-fedora-gcc 0.1.2 69.06 NOTE
r-devel-windows-x86_64-new-UL 0.1.2 45.00 90.00 135.00 OK
r-devel-windows-x86_64-new-TK 0.1.2 OK
r-patched-linux-x86_64 0.1.2 7.41 57.89 65.30 NOTE
r-release-linux-x86_64 0.1.2 4.52 56.63 61.15 NOTE
r-release-macos-arm64 0.1.2 OK
r-release-macos-x86_64 0.1.2 OK
r-release-windows-ix86+x86_64 0.1.2 11.00 68.00 79.00 OK
r-oldrel-macos-x86_64 0.1.2 OK
r-oldrel-windows-ix86+x86_64 0.1.2 11.00 68.00 79.00 OK

Check Details

Version: 0.1.2
Check: for non-standard things in the check directory
Result: NOTE
    Found the following files/directories:
     'Indometh_Bolus_Linear_CoreOutput.txt'
     'Indometh_Bolus_Log_CoreOutput.txt'
     'Indometh_Infusion_Linear_CoreOutput.txt'
     'Indometh_Infusion_Log_CoreOutput.txt' 'Output'
     'Theoph_Linear_CoreOutput.txt' 'Theoph_Log_CoreOutput.txt'
Flavors: r-devel-linux-x86_64-debian-clang, r-devel-linux-x86_64-debian-gcc, r-devel-linux-x86_64-fedora-clang, r-devel-linux-x86_64-fedora-gcc, r-patched-linux-x86_64, r-release-linux-x86_64