CRAN Package Check Results for Package pks

Last updated on 2015-08-28 19:47:24.

Flavor Version Tinstall Tcheck Ttotal Status Flags
r-devel-linux-x86_64-debian-clang 0.3-1 0.62 17.36 17.98 NOTE
r-devel-linux-x86_64-debian-gcc 0.3-1 0.67 17.26 17.93 NOTE
r-devel-linux-x86_64-fedora-clang 0.3-1 36.12 NOTE
r-devel-linux-x86_64-fedora-gcc 0.3-1 34.93 NOTE
r-devel-osx-x86_64-clang 0.3-1 33.04 OK
r-devel-windows-ix86+x86_64 0.3-1 6.00 33.00 39.00 NOTE
r-patched-linux-x86_64 0.3-1 0.74 17.83 18.58 OK
r-patched-solaris-sparc 0.3-1 241.70 OK
r-patched-solaris-x86 0.3-1 52.40 OK
r-release-linux-x86_64 0.3-1 0.68 17.85 18.53 OK
r-release-osx-x86_64-mavericks 0.3-1 OK
r-release-windows-ix86+x86_64 0.3-1 4.00 34.00 38.00 OK
r-oldrel-windows-ix86+x86_64 0.3-1 5.00 38.00 43.00 OK

Check Details

Version: 0.3-1
Check: R code for possible problems
Result: NOTE
    plot.blim: no visible global function definition for ‘plot’
    plot.blim: no visible global function definition for ‘abline’
    plot.blim: no visible global function definition for ‘panel.smooth’
    Undefined global functions or variables:
     abline panel.smooth plot
    Consider adding
     importFrom("graphics", "abline", "panel.smooth", "plot")
    to your NAMESPACE.
Flavors: r-devel-linux-x86_64-debian-clang, r-devel-linux-x86_64-debian-gcc, r-devel-linux-x86_64-fedora-clang, r-devel-linux-x86_64-fedora-gcc, r-devel-windows-ix86+x86_64