CRAN Package Check Results for Package pks

Last updated on 2016-02-07 07:46:52.

Flavor Version Tinstall Tcheck Ttotal Status Flags
r-devel-linux-x86_64-debian-gcc 0.3-1 0.74 16.77 17.52 NOTE
r-devel-linux-x86_64-fedora-clang 0.3-1 33.62 NOTE
r-devel-linux-x86_64-fedora-gcc 0.3-1 31.89 NOTE
r-devel-osx-x86_64-clang 0.3-1 37.87 NOTE
r-devel-windows-ix86+x86_64 0.3-1 5.00 35.00 40.00 NOTE
r-patched-linux-x86_64 0.3-1 0.82 17.83 18.65 OK
r-patched-solaris-sparc 0.3-1 219.60 OK
r-patched-solaris-x86 0.3-1 46.50 OK
r-release-linux-x86_64 0.3-1 0.73 17.34 18.07 OK
r-release-osx-x86_64-mavericks 0.3-1 OK
r-release-windows-ix86+x86_64 0.3-1 3.00 49.00 52.00 OK
r-oldrel-windows-ix86+x86_64 0.3-1 6.00 39.00 45.00 OK

Check Details

Version: 0.3-1
Check: R code for possible problems
Result: NOTE
    plot.blim: no visible global function definition for ‘plot’
    plot.blim: no visible global function definition for ‘abline’
    plot.blim: no visible global function definition for ‘panel.smooth’
    Undefined global functions or variables:
     abline panel.smooth plot
    Consider adding
     importFrom("graphics", "abline", "panel.smooth", "plot")
    to your NAMESPACE file.
Flavors: r-devel-linux-x86_64-debian-gcc, r-devel-linux-x86_64-fedora-clang, r-devel-linux-x86_64-fedora-gcc, r-devel-osx-x86_64-clang, r-devel-windows-ix86+x86_64