CRAN Package Check Results for Package pks

Last updated on 2015-07-31 08:50:08.

Flavor Version Tinstall Tcheck Ttotal Status Flags
r-devel-linux-x86_64-debian-clang 0.3-1 0.68 17.51 18.19 NOTE
r-devel-linux-x86_64-debian-gcc 0.3-1 1.02 17.72 18.74 NOTE
r-devel-linux-x86_64-fedora-clang 0.3-1 36.62 NOTE
r-devel-linux-x86_64-fedora-gcc 0.3-1 33.86 NOTE
r-devel-osx-x86_64-clang 0.3-1 33.96 OK
r-devel-windows-ix86+x86_64 0.3-1 4.00 45.00 49.00 NOTE
r-patched-linux-x86_64 0.3-1 0.67 19.48 20.16 OK
r-patched-solaris-sparc 0.3-1 241.70 OK
r-patched-solaris-x86 0.3-1 49.90 OK
r-release-linux-x86_64 0.3-1 0.68 17.56 18.24 OK
r-release-osx-x86_64-mavericks 0.3-1 OK
r-release-windows-ix86+x86_64 0.3-1 5.00 50.00 55.00 OK
r-oldrel-windows-ix86+x86_64 0.3-1 3.00 53.00 56.00 OK

Check Details

Version: 0.3-1
Check: R code for possible problems
Result: NOTE
    plot.blim: no visible global function definition for ‘plot’
    plot.blim: no visible global function definition for ‘abline’
    plot.blim: no visible global function definition for ‘panel.smooth’
    Undefined global functions or variables:
     abline panel.smooth plot
    Consider adding
     importFrom("graphics", "abline", "panel.smooth", "plot")
    to your NAMESPACE.
Flavors: r-devel-linux-x86_64-debian-clang, r-devel-linux-x86_64-debian-gcc, r-devel-linux-x86_64-fedora-clang, r-devel-linux-x86_64-fedora-gcc, r-devel-windows-ix86+x86_64