CRAN Package Check Results for Package plRasch

Last updated on 2015-07-04 11:49:55.

Flavor Version Tinstall Tcheck Ttotal Status Flags
r-devel-linux-x86_64-debian-clang 1.0 0.52 10.19 10.71 NOTE
r-devel-linux-x86_64-debian-gcc 1.0 0.52 10.73 11.25 NOTE
r-devel-linux-x86_64-fedora-clang 1.0 20.10 NOTE
r-devel-linux-x86_64-fedora-gcc 1.0 18.83 NOTE
r-devel-osx-x86_64-clang 1.0 21.75 NOTE
r-devel-windows-ix86+x86_64 1.0 3.00 26.00 29.00 NOTE
r-patched-linux-x86_64 1.0 0.54 10.60 11.14 NOTE
r-patched-solaris-sparc 1.0 126.30 NOTE
r-patched-solaris-x86 1.0 33.50 NOTE
r-release-linux-x86_64 1.0 0.56 10.51 11.06 NOTE
r-release-osx-x86_64-mavericks 1.0 NOTE
r-release-windows-ix86+x86_64 1.0 4.00 18.00 22.00 NOTE
r-oldrel-windows-ix86+x86_64 1.0 4.00 21.00 25.00 NOTE

Check Details

Version: 1.0
Check: DESCRIPTION meta-information
Result: NOTE
    Malformed Description field: should contain one or more complete sentences.
Flavors: r-devel-linux-x86_64-debian-clang, r-devel-linux-x86_64-debian-gcc, r-devel-linux-x86_64-fedora-clang, r-devel-linux-x86_64-fedora-gcc, r-devel-osx-x86_64-clang, r-devel-windows-ix86+x86_64, r-patched-linux-x86_64, r-patched-solaris-sparc, r-patched-solaris-x86, r-release-linux-x86_64, r-release-osx-x86_64-mavericks, r-release-windows-ix86+x86_64

Version: 1.0
Check: dependencies in R code
Result: NOTE
    Package in Depends field not imported from: ‘survival’
     These packages need to be imported from (in the NAMESPACE file)
     for when this namespace is loaded but not attached.
Flavors: r-devel-linux-x86_64-debian-clang, r-devel-linux-x86_64-debian-gcc, r-devel-linux-x86_64-fedora-clang, r-devel-linux-x86_64-fedora-gcc, r-devel-osx-x86_64-clang, r-devel-windows-ix86+x86_64, r-patched-linux-x86_64, r-patched-solaris-sparc, r-patched-solaris-x86, r-release-linux-x86_64, r-release-osx-x86_64-mavericks, r-release-windows-ix86+x86_64, r-oldrel-windows-ix86+x86_64

Version: 1.0
Check: R code for possible problems
Result: NOTE
    llla.bi: no visible global function definition for ‘as.formula’
    llla.bi: no visible global function definition for ‘glm’
    llla.bi: Error while checking: invalid ‘envir’ argument
    llla.mc: no visible global function definition for ‘model.matrix’
    llla.mc: no visible global function definition for ‘as.formula’
    llla.mc: no visible global function definition for ‘coxph’
    llla.mc: no visible global function definition for ‘vcov’
    llla.mc: no visible global function definition for ‘coef’
    llla.mle: no visible global function definition for ‘as.formula’
    llla.mle: no visible global function definition for ‘glm’
    llla.mle: Error while checking: invalid ‘envir’ argument
    mclgen: no visible global function definition for ‘reshape’
    simRasch.1D: no visible global function definition for ‘rnorm’
    simRasch.1D: no visible global function definition for ‘runif’
    vcov.sandwich.glm: no visible global function definition for
     ‘model.matrix’
    vcov.sandwich.glm: no visible global function definition for ‘weights’
    vcov.sandwich.glm: no visible global function definition for
     ‘residuals’
    vcov.sandwich.glm: no visible global function definition for ‘vcov’
    Undefined global functions or variables:
     as.formula coef coxph glm model.matrix reshape residuals rnorm runif
     vcov weights
Flavors: r-devel-linux-x86_64-debian-clang, r-devel-linux-x86_64-debian-gcc, r-devel-linux-x86_64-fedora-clang, r-devel-linux-x86_64-fedora-gcc

Version: 1.0
Check: R code for possible problems
Result: NOTE
    llla.mc: no visible global function definition for ‘coxph’
    Undefined global functions or variables:
     coxph
Flavor: r-devel-osx-x86_64-clang

Version: 1.0
Check: R code for possible problems
Result: NOTE
    llla.mc: no visible global function definition for 'coxph'
Flavors: r-devel-windows-ix86+x86_64, r-patched-linux-x86_64, r-patched-solaris-sparc, r-patched-solaris-x86, r-release-linux-x86_64, r-release-osx-x86_64-mavericks, r-release-windows-ix86+x86_64, r-oldrel-windows-ix86+x86_64