CRAN Package Check Results for Package plRasch

Last updated on 2015-03-03 20:48:46.

Flavor Version Tinstall Tcheck Ttotal Status Flags
r-devel-linux-x86_64-debian-clang 1.0 0.58 10.16 10.74 NOTE
r-devel-linux-x86_64-debian-gcc 1.0 0.55 9.92 10.46 NOTE
r-devel-linux-x86_64-fedora-clang 1.0 20.62 NOTE
r-devel-linux-x86_64-fedora-gcc 1.0 19.48 NOTE
r-devel-osx-x86_64-clang 1.0 23.86 NOTE
r-devel-windows-ix86+x86_64 1.0 3.00 18.00 21.00 NOTE
r-patched-linux-x86_64 1.0 0.65 11.11 11.76 NOTE
r-patched-solaris-sparc 1.0 132.00 NOTE
r-patched-solaris-x86 1.0 33.70 NOTE
r-release-linux-ix86 1.0 0.90 17.34 18.24 NOTE
r-release-linux-x86_64 1.0 0.62 10.93 11.55 NOTE
r-release-osx-x86_64-mavericks 1.0 NOTE
r-release-osx-x86_64-snowleopard 1.0 OK
r-release-windows-ix86+x86_64 1.0 3.00 19.00 22.00 NOTE
r-oldrel-windows-ix86+x86_64 1.0 3.00 19.00 22.00 NOTE

Check Details

Version: 1.0
Check: DESCRIPTION meta-information
Result: NOTE
    Malformed Description field: should contain one or more complete sentences.
Flavors: r-devel-linux-x86_64-debian-clang, r-devel-linux-x86_64-debian-gcc, r-devel-linux-x86_64-fedora-clang, r-devel-linux-x86_64-fedora-gcc, r-devel-osx-x86_64-clang, r-devel-windows-ix86+x86_64

Version: 1.0
Check: dependencies in R code
Result: NOTE
    Package in Depends field not imported from: ‘survival’
     These packages need to be imported from (in the NAMESPACE file)
     for when this namespace is loaded but not attached.
Flavors: r-devel-linux-x86_64-debian-clang, r-devel-linux-x86_64-debian-gcc, r-devel-linux-x86_64-fedora-clang, r-devel-linux-x86_64-fedora-gcc, r-devel-osx-x86_64-clang, r-devel-windows-ix86+x86_64, r-patched-linux-x86_64, r-patched-solaris-sparc, r-patched-solaris-x86

Version: 1.0
Check: R code for possible problems
Result: NOTE
    llla.mc: no visible global function definition for ‘coxph’
Flavors: r-devel-linux-x86_64-debian-clang, r-devel-linux-x86_64-debian-gcc, r-devel-linux-x86_64-fedora-clang, r-devel-linux-x86_64-fedora-gcc, r-devel-osx-x86_64-clang, r-devel-windows-ix86+x86_64, r-patched-linux-x86_64, r-patched-solaris-sparc, r-patched-solaris-x86, r-release-linux-ix86, r-release-linux-x86_64, r-release-osx-x86_64-mavericks, r-release-windows-ix86+x86_64

Version: 1.0
Check: dependencies in R code
Result: NOTE
    Package in Depends field not imported from: ‘survival’
     These packages need to be imported from (in the NAMESPACE file)
     for when this namespace is loaded but not attached.
    See the information on DESCRIPTION files in the chapter ‘Creating R
    packages’ of the ‘Writing R Extensions’ manual.
Flavors: r-release-linux-ix86, r-release-linux-x86_64, r-release-osx-x86_64-mavericks, r-release-windows-ix86+x86_64, r-oldrel-windows-ix86+x86_64