CRAN Package Check Results for Package plRasch

Last updated on 2015-08-28 21:46:52.

Flavor Version Tinstall Tcheck Ttotal Status Flags
r-devel-linux-x86_64-debian-clang 1.0 0.50 10.33 10.83 NOTE
r-devel-linux-x86_64-debian-gcc 1.0 0.51 10.28 10.79 NOTE
r-devel-linux-x86_64-fedora-clang 1.0 20.91 NOTE
r-devel-linux-x86_64-fedora-gcc 1.0 20.84 NOTE
r-devel-osx-x86_64-clang 1.0 20.61 NOTE
r-devel-windows-ix86+x86_64 1.0 6.00 21.00 27.00 NOTE
r-patched-linux-x86_64 1.0 0.56 10.67 11.23 NOTE
r-patched-solaris-sparc 1.0 136.80 NOTE
r-patched-solaris-x86 1.0 34.80 NOTE
r-release-linux-x86_64 1.0 0.59 10.76 11.36 NOTE
r-release-osx-x86_64-mavericks 1.0 NOTE
r-release-windows-ix86+x86_64 1.0 4.00 20.00 24.00 NOTE
r-oldrel-windows-ix86+x86_64 1.0 4.00 21.00 25.00 NOTE

Check Details

Version: 1.0
Check: DESCRIPTION meta-information
Result: NOTE
    Malformed Description field: should contain one or more complete sentences.
Flavors: r-devel-linux-x86_64-debian-clang, r-devel-linux-x86_64-debian-gcc, r-devel-linux-x86_64-fedora-clang, r-devel-linux-x86_64-fedora-gcc, r-devel-osx-x86_64-clang, r-devel-windows-ix86+x86_64, r-patched-linux-x86_64, r-patched-solaris-sparc, r-patched-solaris-x86, r-release-linux-x86_64, r-release-osx-x86_64-mavericks, r-release-windows-ix86+x86_64

Version: 1.0
Check: dependencies in R code
Result: NOTE
    Package in Depends field not imported from: ‘survival’
     These packages need to be imported from (in the NAMESPACE file)
     for when this namespace is loaded but not attached.
Flavors: r-devel-linux-x86_64-debian-clang, r-devel-linux-x86_64-debian-gcc, r-devel-linux-x86_64-fedora-clang, r-devel-linux-x86_64-fedora-gcc, r-devel-osx-x86_64-clang, r-devel-windows-ix86+x86_64, r-patched-linux-x86_64, r-patched-solaris-sparc, r-patched-solaris-x86, r-release-linux-x86_64, r-release-osx-x86_64-mavericks, r-release-windows-ix86+x86_64, r-oldrel-windows-ix86+x86_64

Version: 1.0
Check: R code for possible problems
Result: NOTE
    llla.bi: no visible global function definition for ‘as.formula’
    llla.bi: no visible global function definition for ‘glm’
    llla.bi: no visible global function definition for ‘binomial’
    llla.bi: no visible binding for global variable ‘logit’
    llla.bi: no visible global function definition for ‘vcov’
    llla.bi: no visible global function definition for ‘coef’
    llla.mc: no visible global function definition for ‘model.matrix’
    llla.mc: no visible global function definition for ‘as.formula’
    llla.mc: no visible global function definition for ‘coxph’
    llla.mc: no visible global function definition for ‘vcov’
    llla.mc: no visible global function definition for ‘coef’
    llla.mle: no visible global function definition for ‘as.formula’
    llla.mle: no visible global function definition for ‘glm’
    llla.mle: no visible global function definition for ‘poisson’
    llla.mle: no visible global function definition for ‘coef’
    llla.mle: no visible global function definition for ‘vcov’
    mclgen: no visible global function definition for ‘reshape’
    simRasch.1D: no visible global function definition for ‘rnorm’
    simRasch.1D: no visible global function definition for ‘runif’
    vcov.sandwich.glm: no visible global function definition for
     ‘model.matrix’
    vcov.sandwich.glm: no visible global function definition for ‘weights’
    vcov.sandwich.glm: no visible global function definition for
     ‘residuals’
    vcov.sandwich.glm: no visible global function definition for ‘vcov’
    Undefined global functions or variables:
     as.formula binomial coef coxph glm logit model.matrix poisson reshape
     residuals rnorm runif vcov weights
    Consider adding
     importFrom("stats", "as.formula", "binomial", "coef", "glm",
     "model.matrix", "poisson", "reshape", "residuals", "rnorm",
     "runif", "vcov", "weights")
    to your NAMESPACE.
Flavors: r-devel-linux-x86_64-debian-clang, r-devel-linux-x86_64-debian-gcc, r-devel-linux-x86_64-fedora-clang, r-devel-linux-x86_64-fedora-gcc, r-devel-windows-ix86+x86_64

Version: 1.0
Check: R code for possible problems
Result: NOTE
    llla.mc: no visible global function definition for ‘coxph’
    Undefined global functions or variables:
     coxph
Flavor: r-devel-osx-x86_64-clang

Version: 1.0
Check: R code for possible problems
Result: NOTE
    llla.mc: no visible global function definition for ‘coxph’
Flavors: r-patched-linux-x86_64, r-patched-solaris-sparc, r-patched-solaris-x86, r-release-linux-x86_64, r-release-osx-x86_64-mavericks, r-release-windows-ix86+x86_64, r-oldrel-windows-ix86+x86_64