CRAN Package Check Results for Package plRasch

Last updated on 2014-10-31 15:50:16.

Flavor Version Tinstall Tcheck Ttotal Status Flags
r-devel-linux-x86_64-debian-clang 1.0 0.70 11.10 11.80 NOTE
r-devel-linux-x86_64-debian-gcc 1.0 0.66 10.81 11.47 NOTE
r-devel-linux-x86_64-fedora-clang 1.0 22.08 NOTE
r-devel-linux-x86_64-fedora-gcc 1.0 21.98 NOTE
r-devel-osx-x86_64-clang 1.0 25.37 NOTE
r-devel-windows-ix86+x86_64 1.0 3.00 17.00 20.00 NOTE
r-patched-linux-x86_64 1.0 0.73 10.96 11.69 NOTE
r-patched-solaris-sparc 1.0 128.90 NOTE
r-patched-solaris-x86 1.0 33.40 NOTE
r-release-linux-ix86 1.0 0.88 17.52 18.40 NOTE
r-release-linux-x86_64 1.0 0.58 11.49 12.07 NOTE
r-release-osx-x86_64-mavericks 1.0 NOTE
r-release-osx-x86_64-snowleopard 1.0 OK
r-release-windows-ix86+x86_64 1.0 4.00 18.00 22.00 NOTE
r-oldrel-windows-ix86+x86_64 1.0 3.00 31.00 34.00 NOTE

Check Details

Version: 1.0
Check: dependencies in R code
Result: NOTE
    Package in Depends field not imported from: ‘survival’
     These packages need to be imported from (in the NAMESPACE file)
     for when this namespace is loaded but not attached.
    See the information on DESCRIPTION files in the chapter ‘Creating R
    packages’ of the ‘Writing R Extensions’ manual.
Flavors: r-devel-linux-x86_64-debian-clang, r-devel-linux-x86_64-debian-gcc, r-devel-linux-x86_64-fedora-clang, r-devel-linux-x86_64-fedora-gcc, r-devel-osx-x86_64-clang, r-devel-windows-ix86+x86_64, r-patched-linux-x86_64, r-patched-solaris-sparc, r-patched-solaris-x86, r-release-linux-ix86, r-release-linux-x86_64, r-release-osx-x86_64-mavericks, r-release-windows-ix86+x86_64, r-oldrel-windows-ix86+x86_64

Version: 1.0
Check: R code for possible problems
Result: NOTE
    llla.mc: no visible global function definition for ‘coxph’
Flavors: r-devel-linux-x86_64-debian-clang, r-devel-linux-x86_64-debian-gcc, r-devel-linux-x86_64-fedora-clang, r-devel-linux-x86_64-fedora-gcc, r-devel-osx-x86_64-clang, r-devel-windows-ix86+x86_64, r-patched-linux-x86_64, r-patched-solaris-sparc, r-patched-solaris-x86