CRAN Package Check Results for Package plac

Last updated on 2024-02-28 02:58:13 CET.

Flavor Version Tinstall Tcheck Ttotal Status Flags
r-devel-linux-x86_64-debian-clang 0.1.3 110.73 84.73 195.46 OK
r-devel-linux-x86_64-debian-gcc 0.1.3 98.68 70.56 169.24 OK
r-devel-linux-x86_64-fedora-clang 0.1.3 265.70 OK
r-devel-linux-x86_64-fedora-gcc 0.1.3 288.75 OK
r-devel-windows-x86_64 0.1.3 77.00 105.00 182.00 OK
r-patched-linux-x86_64 0.1.3 113.17 90.08 203.25 OK
r-release-linux-x86_64 0.1.3 118.41 90.37 208.78 OK
r-release-macos-arm64 0.1.3 63.00 NOTE
r-release-macos-x86_64 0.1.3 145.00 NOTE
r-release-windows-x86_64 0.1.3 99.00 127.00 226.00 OK
r-oldrel-macos-arm64 0.1.3 63.00 NOTE
r-oldrel-windows-x86_64 0.1.3 92.00 120.00 212.00 OK

Check Details

Version: 0.1.3
Check: installed package size
Result: NOTE installed size is 22.8Mb sub-directories of 1Mb or more: libs 22.7Mb Flavors: r-release-macos-arm64, r-release-macos-x86_64, r-oldrel-macos-arm64