CRAN Package Check Results for Package planar

Last updated on 2014-07-26 10:48:29.

Flavor Version Tinstall Tcheck Ttotal Status Flags
r-devel-linux-x86_64-debian-clang 1.5 12.74 25.64 38.39 OK
r-devel-linux-x86_64-debian-gcc 1.5 16.06 25.63 41.69 OK
r-devel-linux-x86_64-fedora-clang 1.5 82.93 WARN
r-devel-linux-x86_64-fedora-gcc 1.5 81.99 WARN
r-devel-osx-x86_64-clang 1.5 82.55 OK
r-devel-windows-ix86+x86_64 1.5 45.00 62.00 107.00 OK
r-patched-linux-x86_64 1.5 16.10 25.04 41.14 OK
r-patched-solaris-sparc 1.5 471.90 OK
r-patched-solaris-x86 1.5 111.80 WARN
r-release-linux-ix86 1.5 20.61 37.16 57.77 OK
r-release-linux-x86_64 1.5 17.71 27.04 44.75 OK
r-release-osx-x86_64-mavericks 1.5 NOTE
r-release-osx-x86_64-snowleopard 1.5 WARN
r-release-windows-ix86+x86_64 1.5 45.00 65.00 110.00 OK
r-oldrel-windows-ix86+x86_64 1.5 47.00 66.00 113.00 OK

Check Details

Version: 1.5
Check: sizes of PDF files under ‘inst/doc’
Result: WARNING
     ‘gs+qpdf’ made some significant size reductions:
     compacted ‘fresnel.pdf’ from 404Kb to 79Kb
     consider running tools::compactPDF(gs_quality = "ebook") on these files
Flavors: r-devel-linux-x86_64-fedora-clang, r-devel-linux-x86_64-fedora-gcc, r-patched-solaris-x86

Version: 1.5
Check: re-building of vignette outputs
Result: NOTE
    Error in re-building vignettes:
     ...
    Warning: running command 'kpsewhich framed.sty' had status 1
    Warning in test_latex_pkg("framed", system.file("misc", "framed.sty", package = "knitr")) :
     unable to find LaTeX package 'framed'; will use a copy from knitr
    Error in texi2dvi(file = file, pdf = TRUE, clean = clean, quiet = quiet, :
     Running 'texi2dvi' on 'fresnel.tex' failed.
    LaTeX errors:
    ! LaTeX Error: File `titlesec.sty' not found.
    
    Type X to quit or <RETURN> to proceed,
    or enter new name. (Default extension: sty)
    
    test/planar/vignettes/fresnel.tex:58: ==> Fatal error occurred, no output PDF
    file produced!
    Calls: buildVignettes -> texi2pdf -> texi2dvi
    Execution halted
Flavor: r-release-osx-x86_64-mavericks

Version: 1.5
Check: examples
Result: WARNING
    checking a package with encoding 'UTF-8' in an ASCII locale
    
     OK
Flavor: r-release-osx-x86_64-snowleopard

Version: 1.5
Check: re-building of vignette outputs
Result: NOTE
    Error in re-building vignettes:
     ...
    Warning: running command 'kpsewhich framed.sty' had status 1
    Warning in test_latex_pkg("framed", system.file("misc", "framed.sty", package = "knitr")) :
     unable to find LaTeX package 'framed'; will use a copy from knitr
    Error in texi2dvi(file = file, pdf = TRUE, clean = clean, quiet = quiet, :
     Running 'texi2dvi' on 'fresnel.tex' failed.
    LaTeX errors:
    ! LaTeX Error: File `titlesec.sty' not found.
    
    Type X to quit or <RETURN> to proceed,
    or enter new name. (Default extension: sty)
    
    planar.Rcheck/vign_test/planar/vignettes/fresnel.tex:58: ==> Fatal error occur
    red, no output PDF file produced!
    Calls: buildVignettes -> texi2pdf -> texi2dvi
    Execution halted
Flavor: r-release-osx-x86_64-snowleopard