CRAN Package Check Results for Package planar

Last updated on 2016-02-11 06:50:52.

Flavor Version Tinstall Tcheck Ttotal Status Flags
r-devel-linux-x86_64-debian-gcc 1.5.2 30.41 20.25 50.66 WARN
r-devel-linux-x86_64-fedora-clang 1.5.2 106.26 WARN
r-devel-linux-x86_64-fedora-gcc 1.5.2 98.16 WARN
r-devel-osx-x86_64-clang 1.5.2 90.80 WARN
r-devel-windows-ix86+x86_64 1.5.2 115.00 54.00 169.00 WARN
r-patched-linux-x86_64 1.5.2 31.12 22.26 53.38 NOTE
r-patched-solaris-sparc 1.5.2 554.20 NOTE
r-patched-solaris-x86 1.5.2 120.20 NOTE
r-release-linux-x86_64 1.5.2 31.33 22.48 53.82 NOTE
r-release-osx-x86_64-mavericks 1.5.2 NOTE
r-release-windows-ix86+x86_64 1.5.2 110.00 68.00 178.00 NOTE
r-oldrel-windows-ix86+x86_64 1.5.2 116.00 79.00 195.00 NOTE

Check Details

Version: 1.5.2
Check: installed package size
Result: NOTE
     installed size is 5.2Mb
     sub-directories of 1Mb or more:
     libs 4.7Mb
Flavors: r-devel-linux-x86_64-debian-gcc, r-devel-linux-x86_64-fedora-clang, r-devel-linux-x86_64-fedora-gcc, r-patched-linux-x86_64, r-release-linux-x86_64, r-release-osx-x86_64-mavericks

Version: 1.5.2
Check: for GNU extensions in Makefiles
Result: NOTE
    GNU make is a SystemRequirements.
Flavors: r-devel-linux-x86_64-debian-gcc, r-devel-linux-x86_64-fedora-clang, r-devel-linux-x86_64-fedora-gcc, r-devel-osx-x86_64-clang, r-devel-windows-ix86+x86_64, r-patched-linux-x86_64, r-patched-solaris-sparc, r-patched-solaris-x86, r-release-linux-x86_64, r-release-osx-x86_64-mavericks, r-release-windows-ix86+x86_64, r-oldrel-windows-ix86+x86_64

Version: 1.5.2
Check: re-building of vignette outputs
Result: WARN
    Error in re-building vignettes:
     ...
    Loading required package: dielectric
    Quitting from lines 137-177 (gaussian.Rmd)
    Error: processing vignette ‘gaussian.Rmd’ failed with diagnostics:
    geom_vline requires the following missing aesthetics: xintercept
    Execution halted
Flavors: r-devel-linux-x86_64-debian-gcc, r-devel-linux-x86_64-fedora-clang, r-devel-linux-x86_64-fedora-gcc, r-devel-osx-x86_64-clang, r-devel-windows-ix86+x86_64

Version: 1.5.2
Check: re-building of vignette outputs
Result: NOTE
    Error in re-building vignettes:
     ...
    Loading required package: dielectric
    Quitting from lines 137-177 (gaussian.Rmd)
    Error: processing vignette ‘gaussian.Rmd’ failed with diagnostics:
    geom_vline requires the following missing aesthetics: xintercept
    Execution halted
Flavors: r-patched-linux-x86_64, r-patched-solaris-sparc, r-patched-solaris-x86, r-release-linux-x86_64, r-release-windows-ix86+x86_64, r-oldrel-windows-ix86+x86_64