CRAN Package Check Results for Package planar

Last updated on 2017-07-28 04:47:14.

Flavor Version Tinstall Tcheck Ttotal Status Flags
r-devel-linux-x86_64-debian-clang 1.6 54.07 41.81 95.88 NOTE
r-devel-linux-x86_64-debian-gcc 1.6 57.68 41.22 98.90 NOTE
r-devel-linux-x86_64-fedora-clang 1.6 193.08 NOTE
r-devel-linux-x86_64-fedora-gcc 1.6 172.78 NOTE
r-devel-windows-ix86+x86_64 1.6 145.00 76.00 221.00 OK
r-patched-linux-x86_64 1.6 56.68 41.56 98.24 NOTE
r-patched-solaris-x86 1.6 168.80 OK
r-release-linux-x86_64 1.6 56.70 41.87 98.57 NOTE
r-release-windows-ix86+x86_64 1.6 205.00 105.00 310.00 OK
r-release-osx-x86_64 1.6 OK
r-oldrel-windows-ix86+x86_64 1.6 153.00 74.00 227.00 OK
r-oldrel-osx-x86_64 1.6 OK

Check Details

Version: 1.6
Check: compiled code
Result: NOTE
    File ‘planar/libs/planar.so’:
     Found no calls to: ‘R_registerRoutines’, ‘R_useDynamicSymbols’
    
    It is good practice to register native routines and to disable symbol
    search.
    
    See ‘Writing portable packages’ in the ‘Writing R Extensions’ manual.
Flavors: r-devel-linux-x86_64-debian-clang, r-devel-linux-x86_64-debian-gcc, r-devel-linux-x86_64-fedora-clang, r-devel-linux-x86_64-fedora-gcc, r-patched-linux-x86_64, r-release-linux-x86_64

Version: 1.6
Check: installed package size
Result: NOTE
     installed size is 6.1Mb
     sub-directories of 1Mb or more:
     libs 5.6Mb
Flavor: r-devel-linux-x86_64-fedora-gcc