CRAN Package Check Results for Package planar

Last updated on 2017-01-18 06:48:04.

Flavor Version Tinstall Tcheck Ttotal Status Flags
r-devel-linux-x86_64-debian-clang 1.6 50.74 35.71 86.46 OK
r-devel-linux-x86_64-debian-gcc 1.6 55.13 33.99 89.12 OK
r-devel-linux-x86_64-fedora-clang 1.6 189.57 OK --no-stop-on-test-error
r-devel-linux-x86_64-fedora-gcc 1.6 175.42 NOTE --no-stop-on-test-error
r-devel-macos-x86_64-clang 1.6 121.63 OK --no-stop-on-test-error
r-devel-windows-ix86+x86_64 1.6 195.00 76.00 271.00 OK
r-patched-linux-x86_64 1.6 43.72 29.47 73.19 OK
r-patched-solaris-sparc 1.6 826.30 OK
r-patched-solaris-x86 1.6 156.60 OK
r-release-linux-x86_64 1.6 42.95 28.76 71.71 OK
r-release-osx-x86_64-mavericks 1.6 OK
r-release-windows-ix86+x86_64 1.6 144.00 64.00 208.00 OK
r-oldrel-windows-ix86+x86_64 1.6 122.00 74.00 196.00 OK

Check Details

Version: 1.6
Flags: --no-stop-on-test-error
Check: installed package size
Result: NOTE
     installed size is 5.9Mb
     sub-directories of 1Mb or more:
     libs 5.3Mb
Flavor: r-devel-linux-x86_64-fedora-gcc