CRAN Package Check Results for Package planar

Last updated on 2016-06-26 11:48:20.

Flavor Version Tinstall Tcheck Ttotal Status Flags
r-devel-linux-x86_64-debian-gcc 1.6 63.09 28.49 91.58 NOTE
r-devel-linux-x86_64-fedora-clang 1.6 172.94 OK
r-devel-linux-x86_64-fedora-gcc 1.6 139.78 NOTE
r-devel-osx-x86_64-clang 1.6 112.36 OK
r-devel-windows-ix86+x86_64 1.6 202.00 76.00 278.00 OK
r-patched-linux-x86_64 1.6 44.02 28.54 72.56 NOTE
r-patched-solaris-sparc 1.6 819.60 NOTE
r-patched-solaris-x86 1.6 155.10 NOTE
r-release-linux-x86_64 1.6 45.09 28.03 73.12 NOTE
r-release-osx-x86_64-mavericks 1.6 OK
r-release-windows-ix86+x86_64 1.6 141.00 52.00 193.00 OK
r-oldrel-windows-ix86+x86_64 1.6 168.00 100.00 268.00 OK

Check Details

Version: 1.6
Check: installed package size
Result: NOTE
     installed size is 6.1Mb
     sub-directories of 1Mb or more:
     libs 5.5Mb
Flavors: r-devel-linux-x86_64-debian-gcc, r-devel-linux-x86_64-fedora-gcc, r-patched-linux-x86_64, r-patched-solaris-sparc, r-patched-solaris-x86, r-release-linux-x86_64