CRAN Package Check Results for Package planar

Last updated on 2017-11-21 21:53:18 CET.

Flavor Version Tinstall Tcheck Ttotal Status Flags
r-devel-linux-x86_64-debian-clang 1.6 53.00 32.35 85.34 NOTE
r-devel-linux-x86_64-debian-gcc 1.6 67.71 72.93 140.64 NOTE
r-devel-linux-x86_64-fedora-clang 1.6 181.30 NOTE
r-devel-linux-x86_64-fedora-gcc 1.6 214.32 NOTE
r-devel-windows-ix86+x86_64 1.6 153.00 81.00 234.00 OK
r-patched-linux-x86_64 1.6 58.09 34.60 92.68 NOTE
r-patched-solaris-x86 1.6 170.20 OK
r-release-linux-x86_64 1.6 57.03 34.14 91.16 NOTE
r-release-windows-ix86+x86_64 1.6 158.00 77.00 235.00 OK
r-release-osx-x86_64 1.6 OK
r-oldrel-windows-ix86+x86_64 1.6 147.00 103.00 250.00 OK
r-oldrel-osx-x86_64 1.6 OK

Check Details

Version: 1.6
Check: compiled code
Result: NOTE
    File ‘planar/libs/planar.so’:
     Found no calls to: ‘R_registerRoutines’, ‘R_useDynamicSymbols’
    
    It is good practice to register native routines and to disable symbol
    search.
    
    See ‘Writing portable packages’ in the ‘Writing R Extensions’ manual.
Flavors: r-devel-linux-x86_64-debian-clang, r-devel-linux-x86_64-debian-gcc, r-devel-linux-x86_64-fedora-clang, r-devel-linux-x86_64-fedora-gcc, r-patched-linux-x86_64, r-release-linux-x86_64

Version: 1.6
Check: installed package size
Result: NOTE
     installed size is 6.0Mb
     sub-directories of 1Mb or more:
     libs 5.5Mb
Flavor: r-devel-linux-x86_64-fedora-gcc