CRAN Package Check Results for Package planar

Last updated on 2016-05-02 13:49:03.

Flavor Version Tinstall Tcheck Ttotal Status Flags
r-devel-linux-x86_64-debian-gcc 1.6 42.68 27.60 70.28 NOTE
r-devel-linux-x86_64-fedora-clang 1.6 167.31 OK
r-devel-linux-x86_64-fedora-gcc 1.6 138.18 NOTE
r-devel-osx-x86_64-clang 1.6 124.26 OK
r-devel-windows-ix86+x86_64 1.6 163.00 65.00 228.00 OK
r-patched-linux-x86_64 1.6 42.54 26.78 69.32 NOTE
r-patched-solaris-sparc 1.6 810.70 OK
r-patched-solaris-x86 1.6 151.90 OK
r-release-linux-x86_64 1.6 43.19 29.32 72.51 NOTE
r-release-osx-x86_64-mavericks 1.6 OK
r-release-windows-ix86+x86_64 1.6 176.00 86.00 262.00 OK
r-oldrel-windows-ix86+x86_64 1.6 195.00 131.00 326.00 OK

Check Details

Version: 1.6
Check: installed package size
Result: NOTE
     installed size is 5.6Mb
     sub-directories of 1Mb or more:
     libs 5.0Mb
Flavors: r-devel-linux-x86_64-debian-gcc, r-devel-linux-x86_64-fedora-gcc, r-patched-linux-x86_64, r-release-linux-x86_64