CRAN Package Check Results for Package planar

Last updated on 2018-01-17 01:48:55 CET.

Flavor Version Tinstall Tcheck Ttotal Status Flags
r-devel-linux-x86_64-debian-clang 1.6 71.37 55.27 126.64 WARN
r-devel-linux-x86_64-debian-gcc 1.6 65.47 41.71 107.18 NOTE
r-devel-linux-x86_64-fedora-clang 1.6 193.40 WARN
r-devel-linux-x86_64-fedora-gcc 1.6 172.64 NOTE
r-devel-windows-ix86+x86_64 1.6 204.00 87.00 291.00 OK
r-patched-linux-x86_64 1.6 74.05 55.31 129.36 NOTE
r-patched-solaris-x86 1.6 186.80 OK
r-release-linux-x86_64 1.6 76.74 54.95 131.69 NOTE
r-release-windows-ix86+x86_64 1.6 215.00 76.00 291.00 OK
r-release-osx-x86_64 1.6 OK
r-oldrel-windows-ix86+x86_64 1.6 201.00 65.00 266.00 OK
r-oldrel-osx-x86_64 1.6 OK

Check Details

Version: 1.6
Check: whether package can be installed
Result: WARN
    Found the following significant warnings:
     hcubature.c:917:15: warning: result of comparison of unsigned enum expression < 0 is always false [-Wtautological-unsigned-enum-zero-compare]
Flavor: r-devel-linux-x86_64-debian-clang

Version: 1.6
Check: compiled code
Result: NOTE
    File ‘planar/libs/planar.so’:
     Found no calls to: ‘R_registerRoutines’, ‘R_useDynamicSymbols’
    
    It is good practice to register native routines and to disable symbol
    search.
    
    See ‘Writing portable packages’ in the ‘Writing R Extensions’ manual.
Flavors: r-devel-linux-x86_64-debian-clang, r-devel-linux-x86_64-debian-gcc, r-devel-linux-x86_64-fedora-clang, r-devel-linux-x86_64-fedora-gcc, r-patched-linux-x86_64, r-release-linux-x86_64

Version: 1.6
Check: whether package can be installed
Result: WARN
    Found the following significant warnings:
     hcubature.c:917:15: warning: comparison of unsigned enum expression < 0 is always false [-Wtautological-compare]
Flavor: r-devel-linux-x86_64-fedora-clang

Version: 1.6
Check: installed package size
Result: NOTE
     installed size is 6.0Mb
     sub-directories of 1Mb or more:
     libs 5.5Mb
Flavor: r-devel-linux-x86_64-fedora-gcc