CRAN Package Check Results for Package planar

Last updated on 2015-05-05 06:46:45.

Flavor Version Tinstall Tcheck Ttotal Status Flags
r-devel-linux-x86_64-debian-clang 1.5.2 27.63 26.36 53.99 NOTE
r-devel-linux-x86_64-debian-gcc 1.5.2 29.97 25.08 55.05 NOTE
r-devel-linux-x86_64-fedora-clang 1.5.2 112.93 NOTE
r-devel-linux-x86_64-fedora-gcc 1.5.2 101.87 NOTE
r-devel-osx-x86_64-clang 1.5.2 80.45 NOTE
r-devel-windows-ix86+x86_64 1.5.2 78.00 55.00 133.00 NOTE
r-patched-linux-x86_64 1.5.2 29.87 25.55 55.42 NOTE
r-patched-solaris-sparc 1.5.2 853.20 NOTE
r-patched-solaris-x86 1.5.2 141.70 NOTE
r-release-linux-x86_64 1.5.2 29.92 25.63 55.56 NOTE
r-release-osx-x86_64-mavericks 1.5.2 NOTE
r-release-osx-x86_64-snowleopard 1.5.2 ERROR
r-release-windows-ix86+x86_64 1.5.2 77.00 53.00 130.00 NOTE
r-oldrel-windows-ix86+x86_64 1.5.2 69.00 78.00 147.00 NOTE

Check Details

Version: 1.5.2
Check: for GNU extensions in Makefiles
Result: NOTE
    GNU make is a SystemRequirements.
Flavors: r-devel-linux-x86_64-debian-clang, r-devel-linux-x86_64-debian-gcc, r-devel-linux-x86_64-fedora-clang, r-devel-linux-x86_64-fedora-gcc, r-devel-osx-x86_64-clang, r-devel-windows-ix86+x86_64, r-patched-linux-x86_64, r-patched-solaris-sparc, r-patched-solaris-x86, r-release-linux-x86_64, r-release-osx-x86_64-mavericks, r-release-windows-ix86+x86_64, r-oldrel-windows-ix86+x86_64

Version: 1.5.2
Check: installed package size
Result: NOTE
     installed size is 5.5Mb
     sub-directories of 1Mb or more:
     libs 4.9Mb
Flavors: r-devel-linux-x86_64-debian-gcc, r-devel-linux-x86_64-fedora-gcc, r-patched-linux-x86_64, r-patched-solaris-sparc, r-patched-solaris-x86, r-release-linux-x86_64, r-release-osx-x86_64-mavericks

Version: 1.5.2
Check: package dependencies
Result: ERROR
    Package required but not available: ‘dielectric’
    
    Packages suggested but not available for checking:
     ‘ggplot2’ ‘Hmisc’ ‘gridExtra’ ‘knitr’
    
    VignetteBuilder package required for checking but not installed: ‘knitr’
    
    See section ‘The DESCRIPTION file’ in the ‘Writing R Extensions’
    manual.
Flavor: r-release-osx-x86_64-snowleopard