CRAN Package Check Results for Package planar

Last updated on 2017-10-21 13:48:31.

Flavor Version Tinstall Tcheck Ttotal Status Flags
r-devel-linux-x86_64-debian-clang 1.6 53.76 34.19 87.95 NOTE
r-devel-linux-x86_64-debian-gcc 1.6 58.40 37.90 96.30 NOTE
r-devel-linux-x86_64-fedora-clang 1.6 185.21 NOTE
r-devel-linux-x86_64-fedora-gcc 1.6 177.33 NOTE
r-devel-windows-ix86+x86_64 1.6 165.00 78.00 243.00 OK
r-patched-linux-x86_64 1.6 56.90 34.54 91.43 NOTE
r-patched-solaris-x86 1.6 188.00 OK
r-release-linux-x86_64 1.6 58.04 34.14 92.17 NOTE
r-release-windows-ix86+x86_64 1.6 195.00 87.00 282.00 OK
r-release-osx-x86_64 1.6 OK
r-oldrel-windows-ix86+x86_64 1.6 195.00 101.00 296.00 OK
r-oldrel-osx-x86_64 1.6 OK

Check Details

Version: 1.6
Check: compiled code
Result: NOTE
    File ‘planar/libs/planar.so’:
     Found no calls to: ‘R_registerRoutines’, ‘R_useDynamicSymbols’
    
    It is good practice to register native routines and to disable symbol
    search.
    
    See ‘Writing portable packages’ in the ‘Writing R Extensions’ manual.
Flavors: r-devel-linux-x86_64-debian-clang, r-devel-linux-x86_64-debian-gcc, r-devel-linux-x86_64-fedora-clang, r-devel-linux-x86_64-fedora-gcc, r-patched-linux-x86_64, r-release-linux-x86_64

Version: 1.6
Check: installed package size
Result: NOTE
     installed size is 6.0Mb
     sub-directories of 1Mb or more:
     libs 5.5Mb
Flavor: r-devel-linux-x86_64-fedora-gcc