CRAN Package Check Results for Package planar

Last updated on 2018-05-24 09:49:51 CEST.

Flavor Version Tinstall Tcheck Ttotal Status Flags
r-devel-linux-x86_64-debian-clang 1.6 83.94 45.87 129.81 NOTE
r-devel-linux-x86_64-debian-gcc 1.6 76.04 40.03 116.07 NOTE
r-devel-linux-x86_64-fedora-clang 1.6 193.53 NOTE
r-devel-linux-x86_64-fedora-gcc 1.6 176.01 NOTE
r-devel-windows-ix86+x86_64 1.6 151.00 81.00 232.00 OK
r-patched-linux-x86_64 1.6 91.14 48.48 139.62 NOTE
r-patched-solaris-x86 1.6 177.90 OK
r-release-linux-x86_64 1.6 87.66 48.50 136.16 NOTE
r-release-windows-ix86+x86_64 1.6 204.00 121.00 325.00 OK
r-release-osx-x86_64 1.6 OK
r-oldrel-windows-ix86+x86_64 1.6 209.00 111.00 320.00 OK
r-oldrel-osx-x86_64 1.6 OK

Check Details

Version: 1.6
Check: compiled code
Result: NOTE
    File ‘planar/libs/planar.so’:
     Found no calls to: ‘R_registerRoutines’, ‘R_useDynamicSymbols’
    
    It is good practice to register native routines and to disable symbol
    search.
    
    See ‘Writing portable packages’ in the ‘Writing R Extensions’ manual.
Flavors: r-devel-linux-x86_64-debian-clang, r-devel-linux-x86_64-debian-gcc, r-devel-linux-x86_64-fedora-clang, r-devel-linux-x86_64-fedora-gcc, r-patched-linux-x86_64, r-release-linux-x86_64

Version: 1.6
Check: installed package size
Result: NOTE
     installed size is 6.1Mb
     sub-directories of 1Mb or more:
     libs 5.5Mb
Flavor: r-devel-linux-x86_64-fedora-gcc