CRAN Package Check Results for Package planar

Last updated on 2017-06-27 08:48:15.

Flavor Version Tinstall Tcheck Ttotal Status Flags
r-devel-linux-x86_64-debian-clang 1.6 54.14 34.78 88.92 NOTE
r-devel-linux-x86_64-debian-gcc 1.6 57.08 34.58 91.67 NOTE
r-devel-linux-x86_64-fedora-clang 1.6 195.19 NOTE
r-devel-linux-x86_64-fedora-gcc 1.6 173.59 NOTE
r-devel-windows-ix86+x86_64 1.6 204.00 76.00 280.00 OK
r-patched-linux-x86_64 1.6 56.27 34.25 90.52 NOTE
r-patched-solaris-sparc 1.6 884.70 OK
r-patched-solaris-x86 1.6 167.40 OK
r-release-linux-x86_64 1.6 57.61 34.18 91.79 NOTE
r-release-windows-ix86+x86_64 1.6 167.00 113.00 280.00 OK
r-release-osx-x86_64 1.6 OK
r-oldrel-windows-ix86+x86_64 1.6 201.00 91.00 292.00 OK
r-oldrel-osx-x86_64 1.6 OK

Check Details

Version: 1.6
Check: compiled code
Result: NOTE
    File ‘planar/libs/planar.so’:
     Found no calls to: ‘R_registerRoutines’, ‘R_useDynamicSymbols’
    
    It is good practice to register native routines and to disable symbol
    search.
    
    See ‘Writing portable packages’ in the ‘Writing R Extensions’ manual.
Flavors: r-devel-linux-x86_64-debian-clang, r-devel-linux-x86_64-debian-gcc, r-devel-linux-x86_64-fedora-clang, r-devel-linux-x86_64-fedora-gcc, r-patched-linux-x86_64, r-release-linux-x86_64

Version: 1.6
Check: installed package size
Result: NOTE
     installed size is 6.1Mb
     sub-directories of 1Mb or more:
     libs 5.6Mb
Flavor: r-devel-linux-x86_64-fedora-gcc