CRAN Package Check Results for Package planar

Last updated on 2015-02-27 23:47:57.

Flavor Version Tinstall Tcheck Ttotal Status Flags
r-devel-linux-x86_64-debian-clang 1.5.2 27.20 28.93 56.13 NOTE
r-devel-linux-x86_64-debian-gcc 1.5.2 29.11 30.79 59.90 NOTE
r-devel-linux-x86_64-fedora-clang 1.5.2 128.38 NOTE
r-devel-linux-x86_64-fedora-gcc 1.5.2 111.64 NOTE
r-devel-osx-x86_64-clang 1.5.2 89.08 NOTE
r-devel-windows-ix86+x86_64 1.5.2 102.00 64.00 166.00 NOTE
r-patched-linux-x86_64 1.5.2 30.31 37.86 68.18 NOTE
r-patched-solaris-sparc 1.5.2 936.00 NOTE
r-release-linux-ix86 1.5.2 41.40 50.87 92.27 OK
r-release-linux-x86_64 1.5.2 32.65 35.92 68.57 NOTE
r-release-osx-x86_64-mavericks 1.5.2 NOTE
r-release-osx-x86_64-snowleopard 1.5.2 OK
r-release-windows-ix86+x86_64 1.5.2 66.00 86.00 152.00 OK
r-oldrel-windows-ix86+x86_64 1.5.2 68.00 85.00 153.00 OK

Check Details

Version: 1.5.2
Check: for GNU extensions in Makefiles
Result: NOTE
    GNU make is a SystemRequirements.
Flavors: r-devel-linux-x86_64-debian-clang, r-devel-linux-x86_64-debian-gcc, r-devel-linux-x86_64-fedora-clang, r-devel-linux-x86_64-fedora-gcc, r-devel-osx-x86_64-clang, r-devel-windows-ix86+x86_64, r-patched-linux-x86_64, r-patched-solaris-sparc, r-release-osx-x86_64-mavericks

Version: 1.5.2
Check: installed package size
Result: NOTE
     installed size is 5.5Mb
     sub-directories of 1Mb or more:
     libs 5.0Mb
Flavors: r-devel-linux-x86_64-debian-gcc, r-devel-linux-x86_64-fedora-clang, r-devel-linux-x86_64-fedora-gcc, r-patched-linux-x86_64, r-patched-solaris-sparc, r-release-linux-x86_64, r-release-osx-x86_64-mavericks