CRAN Package Check Results for Package planar

Last updated on 2017-03-24 06:48:28.

Flavor Version Tinstall Tcheck Ttotal Status Flags
r-devel-linux-x86_64-debian-clang 1.6 52.36 34.05 86.40 NOTE
r-devel-linux-x86_64-debian-gcc 1.6 55.30 33.12 88.42 NOTE
r-devel-linux-x86_64-fedora-clang 1.6 192.63 NOTE --no-stop-on-test-error
r-devel-linux-x86_64-fedora-gcc 1.6 170.14 NOTE --no-stop-on-test-error
r-devel-macos-x86_64-clang 1.6 121.69 NOTE --no-stop-on-test-error
r-devel-windows-ix86+x86_64 1.6 161.00 73.00 234.00 OK
r-patched-linux-x86_64 1.6 43.98 28.68 72.67 OK
r-patched-solaris-sparc 1.6 884.70 OK
r-patched-solaris-x86 1.6 176.00 OK
r-release-linux-x86_64 1.6 44.47 29.02 73.49 OK
r-release-osx-x86_64-mavericks 1.6 OK
r-release-windows-ix86+x86_64 1.6 194.00 76.00 270.00 OK
r-oldrel-windows-ix86+x86_64 1.6 179.00 120.00 299.00 OK

Check Details

Version: 1.6
Check: compiled code
Result: NOTE
    File ‘planar/libs/planar.so’:
     Found no calls to: ‘R_registerRoutines’, ‘R_useDynamicSymbols’
    
    It is good practice to register native routines and to disable symbol
    search.
    
    See ‘Writing portable packages’ in the ‘Writing R Extensions’ manual.
Flavors: r-devel-linux-x86_64-debian-clang, r-devel-linux-x86_64-debian-gcc

Version: 1.6
Flags: --no-stop-on-test-error
Check: compiled code
Result: NOTE
    File ‘planar/libs/planar.so’:
     Found no calls to: ‘R_registerRoutines’, ‘R_useDynamicSymbols’
    
    It is good practice to register native routines and to disable symbol
    search.
    
    See ‘Writing portable packages’ in the ‘Writing R Extensions’ manual.
Flavors: r-devel-linux-x86_64-fedora-clang, r-devel-linux-x86_64-fedora-gcc, r-devel-macos-x86_64-clang

Version: 1.6
Flags: --no-stop-on-test-error
Check: installed package size
Result: NOTE
     installed size is 5.9Mb
     sub-directories of 1Mb or more:
     libs 5.3Mb
Flavor: r-devel-linux-x86_64-fedora-gcc