CRAN Package Check Results for Package planar

Last updated on 2014-09-18 19:47:38.

Flavor Version Tinstall Tcheck Ttotal Status Flags
r-devel-linux-x86_64-debian-clang 1.5.2 28.84 33.67 62.51 OK
r-devel-linux-x86_64-debian-gcc 1.5.2 29.54 34.63 64.17 NOTE
r-devel-linux-x86_64-fedora-clang 1.5.2 136.42 NOTE
r-devel-linux-x86_64-fedora-gcc 1.5.2 120.60 NOTE
r-devel-osx-x86_64-clang 1.5.2 108.52 OK
r-devel-windows-ix86+x86_64 1.5.2 74.00 76.00 150.00 OK
r-patched-linux-x86_64 1.5.2 32.46 37.13 69.59 NOTE
r-patched-solaris-sparc 1.5.2 825.90 NOTE
r-patched-solaris-x86 1.5.2 171.80 NOTE
r-release-linux-ix86 1.5.2 38.98 54.58 93.56 OK
r-release-linux-x86_64 1.5.2 29.89 37.22 67.11 NOTE
r-release-osx-x86_64-mavericks 1.5.2 OK
r-release-osx-x86_64-snowleopard 1.5.2 OK
r-release-windows-ix86+x86_64 1.5.2 76.00 84.00 160.00 OK
r-oldrel-windows-ix86+x86_64 1.5.2 70.00 79.00 149.00 OK

Check Details

Version: 1.5.2
Check: installed package size
Result: NOTE
     installed size is 5.5Mb
     sub-directories of 1Mb or more:
     libs 5.0Mb
Flavors: r-devel-linux-x86_64-debian-gcc, r-devel-linux-x86_64-fedora-clang, r-devel-linux-x86_64-fedora-gcc, r-patched-linux-x86_64, r-patched-solaris-sparc, r-patched-solaris-x86, r-release-linux-x86_64