CRAN Package Check Results for Package planar

Last updated on 2017-09-20 23:49:03.

Flavor Version Tinstall Tcheck Ttotal Status Flags
r-devel-linux-x86_64-debian-clang 1.6 52.76 34.78 87.54 NOTE
r-devel-linux-x86_64-debian-gcc 1.6 58.99 34.04 93.03 NOTE
r-devel-linux-x86_64-fedora-clang 1.6 187.30 NOTE
r-devel-linux-x86_64-fedora-gcc 1.6 177.03 NOTE
r-devel-windows-ix86+x86_64 1.6 135.00 91.00 226.00 OK
r-patched-linux-x86_64 1.6 57.53 34.92 92.45 NOTE
r-patched-solaris-x86 1.6 171.50 OK
r-release-linux-x86_64 1.6 57.72 34.53 92.25 NOTE
r-release-windows-ix86+x86_64 1.6 151.00 85.00 236.00 OK
r-release-osx-x86_64 1.6 OK
r-oldrel-windows-ix86+x86_64 1.6 134.00 68.00 202.00 OK
r-oldrel-osx-x86_64 1.6 OK

Check Details

Version: 1.6
Check: compiled code
Result: NOTE
    File ‘planar/libs/planar.so’:
     Found no calls to: ‘R_registerRoutines’, ‘R_useDynamicSymbols’
    
    It is good practice to register native routines and to disable symbol
    search.
    
    See ‘Writing portable packages’ in the ‘Writing R Extensions’ manual.
Flavors: r-devel-linux-x86_64-debian-clang, r-devel-linux-x86_64-debian-gcc, r-devel-linux-x86_64-fedora-clang, r-devel-linux-x86_64-fedora-gcc, r-patched-linux-x86_64, r-release-linux-x86_64

Version: 1.6
Check: installed package size
Result: NOTE
     installed size is 6.0Mb
     sub-directories of 1Mb or more:
     libs 5.5Mb
Flavor: r-devel-linux-x86_64-fedora-gcc