CRAN Package Check Results for Package planar

Last updated on 2017-04-24 12:47:50.

Flavor Version Tinstall Tcheck Ttotal Status Flags
r-devel-linux-x86_64-debian-clang 1.6 53.21 34.54 87.76 NOTE
r-devel-linux-x86_64-debian-gcc 1.6 55.72 33.66 89.38 NOTE
r-devel-linux-x86_64-fedora-clang 1.6 201.02 NOTE --no-stop-on-test-error
r-devel-linux-x86_64-fedora-gcc 1.6 169.10 NOTE --no-stop-on-test-error
r-devel-windows-ix86+x86_64 1.6 189.00 114.00 303.00 OK
r-patched-linux-x86_64 1.6 44.34 33.97 78.30 NOTE
r-patched-solaris-sparc 1.6 884.70 OK
r-patched-solaris-x86 1.6 165.30 OK
r-release-linux-x86_64 1.6 44.15 34.17 78.32 NOTE
r-release-windows-ix86+x86_64 1.6 145.00 82.00 227.00 OK
r-release-osx-x86_64 1.6 OK
r-oldrel-windows-ix86+x86_64 1.6 154.00 72.00 226.00 OK
r-oldrel-osx-x86_64 1.6 OK

Check Details

Version: 1.6
Check: compiled code
Result: NOTE
    File ‘planar/libs/planar.so’:
     Found no calls to: ‘R_registerRoutines’, ‘R_useDynamicSymbols’
    
    It is good practice to register native routines and to disable symbol
    search.
    
    See ‘Writing portable packages’ in the ‘Writing R Extensions’ manual.
Flavors: r-devel-linux-x86_64-debian-clang, r-devel-linux-x86_64-debian-gcc, r-patched-linux-x86_64, r-release-linux-x86_64

Version: 1.6
Flags: --no-stop-on-test-error
Check: compiled code
Result: NOTE
    File ‘planar/libs/planar.so’:
     Found no calls to: ‘R_registerRoutines’, ‘R_useDynamicSymbols’
    
    It is good practice to register native routines and to disable symbol
    search.
    
    See ‘Writing portable packages’ in the ‘Writing R Extensions’ manual.
Flavors: r-devel-linux-x86_64-fedora-clang, r-devel-linux-x86_64-fedora-gcc

Version: 1.6
Flags: --no-stop-on-test-error
Check: installed package size
Result: NOTE
     installed size is 5.9Mb
     sub-directories of 1Mb or more:
     libs 5.3Mb
Flavor: r-devel-linux-x86_64-fedora-gcc