CRAN Package Check Results for Package planar

Last updated on 2015-03-29 11:51:23.

Flavor Version Tinstall Tcheck Ttotal Status Flags
r-devel-linux-x86_64-debian-clang 1.5.2 28.07 32.10 60.16 NOTE
r-devel-linux-x86_64-debian-gcc 1.5.2 33.96 30.26 64.22 NOTE
r-devel-linux-x86_64-fedora-clang 1.5.2 128.60 NOTE
r-devel-linux-x86_64-fedora-gcc 1.5.2 123.47 NOTE
r-devel-osx-x86_64-clang 1.5.2 97.54 NOTE
r-prerel-windows-ix86+x86_64 1.5.2 103.00 63.00 166.00 NOTE
r-prerel-linux-x86_64 1.5.2 29.12 31.20 60.31 NOTE
r-prerel-solaris-sparc 1.5.2 853.20 NOTE
r-prerel-solaris-x86 1.5.2 157.20 NOTE
r-release-linux-x86_64 1.5.2 30.22 36.09 66.31 NOTE
r-release-osx-x86_64-mavericks 1.5.2 NOTE
r-release-osx-x86_64-snowleopard 1.5.2 OK
r-release-windows-ix86+x86_64 1.5.2 76.00 83.00 159.00 NOTE
r-oldrel-windows-ix86+x86_64 1.5.2 75.00 86.00 161.00 OK

Check Details

Version: 1.5.2
Check: for GNU extensions in Makefiles
Result: NOTE
    GNU make is a SystemRequirements.
Flavors: r-devel-linux-x86_64-debian-clang, r-devel-linux-x86_64-debian-gcc, r-devel-linux-x86_64-fedora-clang, r-devel-linux-x86_64-fedora-gcc, r-devel-osx-x86_64-clang, r-prerel-windows-ix86+x86_64, r-prerel-linux-x86_64, r-prerel-solaris-sparc, r-prerel-solaris-x86, r-release-linux-x86_64, r-release-osx-x86_64-mavericks, r-release-windows-ix86+x86_64

Version: 1.5.2
Check: installed package size
Result: NOTE
     installed size is 5.4Mb
     sub-directories of 1Mb or more:
     libs 4.9Mb
Flavors: r-devel-linux-x86_64-debian-gcc, r-devel-linux-x86_64-fedora-gcc, r-prerel-linux-x86_64, r-prerel-solaris-sparc, r-prerel-solaris-x86, r-release-linux-x86_64, r-release-osx-x86_64-mavericks