CRAN Package Check Results for Package planar

Last updated on 2016-12-11 11:48:41.

Flavor Version Tinstall Tcheck Ttotal Status Flags
r-devel-linux-x86_64-debian-clang 1.6 51.45 36.40 87.86 OK
r-devel-linux-x86_64-debian-gcc 1.6 55.05 34.49 89.54 OK
r-devel-linux-x86_64-fedora-clang 1.6 188.68 OK --no-stop-on-test-error
r-devel-linux-x86_64-fedora-gcc 1.6 169.39 NOTE --no-stop-on-test-error
r-devel-macos-x86_64-clang 1.6 122.91 OK --no-stop-on-test-error
r-devel-windows-ix86+x86_64 1.6 144.00 106.00 250.00 OK
r-patched-linux-x86_64 1.6 43.67 29.27 72.94 OK
r-patched-solaris-sparc 1.6 864.60 OK
r-patched-solaris-x86 1.6 150.00 OK
r-release-linux-x86_64 1.6 43.51 29.25 72.77 OK
r-release-osx-x86_64-mavericks 1.6 OK
r-release-windows-ix86+x86_64 1.6 189.00 84.00 273.00 OK
r-oldrel-windows-ix86+x86_64 1.6 172.00 98.00 270.00 OK

Check Details

Version: 1.6
Flags: --no-stop-on-test-error
Check: installed package size
Result: NOTE
     installed size is 5.9Mb
     sub-directories of 1Mb or more:
     libs 5.3Mb
Flavor: r-devel-linux-x86_64-fedora-gcc