CRAN Package Check Results for Package planar

Last updated on 2017-05-25 04:47:06.

Flavor Version Tinstall Tcheck Ttotal Status Flags
r-devel-linux-x86_64-debian-clang 1.6 54.75 34.29 89.04 NOTE
r-devel-linux-x86_64-debian-gcc 1.6 57.08 34.16 91.24 NOTE
r-devel-linux-x86_64-fedora-clang 1.6 197.03 NOTE --no-stop-on-test-error
r-devel-linux-x86_64-fedora-gcc 1.6 176.81 NOTE --no-stop-on-test-error
r-devel-windows-ix86+x86_64 1.6 155.00 81.00 236.00 OK
r-patched-linux-x86_64 1.6 44.80 33.86 78.66 NOTE
r-patched-solaris-sparc 1.6 884.70 OK
r-patched-solaris-x86 1.6 170.80 OK --no-stop-on-test-error
r-release-linux-x86_64 1.6 45.33 34.13 79.46 NOTE
r-release-windows-ix86+x86_64 1.6 189.00 78.00 267.00 OK
r-release-osx-x86_64 1.6 OK
r-oldrel-windows-ix86+x86_64 1.6 190.00 89.00 279.00 OK
r-oldrel-osx-x86_64 1.6 OK

Check Details

Version: 1.6
Check: compiled code
Result: NOTE
    File ‘planar/libs/planar.so’:
     Found no calls to: ‘R_registerRoutines’, ‘R_useDynamicSymbols’
    
    It is good practice to register native routines and to disable symbol
    search.
    
    See ‘Writing portable packages’ in the ‘Writing R Extensions’ manual.
Flavors: r-devel-linux-x86_64-debian-clang, r-devel-linux-x86_64-debian-gcc, r-patched-linux-x86_64, r-release-linux-x86_64

Version: 1.6
Flags: --no-stop-on-test-error
Check: compiled code
Result: NOTE
    File ‘planar/libs/planar.so’:
     Found no calls to: ‘R_registerRoutines’, ‘R_useDynamicSymbols’
    
    It is good practice to register native routines and to disable symbol
    search.
    
    See ‘Writing portable packages’ in the ‘Writing R Extensions’ manual.
Flavors: r-devel-linux-x86_64-fedora-clang, r-devel-linux-x86_64-fedora-gcc

Version: 1.6
Flags: --no-stop-on-test-error
Check: installed package size
Result: NOTE
     installed size is 6.1Mb
     sub-directories of 1Mb or more:
     libs 5.5Mb
Flavor: r-devel-linux-x86_64-fedora-gcc