CRAN Package Check Results for Package planar

Last updated on 2015-07-04 08:50:32.

Flavor Version Tinstall Tcheck Ttotal Status Flags
r-devel-linux-x86_64-debian-clang 1.5.2 28.47 24.81 53.28 NOTE
r-devel-linux-x86_64-debian-gcc 1.5.2 30.12 24.81 54.94 NOTE
r-devel-linux-x86_64-fedora-clang 1.5.2 110.81 NOTE
r-devel-linux-x86_64-fedora-gcc 1.5.2 101.13 NOTE
r-devel-osx-x86_64-clang 1.5.2 80.48 NOTE
r-devel-windows-ix86+x86_64 1.5.2 73.00 56.00 129.00 NOTE
r-patched-linux-x86_64 1.5.2 29.91 25.12 55.04 NOTE
r-patched-solaris-sparc 1.5.2 763.70 NOTE
r-patched-solaris-x86 1.5.2 149.50 NOTE
r-release-linux-x86_64 1.5.2 30.30 25.82 56.13 NOTE
r-release-osx-x86_64-mavericks 1.5.2 NOTE
r-release-windows-ix86+x86_64 1.5.2 101.00 56.00 157.00 NOTE
r-oldrel-windows-ix86+x86_64 1.5.2 75.00 74.00 149.00 NOTE

Check Details

Version: 1.5.2
Check: for GNU extensions in Makefiles
Result: NOTE
    GNU make is a SystemRequirements.
Flavors: r-devel-linux-x86_64-debian-clang, r-devel-linux-x86_64-debian-gcc, r-devel-linux-x86_64-fedora-clang, r-devel-linux-x86_64-fedora-gcc, r-devel-osx-x86_64-clang, r-devel-windows-ix86+x86_64, r-patched-linux-x86_64, r-patched-solaris-sparc, r-patched-solaris-x86, r-release-linux-x86_64, r-release-osx-x86_64-mavericks, r-release-windows-ix86+x86_64, r-oldrel-windows-ix86+x86_64

Version: 1.5.2
Check: installed package size
Result: NOTE
     installed size is 5.7Mb
     sub-directories of 1Mb or more:
     libs 5.1Mb
Flavors: r-devel-linux-x86_64-debian-gcc, r-devel-linux-x86_64-fedora-gcc, r-patched-linux-x86_64, r-patched-solaris-sparc, r-patched-solaris-x86, r-release-linux-x86_64, r-release-osx-x86_64-mavericks