CRAN Package Check Results for Package planar

Last updated on 2015-09-01 05:48:28.

Flavor Version Tinstall Tcheck Ttotal Status Flags
r-devel-linux-x86_64-debian-clang 1.5.2 29.32 24.40 53.72 NOTE
r-devel-linux-x86_64-debian-gcc 1.5.2 31.72 24.76 56.48 NOTE
r-devel-linux-x86_64-fedora-clang 1.5.2 113.09 NOTE
r-devel-linux-x86_64-fedora-gcc 1.5.2 105.12 NOTE
r-devel-osx-x86_64-clang 1.5.2 86.66 NOTE
r-devel-windows-ix86+x86_64 1.5.2 117.00 62.00 179.00 NOTE
r-patched-linux-x86_64 1.5.2 31.97 25.42 57.38 NOTE
r-patched-solaris-sparc 1.5.2 748.20 NOTE
r-patched-solaris-x86 1.5.2 140.40 NOTE
r-release-linux-x86_64 1.5.2 31.26 26.42 57.68 NOTE
r-release-osx-x86_64-mavericks 1.5.2 NOTE
r-release-windows-ix86+x86_64 1.5.2 108.00 96.00 204.00 NOTE
r-oldrel-windows-ix86+x86_64 1.5.2 113.00 105.00 218.00 NOTE

Check Details

Version: 1.5.2
Check: for GNU extensions in Makefiles
Result: NOTE
    GNU make is a SystemRequirements.
Flavors: r-devel-linux-x86_64-debian-clang, r-devel-linux-x86_64-debian-gcc, r-devel-linux-x86_64-fedora-clang, r-devel-linux-x86_64-fedora-gcc, r-devel-osx-x86_64-clang, r-devel-windows-ix86+x86_64, r-patched-linux-x86_64, r-patched-solaris-sparc, r-patched-solaris-x86, r-release-linux-x86_64, r-release-osx-x86_64-mavericks, r-release-windows-ix86+x86_64, r-oldrel-windows-ix86+x86_64

Version: 1.5.2
Check: installed package size
Result: NOTE
     installed size is 5.8Mb
     sub-directories of 1Mb or more:
     libs 5.3Mb
Flavors: r-devel-linux-x86_64-debian-gcc, r-devel-linux-x86_64-fedora-gcc, r-patched-linux-x86_64, r-release-linux-x86_64, r-release-osx-x86_64-mavericks