CRAN Package Check Results for Package planar

Last updated on 2014-10-22 13:48:45.

Flavor Version Tinstall Tcheck Ttotal Status Flags
r-devel-linux-x86_64-debian-clang 1.5.2 26.03 32.90 58.93 OK
r-devel-linux-x86_64-debian-gcc 1.5.2 29.49 34.84 64.33 NOTE
r-devel-linux-x86_64-fedora-clang 1.5.2 135.32 NOTE
r-devel-linux-x86_64-fedora-gcc 1.5.2 121.39 NOTE
r-devel-osx-x86_64-clang 1.5.2 99.34 OK
r-devel-windows-ix86+x86_64 1.5.2 74.00 69.00 143.00 OK
r-patched-linux-x86_64 1.5.2 29.50 35.52 65.02 NOTE
r-patched-solaris-sparc 1.5.2 855.10 NOTE
r-patched-solaris-x86 1.5.2 168.30 NOTE
r-release-linux-ix86 1.5.2 38.77 55.08 93.85 OK
r-release-linux-x86_64 1.5.2 29.59 37.64 67.24 NOTE
r-release-osx-x86_64-mavericks 1.5.2 OK
r-release-osx-x86_64-snowleopard 1.5.2 OK
r-release-windows-ix86+x86_64 1.5.2 75.00 76.00 151.00 OK
r-oldrel-windows-ix86+x86_64 1.5.2 75.00 84.00 159.00 OK

Check Details

Version: 1.5.2
Check: installed package size
Result: NOTE
     installed size is 5.5Mb
     sub-directories of 1Mb or more:
     libs 5.0Mb
Flavors: r-devel-linux-x86_64-debian-gcc, r-devel-linux-x86_64-fedora-clang, r-devel-linux-x86_64-fedora-gcc, r-patched-linux-x86_64, r-patched-solaris-sparc, r-patched-solaris-x86, r-release-linux-x86_64