CRAN Package Check Results for Package planar

Last updated on 2016-08-24 06:47:50.

Flavor Version Tinstall Tcheck Ttotal Status Flags
r-devel-linux-x86_64-debian-clang 1.6 50.28 29.44 79.71 OK
r-devel-linux-x86_64-debian-gcc 1.6 53.64 27.42 81.06 NOTE
r-devel-linux-x86_64-fedora-clang 1.6 176.24 OK
r-devel-linux-x86_64-fedora-gcc 1.6 153.60 NOTE
r-devel-osx-x86_64-clang 1.6 114.12 OK
r-devel-windows-ix86+x86_64 1.6 188.00 76.00 264.00 OK
r-patched-linux-x86_64 1.6 42.79 27.40 70.19 NOTE
r-patched-solaris-sparc 1.6 812.80 OK
r-patched-solaris-x86 1.6 147.00 OK
r-release-linux-x86_64 1.6 42.92 27.83 70.75 NOTE
r-release-osx-x86_64-mavericks 1.6 OK
r-release-windows-ix86+x86_64 1.6 198.00 54.00 252.00 OK
r-oldrel-windows-ix86+x86_64 1.6 176.00 90.00 266.00 OK

Check Details

Version: 1.6
Check: installed package size
Result: NOTE
     installed size is 5.9Mb
     sub-directories of 1Mb or more:
     libs 5.3Mb
Flavors: r-devel-linux-x86_64-debian-gcc, r-devel-linux-x86_64-fedora-gcc, r-patched-linux-x86_64, r-release-linux-x86_64