CRAN Package Check Results for Package planar

Last updated on 2017-02-20 22:59:12.

Flavor Version Tinstall Tcheck Ttotal Status Flags
r-devel-linux-x86_64-debian-clang 1.6 50.88 35.00 85.88 NOTE
r-devel-linux-x86_64-debian-gcc 1.6 54.95 34.15 89.11 NOTE
r-devel-linux-x86_64-fedora-clang 1.6 190.07 NOTE --no-stop-on-test-error
r-devel-linux-x86_64-fedora-gcc 1.6 168.95 NOTE --no-stop-on-test-error
r-devel-macos-x86_64-clang 1.6 123.00 NOTE --no-stop-on-test-error
r-devel-windows-ix86+x86_64 1.6 206.00 111.00 317.00 OK
r-patched-linux-x86_64 1.6 43.63 29.20 72.82 OK
r-patched-solaris-sparc 1.6 826.30 OK
r-patched-solaris-x86 1.6 162.20 OK
r-release-linux-x86_64 1.6 44.34 28.49 72.83 OK
r-release-osx-x86_64-mavericks 1.6 OK
r-release-windows-ix86+x86_64 1.6 186.00 74.00 260.00 OK
r-oldrel-windows-ix86+x86_64 1.6 128.00 81.00 209.00 OK

Check Details

Version: 1.6
Check: compiled code
Result: NOTE
    File ‘planar/libs/planar.so’:
     Found no calls to: ‘R_registerRoutines’, ‘R_useDynamicSymbols’
    
    It is good practice to register native routines and to disable symbol
    search.
    
    See ‘Writing portable packages’ in the ‘Writing R Extensions’ manual.
Flavors: r-devel-linux-x86_64-debian-clang, r-devel-linux-x86_64-debian-gcc

Version: 1.6
Flags: --no-stop-on-test-error
Check: compiled code
Result: NOTE
    File ‘planar/libs/planar.so’:
     Found no calls to: ‘R_registerRoutines’, ‘R_useDynamicSymbols’
    
    It is good practice to register native routines and to disable symbol
    search.
    
    See ‘Writing portable packages’ in the ‘Writing R Extensions’ manual.
Flavors: r-devel-linux-x86_64-fedora-clang, r-devel-linux-x86_64-fedora-gcc, r-devel-macos-x86_64-clang

Version: 1.6
Flags: --no-stop-on-test-error
Check: installed package size
Result: NOTE
     installed size is 5.9Mb
     sub-directories of 1Mb or more:
     libs 5.3Mb
Flavor: r-devel-linux-x86_64-fedora-gcc