CRAN Package Check Results for Package planar

Last updated on 2016-07-25 20:47:56.

Flavor Version Tinstall Tcheck Ttotal Status Flags
r-devel-linux-x86_64-debian-clang 1.6 63.18 35.45 98.63 OK
r-devel-linux-x86_64-debian-gcc 1.6 68.80 32.54 101.35 NOTE
r-devel-linux-x86_64-fedora-clang 1.6 169.90 OK
r-devel-linux-x86_64-fedora-gcc 1.6 140.23 NOTE
r-devel-osx-x86_64-clang 1.6 113.78 OK
r-devel-windows-ix86+x86_64 1.6 183.00 61.00 244.00 OK
r-patched-linux-x86_64 1.6 49.42 33.33 82.76 NOTE
r-patched-solaris-sparc 1.6 819.60 NOTE
r-patched-solaris-x86 1.6 152.30 OK
r-release-linux-x86_64 1.6 49.32 32.98 82.30 NOTE
r-release-osx-x86_64-mavericks 1.6 OK
r-release-windows-ix86+x86_64 1.6 187.00 84.00 271.00 OK
r-oldrel-windows-ix86+x86_64 1.6 151.00 93.00 244.00 OK

Check Details

Version: 1.6
Check: installed package size
Result: NOTE
     installed size is 6.1Mb
     sub-directories of 1Mb or more:
     libs 5.5Mb
Flavors: r-devel-linux-x86_64-debian-gcc, r-devel-linux-x86_64-fedora-gcc, r-patched-linux-x86_64, r-patched-solaris-sparc, r-release-linux-x86_64