CRAN Package Check Results for Package planar

Last updated on 2016-09-29 21:47:26.

Flavor Version Tinstall Tcheck Ttotal Status Flags
r-devel-linux-x86_64-debian-clang 1.6 51.68 30.31 81.99 OK
r-devel-linux-x86_64-debian-gcc 1.6 56.30 29.28 85.58 NOTE
r-devel-linux-x86_64-fedora-clang 1.6 174.26 OK
r-devel-linux-x86_64-fedora-gcc 1.6 151.36 NOTE
r-devel-macos-x86_64-clang 1.6 109.15 OK
r-devel-windows-ix86+x86_64 1.6 214.00 81.00 295.00 OK
r-patched-linux-x86_64 1.6 43.46 28.54 71.99 NOTE
r-patched-solaris-sparc 1.6 817.20 OK
r-patched-solaris-x86 1.6 147.30 OK
r-release-linux-x86_64 1.6 44.26 28.04 72.30 NOTE
r-release-osx-x86_64-mavericks 1.6 OK
r-release-windows-ix86+x86_64 1.6 138.00 59.00 197.00 OK
r-oldrel-windows-ix86+x86_64 1.6 182.00 88.00 270.00 OK

Check Details

Version: 1.6
Check: installed package size
Result: NOTE
     installed size is 5.9Mb
     sub-directories of 1Mb or more:
     libs 5.3Mb
Flavors: r-devel-linux-x86_64-debian-gcc, r-devel-linux-x86_64-fedora-gcc, r-patched-linux-x86_64, r-release-linux-x86_64