CRAN Package Check Results for Package planar

Last updated on 2018-04-24 11:51:00 CEST.

Flavor Version Tinstall Tcheck Ttotal Status Flags
r-devel-linux-x86_64-debian-clang 1.6 86.52 48.99 135.51 NOTE
r-devel-linux-x86_64-debian-gcc 1.6 76.76 37.77 114.53 NOTE
r-devel-linux-x86_64-fedora-clang 1.6 191.97 NOTE
r-devel-linux-x86_64-fedora-gcc 1.6 173.05 NOTE
r-devel-windows-ix86+x86_64 1.6 219.00 84.00 303.00 OK
r-patched-linux-x86_64 1.6 91.39 49.31 140.70 NOTE
r-patched-solaris-x86 1.6 174.60 OK
r-release-linux-x86_64 1.6 86.81 49.41 136.22 NOTE
r-release-windows-ix86+x86_64 1.6 219.00 84.00 303.00 OK
r-release-osx-x86_64 1.6 WARN
r-oldrel-windows-ix86+x86_64 1.6 158.00 88.00 246.00 OK
r-oldrel-osx-x86_64 1.6 OK

Check Details

Version: 1.6
Check: compiled code
Result: NOTE
    File ‘planar/libs/planar.so’:
     Found no calls to: ‘R_registerRoutines’, ‘R_useDynamicSymbols’
    
    It is good practice to register native routines and to disable symbol
    search.
    
    See ‘Writing portable packages’ in the ‘Writing R Extensions’ manual.
Flavors: r-devel-linux-x86_64-debian-clang, r-devel-linux-x86_64-debian-gcc, r-devel-linux-x86_64-fedora-clang, r-devel-linux-x86_64-fedora-gcc, r-patched-linux-x86_64, r-release-linux-x86_64

Version: 1.6
Check: installed package size
Result: NOTE
     installed size is 6.1Mb
     sub-directories of 1Mb or more:
     libs 5.5Mb
Flavor: r-devel-linux-x86_64-fedora-gcc

Version: 1.6
Check: whether package can be installed
Result: WARN
    Found the following significant warnings:
     hcubature.c:917:15: warning: comparison of unsigned enum expression < 0 is always false [-Wtautological-compare]
Flavor: r-release-osx-x86_64