CRAN Package Check Results for Package planar

Last updated on 2014-08-22 08:49:15.

Flavor Version Tinstall Tcheck Ttotal Status Flags
r-devel-linux-x86_64-debian-clang 1.5.2 24.93 33.55 58.48 OK
r-devel-linux-x86_64-debian-gcc 1.5.2 29.39 35.36 64.74 NOTE
r-devel-linux-x86_64-fedora-clang 1.5.2 132.61 NOTE
r-devel-linux-x86_64-fedora-gcc 1.5.2 120.57 NOTE
r-devel-osx-x86_64-clang 1.5.2 89.45 OK
r-devel-windows-ix86+x86_64 1.5.2 77.00 73.00 150.00 OK
r-patched-linux-x86_64 1.5.2 33.03 36.89 69.92 NOTE
r-patched-solaris-sparc 1.5.2 825.90 NOTE
r-patched-solaris-x86 1.5.2 173.20 NOTE
r-release-linux-ix86 1.5.2 38.19 54.22 92.41 OK
r-release-linux-x86_64 1.5.2 29.86 36.60 66.46 NOTE
r-release-osx-x86_64-mavericks 1.5.2 OK
r-release-osx-x86_64-snowleopard 1.5.2 OK
r-release-windows-ix86+x86_64 1.5.2 83.00 82.00 165.00 OK
r-oldrel-windows-ix86+x86_64 1.5.2 72.00 85.00 157.00 OK

Check Details

Version: 1.5.2
Check: installed package size
Result: NOTE
     installed size is 5.5Mb
     sub-directories of 1Mb or more:
     libs 5.0Mb
Flavors: r-devel-linux-x86_64-debian-gcc, r-devel-linux-x86_64-fedora-clang, r-devel-linux-x86_64-fedora-gcc, r-patched-linux-x86_64, r-patched-solaris-sparc, r-patched-solaris-x86, r-release-linux-x86_64