CRAN Package Check Results for Package planar

Last updated on 2014-11-26 17:51:38.

Flavor Version Tinstall Tcheck Ttotal Status Flags
r-devel-linux-x86_64-debian-clang 1.5.2 26.04 33.36 59.40 OK
r-devel-linux-x86_64-debian-gcc 1.5.2 32.36 35.61 67.97 NOTE
r-devel-linux-x86_64-fedora-clang 1.5.2 140.52 NOTE
r-devel-linux-x86_64-fedora-gcc 1.5.2 125.21 NOTE
r-devel-osx-x86_64-clang 1.5.2 102.45 OK
r-devel-windows-ix86+x86_64 1.5.2 74.00 73.00 147.00 OK
r-patched-linux-x86_64 1.5.2 29.99 35.08 65.06 NOTE
r-patched-solaris-sparc 1.5.2 936.80 NOTE
r-patched-solaris-x86 1.5.2 170.80 NOTE
r-release-linux-ix86 1.5.2 36.82 49.86 86.68 OK
r-release-linux-x86_64 1.5.2 30.80 35.83 66.63 NOTE
r-release-osx-x86_64-mavericks 1.5.2 OK
r-release-osx-x86_64-snowleopard 1.5.2 OK
r-release-windows-ix86+x86_64 1.5.2 73.00 77.00 150.00 OK
r-oldrel-windows-ix86+x86_64 1.5.2 79.00 83.00 162.00 OK

Check Details

Version: 1.5.2
Check: installed package size
Result: NOTE
     installed size is 5.5Mb
     sub-directories of 1Mb or more:
     libs 5.0Mb
Flavors: r-devel-linux-x86_64-debian-gcc, r-devel-linux-x86_64-fedora-clang, r-devel-linux-x86_64-fedora-gcc, r-patched-linux-x86_64, r-patched-solaris-sparc, r-patched-solaris-x86, r-release-linux-x86_64