CRAN Package Check Results for Package planar

Last updated on 2017-12-18 01:46:51 CET.

Flavor Version Tinstall Tcheck Ttotal Status Flags
r-devel-linux-x86_64-debian-clang 1.6 71.90 46.96 118.86 NOTE
r-devel-linux-x86_64-debian-gcc NOTE
r-devel-linux-x86_64-fedora-clang 1.6 184.44 NOTE
r-devel-linux-x86_64-fedora-gcc 1.6 171.31 NOTE
r-devel-windows-ix86+x86_64 1.6 156.00 85.00 241.00 OK
r-patched-linux-x86_64 1.6 76.72 55.48 132.20 NOTE
r-patched-solaris-x86 1.6 170.20 OK
r-release-linux-x86_64 1.6 75.24 54.38 129.62 NOTE
r-release-windows-ix86+x86_64 1.6 145.00 79.00 224.00 OK
r-release-osx-x86_64 1.6 OK
r-oldrel-windows-ix86+x86_64 1.6 147.00 104.00 251.00 OK
r-oldrel-osx-x86_64 1.6 OK

Check Details

Version: 1.6
Check: compiled code
Result: NOTE
    File ‘planar/libs/planar.so’:
     Found no calls to: ‘R_registerRoutines’, ‘R_useDynamicSymbols’
    
    It is good practice to register native routines and to disable symbol
    search.
    
    See ‘Writing portable packages’ in the ‘Writing R Extensions’ manual.
Flavors: r-devel-linux-x86_64-debian-clang, r-devel-linux-x86_64-debian-gcc, r-devel-linux-x86_64-fedora-clang, r-devel-linux-x86_64-fedora-gcc, r-patched-linux-x86_64, r-release-linux-x86_64

Version: 1.6
Check: installed package size
Result: NOTE
     installed size is 6.0Mb
     sub-directories of 1Mb or more:
     libs 5.5Mb
Flavor: r-devel-linux-x86_64-fedora-gcc