CRAN Package Check Results for Package planar

Last updated on 2014-12-19 12:48:24.

Flavor Version Tinstall Tcheck Ttotal Status Flags
r-devel-linux-x86_64-debian-clang 1.5.2 25.58 33.57 59.15 OK
r-devel-linux-x86_64-debian-gcc 1.5.2 29.24 34.02 63.26 NOTE
r-devel-linux-x86_64-fedora-clang 1.5.2 141.83 NOTE
r-devel-linux-x86_64-fedora-gcc 1.5.2 108.97 NOTE
r-devel-osx-x86_64-clang 1.5.2 97.15 OK
r-devel-windows-ix86+x86_64 1.5.2 74.00 76.00 150.00 OK
r-patched-linux-x86_64 1.5.2 29.84 36.38 66.23 NOTE
r-patched-solaris-sparc 1.5.2 936.80 NOTE
r-patched-solaris-x86 1.5.2 170.30 NOTE
r-release-linux-ix86 1.5.2 37.07 49.80 86.87 OK
r-release-linux-x86_64 1.5.2 30.73 35.58 66.31 NOTE
r-release-osx-x86_64-mavericks 1.5.2 OK
r-release-osx-x86_64-snowleopard 1.5.2 OK
r-release-windows-ix86+x86_64 1.5.2 81.00 74.00 155.00 OK
r-oldrel-windows-ix86+x86_64 1.5.2 83.00 87.00 170.00 OK

Check Details

Version: 1.5.2
Check: installed package size
Result: NOTE
     installed size is 5.5Mb
     sub-directories of 1Mb or more:
     libs 5.0Mb
Flavors: r-devel-linux-x86_64-debian-gcc, r-devel-linux-x86_64-fedora-clang, r-devel-linux-x86_64-fedora-gcc, r-patched-linux-x86_64, r-patched-solaris-sparc, r-patched-solaris-x86, r-release-linux-x86_64