CRAN Package Check Results for Package planar

Last updated on 2017-08-22 12:52:26.

Flavor Version Tinstall Tcheck Ttotal Status Flags
r-devel-linux-x86_64-debian-clang 1.6 54.85 35.40 90.24 NOTE
r-devel-linux-x86_64-debian-gcc 1.6 59.22 34.75 93.97 NOTE
r-devel-linux-x86_64-fedora-clang 1.6 190.92 NOTE
r-devel-linux-x86_64-fedora-gcc 1.6 173.99 NOTE
r-devel-windows-ix86+x86_64 1.6 190.00 105.00 295.00 OK
r-patched-linux-x86_64 1.6 58.21 34.57 92.78 NOTE
r-patched-solaris-x86 1.6 167.30 OK
r-release-linux-x86_64 1.6 57.62 34.65 92.27 NOTE
r-release-windows-ix86+x86_64 1.6 129.00 79.00 208.00 OK
r-release-osx-x86_64 1.6 OK
r-oldrel-windows-ix86+x86_64 1.6 134.00 66.00 200.00 OK
r-oldrel-osx-x86_64 1.6 OK

Check Details

Version: 1.6
Check: compiled code
Result: NOTE
    File ‘planar/libs/planar.so’:
     Found no calls to: ‘R_registerRoutines’, ‘R_useDynamicSymbols’
    
    It is good practice to register native routines and to disable symbol
    search.
    
    See ‘Writing portable packages’ in the ‘Writing R Extensions’ manual.
Flavors: r-devel-linux-x86_64-debian-clang, r-devel-linux-x86_64-debian-gcc, r-devel-linux-x86_64-fedora-clang, r-devel-linux-x86_64-fedora-gcc, r-patched-linux-x86_64, r-release-linux-x86_64

Version: 1.6
Check: installed package size
Result: NOTE
     installed size is 6.1Mb
     sub-directories of 1Mb or more:
     libs 5.6Mb
Flavor: r-devel-linux-x86_64-fedora-gcc