CRAN Package Check Results for Package planar

Last updated on 2015-01-30 03:49:10.

Flavor Version Tinstall Tcheck Ttotal Status Flags
r-devel-linux-x86_64-debian-clang 1.5.2 25.48 30.52 56.00 NOTE
r-devel-linux-x86_64-debian-gcc 1.5.2 31.92 32.53 64.46 NOTE
r-devel-linux-x86_64-fedora-clang 1.5.2 131.47 NOTE
r-devel-linux-x86_64-fedora-gcc 1.5.2 120.23 NOTE
r-devel-osx-x86_64-clang 1.5.2 100.32 NOTE
r-devel-windows-ix86+x86_64 1.5.2 97.00 59.00 156.00 NOTE
r-patched-linux-x86_64 1.5.2 30.15 35.54 65.69 NOTE
r-patched-solaris-sparc 1.5.2 936.00 NOTE
r-patched-solaris-x86 1.5.2 178.80 NOTE
r-release-linux-ix86 1.5.2 37.11 50.16 87.27 OK
r-release-linux-x86_64 1.5.2 30.11 35.58 65.69 NOTE
r-release-osx-x86_64-mavericks 1.5.2 NOTE
r-release-osx-x86_64-snowleopard 1.5.2 OK
r-release-windows-ix86+x86_64 1.5.2 74.00 74.00 148.00 OK
r-oldrel-windows-ix86+x86_64 1.5.2 76.00 89.00 165.00 OK

Check Details

Version: 1.5.2
Check: for GNU extensions in Makefiles
Result: NOTE
    GNU make is a SystemRequirements.
Flavors: r-devel-linux-x86_64-debian-clang, r-devel-linux-x86_64-debian-gcc, r-devel-linux-x86_64-fedora-clang, r-devel-linux-x86_64-fedora-gcc, r-devel-osx-x86_64-clang, r-devel-windows-ix86+x86_64, r-patched-linux-x86_64, r-patched-solaris-sparc, r-patched-solaris-x86, r-release-osx-x86_64-mavericks

Version: 1.5.2
Check: installed package size
Result: NOTE
     installed size is 5.5Mb
     sub-directories of 1Mb or more:
     libs 5.0Mb
Flavors: r-devel-linux-x86_64-debian-gcc, r-devel-linux-x86_64-fedora-clang, r-devel-linux-x86_64-fedora-gcc, r-patched-linux-x86_64, r-patched-solaris-sparc, r-patched-solaris-x86, r-release-linux-x86_64, r-release-osx-x86_64-mavericks