CRAN Package Check Results for Package planor

Last updated on 2017-06-23 20:48:31.

Flavor Version Tinstall Tcheck Ttotal Status Flags
r-devel-linux-x86_64-debian-clang 1.3-7 38.59 79.64 118.24 OK
r-devel-linux-x86_64-debian-gcc 1.3-7 40.07 78.09 118.17 OK
r-devel-linux-x86_64-fedora-clang 1.3-7 239.38 OK
r-devel-linux-x86_64-fedora-gcc 1.3-7 229.61 NOTE
r-devel-windows-ix86+x86_64 1.3-7 164.00 211.00 375.00 OK
r-patched-linux-x86_64 1.3-7 31.65 78.07 109.72 OK
r-patched-solaris-sparc 1.3-7 961.40 OK
r-patched-solaris-x86 1.3-7 194.50 OK
r-release-linux-x86_64 1.3-7 33.21 78.94 112.15 OK
r-release-windows-ix86+x86_64 1.3-7 104.00 226.00 330.00 OK
r-release-osx-x86_64 1.3-7 OK
r-oldrel-windows-ix86+x86_64 1.3-7 159.00 171.00 330.00 OK
r-oldrel-osx-x86_64 1.3-7 OK

Check Details

Version: 1.3-7
Check: installed package size
Result: NOTE
     installed size is 5.3Mb
     sub-directories of 1Mb or more:
     doc 2.1Mb
     libs 2.8Mb
Flavor: r-devel-linux-x86_64-fedora-gcc