CRAN Package Check Results for Package planor

Last updated on 2018-06-22 18:46:51 CEST.

Flavor Version Tinstall Tcheck Ttotal Status Flags
r-devel-linux-x86_64-debian-clang 1.3-9 68.43 88.12 156.55 ERROR
r-devel-linux-x86_64-debian-gcc 1.3-9 57.29 66.57 123.86 ERROR
r-devel-linux-x86_64-fedora-clang 1.3-9 228.34 OK
r-devel-linux-x86_64-fedora-gcc 1.3-9 214.28 OK
r-devel-windows-ix86+x86_64 1.3-9 159.00 214.00 373.00 OK
r-patched-linux-x86_64 1.3-9 68.55 83.04 151.59 ERROR
r-patched-solaris-x86 1.3-9 198.70 OK
r-release-linux-x86_64 1.3-9 64.89 83.93 148.82 ERROR
r-release-windows-ix86+x86_64 1.3-9 122.00 147.00 269.00 OK
r-release-osx-x86_64 1.3-9 OK
r-oldrel-windows-ix86+x86_64 1.3-9 166.00 165.00 331.00 OK
r-oldrel-osx-x86_64 1.3-9 OK

Check Details

Version: 1.3-9
Check: examples
Result: ERROR
    Running examples in ‘planor-Ex.R’ failed
    The error most likely occurred in:
    
    > base::assign(".ptime", proc.time(), pos = "CheckExEnv")
    > ### Name: alias-methods
    > ### Title: Summarize the Design Properties
    > ### Aliases: alias,designkey-method alias.designkey alias,keymatrix-method
    > ### alias.keymatrix alias,listofdesignkeys-method alias.listofdesignkeys
    > ### alias,listofkeyrings-method alias.listofkeyrings
    > ### alias,planordesign-method alias.planordesign
    > ### Keywords: methods design
    >
    > ### ** Examples
    >
    > ### Creation of an object of class listofkeyrings
    > K0 <- planor.designkey(factors=c(LETTERS[1:4], "block"), nlevels=rep(3,5),
    + model=~block+(A+B+C+D)^2, estimate=~A+B+C+D,
    + nunits=3^3, base=~A+B+C, max.sol=2)
    Preliminary step 1 : processing the model specifications
    Preliminary step 2 : performing prime decompositions on the factors
    *** Main step for prime p = 3 : key-matrix search
     => search for columns 4 to 5
     first visit to column 4
     first visit to column 5
     --- col. 5 ( j = 2) 18 selected candidates
    The search is closed: max.sol = 2 solution(s) found
    > ### alias on an object of class keymatrix
    > alias(K0[[1]][[1]])
    Error in UseMethod("alias") :
     no applicable method for 'alias' applied to an object of class "keymatrix"
    Calls: alias
    Execution halted
Flavors: r-devel-linux-x86_64-debian-clang, r-devel-linux-x86_64-debian-gcc, r-patched-linux-x86_64, r-release-linux-x86_64

Version: 1.3-9
Check: tests
Result: ERROR
     Running ‘HM2.R’ [2s/2s]
     Comparing ‘HM2.Rout’ to ‘HM2.Rout.save’ ...6c6
    < Loaded planor 1.3.9
    ---
    > Loaded planor 1.3.8
     Running ‘Kobi0.R’ [1s/2s]
     Comparing ‘Kobi0.Rout’ to ‘Kobi0.Rout.save’ ...4c4
    < Loaded planor 1.3.9
    ---
    > Loaded planor 1.3.8
     Running ‘Kobi1.R’ [1s/2s]
     Comparing ‘Kobi1.Rout’ to ‘Kobi1.Rout.save’ ...4c4
    < Loaded planor 1.3.9
    ---
    > Loaded planor 1.3.8
     Running ‘Kobi2.R’ [1s/2s]
     Comparing ‘Kobi2.Rout’ to ‘Kobi2.Rout.save’ ...4c4
    < Loaded planor 1.3.9
    ---
    > Loaded planor 1.3.8
     Running ‘Kobi3.R’ [2s/3s]
     Comparing ‘Kobi3.Rout’ to ‘Kobi3.Rout.save’ ...4c4
    < Loaded planor 1.3.9
    ---
    > Loaded planor 1.3.8
     Running ‘KobiRecursive.R’ [1s/2s]
     Comparing ‘KobiRecursive.Rout’ to ‘KobiRecursive.Rout.save’ ...4c4
    < Loaded planor 1.3.9
    ---
    > Loaded planor 1.3.8
     Running ‘NewKobi1.R’ [1s/2s]
    Running the tests in ‘tests/NewKobi1.R’ failed.
    Complete output:
     > library("planor")
     Loaded planor 1.3.9
    
     >
     > #---------------------------------------------------------------------------
     > # EXAMPLES FROM THE PLANOR MANUAL
     > #---------------------------------------------------------------------------
     > # Exemple 1 page 7 : SEARCH FOR ALL SOLUTIONS
     > #---------------------------------------------------------------------------
     > cat("\n")
    
     > cat("***************** EXEMPLE 1 PAGE 7 *****************\n")
     ***************** EXEMPLE 1 PAGE 7 *****************
     > cat("\n")
    
     > cat("Four 3-level treatment factors and one 3-level block factor\n")
     Four 3-level treatment factors and one 3-level block factor
     > cat("Model: bloc+(A+B+C+D)^2\n")
     Model: bloc+(A+B+C+D)^2
     > cat("Estimate: A+B+C+D\n")
     Estimate: A+B+C+D
     > cat("N=3^3\n")
     N=3^3
     > cat("\n")
    
     > #
     > cat("*** RUN ***\n")
     *** RUN ***
     > cat("\n")
    
     > F1 <- planor.factors( factors=c(LETTERS[1:4], "Bl"),
     + nlevels=rep(3,5),
     + block=~Bl )
     > M1 <- planor.model( model=~Bl+(A+B+C+D)^2, estimate=~A+B+C+D )
     > K1 <- planor.designkey(factors=F1, model=M1, nunits=3^3,
     + base=~A+B+C, max.sol=Inf, verbose=TRUE)
     Preliminary step 1 : processing the model specifications
     Preliminary step 2 : performing prime decompositions on the factors
     *** Main step for prime p = 3 : key-matrix search
     => search for columns 4 to 5
     first visit to column 4
     first visit to column 5
     --- col. 5 ( j = 2) 18 selected candidates
     --- col. 5 ( j = 2) 18 selected candidates
     The search is closed: 144 solution(s) found
     Warning message:
     In planor.designkey.basep(p = p.k, r = r.k, b.ineligible = b.P.ineligible[pseudos.k, :
     When max.sol is Inf, a maximum of 5000 solutions are returned
     >
     > summary(K1[1])
    
     ********** Prime 3 design **********
    
     DESIGN KEY MATRIX
     A B C D Bl
     A 1 0 0 1 1
     B 0 1 0 1 1
     C 0 0 1 1 0
    
     TREATMENT EFFECTS CONFOUNDED WITH THE MEAN
     1 = A^2 B^2 C^2 D
    
     BLOCK-and-TREATMENT EFFECTS CONFOUNDED WITH THE MEAN
     1 = A^2 B^2 Bl
     1 = C^2 D Bl^2
     1 = A B C^2 D Bl
    
     WEIGHT PROFILES
     Treatment effects confounded with the mean: 4^1
     Treatment effects confounded with block effects: 2^2 4^1
     Treatment pseudo-effects confounded with the mean: 4^1
     Treatment pseudo-effects confounded with block effects: 2^2 4^1
    
     > alias(K1[1])
     Error in UseMethod("alias") :
     no applicable method for 'alias' applied to an object of class "c('designkey', 'list', 'vector')"
     Calls: alias
     Execution halted
Flavors: r-devel-linux-x86_64-debian-clang, r-patched-linux-x86_64

Version: 1.3-9
Check: tests
Result: ERROR
     Running ‘HM2.R’ [1s/2s]
     Comparing ‘HM2.Rout’ to ‘HM2.Rout.save’ ...6c6
    < Loaded planor 1.3.9
    ---
    > Loaded planor 1.3.8
     Running ‘Kobi0.R’ [1s/1s]
     Comparing ‘Kobi0.Rout’ to ‘Kobi0.Rout.save’ ...4c4
    < Loaded planor 1.3.9
    ---
    > Loaded planor 1.3.8
     Running ‘Kobi1.R’ [1s/2s]
     Comparing ‘Kobi1.Rout’ to ‘Kobi1.Rout.save’ ...4c4
    < Loaded planor 1.3.9
    ---
    > Loaded planor 1.3.8
     Running ‘Kobi2.R’ [1s/2s]
     Comparing ‘Kobi2.Rout’ to ‘Kobi2.Rout.save’ ...4c4
    < Loaded planor 1.3.9
    ---
    > Loaded planor 1.3.8
     Running ‘Kobi3.R’ [2s/3s]
     Comparing ‘Kobi3.Rout’ to ‘Kobi3.Rout.save’ ...4c4
    < Loaded planor 1.3.9
    ---
    > Loaded planor 1.3.8
     Running ‘KobiRecursive.R’ [1s/1s]
     Comparing ‘KobiRecursive.Rout’ to ‘KobiRecursive.Rout.save’ ...4c4
    < Loaded planor 1.3.9
    ---
    > Loaded planor 1.3.8
     Running ‘NewKobi1.R’ [1s/2s]
    Running the tests in ‘tests/NewKobi1.R’ failed.
    Complete output:
     > library("planor")
     Loaded planor 1.3.9
    
     >
     > #---------------------------------------------------------------------------
     > # EXAMPLES FROM THE PLANOR MANUAL
     > #---------------------------------------------------------------------------
     > # Exemple 1 page 7 : SEARCH FOR ALL SOLUTIONS
     > #---------------------------------------------------------------------------
     > cat("\n")
    
     > cat("***************** EXEMPLE 1 PAGE 7 *****************\n")
     ***************** EXEMPLE 1 PAGE 7 *****************
     > cat("\n")
    
     > cat("Four 3-level treatment factors and one 3-level block factor\n")
     Four 3-level treatment factors and one 3-level block factor
     > cat("Model: bloc+(A+B+C+D)^2\n")
     Model: bloc+(A+B+C+D)^2
     > cat("Estimate: A+B+C+D\n")
     Estimate: A+B+C+D
     > cat("N=3^3\n")
     N=3^3
     > cat("\n")
    
     > #
     > cat("*** RUN ***\n")
     *** RUN ***
     > cat("\n")
    
     > F1 <- planor.factors( factors=c(LETTERS[1:4], "Bl"),
     + nlevels=rep(3,5),
     + block=~Bl )
     > M1 <- planor.model( model=~Bl+(A+B+C+D)^2, estimate=~A+B+C+D )
     > K1 <- planor.designkey(factors=F1, model=M1, nunits=3^3,
     + base=~A+B+C, max.sol=Inf, verbose=TRUE)
     Preliminary step 1 : processing the model specifications
     Preliminary step 2 : performing prime decompositions on the factors
     *** Main step for prime p = 3 : key-matrix search
     => search for columns 4 to 5
     first visit to column 4
     first visit to column 5
     --- col. 5 ( j = 2) 18 selected candidates
     --- col. 5 ( j = 2) 18 selected candidates
     The search is closed: 144 solution(s) found
     Warning message:
     In planor.designkey.basep(p = p.k, r = r.k, b.ineligible = b.P.ineligible[pseudos.k, :
     When max.sol is Inf, a maximum of 5000 solutions are returned
     >
     > summary(K1[1])
    
     ********** Prime 3 design **********
    
     DESIGN KEY MATRIX
     A B C D Bl
     A 1 0 0 1 1
     B 0 1 0 1 1
     C 0 0 1 1 0
    
     TREATMENT EFFECTS CONFOUNDED WITH THE MEAN
     1 = A^2 B^2 C^2 D
    
     BLOCK-and-TREATMENT EFFECTS CONFOUNDED WITH THE MEAN
     1 = A^2 B^2 Bl
     1 = C^2 D Bl^2
     1 = A B C^2 D Bl
    
     WEIGHT PROFILES
     Treatment effects confounded with the mean: 4^1
     Treatment effects confounded with block effects: 2^2 4^1
     Treatment pseudo-effects confounded with the mean: 4^1
     Treatment pseudo-effects confounded with block effects: 2^2 4^1
    
     > alias(K1[1])
     Error in UseMethod("alias") :
     no applicable method for 'alias' applied to an object of class "c('designkey', 'list', 'vector')"
     Calls: alias
     Execution halted
Flavor: r-devel-linux-x86_64-debian-gcc

Version: 1.3-9
Check: tests
Result: ERROR
     Running ‘HM2.R’ [2s/3s]
     Comparing ‘HM2.Rout’ to ‘HM2.Rout.save’ ...6c6
    < Loaded planor 1.3.9
    ---
    > Loaded planor 1.3.8
     Running ‘Kobi0.R’ [1s/2s]
     Comparing ‘Kobi0.Rout’ to ‘Kobi0.Rout.save’ ...4c4
    < Loaded planor 1.3.9
    ---
    > Loaded planor 1.3.8
     Running ‘Kobi1.R’ [1s/2s]
     Comparing ‘Kobi1.Rout’ to ‘Kobi1.Rout.save’ ...4c4
    < Loaded planor 1.3.9
    ---
    > Loaded planor 1.3.8
     Running ‘Kobi2.R’ [1s/1s]
     Comparing ‘Kobi2.Rout’ to ‘Kobi2.Rout.save’ ...4c4
    < Loaded planor 1.3.9
    ---
    > Loaded planor 1.3.8
     Running ‘Kobi3.R’ [2s/3s]
     Comparing ‘Kobi3.Rout’ to ‘Kobi3.Rout.save’ ...4c4
    < Loaded planor 1.3.9
    ---
    > Loaded planor 1.3.8
     Running ‘KobiRecursive.R’ [1s/2s]
     Comparing ‘KobiRecursive.Rout’ to ‘KobiRecursive.Rout.save’ ...4c4
    < Loaded planor 1.3.9
    ---
    > Loaded planor 1.3.8
     Running ‘NewKobi1.R’ [1s/2s]
    Running the tests in ‘tests/NewKobi1.R’ failed.
    Complete output:
     > library("planor")
     Loaded planor 1.3.9
    
     >
     > #---------------------------------------------------------------------------
     > # EXAMPLES FROM THE PLANOR MANUAL
     > #---------------------------------------------------------------------------
     > # Exemple 1 page 7 : SEARCH FOR ALL SOLUTIONS
     > #---------------------------------------------------------------------------
     > cat("\n")
    
     > cat("***************** EXEMPLE 1 PAGE 7 *****************\n")
     ***************** EXEMPLE 1 PAGE 7 *****************
     > cat("\n")
    
     > cat("Four 3-level treatment factors and one 3-level block factor\n")
     Four 3-level treatment factors and one 3-level block factor
     > cat("Model: bloc+(A+B+C+D)^2\n")
     Model: bloc+(A+B+C+D)^2
     > cat("Estimate: A+B+C+D\n")
     Estimate: A+B+C+D
     > cat("N=3^3\n")
     N=3^3
     > cat("\n")
    
     > #
     > cat("*** RUN ***\n")
     *** RUN ***
     > cat("\n")
    
     > F1 <- planor.factors( factors=c(LETTERS[1:4], "Bl"),
     + nlevels=rep(3,5),
     + block=~Bl )
     > M1 <- planor.model( model=~Bl+(A+B+C+D)^2, estimate=~A+B+C+D )
     > K1 <- planor.designkey(factors=F1, model=M1, nunits=3^3,
     + base=~A+B+C, max.sol=Inf, verbose=TRUE)
     Preliminary step 1 : processing the model specifications
     Preliminary step 2 : performing prime decompositions on the factors
     *** Main step for prime p = 3 : key-matrix search
     => search for columns 4 to 5
     first visit to column 4
     first visit to column 5
     --- col. 5 ( j = 2) 18 selected candidates
     --- col. 5 ( j = 2) 18 selected candidates
     The search is closed: 144 solution(s) found
     Warning message:
     In planor.designkey.basep(p = p.k, r = r.k, b.ineligible = b.P.ineligible[pseudos.k, :
     When max.sol is Inf, a maximum of 5000 solutions are returned
     >
     > summary(K1[1])
    
     ********** Prime 3 design **********
    
     DESIGN KEY MATRIX
     A B C D Bl
     A 1 0 0 1 1
     B 0 1 0 1 1
     C 0 0 1 1 0
    
     TREATMENT EFFECTS CONFOUNDED WITH THE MEAN
     1 = A^2 B^2 C^2 D
    
     BLOCK-and-TREATMENT EFFECTS CONFOUNDED WITH THE MEAN
     1 = A^2 B^2 Bl
     1 = C^2 D Bl^2
     1 = A B C^2 D Bl
    
     WEIGHT PROFILES
     Treatment effects confounded with the mean: 4^1
     Treatment effects confounded with block effects: 2^2 4^1
     Treatment pseudo-effects confounded with the mean: 4^1
     Treatment pseudo-effects confounded with block effects: 2^2 4^1
    
     > alias(K1[1])
     Error in UseMethod("alias") :
     no applicable method for 'alias' applied to an object of class "c('designkey', 'list', 'vector')"
     Calls: alias
     Execution halted
Flavor: r-release-linux-x86_64