CRAN Package Check Results for Package planor

Last updated on 2015-01-25 21:48:25.

Flavor Version Tinstall Tcheck Ttotal Status Flags
r-devel-linux-x86_64-debian-clang 0.2-0 2.76 69.93 72.69 OK
r-devel-linux-x86_64-debian-gcc 0.2-0 2.62 71.60 74.22 OK
r-devel-linux-x86_64-fedora-clang 0.2-0 147.98 NOTE
r-devel-linux-x86_64-fedora-gcc 0.2-0 140.61 NOTE
r-devel-osx-x86_64-clang 0.2-0 90.95 NOTE
r-devel-windows-ix86+x86_64 0.2-0 11.00 97.00 108.00 OK
r-patched-linux-x86_64 0.2-0 2.82 72.44 75.26 OK
r-patched-solaris-sparc 0.2-0 604.40 OK
r-patched-solaris-x86 0.2-0 128.10 OK
r-release-linux-ix86 0.2-0 3.28 56.27 59.56 OK
r-release-linux-x86_64 0.2-0 2.72 72.19 74.90 OK
r-release-osx-x86_64-mavericks 0.2-0 OK
r-release-osx-x86_64-snowleopard 0.2-0 OK
r-release-windows-ix86+x86_64 0.2-0 11.00 99.00 110.00 OK
r-oldrel-windows-ix86+x86_64 0.2-0 10.00 95.00 105.00 OK

Check Details

Version: 0.2-0
Check: S3 generic/method consistency
Result: NOTE
    Found the following apparent S3 methods exported but not registered:
     as.data.frame.planordesign summary.designkey summary.keymatrix
     summary.keyring summary.listofdesignkeys summary.listofkeyrings
     alias.designkey alias.keymatrix alias.listofdesignkeys
     alias.listofkeyrings
    See section ‘Registering S3 methods’ in the ‘Writing R Extensions’
    manual.
Flavors: r-devel-linux-x86_64-fedora-clang, r-devel-linux-x86_64-fedora-gcc, r-devel-osx-x86_64-clang