CRAN Package Check Results for Package planor

Last updated on 2017-02-21 15:50:39.

Flavor Version Tinstall Tcheck Ttotal Status Flags
r-devel-linux-x86_64-debian-clang 1.0-1 2.11 64.27 66.38 NOTE
r-devel-linux-x86_64-debian-gcc 1.0-1 2.04 64.06 66.10 NOTE
r-devel-linux-x86_64-fedora-clang 1.0-1 127.55 NOTE --no-stop-on-test-error
r-devel-linux-x86_64-fedora-gcc 1.0-1 125.04 NOTE --no-stop-on-test-error
r-devel-macos-x86_64-clang 1.0-1 69.43 NOTE --no-stop-on-test-error
r-devel-windows-ix86+x86_64 1.0-1 9.00 147.00 156.00 OK
r-patched-linux-x86_64 1.0-1 1.66 52.58 54.23 OK
r-patched-solaris-sparc 1.0-1 381.80 OK
r-patched-solaris-x86 1.0-1 78.10 OK
r-release-linux-x86_64 1.0-1 1.59 52.64 54.24 OK
r-release-osx-x86_64-mavericks 1.0-1 OK
r-release-windows-ix86+x86_64 1.0-1 7.00 81.00 88.00 OK
r-oldrel-windows-ix86+x86_64 1.0-1 9.00 78.00 87.00 OK

Check Details

Version: 1.0-1
Check: compiled code
Result: NOTE
    File ‘planor/libs/planor.so’:
     Found no calls to: ‘R_registerRoutines’, ‘R_useDynamicSymbols’
    
    It is good practice to register native routines and to disable symbol
    search.
    
    See ‘Writing portable packages’ in the ‘Writing R Extensions’ manual.
Flavors: r-devel-linux-x86_64-debian-clang, r-devel-linux-x86_64-debian-gcc

Version: 1.0-1
Flags: --no-stop-on-test-error
Check: compiled code
Result: NOTE
    File ‘planor/libs/planor.so’:
     Found no calls to: ‘R_registerRoutines’, ‘R_useDynamicSymbols’
    
    It is good practice to register native routines and to disable symbol
    search.
    
    See ‘Writing portable packages’ in the ‘Writing R Extensions’ manual.
Flavors: r-devel-linux-x86_64-fedora-clang, r-devel-linux-x86_64-fedora-gcc, r-devel-macos-x86_64-clang