CRAN Package Check Results for Package planor

Last updated on 2017-08-22 23:47:29.

Flavor Version Tinstall Tcheck Ttotal Status Flags
r-devel-linux-x86_64-debian-clang 1.3-7 38.17 78.72 116.90 OK
r-devel-linux-x86_64-debian-gcc 1.3-7 41.03 77.69 118.72 OK
r-devel-linux-x86_64-fedora-clang 1.3-7 238.74 OK
r-devel-linux-x86_64-fedora-gcc 1.3-7 233.07 NOTE
r-devel-windows-ix86+x86_64 1.3-7 111.00 223.00 334.00 OK
r-patched-linux-x86_64 1.3-7 40.97 77.37 118.34 OK
r-patched-solaris-x86 1.3-7 197.80 OK
r-release-linux-x86_64 1.3-7 40.50 79.14 119.64 OK
r-release-windows-ix86+x86_64 1.3-7 105.00 151.00 256.00 OK
r-release-osx-x86_64 1.3-7 OK
r-oldrel-windows-ix86+x86_64 1.3-7 96.00 114.00 210.00 OK
r-oldrel-osx-x86_64 1.3-7 OK

Check Details

Version: 1.3-7
Check: installed package size
Result: NOTE
     installed size is 5.3Mb
     sub-directories of 1Mb or more:
     doc 2.1Mb
     libs 2.8Mb
Flavor: r-devel-linux-x86_64-fedora-gcc