CRAN Package Check Results for Package planor

Last updated on 2016-05-30 06:46:56.

Flavor Version Tinstall Tcheck Ttotal Status Flags
r-devel-linux-x86_64-debian-gcc 0.2-4 1.83 61.38 63.21 NOTE
r-devel-linux-x86_64-fedora-clang 0.2-4 126.11 NOTE
r-devel-linux-x86_64-fedora-gcc 0.2-4 116.98 NOTE
r-devel-osx-x86_64-clang 0.2-4 77.33 NOTE
r-devel-windows-ix86+x86_64 0.2-4 8.00 90.00 98.00 NOTE
r-patched-linux-x86_64 0.2-4 1.70 60.42 62.12 NOTE
r-patched-solaris-sparc 0.2-4 453.40 NOTE
r-patched-solaris-x86 0.2-4 88.30 NOTE
r-release-linux-x86_64 0.2-4 1.77 59.84 61.62 NOTE
r-release-osx-x86_64-mavericks 0.2-4 NOTE
r-release-windows-ix86+x86_64 0.2-4 9.00 118.00 127.00 NOTE
r-oldrel-windows-ix86+x86_64 0.2-4 11.00 90.00 101.00 OK

Check Details

Version: 0.2-4
Check: R code for possible problems
Result: NOTE
    alias.designkey: no visible global function definition for ‘terms’
    alias.listofkeyrings: no visible global function definition for ‘terms’
    all.object.sizes: no visible global function definition for
     ‘object.size’
    makedesignkey: no visible global function definition for ‘as.formula’
    planor.designkey: no visible global function definition for
     ‘as.formula’
    planor.harmonize: no visible global function definition for ‘terms’
    planor.modelterms: no visible global function definition for ‘terms’
    planor.randomize: no visible global function definition for ‘terms’
    alias,designkey: no visible global function definition for ‘terms’
    alias,listofkeyrings: no visible global function definition for ‘terms’
    Undefined global functions or variables:
     as.formula object.size terms
    Consider adding
     importFrom("stats", "as.formula", "terms")
     importFrom("utils", "object.size")
    to your NAMESPACE file.
Flavors: r-devel-linux-x86_64-debian-gcc, r-devel-linux-x86_64-fedora-clang, r-devel-linux-x86_64-fedora-gcc, r-devel-osx-x86_64-clang, r-devel-windows-ix86+x86_64, r-patched-linux-x86_64, r-patched-solaris-sparc, r-patched-solaris-x86, r-release-linux-x86_64, r-release-osx-x86_64-mavericks, r-release-windows-ix86+x86_64