CRAN Package Check Results for Package planor

Last updated on 2017-12-13 23:14:35 CET.

Flavor Version Tinstall Tcheck Ttotal Status Flags
r-devel-linux-x86_64-debian-clang 1.3-7 51.61 31.46 83.07 FAIL
r-devel-linux-x86_64-debian-gcc 1.3-7 43.69 27.63 71.32 FAIL
r-devel-linux-x86_64-fedora-clang 1.3-7 230.68 OK
r-devel-linux-x86_64-fedora-gcc 1.3-7 226.90 NOTE
r-devel-windows-ix86+x86_64 1.3-7 155.00 166.00 321.00 OK
r-patched-linux-x86_64 1.3-7 55.07 122.41 177.48 OK
r-patched-solaris-x86 1.3-7 200.50 OK
r-release-linux-x86_64 1.3-7 55.19 122.64 177.83 OK
r-release-windows-ix86+x86_64 1.3-7 109.00 230.00 339.00 OK
r-release-osx-x86_64 1.3-7 OK
r-oldrel-windows-ix86+x86_64 1.3-7 118.00 164.00 282.00 OK
r-oldrel-osx-x86_64 1.3-7 OK

Check Details

Version: 1.3-7
Check: pragmas in C/C++ headers and code
Result: FAIL
    
Flavors: r-devel-linux-x86_64-debian-clang, r-devel-linux-x86_64-debian-gcc

Version: 1.3-7
Check: installed package size
Result: NOTE
     installed size is 5.4Mb
     sub-directories of 1Mb or more:
     doc 2.1Mb
     libs 2.9Mb
Flavor: r-devel-linux-x86_64-fedora-gcc