CRAN Package Check Results for Package planor

Last updated on 2015-09-04 19:47:35.

Flavor Version Tinstall Tcheck Ttotal Status Flags
r-devel-linux-x86_64-debian-clang 0.2-4 1.76 58.55 60.31 NOTE
r-devel-linux-x86_64-debian-gcc 0.2-4 1.69 58.34 60.03 NOTE
r-devel-linux-x86_64-fedora-clang 0.2-4 126.21 NOTE
r-devel-linux-x86_64-fedora-gcc 0.2-4 120.31 NOTE
r-devel-osx-x86_64-clang 0.2-4 65.54 OK
r-devel-windows-ix86+x86_64 0.2-4 9.00 96.00 105.00 NOTE
r-patched-linux-x86_64 0.2-4 1.90 60.49 62.39 OK
r-patched-solaris-sparc 0.2-4 490.70 OK
r-patched-solaris-x86 0.2-4 104.20 OK
r-release-linux-x86_64 0.2-4 1.75 60.26 62.02 OK
r-release-osx-x86_64-mavericks 0.2-4 OK
r-release-windows-ix86+x86_64 0.2-4 16.00 93.00 109.00 OK
r-oldrel-windows-ix86+x86_64 0.2-4 11.00 127.00 138.00 OK

Check Details

Version: 0.2-4
Check: R code for possible problems
Result: NOTE
    alias.designkey: no visible global function definition for ‘terms’
    alias.listofkeyrings: no visible global function definition for ‘terms’
    all.object.sizes: no visible global function definition for
     ‘object.size’
    makedesignkey: no visible global function definition for ‘as.formula’
    planor.designkey: no visible global function definition for
     ‘as.formula’
    planor.harmonize: no visible global function definition for ‘terms’
    planor.modelterms: no visible global function definition for ‘terms’
    planor.randomize: no visible global function definition for ‘terms’
    alias,designkey: no visible global function definition for ‘terms’
    alias,listofkeyrings: no visible global function definition for ‘terms’
    Undefined global functions or variables:
     as.formula object.size terms
    Consider adding
     importFrom("stats", "as.formula", "terms")
     importFrom("utils", "object.size")
    to your NAMESPACE.
Flavors: r-devel-linux-x86_64-debian-clang, r-devel-linux-x86_64-debian-gcc, r-devel-linux-x86_64-fedora-clang, r-devel-linux-x86_64-fedora-gcc, r-devel-windows-ix86+x86_64