CRAN Package Check Results for Package planor

Last updated on 2014-04-18 18:47:18.

Flavor Version Tinstall Tcheck Ttotal Status Flags
r-devel-linux-x86_64-debian-clang 0.1-10 4.56 237.24 241.80 NOTE
r-devel-linux-x86_64-debian-gcc NOTE
r-devel-linux-x86_64-fedora-clang 0.1-10 513.44 NOTE
r-devel-linux-x86_64-fedora-gcc 0.1-10 503.25 NOTE
r-devel-macosx-x86_64-clang 0.1-10 564.87 NOTE
r-devel-macosx-x86_64-gcc 0.1-10 NOTE
r-patched-linux-x86_64 0.1-10 4.37 232.17 236.54 NOTE
r-patched-solaris-sparc 0.1-10 1869.70 NOTE
r-patched-solaris-x86 0.1-10 619.90 NOTE
r-release-linux-ix86 0.1-10 12.00 279.00 291.00 NOTE
r-release-linux-x86_64 0.1-10 4.39 227.58 231.97 NOTE
r-release-macosx-x86_64 0.1-10 OK
r-oldrel-windows-ix86+x86_64 0.1-5 1.00 1.00 2.00 ERROR

Memtest notes: UBSAN UBSAN

Check Details

Version: 0.1-10
Check: dependencies in R code
Result: NOTE
    Packages in Depends field not imported from:
     ‘biganalytics’ ‘bigmemory’ ‘conf.design’ ‘methods’
     These packages need to be imported from (in the NAMESPACE file)
     for when this namespace is loaded but not attached.
    See the information on DESCRIPTION files in the chapter ‘Creating R
    packages’ of the ‘Writing R Extensions’ manual.
Flavors: r-devel-linux-x86_64-debian-clang, r-devel-linux-x86_64-debian-gcc, r-devel-linux-x86_64-fedora-clang, r-devel-linux-x86_64-fedora-gcc, r-devel-macosx-x86_64-clang, r-devel-macosx-x86_64-gcc, r-patched-linux-x86_64, r-patched-solaris-sparc, r-patched-solaris-x86, r-release-linux-ix86, r-release-linux-x86_64

Version: 0.1-5
Check: package dependencies
Result: ERROR
    Package required but not available: 'bigmemory'
    
    See the information on DESCRIPTION files in the chapter 'Creating R
    packages' of the 'Writing R Extensions' manual.
Flavor: r-oldrel-windows-ix86+x86_64