CRAN Package Check Results for Package planor

Last updated on 2016-02-10 18:49:29.

Flavor Version Tinstall Tcheck Ttotal Status Flags
r-devel-linux-x86_64-debian-gcc 0.2-4 1.76 57.68 59.43 NOTE
r-devel-linux-x86_64-fedora-clang 0.2-4 125.72 NOTE
r-devel-linux-x86_64-fedora-gcc 0.2-4 118.73 NOTE
r-devel-osx-x86_64-clang 0.2-4 77.13 NOTE
r-devel-windows-ix86+x86_64 0.2-4 13.00 92.00 105.00 NOTE
r-patched-linux-x86_64 0.2-4 1.97 59.84 61.80 OK
r-patched-solaris-sparc 0.2-4 467.90 OK
r-patched-solaris-x86 0.2-4 95.00 OK
r-release-linux-x86_64 0.2-4 1.91 59.42 61.33 OK
r-release-osx-x86_64-mavericks 0.2-4 OK
r-release-windows-ix86+x86_64 0.2-4 11.00 90.00 101.00 OK
r-oldrel-windows-ix86+x86_64 0.2-4 11.00 127.00 138.00 OK

Check Details

Version: 0.2-4
Check: R code for possible problems
Result: NOTE
    alias.designkey: no visible global function definition for ‘terms’
    alias.listofkeyrings: no visible global function definition for ‘terms’
    all.object.sizes: no visible global function definition for
     ‘object.size’
    makedesignkey: no visible global function definition for ‘as.formula’
    planor.designkey: no visible global function definition for
     ‘as.formula’
    planor.harmonize: no visible global function definition for ‘terms’
    planor.modelterms: no visible global function definition for ‘terms’
    planor.randomize: no visible global function definition for ‘terms’
    alias,designkey: no visible global function definition for ‘terms’
    alias,listofkeyrings: no visible global function definition for ‘terms’
    Undefined global functions or variables:
     as.formula object.size terms
    Consider adding
     importFrom("stats", "as.formula", "terms")
     importFrom("utils", "object.size")
    to your NAMESPACE file.
Flavors: r-devel-linux-x86_64-debian-gcc, r-devel-linux-x86_64-fedora-clang, r-devel-linux-x86_64-fedora-gcc, r-devel-osx-x86_64-clang, r-devel-windows-ix86+x86_64