CRAN Package Check Results for Package planor

Last updated on 2017-10-19 01:46:26.

Flavor Version Tinstall Tcheck Ttotal Status Flags
r-devel-linux-x86_64-debian-clang 1.3-7 38.60 74.28 112.88 OK
r-devel-linux-x86_64-debian-gcc 1.3-7 41.22 78.21 119.42 OK
r-devel-linux-x86_64-fedora-clang 1.3-7 237.39 OK
r-devel-linux-x86_64-fedora-gcc 1.3-7 240.35 NOTE
r-devel-windows-ix86+x86_64 1.3-7 118.00 242.00 360.00 OK
r-patched-linux-x86_64 1.3-7 41.23 74.72 115.94 OK
r-patched-solaris-x86 1.3-7 225.60 OK
r-release-linux-x86_64 1.3-7 40.76 75.30 116.06 OK
r-release-windows-ix86+x86_64 1.3-7 153.00 160.00 313.00 OK
r-release-osx-x86_64 1.3-7 OK
r-oldrel-windows-ix86+x86_64 1.3-7 147.00 164.00 311.00 OK
r-oldrel-osx-x86_64 1.3-7 OK

Check Details

Version: 1.3-7
Check: installed package size
Result: NOTE
     installed size is 5.3Mb
     sub-directories of 1Mb or more:
     doc 2.1Mb
     libs 2.8Mb
Flavor: r-devel-linux-x86_64-fedora-gcc