CRAN Package Check Results for Package planor

Last updated on 2015-06-30 15:47:18.

Flavor Version Tinstall Tcheck Ttotal Status Flags
r-devel-linux-x86_64-debian-clang 0.2-4 1.79 59.64 61.44 NOTE
r-devel-linux-x86_64-debian-gcc 0.2-4 1.78 60.12 61.90 NOTE
r-devel-linux-x86_64-fedora-clang 0.2-4 126.75 NOTE
r-devel-linux-x86_64-fedora-gcc 0.2-4 122.09 OK
r-devel-osx-x86_64-clang 0.2-4 70.09 OK
r-devel-windows-ix86+x86_64 0.2-4 11.00 120.00 131.00 OK
r-patched-linux-x86_64 0.2-4 1.70 61.21 62.91 OK
r-patched-solaris-sparc 0.2-4 434.80 OK
r-patched-solaris-x86 0.2-4 101.10 OK
r-release-linux-x86_64 0.2-4 1.72 59.89 61.62 OK
r-release-osx-x86_64-mavericks 0.2-4 OK
r-release-windows-ix86+x86_64 0.2-4 8.00 76.00 84.00 OK
r-oldrel-windows-ix86+x86_64 0.2-4 11.00 127.00 138.00 OK

Check Details

Version: 0.2-4
Check: R code for possible problems
Result: NOTE
    alias.designkey: no visible global function definition for ‘terms’
    alias.listofkeyrings: no visible global function definition for ‘terms’
    all.object.sizes: no visible global function definition for
     ‘object.size’
    makedesignkey: no visible global function definition for ‘as.formula’
    planor.designkey: no visible global function definition for
     ‘as.formula’
    planor.harmonize: no visible global function definition for ‘terms’
    planor.modelterms: no visible global function definition for ‘terms’
    planor.randomize: no visible global function definition for ‘terms’
    alias,designkey: no visible global function definition for ‘terms’
    alias,listofkeyrings: no visible global function definition for ‘terms’
Flavors: r-devel-linux-x86_64-debian-clang, r-devel-linux-x86_64-debian-gcc, r-devel-linux-x86_64-fedora-clang