CRAN Package Check Results for Package planor

Last updated on 2014-07-22 19:47:55.

Flavor Version Tinstall Tcheck Ttotal Status Flags
r-devel-linux-x86_64-debian-clang 0.2-0 2.79 48.01 50.80 OK
r-devel-linux-x86_64-debian-gcc 0.2-0 2.75 46.76 49.50 OK
r-devel-linux-x86_64-fedora-clang 0.2-0 167.10 OK
r-devel-linux-x86_64-fedora-gcc 0.2-0 157.83 OK
r-devel-osx-x86_64-clang 0.2-0 88.18 OK
r-patched-linux-x86_64 0.2-0 2.98 47.92 50.90 OK
r-patched-solaris-sparc 0.2-0 564.60 OK
r-patched-solaris-x86 0.2-0 202.80 OK
r-release-linux-ix86 0.2-0 3.48 58.31 61.80 OK
r-release-linux-x86_64 0.2-0 2.91 47.89 50.80 OK
r-release-osx-x86_64-mavericks 0.2-0 OK
r-release-osx-x86_64-snowleopard 0.2-0 OK
r-oldrel-windows-ix86+x86_64 0.1-5 1.00 1.00 2.00 ERROR

Check Details

Version: 0.1-5
Check: package dependencies
Result: ERROR
    Package required but not available: 'bigmemory'
    
    See the information on DESCRIPTION files in the chapter 'Creating R
    packages' of the 'Writing R Extensions' manual.
Flavor: r-oldrel-windows-ix86+x86_64