CRAN Package Check Results for Package plantecophys

Last updated on 2018-10-22 07:47:32 CEST.

Flavor Version Tinstall Tcheck Ttotal Status Flags
r-devel-linux-x86_64-debian-clang 1.3-2 3.32 98.92 102.24 OK
r-devel-linux-x86_64-debian-gcc 1.3-2 2.42 74.17 76.59 OK
r-devel-linux-x86_64-fedora-clang 1.3-2 121.72 OK
r-devel-linux-x86_64-fedora-gcc 1.3-2 123.21 OK
r-devel-windows-ix86+x86_64 1.3-2 8.00 146.00 154.00 OK
r-patched-linux-x86_64 1.3-2 3.70 99.15 102.85 OK
r-patched-solaris-x86 1.3-2 132.90 OK
r-release-linux-x86_64 1.3-2 2.83 99.01 101.84 NOTE
r-release-windows-ix86+x86_64 1.3-2 8.00 200.00 208.00 OK
r-release-osx-x86_64 1.3-2 OK
r-oldrel-windows-ix86+x86_64 1.3-2 3.00 107.00 110.00 OK
r-oldrel-osx-x86_64 1.3-2 OK

Check Details

Version: 1.3-2
Check: package dependencies
Result: NOTE
    Package suggested but not available for checking: ‘DT’
Flavor: r-release-linux-x86_64