CRAN Package Check Results for Package playwith

Last updated on 2014-04-23 12:48:24.

Flavor Version Tinstall Tcheck Ttotal Status Flags
r-devel-linux-x86_64-debian-clang 0.9-54 4.82 68.45 73.27 NOTE
r-devel-linux-x86_64-debian-gcc 0.9-54 4.84 68.87 73.72 NOTE
r-devel-linux-x86_64-fedora-clang 0.9-54 159.67 NOTE
r-devel-linux-x86_64-fedora-gcc 0.9-54 152.12 NOTE
r-devel-osx-x86_64-clang 0.9-54 140.54 NOTE
r-devel-osx-x86_64-gcc 0.9-54 NOTE
r-devel-windows-ix86+x86_64 0.9-54 19.00 118.00 137.00 NOTE
r-patched-linux-x86_64 0.9-54 4.58 69.19 73.77 NOTE
r-patched-solaris-sparc 0.9-54 847.40 NOTE
r-patched-solaris-x86 0.9-54 207.70 NOTE
r-release-linux-ix86 0.9-54 8.00 116.00 124.00 NOTE
r-release-linux-x86_64 0.9-54 4.61 71.87 76.48 NOTE
r-release-osx-x86_64-mavericks 0.9-54 ERROR
r-release-windows-ix86+x86_64 0.9-54 18.00 112.00 130.00 NOTE
r-oldrel-windows-ix86+x86_64 0.9-54 20.00 122.00 142.00 NOTE

Check Details

Version: 0.9-54
Check: dependencies in R code
Result: NOTE
    'library' or 'require' call to ‘lattice’ which was already attached by Depends.
     Please remove these calls from your code.
    Packages in Depends field not imported from:
     ‘cairoDevice’ ‘gWidgetsRGtk2’ ‘lattice’
     These packages need to be imported from (in the NAMESPACE file)
     for when this namespace is loaded but not attached.
    Unexported objects imported by ':::' calls:
     ‘lattice:::lattice.getStatus’ ‘stats:::biplot.prcomp’
     See the note in ?`:::` about the use of this operator.
    See the information on DESCRIPTION files in the chapter ‘Creating R
    packages’ of the ‘Writing R Extensions’ manual.
Flavors: r-devel-linux-x86_64-debian-clang, r-devel-linux-x86_64-debian-gcc, r-devel-linux-x86_64-fedora-clang, r-devel-linux-x86_64-fedora-gcc, r-devel-osx-x86_64-clang, r-devel-osx-x86_64-gcc, r-devel-windows-ix86+x86_64, r-patched-linux-x86_64, r-patched-solaris-sparc, r-patched-solaris-x86, r-release-linux-ix86, r-release-linux-x86_64, r-release-windows-ix86+x86_64, r-oldrel-windows-ix86+x86_64

Version: 0.9-54
Check: R code for possible problems
Result: NOTE
    Found an obsolete/platform-specific call in the following functions:
     ‘copy_handler’ ‘print_handler’
    Found the platform-specific devices:
     ‘win.metafile’ ‘win.print’
    dev.new() is the preferred way to open a new device, in the unlikely
    event one is needed.
    grobBoundingBoxes: no visible binding for global variable ‘type’
    
    Found the following assignments to the global environment:
    File ‘playwith/R/uiIdentifyActions.R’:
     assign(name, playGetIDs(playState), globalenv())
Flavors: r-devel-linux-x86_64-debian-clang, r-devel-linux-x86_64-debian-gcc, r-devel-linux-x86_64-fedora-clang, r-devel-osx-x86_64-clang, r-patched-linux-x86_64, r-release-linux-ix86, r-release-linux-x86_64

Version: 0.9-54
Check: Rd \usage sections
Result: NOTE
    S3 methods shown with full name in documentation object 'plotCoords':
     ‘plotCoords.plot’ ‘plotCoords.biplot’
    
    The \usage entries for S3 methods should use the \method markup and not
    their full name.
    See the chapter ‘Writing R documentation files’ in the ‘Writing R
    Extensions’ manual.
Flavors: r-devel-linux-x86_64-debian-clang, r-devel-linux-x86_64-debian-gcc, r-devel-linux-x86_64-fedora-clang, r-devel-linux-x86_64-fedora-gcc, r-devel-osx-x86_64-clang, r-devel-osx-x86_64-gcc, r-devel-windows-ix86+x86_64, r-patched-linux-x86_64, r-patched-solaris-sparc, r-patched-solaris-x86, r-release-linux-ix86, r-release-linux-x86_64, r-release-windows-ix86+x86_64, r-oldrel-windows-ix86+x86_64

Version: 0.9-54
Check: R code for possible problems
Result: NOTE
    Found an obsolete/platform-specific call in the following functions:
     ‘copy_handler’ ‘print_handler’
    Found the platform-specific devices:
     ‘win.metafile’ ‘win.print’
    dev.new() is the preferred way to open a new device, in the unlikely
    event one is needed.
    grobBoundingBoxes: no visible binding for global variable ‘type’
Flavors: r-devel-linux-x86_64-fedora-gcc, r-patched-solaris-sparc, r-patched-solaris-x86

Version: 0.9-54
Check: package dependencies
Result: NOTE
    Packages suggested but not available for checking:
     ‘latticist’ ‘zoo’ ‘ggplot2’
Flavor: r-devel-osx-x86_64-gcc

Version: 0.9-54
Check: R code for possible problems
Result: NOTE
    .defaultPlaywithOptions: no visible global function definition for
     ‘custom.theme’
    .defaultPlaywithOptions: no visible global function definition for
     ‘custom.theme.2’
    .defaultPlaywithOptions: no visible global function definition for
     ‘custom.theme.black’
    .defaultPlaywithOptions: no visible global function definition for
     ‘brewer.pal’
    grobBoundingBoxes: no visible binding for global variable ‘type’
    style.settings_handler: no visible global function definition for
     ‘latticeStyleGUI’
    time.mode_entry_handler: no visible global function definition for
     ‘as.yearmon’
    time.mode_entry_handler: no visible global function definition for
     ‘as.yearqtr’
    time.mode_update: no visible global function definition for
     ‘as.yearmon’
Flavor: r-devel-osx-x86_64-gcc

Version: 0.9-54
Check: R code for possible problems
Result: NOTE
    grobBoundingBoxes: no visible binding for global variable 'type'
Flavors: r-devel-windows-ix86+x86_64, r-release-windows-ix86+x86_64, r-oldrel-windows-ix86+x86_64

Version: 0.9-54
Check: package dependencies
Result: ERROR
    Packages required but not available: ‘cairoDevice’ ‘gWidgetsRGtk2’ ‘RGtk2’
    
    See the information on DESCRIPTION files in the chapter ‘Creating R
    packages’ of the ‘Writing R Extensions’ manual.
Flavor: r-release-osx-x86_64-mavericks