CRAN Package Check Results for Package playwith

Last updated on 2014-08-30 23:48:30.

Flavor Version Tinstall Tcheck Ttotal Status Flags
r-devel-linux-x86_64-debian-clang 0.9-54 4.12 60.22 64.34 NOTE
r-devel-linux-x86_64-debian-gcc 0.9-54 4.15 58.52 62.67 NOTE
r-devel-linux-x86_64-fedora-clang 0.9-54 140.11 NOTE
r-devel-linux-x86_64-fedora-gcc 0.9-54 136.27 NOTE
r-devel-osx-x86_64-clang 0.9-54 114.86 NOTE
r-devel-windows-ix86+x86_64 0.9-54 22.00 109.00 131.00 NOTE
r-patched-linux-x86_64 0.9-54 4.53 65.45 69.98 NOTE
r-patched-solaris-sparc 0.9-54 815.20 NOTE
r-patched-solaris-x86 0.9-54 197.20 NOTE
r-release-linux-ix86 0.9-54 6.27 82.00 88.27 NOTE
r-release-linux-x86_64 0.9-54 5.10 67.41 72.51 NOTE
r-release-osx-x86_64-mavericks 0.9-54 ERROR
r-release-windows-ix86+x86_64 0.9-54 16.00 122.00 138.00 NOTE
r-oldrel-windows-ix86+x86_64 0.9-54 23.00 117.00 140.00 NOTE

Check Details

Version: 0.9-54
Check: dependencies in R code
Result: NOTE
    'library' or 'require' call to ‘lattice’ which was already attached by Depends.
     Please remove these calls from your code.
    Packages in Depends field not imported from:
     ‘cairoDevice’ ‘gWidgetsRGtk2’ ‘grid’ ‘lattice’
     These packages need to be imported from (in the NAMESPACE file)
     for when this namespace is loaded but not attached.
    Unexported objects imported by ':::' calls:
     ‘lattice:::lattice.getStatus’ ‘stats:::biplot.prcomp’
     See the note in ?`:::` about the use of this operator.
    See the information on DESCRIPTION files in the chapter ‘Creating R
    packages’ of the ‘Writing R Extensions’ manual.
Flavors: r-devel-linux-x86_64-debian-clang, r-devel-linux-x86_64-debian-gcc, r-devel-linux-x86_64-fedora-clang, r-devel-linux-x86_64-fedora-gcc, r-devel-osx-x86_64-clang, r-devel-windows-ix86+x86_64, r-patched-linux-x86_64, r-patched-solaris-sparc, r-patched-solaris-x86

Version: 0.9-54
Check: R code for possible problems
Result: NOTE
    Found an obsolete/platform-specific call in the following functions:
     ‘copy_handler’ ‘print_handler’
    Found the platform-specific devices:
     ‘win.metafile’ ‘win.print’
    dev.new() is the preferred way to open a new device, in the unlikely
    event one is needed.
    .defaultPlaywithOptions: no visible global function definition for
     ‘trellis.par.set’
    .defaultPlaywithOptions: no visible global function definition for
     ‘col.whitebg’
    .defaultPlaywithOptions: no visible global function definition for
     ‘standard.theme’
    .defaultPlaywithOptions: no visible global function definition for
     ‘custom.theme’
    .defaultPlaywithOptions: no visible global function definition for
     ‘custom.theme.2’
    .defaultPlaywithOptions: no visible global function definition for
     ‘custom.theme.black’
    .defaultPlaywithOptions: no visible global function definition for
     ‘brewer.pal’
    .defaultPlaywithOptions: no visible global function definition for
     ‘lattice.options’
    annotateCore: no visible global function definition for
     ‘trellis.par.get’
    annotateCore : annot_handler: no visible global function definition for
     ‘convertWidth’
    annotateCore : annot_handler: no visible global function definition for
     ‘unit’
    annotateCore : annot_handler: no visible global function definition for
     ‘convertHeight’
    annotateCore : annot_handler: no visible global function definition for
     ‘trellis.par.set’
    autoplay: no visible global function definition for ‘lattice.options’
    convertFromDevicePixels: no visible global function definition for
     ‘current.transform’
    convertFromDevicePixels: no visible global function definition for
     ‘unit’
    convertFromDevicePixels: no visible global function definition for
     ‘convertX’
    convertFromDevicePixels: no visible global function definition for
     ‘convertY’
    convertToDevicePixels: no visible global function definition for
     ‘is.unit’
    convertToDevicePixels: no visible global function definition for ‘unit’
    convertToDevicePixels: no visible global function definition for
     ‘convertX’
    convertToDevicePixels: no visible global function definition for
     ‘convertY’
    convertToDevicePixels: no visible global function definition for
     ‘current.transform’
    copy_handler: no visible binding for global variable ‘Cairo_png’
    createStyleActions : do.theme_handler: no visible global function
     definition for ‘trellis.par.set’
    current.brush.line: no visible global function definition for
     ‘trellis.par.get’
    current.brush.symbol: no visible global function definition for
     ‘trellis.par.get’
    current.user.text: no visible global function definition for
     ‘trellis.par.get’
    decr.font_handler: no visible global function definition for
     ‘trellis.par.set’
    doPlayReplot: no visible global function definition for ‘grid.newpage’
    doPlayReplot: no visible global function definition for
     ‘trellis.currentLayout’
    doPlayReplot: no visible global function definition for
     ‘trellis.par.get’
    doPlayReplot: no visible global function definition for
     ‘trellis.par.set’
    doPlayReplot: no visible global function definition for ‘grid.ls’
    expand_handler: no visible global function definition for
     ‘trellis.focus’
    expand_handler: no visible global function definition for
     ‘packet.number’
    generateSpaces: no visible global function definition for ‘upViewport’
    generateSpaces: no visible global function definition for ‘grid.ls’
    generateSpaces: no visible global function definition for
     ‘downViewport’
    generateSpaces: no visible global function definition for ‘popViewport’
    generateSpaces: no visible global function definition for ‘viewport’
    generateSpaces: no visible global function definition for
     ‘pushViewport’
    generateSpaces: no visible global function definition for
     ‘trellis.vpname’
    generateSpaces: no visible global function definition for ‘unit’
    grob.inspector_handler: no visible global function definition for
     ‘grid.refresh’
    grob.inspector_handler : <anonymous>: no visible global function
     definition for ‘grid.remove’
    grob.inspector_handler : <anonymous>: no visible global function
     definition for ‘grid.get’
    grobBBDevicePixels: no visible global function definition for
     ‘current.vpPath’
    grobBBDevicePixels: no visible global function definition for
     ‘upViewport’
    grobBBDevicePixels: no visible global function definition for
     ‘downViewport’
    grobBBDevicePixels: no visible global function definition for ‘unit.c’
    grobBBDevicePixels: no visible global function definition for ‘grobX’
    grobBBDevicePixels: no visible global function definition for ‘grobY’
    grobBoundingBoxes: no visible global function definition for ‘gpar’
    grobBoundingBoxes: no visible global function definition for
     ‘current.vpPath’
    grobBoundingBoxes: no visible global function definition for
     ‘upViewport’
    grobBoundingBoxes: no visible global function definition for
     ‘downViewport’
    grobBoundingBoxes: no visible global function definition for ‘grid.ls’
    grobBoundingBoxes: no visible binding for global variable ‘type’
    grobBoundingBoxes: no visible global function definition for ‘grid.get’
    grobBoundingBoxes: no visible global function definition for
     ‘grid.rect’
    grobBoundingBoxes: no visible global function definition for
     ‘grid.text’
    grobBoundingBoxes: no visible global function definition for
     ‘grid.remove’
    identifyCore: no visible global function definition for ‘convertX’
    identifyCore: no visible global function definition for ‘unit’
    identifyCore: no visible global function definition for ‘convertY’
    identifyGrob: no visible global function definition for ‘grid.locator’
    inViewport: no visible global function definition for ‘current.vpPath’
    inViewport: no visible global function definition for ‘upViewport’
    inViewport: no visible global function definition for ‘downViewport’
    inViewport: no visible global function definition for ‘unit’
    incr.font_handler: no visible global function definition for
     ‘trellis.par.set’
    panel.brushlines: no visible global function definition for
     ‘panel.lines’
    panel.brushpoints: no visible global function definition for
     ‘panel.points’
    panel.usertext: no visible global function definition for ‘panel.text’
    playDo: no visible global function definition for ‘packet.number’
    playDo: no visible global function definition for ‘trellis.vpname’
    playDo: no visible global function definition for ‘current.vpPath’
    playDo: no visible global function definition for ‘upViewport’
    playDo: no visible global function definition for ‘downViewport’
    playDo: no visible global function definition for ‘seekViewport’
    playLineInput: no visible global function definition for
     ‘current.vpPath’
    playLineInput: no visible global function definition for ‘upViewport’
    playLineInput: no visible global function definition for ‘downViewport’
    playLineInput: no visible global function definition for ‘grid.locator’
    playPointInput: no visible global function definition for
     ‘current.vpPath’
    playPointInput: no visible global function definition for ‘upViewport’
    playPointInput: no visible global function definition for
     ‘downViewport’
    playPointInput: no visible global function definition for
     ‘grid.locator’
    playPointInput: no visible global function definition for ‘convertX’
    playPointInput: no visible global function definition for ‘convertY’
    playRectInput: no visible global function definition for
     ‘current.vpPath’
    playRectInput: no visible global function definition for ‘upViewport’
    playRectInput: no visible global function definition for ‘downViewport’
    playRectInput: no visible global function definition for ‘grid.locator’
    playwith: no visible global function definition for ‘asCairoDevice’
    playwith.trellis: no visible binding for global variable
     ‘packet.panel.default’
    plotCoords.cloud : <anonymous>: no visible global function definition
     for ‘ltransform3dto3d’
    plotCoords.plot.SpatialPoints: no visible global function definition
     for ‘coordinates’
    plotCoords.plot.SpatialPointsDataFrame: no visible global function
     definition for ‘coordinates’
    plotCoords.splom: no visible global function definition for
     ‘current.vpPath’
    plotCoords.splom: no visible global function definition for
     ‘upViewport’
    plotCoords.splom: no visible global function definition for
     ‘downViewport’
    plotCoords.splom: no visible global function definition for
     ‘trellis.vpname’
    plotCoords.splom: no visible global function definition for ‘convertX’
    plotCoords.splom: no visible global function definition for ‘unit’
    plotCoords.splom: no visible global function definition for ‘convertY’
    plotOnePage : packet.panel.pageN: no visible global function definition
     for ‘packet.panel.default’
    rawXYLim: no visible global function definition for ‘packet.number’
    rawXYLim: no visible global function definition for ‘convertX’
    rawXYLim: no visible global function definition for ‘unit’
    rawXYLim: no visible global function definition for ‘convertY’
    rotate3DCore: no visible global function definition for
     ‘ltransform3dMatrix’
    set.arrow.style_handler: no visible global function definition for
     ‘trellis.par.get’
    set.arrow.style_handler : ok_handler: no visible global function
     definition for ‘trellis.par.set’
    set.brush.style_handler : ok_handler: no visible global function
     definition for ‘trellis.par.set’
    set.default.theme_handler: no visible global function definition for
     ‘trellis.par.set’
    set.default.theme_handler: no visible global function definition for
     ‘standard.theme’
    set.label.style_handler : ok_handler: no visible global function
     definition for ‘trellis.par.set’
    set.point.line.style_handler: no visible global function definition for
     ‘trellis.par.get’
    set.point.line.style_handler : ok_handler: no visible global function
     definition for ‘trellis.par.set’
    style.settings_handler: no visible global function definition for
     ‘latticeStyleGUI’
    style.solid.points_handler: no visible global function definition for
     ‘trellis.par.set’
    style.solid.points_handler: no visible global function definition for
     ‘simpleTheme’
    style.thick.lines_handler: no visible global function definition for
     ‘trellis.par.set’
    style.trans.points_handler: no visible global function definition for
     ‘trellis.par.set’
    style.trans.points_handler: no visible global function definition for
     ‘simpleTheme’
    time.mode_entry_handler: no visible global function definition for
     ‘as.yearmon’
    time.mode_entry_handler: no visible global function definition for
     ‘as.yearqtr’
    time.mode_update: no visible global function definition for
     ‘as.yearmon’
    updateGrobActions: no visible global function definition for ‘grid.ls’
    xyData: no visible global function definition for ‘packet.number’
    xyData: no visible global function definition for ‘trellis.panelArgs’
    
    Found the following assignments to the global environment:
    File ‘playwith/R/uiIdentifyActions.R’:
     assign(name, playGetIDs(playState), globalenv())
Flavors: r-devel-linux-x86_64-debian-clang, r-devel-linux-x86_64-debian-gcc, r-devel-linux-x86_64-fedora-clang, r-devel-osx-x86_64-clang

Version: 0.9-54
Check: Rd \usage sections
Result: NOTE
    S3 methods shown with full name in documentation object 'plotCoords':
     ‘plotCoords.plot’ ‘plotCoords.biplot’
    
    The \usage entries for S3 methods should use the \method markup and not
    their full name.
    See the chapter ‘Writing R documentation files’ in the ‘Writing R
    Extensions’ manual.
Flavors: r-devel-linux-x86_64-debian-clang, r-devel-linux-x86_64-debian-gcc, r-devel-linux-x86_64-fedora-clang, r-devel-linux-x86_64-fedora-gcc, r-devel-osx-x86_64-clang, r-devel-windows-ix86+x86_64, r-patched-linux-x86_64, r-patched-solaris-sparc, r-patched-solaris-x86, r-release-linux-ix86, r-release-linux-x86_64, r-release-windows-ix86+x86_64, r-oldrel-windows-ix86+x86_64

Version: 0.9-54
Check: R code for possible problems
Result: NOTE
    Found an obsolete/platform-specific call in the following functions:
     ‘copy_handler’ ‘print_handler’
    Found the platform-specific devices:
     ‘win.metafile’ ‘win.print’
    dev.new() is the preferred way to open a new device, in the unlikely
    event one is needed.
    .defaultPlaywithOptions: no visible global function definition for
     ‘trellis.par.set’
    .defaultPlaywithOptions: no visible global function definition for
     ‘col.whitebg’
    .defaultPlaywithOptions: no visible global function definition for
     ‘standard.theme’
    .defaultPlaywithOptions: no visible global function definition for
     ‘custom.theme’
    .defaultPlaywithOptions: no visible global function definition for
     ‘custom.theme.2’
    .defaultPlaywithOptions: no visible global function definition for
     ‘custom.theme.black’
    .defaultPlaywithOptions: no visible global function definition for
     ‘brewer.pal’
    .defaultPlaywithOptions: no visible global function definition for
     ‘lattice.options’
    annotateCore: no visible global function definition for
     ‘trellis.par.get’
    annotateCore : annot_handler: no visible global function definition for
     ‘convertWidth’
    annotateCore : annot_handler: no visible global function definition for
     ‘unit’
    annotateCore : annot_handler: no visible global function definition for
     ‘convertHeight’
    annotateCore : annot_handler: no visible global function definition for
     ‘trellis.par.set’
    autoplay: no visible global function definition for ‘lattice.options’
    convertFromDevicePixels: no visible global function definition for
     ‘current.transform’
    convertFromDevicePixels: no visible global function definition for
     ‘unit’
    convertFromDevicePixels: no visible global function definition for
     ‘convertX’
    convertFromDevicePixels: no visible global function definition for
     ‘convertY’
    convertToDevicePixels: no visible global function definition for
     ‘is.unit’
    convertToDevicePixels: no visible global function definition for ‘unit’
    convertToDevicePixels: no visible global function definition for
     ‘convertX’
    convertToDevicePixels: no visible global function definition for
     ‘convertY’
    convertToDevicePixels: no visible global function definition for
     ‘current.transform’
    copy_handler: no visible binding for global variable ‘Cairo_png’
    createStyleActions : do.theme_handler: no visible global function
     definition for ‘trellis.par.set’
    current.brush.line: no visible global function definition for
     ‘trellis.par.get’
    current.brush.symbol: no visible global function definition for
     ‘trellis.par.get’
    current.user.text: no visible global function definition for
     ‘trellis.par.get’
    decr.font_handler: no visible global function definition for
     ‘trellis.par.set’
    doPlayReplot: no visible global function definition for ‘grid.newpage’
    doPlayReplot: no visible global function definition for
     ‘trellis.currentLayout’
    doPlayReplot: no visible global function definition for
     ‘trellis.par.get’
    doPlayReplot: no visible global function definition for
     ‘trellis.par.set’
    doPlayReplot: no visible global function definition for ‘grid.ls’
    expand_handler: no visible global function definition for
     ‘trellis.focus’
    expand_handler: no visible global function definition for
     ‘packet.number’
    generateSpaces: no visible global function definition for ‘upViewport’
    generateSpaces: no visible global function definition for ‘grid.ls’
    generateSpaces: no visible global function definition for
     ‘downViewport’
    generateSpaces: no visible global function definition for ‘popViewport’
    generateSpaces: no visible global function definition for ‘viewport’
    generateSpaces: no visible global function definition for
     ‘pushViewport’
    generateSpaces: no visible global function definition for
     ‘trellis.vpname’
    generateSpaces: no visible global function definition for ‘unit’
    grob.inspector_handler: no visible global function definition for
     ‘grid.refresh’
    grob.inspector_handler : <anonymous>: no visible global function
     definition for ‘grid.remove’
    grob.inspector_handler : <anonymous>: no visible global function
     definition for ‘grid.get’
    grobBBDevicePixels: no visible global function definition for
     ‘current.vpPath’
    grobBBDevicePixels: no visible global function definition for
     ‘upViewport’
    grobBBDevicePixels: no visible global function definition for
     ‘downViewport’
    grobBBDevicePixels: no visible global function definition for ‘unit.c’
    grobBBDevicePixels: no visible global function definition for ‘grobX’
    grobBBDevicePixels: no visible global function definition for ‘grobY’
    grobBoundingBoxes: no visible global function definition for ‘gpar’
    grobBoundingBoxes: no visible global function definition for
     ‘current.vpPath’
    grobBoundingBoxes: no visible global function definition for
     ‘upViewport’
    grobBoundingBoxes: no visible global function definition for
     ‘downViewport’
    grobBoundingBoxes: no visible global function definition for ‘grid.ls’
    grobBoundingBoxes: no visible binding for global variable ‘type’
    grobBoundingBoxes: no visible global function definition for ‘grid.get’
    grobBoundingBoxes: no visible global function definition for
     ‘grid.rect’
    grobBoundingBoxes: no visible global function definition for
     ‘grid.text’
    grobBoundingBoxes: no visible global function definition for
     ‘grid.remove’
    identifyCore: no visible global function definition for ‘convertX’
    identifyCore: no visible global function definition for ‘unit’
    identifyCore: no visible global function definition for ‘convertY’
    identifyGrob: no visible global function definition for ‘grid.locator’
    inViewport: no visible global function definition for ‘current.vpPath’
    inViewport: no visible global function definition for ‘upViewport’
    inViewport: no visible global function definition for ‘downViewport’
    inViewport: no visible global function definition for ‘unit’
    incr.font_handler: no visible global function definition for
     ‘trellis.par.set’
    panel.brushlines: no visible global function definition for
     ‘panel.lines’
    panel.brushpoints: no visible global function definition for
     ‘panel.points’
    panel.usertext: no visible global function definition for ‘panel.text’
    playDo: no visible global function definition for ‘packet.number’
    playDo: no visible global function definition for ‘trellis.vpname’
    playDo: no visible global function definition for ‘current.vpPath’
    playDo: no visible global function definition for ‘upViewport’
    playDo: no visible global function definition for ‘downViewport’
    playDo: no visible global function definition for ‘seekViewport’
    playLineInput: no visible global function definition for
     ‘current.vpPath’
    playLineInput: no visible global function definition for ‘upViewport’
    playLineInput: no visible global function definition for ‘downViewport’
    playLineInput: no visible global function definition for ‘grid.locator’
    playPointInput: no visible global function definition for
     ‘current.vpPath’
    playPointInput: no visible global function definition for ‘upViewport’
    playPointInput: no visible global function definition for
     ‘downViewport’
    playPointInput: no visible global function definition for
     ‘grid.locator’
    playPointInput: no visible global function definition for ‘convertX’
    playPointInput: no visible global function definition for ‘convertY’
    playRectInput: no visible global function definition for
     ‘current.vpPath’
    playRectInput: no visible global function definition for ‘upViewport’
    playRectInput: no visible global function definition for ‘downViewport’
    playRectInput: no visible global function definition for ‘grid.locator’
    playwith: no visible global function definition for ‘asCairoDevice’
    playwith.trellis: no visible binding for global variable
     ‘packet.panel.default’
    plotCoords.cloud : <anonymous>: no visible global function definition
     for ‘ltransform3dto3d’
    plotCoords.plot.SpatialPoints: no visible global function definition
     for ‘coordinates’
    plotCoords.plot.SpatialPointsDataFrame: no visible global function
     definition for ‘coordinates’
    plotCoords.splom: no visible global function definition for
     ‘current.vpPath’
    plotCoords.splom: no visible global function definition for
     ‘upViewport’
    plotCoords.splom: no visible global function definition for
     ‘downViewport’
    plotCoords.splom: no visible global function definition for
     ‘trellis.vpname’
    plotCoords.splom: no visible global function definition for ‘convertX’
    plotCoords.splom: no visible global function definition for ‘unit’
    plotCoords.splom: no visible global function definition for ‘convertY’
    plotOnePage : packet.panel.pageN: no visible global function definition
     for ‘packet.panel.default’
    rawXYLim: no visible global function definition for ‘packet.number’
    rawXYLim: no visible global function definition for ‘convertX’
    rawXYLim: no visible global function definition for ‘unit’
    rawXYLim: no visible global function definition for ‘convertY’
    rotate3DCore: no visible global function definition for
     ‘ltransform3dMatrix’
    set.arrow.style_handler: no visible global function definition for
     ‘trellis.par.get’
    set.arrow.style_handler : ok_handler: no visible global function
     definition for ‘trellis.par.set’
    set.brush.style_handler : ok_handler: no visible global function
     definition for ‘trellis.par.set’
    set.default.theme_handler: no visible global function definition for
     ‘trellis.par.set’
    set.default.theme_handler: no visible global function definition for
     ‘standard.theme’
    set.label.style_handler : ok_handler: no visible global function
     definition for ‘trellis.par.set’
    set.point.line.style_handler: no visible global function definition for
     ‘trellis.par.get’
    set.point.line.style_handler : ok_handler: no visible global function
     definition for ‘trellis.par.set’
    style.settings_handler: no visible global function definition for
     ‘latticeStyleGUI’
    style.solid.points_handler: no visible global function definition for
     ‘trellis.par.set’
    style.solid.points_handler: no visible global function definition for
     ‘simpleTheme’
    style.thick.lines_handler: no visible global function definition for
     ‘trellis.par.set’
    style.trans.points_handler: no visible global function definition for
     ‘trellis.par.set’
    style.trans.points_handler: no visible global function definition for
     ‘simpleTheme’
    time.mode_entry_handler: no visible global function definition for
     ‘as.yearmon’
    time.mode_entry_handler: no visible global function definition for
     ‘as.yearqtr’
    time.mode_update: no visible global function definition for
     ‘as.yearmon’
    updateGrobActions: no visible global function definition for ‘grid.ls’
    xyData: no visible global function definition for ‘packet.number’
    xyData: no visible global function definition for ‘trellis.panelArgs’
Flavor: r-devel-linux-x86_64-fedora-gcc

Version: 0.9-54
Check: R code for possible problems
Result: NOTE
    .defaultPlaywithOptions: no visible global function definition for
     'trellis.par.set'
    .defaultPlaywithOptions: no visible global function definition for
     'col.whitebg'
    .defaultPlaywithOptions: no visible global function definition for
     'standard.theme'
    .defaultPlaywithOptions: no visible global function definition for
     'custom.theme'
    .defaultPlaywithOptions: no visible global function definition for
     'custom.theme.2'
    .defaultPlaywithOptions: no visible global function definition for
     'custom.theme.black'
    .defaultPlaywithOptions: no visible global function definition for
     'brewer.pal'
    .defaultPlaywithOptions: no visible global function definition for
     'lattice.options'
    annotateCore: no visible global function definition for
     'trellis.par.get'
    annotateCore : annot_handler: no visible global function definition for
     'convertWidth'
    annotateCore : annot_handler: no visible global function definition for
     'unit'
    annotateCore : annot_handler: no visible global function definition for
     'convertHeight'
    annotateCore : annot_handler: no visible global function definition for
     'trellis.par.set'
    autoplay: no visible global function definition for 'lattice.options'
    convertFromDevicePixels: no visible global function definition for
     'current.transform'
    convertFromDevicePixels: no visible global function definition for
     'unit'
    convertFromDevicePixels: no visible global function definition for
     'convertX'
    convertFromDevicePixels: no visible global function definition for
     'convertY'
    convertToDevicePixels: no visible global function definition for
     'is.unit'
    convertToDevicePixels: no visible global function definition for 'unit'
    convertToDevicePixels: no visible global function definition for
     'convertX'
    convertToDevicePixels: no visible global function definition for
     'convertY'
    convertToDevicePixels: no visible global function definition for
     'current.transform'
    copy_handler: no visible binding for global variable 'Cairo_png'
    createStyleActions : do.theme_handler: no visible global function
     definition for 'trellis.par.set'
    current.brush.line: no visible global function definition for
     'trellis.par.get'
    current.brush.symbol: no visible global function definition for
     'trellis.par.get'
    current.user.text: no visible global function definition for
     'trellis.par.get'
    decr.font_handler: no visible global function definition for
     'trellis.par.set'
    doPlayReplot: no visible global function definition for 'grid.newpage'
    doPlayReplot: no visible global function definition for
     'trellis.currentLayout'
    doPlayReplot: no visible global function definition for
     'trellis.par.get'
    doPlayReplot: no visible global function definition for
     'trellis.par.set'
    doPlayReplot: no visible global function definition for 'grid.ls'
    expand_handler: no visible global function definition for
     'trellis.focus'
    expand_handler: no visible global function definition for
     'packet.number'
    generateSpaces: no visible global function definition for 'upViewport'
    generateSpaces: no visible global function definition for 'grid.ls'
    generateSpaces: no visible global function definition for
     'downViewport'
    generateSpaces: no visible global function definition for 'popViewport'
    generateSpaces: no visible global function definition for 'viewport'
    generateSpaces: no visible global function definition for
     'pushViewport'
    generateSpaces: no visible global function definition for
     'trellis.vpname'
    generateSpaces: no visible global function definition for 'unit'
    grob.inspector_handler: no visible global function definition for
     'grid.refresh'
    grob.inspector_handler : <anonymous>: no visible global function
     definition for 'grid.remove'
    grob.inspector_handler : <anonymous>: no visible global function
     definition for 'grid.get'
    grobBBDevicePixels: no visible global function definition for
     'current.vpPath'
    grobBBDevicePixels: no visible global function definition for
     'upViewport'
    grobBBDevicePixels: no visible global function definition for
     'downViewport'
    grobBBDevicePixels: no visible global function definition for 'unit.c'
    grobBBDevicePixels: no visible global function definition for 'grobX'
    grobBBDevicePixels: no visible global function definition for 'grobY'
    grobBoundingBoxes: no visible global function definition for 'gpar'
    grobBoundingBoxes: no visible global function definition for
     'current.vpPath'
    grobBoundingBoxes: no visible global function definition for
     'upViewport'
    grobBoundingBoxes: no visible global function definition for
     'downViewport'
    grobBoundingBoxes: no visible global function definition for 'grid.ls'
    grobBoundingBoxes: no visible binding for global variable 'type'
    grobBoundingBoxes: no visible global function definition for 'grid.get'
    grobBoundingBoxes: no visible global function definition for
     'grid.rect'
    grobBoundingBoxes: no visible global function definition for
     'grid.text'
    grobBoundingBoxes: no visible global function definition for
     'grid.remove'
    identifyCore: no visible global function definition for 'convertX'
    identifyCore: no visible global function definition for 'unit'
    identifyCore: no visible global function definition for 'convertY'
    identifyGrob: no visible global function definition for 'grid.locator'
    inViewport: no visible global function definition for 'current.vpPath'
    inViewport: no visible global function definition for 'upViewport'
    inViewport: no visible global function definition for 'downViewport'
    inViewport: no visible global function definition for 'unit'
    incr.font_handler: no visible global function definition for
     'trellis.par.set'
    panel.brushlines: no visible global function definition for
     'panel.lines'
    panel.brushpoints: no visible global function definition for
     'panel.points'
    panel.usertext: no visible global function definition for 'panel.text'
    playDo: no visible global function definition for 'packet.number'
    playDo: no visible global function definition for 'trellis.vpname'
    playDo: no visible global function definition for 'current.vpPath'
    playDo: no visible global function definition for 'upViewport'
    playDo: no visible global function definition for 'downViewport'
    playDo: no visible global function definition for 'seekViewport'
    playLineInput: no visible global function definition for
     'current.vpPath'
    playLineInput: no visible global function definition for 'upViewport'
    playLineInput: no visible global function definition for 'downViewport'
    playLineInput: no visible global function definition for 'grid.locator'
    playPointInput: no visible global function definition for
     'current.vpPath'
    playPointInput: no visible global function definition for 'upViewport'
    playPointInput: no visible global function definition for
     'downViewport'
    playPointInput: no visible global function definition for
     'grid.locator'
    playPointInput: no visible global function definition for 'convertX'
    playPointInput: no visible global function definition for 'convertY'
    playRectInput: no visible global function definition for
     'current.vpPath'
    playRectInput: no visible global function definition for 'upViewport'
    playRectInput: no visible global function definition for 'downViewport'
    playRectInput: no visible global function definition for 'grid.locator'
    playwith: no visible global function definition for 'asCairoDevice'
    playwith.trellis: no visible binding for global variable
     'packet.panel.default'
    plotCoords.cloud : <anonymous>: no visible global function definition
     for 'ltransform3dto3d'
    plotCoords.plot.SpatialPoints: no visible global function definition
     for 'coordinates'
    plotCoords.plot.SpatialPointsDataFrame: no visible global function
     definition for 'coordinates'
    plotCoords.splom: no visible global function definition for
     'current.vpPath'
    plotCoords.splom: no visible global function definition for
     'upViewport'
    plotCoords.splom: no visible global function definition for
     'downViewport'
    plotCoords.splom: no visible global function definition for
     'trellis.vpname'
    plotCoords.splom: no visible global function definition for 'convertX'
    plotCoords.splom: no visible global function definition for 'unit'
    plotCoords.splom: no visible global function definition for 'convertY'
    plotOnePage : packet.panel.pageN: no visible global function definition
     for 'packet.panel.default'
    rawXYLim: no visible global function definition for 'packet.number'
    rawXYLim: no visible global function definition for 'convertX'
    rawXYLim: no visible global function definition for 'unit'
    rawXYLim: no visible global function definition for 'convertY'
    rotate3DCore: no visible global function definition for
     'ltransform3dMatrix'
    set.arrow.style_handler: no visible global function definition for
     'trellis.par.get'
    set.arrow.style_handler : ok_handler: no visible global function
     definition for 'trellis.par.set'
    set.brush.style_handler : ok_handler: no visible global function
     definition for 'trellis.par.set'
    set.default.theme_handler: no visible global function definition for
     'trellis.par.set'
    set.default.theme_handler: no visible global function definition for
     'standard.theme'
    set.label.style_handler : ok_handler: no visible global function
     definition for 'trellis.par.set'
    set.point.line.style_handler: no visible global function definition for
     'trellis.par.get'
    set.point.line.style_handler : ok_handler: no visible global function
     definition for 'trellis.par.set'
    style.settings_handler: no visible global function definition for
     'latticeStyleGUI'
    style.solid.points_handler: no visible global function definition for
     'trellis.par.set'
    style.solid.points_handler: no visible global function definition for
     'simpleTheme'
    style.thick.lines_handler: no visible global function definition for
     'trellis.par.set'
    style.trans.points_handler: no visible global function definition for
     'trellis.par.set'
    style.trans.points_handler: no visible global function definition for
     'simpleTheme'
    time.mode_entry_handler: no visible global function definition for
     'as.yearmon'
    time.mode_entry_handler: no visible global function definition for
     'as.yearqtr'
    time.mode_update: no visible global function definition for
     'as.yearmon'
    updateGrobActions: no visible global function definition for 'grid.ls'
    xyData: no visible global function definition for 'packet.number'
    xyData: no visible global function definition for 'trellis.panelArgs'
Flavor: r-devel-windows-ix86+x86_64

Version: 0.9-54
Check: R code for possible problems
Result: NOTE
    Found an obsolete/platform-specific call in the following functions:
     ‘copy_handler’ ‘print_handler’
    Found the platform-specific devices:
     ‘win.metafile’ ‘win.print’
    dev.new() is the preferred way to open a new device, in the unlikely
    event one is needed.
    grobBoundingBoxes: no visible binding for global variable ‘type’
    
    Found the following assignments to the global environment:
    File ‘playwith/R/uiIdentifyActions.R’:
     assign(name, playGetIDs(playState), globalenv())
Flavors: r-patched-linux-x86_64, r-release-linux-ix86, r-release-linux-x86_64

Version: 0.9-54
Check: R code for possible problems
Result: NOTE
    Found an obsolete/platform-specific call in the following functions:
     ‘copy_handler’ ‘print_handler’
    Found the platform-specific devices:
     ‘win.metafile’ ‘win.print’
    dev.new() is the preferred way to open a new device, in the unlikely
    event one is needed.
    grobBoundingBoxes: no visible binding for global variable ‘type’
Flavors: r-patched-solaris-sparc, r-patched-solaris-x86

Version: 0.9-54
Check: dependencies in R code
Result: NOTE
    'library' or 'require' call to ‘lattice’ which was already attached by Depends.
     Please remove these calls from your code.
    Packages in Depends field not imported from:
     ‘cairoDevice’ ‘gWidgetsRGtk2’ ‘lattice’
     These packages need to be imported from (in the NAMESPACE file)
     for when this namespace is loaded but not attached.
    Unexported objects imported by ':::' calls:
     ‘lattice:::lattice.getStatus’ ‘stats:::biplot.prcomp’
     See the note in ?`:::` about the use of this operator.
    See the information on DESCRIPTION files in the chapter ‘Creating R
    packages’ of the ‘Writing R Extensions’ manual.
Flavors: r-release-linux-ix86, r-release-linux-x86_64, r-release-windows-ix86+x86_64, r-oldrel-windows-ix86+x86_64

Version: 0.9-54
Check: package dependencies
Result: ERROR
    Packages required but not available: ‘cairoDevice’ ‘gWidgetsRGtk2’ ‘RGtk2’
    
    See the information on DESCRIPTION files in the chapter ‘Creating R
    packages’ of the ‘Writing R Extensions’ manual.
Flavor: r-release-osx-x86_64-mavericks

Version: 0.9-54
Check: R code for possible problems
Result: NOTE
    grobBoundingBoxes: no visible binding for global variable 'type'
Flavors: r-release-windows-ix86+x86_64, r-oldrel-windows-ix86+x86_64