Last updated on 2023-02-07 08:57:11 CET.
Flavor | Version | Tinstall | Tcheck | Ttotal | Status | Flags |
---|---|---|---|---|---|---|
r-devel-linux-x86_64-debian-clang | 2.2.5 | 24.23 | 69.21 | 93.44 | NOTE | |
r-devel-linux-x86_64-debian-gcc | 2.2.5 | 18.72 | 51.17 | 69.89 | NOTE | |
r-devel-linux-x86_64-fedora-clang | 2.2.5 | 118.25 | NOTE | |||
r-devel-linux-x86_64-fedora-gcc | 2.2.5 | 122.36 | NOTE | |||
r-devel-windows-x86_64 | 2.2.5 | 48.00 | 118.00 | 166.00 | NOTE | |
r-patched-linux-x86_64 | 2.2.5 | 20.94 | 65.39 | 86.33 | OK | |
r-release-linux-x86_64 | 2.2.5 | 18.91 | 64.68 | 83.59 | OK | |
r-release-macos-arm64 | 2.2.5 | 29.00 | OK | |||
r-release-macos-x86_64 | 2.2.5 | 42.00 | OK | |||
r-release-windows-x86_64 | 2.2.5 | 36.00 | 123.00 | 159.00 | OK | |
r-oldrel-macos-arm64 | 2.2.5 | 31.00 | OK | |||
r-oldrel-macos-x86_64 | 2.2.5 | 40.00 | OK | |||
r-oldrel-windows-ix86+x86_64 | 2.2.5 | 46.00 | 109.00 | 155.00 | OK |
Version: 2.2.5
Check: C++ specification
Result: NOTE
Specified C++11: please update to current default of C++17
Flavors: r-devel-linux-x86_64-debian-clang, r-devel-linux-x86_64-debian-gcc, r-devel-linux-x86_64-fedora-clang, r-devel-linux-x86_64-fedora-gcc, r-devel-windows-x86_64