CRAN Package Check Results for Package plgp

Last updated on 2015-02-27 13:47:11.

Flavor Version Tinstall Tcheck Ttotal Status Flags
r-devel-linux-x86_64-debian-clang 1.1-7 2.35 15.39 17.74 NOTE
r-devel-linux-x86_64-debian-gcc 1.1-7 2.55 15.05 17.60 NOTE
r-devel-linux-x86_64-fedora-clang 1.1-7 32.91 NOTE
r-devel-linux-x86_64-fedora-gcc 1.1-7 29.12 NOTE
r-devel-osx-x86_64-clang 1.1-7 35.60 NOTE
r-devel-windows-ix86+x86_64 1.1-7 19.00 29.00 48.00 NOTE
r-patched-linux-x86_64 1.1-7 2.82 18.64 21.46 OK
r-patched-solaris-sparc 1.1-7 212.70 OK
r-patched-solaris-x86 1.1-7 53.00 OK
r-release-linux-ix86 1.1-7 3.40 24.47 27.87 OK
r-release-linux-x86_64 1.1-7 3.11 17.84 20.95 OK
r-release-osx-x86_64-mavericks 1.1-7 OK
r-release-osx-x86_64-snowleopard 1.1-7 OK
r-release-windows-ix86+x86_64 1.1-7 14.00 40.00 54.00 OK
r-oldrel-windows-ix86+x86_64 1.1-7 15.00 57.00 72.00 OK

Check Details

Version: 1.1-7
Check: DESCRIPTION meta-information
Result: NOTE
    Malformed Description field: should contain one or more complete sentences.
Flavors: r-devel-linux-x86_64-debian-clang, r-devel-linux-x86_64-debian-gcc, r-devel-linux-x86_64-fedora-clang, r-devel-linux-x86_64-fedora-gcc, r-devel-osx-x86_64-clang, r-devel-windows-ix86+x86_64