CRAN Package Check Results for Package plgp

Last updated on 2014-04-23 12:48:24.

Flavor Version Tinstall Tcheck Ttotal Status Flags
r-devel-linux-x86_64-debian-clang 1.1-5 2.10 16.17 18.27 NOTE
r-devel-linux-x86_64-debian-gcc 1.1-5 2.49 16.39 18.88 NOTE
r-devel-linux-x86_64-fedora-clang 1.1-5 35.36 NOTE
r-devel-linux-x86_64-fedora-gcc 1.1-5 33.91 NOTE
r-devel-osx-x86_64-clang 1.1-5 37.65 NOTE
r-devel-osx-x86_64-gcc 1.1-5 NOTE
r-devel-windows-ix86+x86_64 1.1-5 12.00 30.00 42.00 NOTE
r-patched-linux-x86_64 1.1-5 2.47 16.70 19.17 NOTE
r-patched-solaris-sparc 1.1-5 196.50 NOTE
r-patched-solaris-x86 1.1-5 48.00 NOTE
r-release-linux-ix86 1.1-5 5.00 35.00 40.00 NOTE
r-release-linux-x86_64 1.1-5 2.60 16.49 19.09 NOTE
r-release-osx-x86_64-mavericks 1.1-5 WARN
r-release-osx-x86_64-snowleopard 1.1-5 NOTE
r-release-windows-ix86+x86_64 1.1-5 12.00 30.00 42.00 NOTE
r-oldrel-windows-ix86+x86_64 1.1-5 14.00 35.00 49.00 NOTE

Check Details

Version: 1.1-5
Check: top-level files
Result: NOTE
    File
     LICENSE
    is not mentioned in the DESCRIPTION file.
Flavors: r-devel-linux-x86_64-debian-clang, r-devel-linux-x86_64-debian-gcc, r-devel-linux-x86_64-fedora-clang, r-devel-linux-x86_64-fedora-gcc, r-devel-osx-x86_64-clang, r-devel-osx-x86_64-gcc, r-devel-windows-ix86+x86_64, r-patched-linux-x86_64, r-patched-solaris-sparc, r-patched-solaris-x86, r-release-linux-ix86, r-release-linux-x86_64, r-release-osx-x86_64-mavericks, r-release-osx-x86_64-snowleopard, r-release-windows-ix86+x86_64, r-oldrel-windows-ix86+x86_64

Version: 1.1-5
Check: R code for possible problems
Result: NOTE
    PL: no visible binding for '<<-' assignment to ‘peach’
    PL: no visible binding for global variable ‘peach’
    PL.clear: no visible binding for '<<-' assignment to ‘pall’
    PL.clear: no visible binding for '<<-' assignment to ‘peach’
    PL.clear: no visible binding for '<<-' assignment to ‘psave’
    addpall.CGP: no visible binding for '<<-' assignment to ‘pall’
    addpall.CGP: no visible binding for global variable ‘pall’
    addpall.ConstGP: no visible binding for '<<-' assignment to ‘pall’
    addpall.ConstGP: no visible binding for global variable ‘pall’
    addpall.GP: no visible binding for '<<-' assignment to ‘pall’
    addpall.GP: no visible binding for global variable ‘pall’
    alc.ConstGP: no visible binding for global variable ‘pall’
    alc.GP: no visible binding for global variable ‘pall’
    alc.adapt: no visible binding for global variable ‘pall’
    alc.const.adapt: no visible binding for global variable ‘pall’
    data.CGP.adapt: no visible binding for global variable ‘Xcand’
    data.CGP.adapt: no visible binding for '<<-' assignment to ‘Xcand’
    data.CGP.adapt: no visible binding for global variable ‘pall’
    data.ConstGP.improv: no visible binding for global variable ‘pall’
    data.ConstGP.improv: no visible binding for '<<-' assignment to ‘psave’
    data.ConstGP.improv: no visible binding for global variable ‘psave’
    data.GP.improv: no visible binding for global variable ‘Xcand’
    data.GP.improv: no visible binding for global variable ‘pall’
    data.GP.improv: no visible binding for '<<-' assignment to ‘Xcand’
    data.GP.improv: no visible binding for '<<-' assignment to ‘psave’
    data.GP.improv: no visible binding for global variable ‘psave’
    draw.CGP: no visible binding for global variable ‘pall’
    draw.GP: no visible binding for global variable ‘pall’
    ei.adapt: no visible binding for global variable ‘pall’
    entropy.adapt: no visible binding for global variable ‘pall’
    findmin.ConstGP: no visible binding for global variable ‘pall’
    findmin.ConstGP: no visible binding for global variable ‘peach’
    findmin.GP: no visible binding for global variable ‘pall’
    getmap.CGP: no visible binding for global variable ‘peach’
    getmap.GP: no visible binding for global variable ‘peach’
    ieci.ConstGP: no visible binding for global variable ‘pall’
    ieci.GP: no visible binding for global variable ‘pall’
    ieci.adapt: no visible binding for global variable ‘pall’
    ieci.const.adapt: no visible binding for global variable ‘pall’
    init.CGP: no visible binding for global variable ‘pall’
    init.GP: no visible binding for global variable ‘pall’
    latents.CGP: no visible binding for global variable ‘peach’
    latents.CGP: no visible binding for global variable ‘pall’
    lpredprob.GP: no visible binding for global variable ‘pall’
    mindist.adapt: no visible binding for global variable ‘pall’
    papply: no visible binding for global variable ‘peach’
    params.CGP: no visible binding for global variable ‘peach’
    params.ConstGP: no visible binding for global variable ‘peach’
    params.GP: no visible binding for global variable ‘peach’
    pred.CGP: no visible binding for global variable ‘pall’
    pred.ConstGP: no visible binding for global variable ‘pall’
    pred.GP: no visible binding for global variable ‘pall’
    pred.mean.GP: no visible binding for global variable ‘pall’
    propagate.GP: no visible binding for global variable ‘pall’
    resample: no visible binding for global variable ‘peach’
    resample: no visible binding for '<<-' assignment to ‘peach’
    updat.GP: no visible binding for global variable ‘pall’
    util.GP: no visible binding for global variable ‘pall’
    util.GP: no visible binding for '<<-' assignment to ‘pall’
    var.adapt: no visible binding for global variable ‘pall’
    
    Found the following calls to data() loading into the global environment:
    File ‘plgp/R/pl.R’:
     data(1, start)
     data(t)
    See section ‘Good practice’ in ‘?data’.
Flavors: r-devel-linux-x86_64-debian-clang, r-devel-linux-x86_64-debian-gcc, r-devel-linux-x86_64-fedora-clang, r-devel-osx-x86_64-clang, r-patched-linux-x86_64, r-release-linux-ix86, r-release-linux-x86_64

Version: 1.1-5
Check: R code for possible problems
Result: NOTE
    PL: no visible binding for '<<-' assignment to ‘peach’
    PL: no visible binding for global variable ‘peach’
    PL.clear: no visible binding for '<<-' assignment to ‘pall’
    PL.clear: no visible binding for '<<-' assignment to ‘peach’
    PL.clear: no visible binding for '<<-' assignment to ‘psave’
    addpall.CGP: no visible binding for '<<-' assignment to ‘pall’
    addpall.CGP: no visible binding for global variable ‘pall’
    addpall.ConstGP: no visible binding for '<<-' assignment to ‘pall’
    addpall.ConstGP: no visible binding for global variable ‘pall’
    addpall.GP: no visible binding for '<<-' assignment to ‘pall’
    addpall.GP: no visible binding for global variable ‘pall’
    alc.ConstGP: no visible binding for global variable ‘pall’
    alc.GP: no visible binding for global variable ‘pall’
    alc.adapt: no visible binding for global variable ‘pall’
    alc.const.adapt: no visible binding for global variable ‘pall’
    data.CGP.adapt: no visible binding for global variable ‘Xcand’
    data.CGP.adapt: no visible binding for '<<-' assignment to ‘Xcand’
    data.CGP.adapt: no visible binding for global variable ‘pall’
    data.ConstGP.improv: no visible binding for global variable ‘pall’
    data.ConstGP.improv: no visible binding for '<<-' assignment to ‘psave’
    data.ConstGP.improv: no visible binding for global variable ‘psave’
    data.GP.improv: no visible binding for global variable ‘Xcand’
    data.GP.improv: no visible binding for global variable ‘pall’
    data.GP.improv: no visible binding for '<<-' assignment to ‘Xcand’
    data.GP.improv: no visible binding for '<<-' assignment to ‘psave’
    data.GP.improv: no visible binding for global variable ‘psave’
    draw.CGP: no visible binding for global variable ‘pall’
    draw.GP: no visible binding for global variable ‘pall’
    ei.adapt: no visible binding for global variable ‘pall’
    entropy.adapt: no visible binding for global variable ‘pall’
    findmin.ConstGP: no visible binding for global variable ‘pall’
    findmin.ConstGP: no visible binding for global variable ‘peach’
    findmin.GP: no visible binding for global variable ‘pall’
    getmap.CGP: no visible binding for global variable ‘peach’
    getmap.GP: no visible binding for global variable ‘peach’
    ieci.ConstGP: no visible binding for global variable ‘pall’
    ieci.GP: no visible binding for global variable ‘pall’
    ieci.adapt: no visible binding for global variable ‘pall’
    ieci.const.adapt: no visible binding for global variable ‘pall’
    init.CGP: no visible binding for global variable ‘pall’
    init.GP: no visible binding for global variable ‘pall’
    latents.CGP: no visible binding for global variable ‘peach’
    latents.CGP: no visible binding for global variable ‘pall’
    lpredprob.GP: no visible binding for global variable ‘pall’
    mindist.adapt: no visible binding for global variable ‘pall’
    papply: no visible binding for global variable ‘peach’
    params.CGP: no visible binding for global variable ‘peach’
    params.ConstGP: no visible binding for global variable ‘peach’
    params.GP: no visible binding for global variable ‘peach’
    pred.CGP: no visible binding for global variable ‘pall’
    pred.ConstGP: no visible binding for global variable ‘pall’
    pred.GP: no visible binding for global variable ‘pall’
    pred.mean.GP: no visible binding for global variable ‘pall’
    propagate.GP: no visible binding for global variable ‘pall’
    resample: no visible binding for global variable ‘peach’
    resample: no visible binding for '<<-' assignment to ‘peach’
    updat.GP: no visible binding for global variable ‘pall’
    util.GP: no visible binding for global variable ‘pall’
    util.GP: no visible binding for '<<-' assignment to ‘pall’
    var.adapt: no visible binding for global variable ‘pall’
Flavors: r-devel-linux-x86_64-fedora-gcc, r-devel-osx-x86_64-gcc, r-devel-windows-ix86+x86_64, r-patched-solaris-sparc, r-patched-solaris-x86, r-release-osx-x86_64-mavericks, r-release-osx-x86_64-snowleopard, r-release-windows-ix86+x86_64, r-oldrel-windows-ix86+x86_64

Version: 1.1-5
Check: PDF version of manual
Result: WARNING
    LaTeX errors when creating PDF version.
    This typically indicates Rd problems.
    LaTeX errors found:
    ! LaTeX Error: File `upquote.sty' not found.
    
    Type X to quit or <RETURN> to proceed,
    or enter new name. (Default extension: sty)
    
    46847df/Rd2.tex:8: ==> Fatal error occurred, no output PDF file produced!
Flavor: r-release-osx-x86_64-mavericks