CRAN Package Check Results for Package plgp

Last updated on 2015-05-22 23:48:06.

Flavor Version Tinstall Tcheck Ttotal Status Flags
r-devel-linux-x86_64-debian-clang 1.1-7 2.42 14.76 17.18 NOTE
r-devel-linux-x86_64-debian-gcc 1.1-7 2.54 14.53 17.06 NOTE
r-devel-linux-x86_64-fedora-clang 1.1-7 32.74 NOTE
r-devel-linux-x86_64-fedora-gcc 1.1-7 29.69 NOTE
r-devel-osx-x86_64-clang 1.1-7 35.87 NOTE
r-devel-windows-ix86+x86_64 1.1-7 19.00 30.00 49.00 NOTE
r-patched-linux-x86_64 1.1-7 2.48 14.39 16.88 NOTE
r-patched-solaris-sparc 1.1-7 198.90 NOTE
r-patched-solaris-x86 1.1-7 47.80 NOTE
r-release-linux-x86_64 1.1-7 2.52 14.94 17.47 NOTE
r-release-osx-x86_64-mavericks 1.1-7 NOTE
r-release-osx-x86_64-snowleopard 1.1-7 NOTE
r-release-windows-ix86+x86_64 1.1-7 15.00 26.00 41.00 NOTE
r-oldrel-windows-ix86+x86_64 1.1-7 14.00 60.00 74.00 OK

Check Details

Version: 1.1-7
Check: DESCRIPTION meta-information
Result: NOTE
    Malformed Description field: should contain one or more complete sentences.
Flavors: r-devel-linux-x86_64-debian-clang, r-devel-linux-x86_64-debian-gcc, r-devel-linux-x86_64-fedora-clang, r-devel-linux-x86_64-fedora-gcc, r-devel-osx-x86_64-clang, r-devel-windows-ix86+x86_64, r-patched-linux-x86_64, r-patched-solaris-sparc, r-patched-solaris-x86, r-release-linux-x86_64, r-release-osx-x86_64-mavericks, r-release-osx-x86_64-snowleopard, r-release-windows-ix86+x86_64