CRAN Package Check Results for Package plgp

Last updated on 2015-03-26 23:47:50.

Flavor Version Tinstall Tcheck Ttotal Status Flags
r-devel-linux-x86_64-debian-clang 1.1-7 2.35 14.50 16.85 NOTE
r-devel-linux-x86_64-debian-gcc 1.1-7 2.58 15.11 17.69 NOTE
r-devel-linux-x86_64-fedora-clang 1.1-7 33.14 NOTE
r-devel-linux-x86_64-fedora-gcc 1.1-7 30.33 NOTE
r-devel-osx-x86_64-clang 1.1-7 40.70 NOTE
r-prerel-windows-ix86+x86_64 1.1-7 14.00 31.00 45.00 NOTE
r-prerel-linux-x86_64 1.1-7 2.87 14.47 17.34 NOTE
r-prerel-solaris-sparc 1.1-7 217.60 NOTE
r-prerel-solaris-x86 1.1-7 45.70 NOTE
r-release-linux-x86_64 1.1-7 2.83 17.33 20.16 OK
r-release-osx-x86_64-mavericks 1.1-7 OK
r-release-osx-x86_64-snowleopard 1.1-7 OK
r-release-windows-ix86+x86_64 1.1-7 15.00 36.00 51.00 OK
r-oldrel-windows-ix86+x86_64 1.1-7 13.00 38.00 51.00 OK

Check Details

Version: 1.1-7
Check: DESCRIPTION meta-information
Result: NOTE
    Malformed Description field: should contain one or more complete sentences.
Flavors: r-devel-linux-x86_64-debian-clang, r-devel-linux-x86_64-debian-gcc, r-devel-linux-x86_64-fedora-clang, r-devel-linux-x86_64-fedora-gcc, r-devel-osx-x86_64-clang, r-prerel-windows-ix86+x86_64, r-prerel-linux-x86_64, r-prerel-solaris-sparc, r-prerel-solaris-x86