CRAN Package Check Results for Package plm

Last updated on 2014-11-21 10:52:35.

Flavor Version Tinstall Tcheck Ttotal Status Flags
r-devel-linux-x86_64-debian-clang 1.4-0 2.77 78.24 81.00 NOTE
r-devel-linux-x86_64-debian-gcc 1.4-0 2.66 78.51 81.16 NOTE
r-devel-linux-x86_64-fedora-clang 1.4-0 168.02 NOTE
r-devel-linux-x86_64-fedora-gcc 1.4-0 158.52 NOTE
r-devel-osx-x86_64-clang 1.4-0 145.76 NOTE
r-devel-windows-ix86+x86_64 1.4-0 11.00 104.00 115.00 NOTE
r-patched-linux-x86_64 1.4-0 2.76 82.40 85.17 NOTE
r-patched-solaris-sparc 1.4-0 960.50 NOTE
r-patched-solaris-x86 1.4-0 198.20 NOTE
r-release-linux-ix86 1.4-0 3.04 92.60 95.65 NOTE
r-release-linux-x86_64 1.4-0 2.80 82.20 85.00 NOTE
r-release-osx-x86_64-mavericks 1.4-0 OK
r-release-osx-x86_64-snowleopard 1.4-0 OK
r-release-windows-ix86+x86_64 1.4-0 11.00 115.00 126.00 NOTE
r-oldrel-windows-ix86+x86_64 1.4-0 9.00 122.00 131.00 OK

Check Details

Version: 1.4-0
Check: R code for possible problems
Result: NOTE
    pdwtest.panelmodel: no visible global function definition for ‘dwtest’
    pwartest.panelmodel: no visible global function definition for
     ‘linearHypothesis’
    pwfdtest.panelmodel: no visible global function definition for
     ‘linearHypothesis’
Flavors: r-devel-linux-x86_64-debian-clang, r-devel-linux-x86_64-debian-gcc, r-devel-linux-x86_64-fedora-clang, r-devel-linux-x86_64-fedora-gcc, r-devel-osx-x86_64-clang, r-devel-windows-ix86+x86_64, r-patched-linux-x86_64, r-patched-solaris-sparc, r-patched-solaris-x86, r-release-linux-ix86, r-release-linux-x86_64, r-release-windows-ix86+x86_64