CRAN Package Check Results for Package plm

Last updated on 2020-08-06 09:49:08 CEST.

Flavor Version Tinstall Tcheck Ttotal Status Flags
r-devel-linux-x86_64-debian-clang 2.2-3 20.60 524.36 544.96 OK
r-devel-linux-x86_64-debian-gcc 2.2-3 17.03 385.25 402.28 OK
r-devel-linux-x86_64-fedora-clang 2.2-3 656.30 ERROR
r-devel-linux-x86_64-fedora-gcc 2.2-3 646.72 ERROR
r-devel-windows-ix86+x86_64 2.2-3 38.00 767.00 805.00 OK
r-patched-linux-x86_64 2.2-3 20.44 512.13 532.57 OK
r-patched-solaris-x86 2.2-3 815.50 ERROR
r-release-linux-x86_64 2.2-3 16.20 514.26 530.46 OK
r-release-macos-x86_64 2.2-3 OK
r-release-windows-ix86+x86_64 2.2-3 38.00 537.00 575.00 OK
r-oldrel-macos-x86_64 2.2-3 OK
r-oldrel-windows-ix86+x86_64 2.2-3 25.00 483.00 508.00 OK

Check Details

Version: 2.2-3
Check: package dependencies
Result: NOTE
    Package suggested but not available for checking: ‘clubSandwich’
Flavors: r-devel-linux-x86_64-fedora-clang, r-devel-linux-x86_64-fedora-gcc, r-patched-solaris-x86

Version: 2.2-3
Check: tests
Result: ERROR
     Running ‘test_Chow.R’
     Comparing ‘test_Chow.Rout’ to ‘test_Chow.Rout.save’ ... OK
     Running ‘test_Errors.R’
     Comparing ‘test_Errors.Rout’ to ‘test_Errors.Rout.save’ ... OK
     Running ‘test_Estimators.R’
     Comparing ‘test_Estimators.Rout’ to ‘test_Estimators.Rout.save’ ... OK
     Running ‘test_Evaluation.R’
     Comparing ‘test_Evaluation.Rout’ to ‘test_Evaluation.Rout.save’ ... OK
     Running ‘test_FD_models.R’
     Comparing ‘test_FD_models.Rout’ to ‘test_FD_models.Rout.save’ ... OK
     Running ‘test_IV.R’
     Comparing ‘test_IV.Rout’ to ‘test_IV.Rout.save’ ... OK
     Running ‘test_R2_adj_R2.R’
     Comparing ‘test_R2_adj_R2.Rout’ to ‘test_R2_adj_R2.Rout.save’ ... OK
     Running ‘test_as.data.frame_as.matrix.R’
     Comparing ‘test_as.data.frame_as.matrix.Rout’ to ‘test_as.data.frame_as.matrix.Rout.save’ ... OK
     Running ‘test_as.list.pdata.frame.R’
     Comparing ‘test_as.list.pdata.frame.Rout’ to ‘test_as.list.pdata.frame.Rout.save’ ... OK
     Running ‘test_clubSandwich_interoperability.R’
     Running ‘test_detect_lin_dep_alias.R’
     Comparing ‘test_detect_lin_dep_alias.Rout’ to ‘test_detect_lin_dep_alias.Rout.save’ ... OK
     Running ‘test_fitted.plm.R’
     Comparing ‘test_fitted.plm.Rout’ to ‘test_fitted.plm.Rout.save’ ... OK
     Running ‘test_fixef.R’
     Comparing ‘test_fixef.Rout’ to ‘test_fixef.Rout.save’ ... OK
     Running ‘test_fixef_comp_lm_plm.R’
     Comparing ‘test_fixef_comp_lm_plm.Rout’ to ‘test_fixef_comp_lm_plm.Rout.save’ ... OK
     Running ‘test_is.pconsecutive.R’
     Comparing ‘test_is.pconsecutive.Rout’ to ‘test_is.pconsecutive.Rout.save’ ... OK
     Running ‘test_lag_lead.R’
     Comparing ‘test_lag_lead.Rout’ to ‘test_lag_lead.Rout.save’ ... OK
     Running ‘test_lagt_leadt.R’
     Comparing ‘test_lagt_leadt.Rout’ to ‘test_lagt_leadt.Rout.save’ ... OK
     Running ‘test_make.pconsecutive_pbalanced.R’
     Comparing ‘test_make.pconsecutive_pbalanced.Rout’ to ‘test_make.pconsecutive_pbalanced.Rout.save’ ... OK
     Running ‘test_misc.R’
     Comparing ‘test_misc.Rout’ to ‘test_misc.Rout.save’ ... OK
     Running ‘test_model.frame.R’
     Comparing ‘test_model.frame.Rout’ to ‘test_model.frame.Rout.save’ ... OK
     Running ‘test_model.matrix_effects.R’
     Comparing ‘test_model.matrix_effects.Rout’ to ‘test_model.matrix_effects.Rout.save’ ... OK
     Running ‘test_model.matrix_pmodel.response.R’
     Comparing ‘test_model.matrix_pmodel.response.Rout’ to ‘test_model.matrix_pmodel.response.Rout.save’ ... OK
     Running ‘test_nested.R’
     Comparing ‘test_nested.Rout’ to ‘test_nested.Rout.save’ ... OK
     Running ‘test_pFtest.R’
     Comparing ‘test_pFtest.Rout’ to ‘test_pFtest.Rout.save’ ... OK
     Running ‘test_pbgtest.R’
     Comparing ‘test_pbgtest.Rout’ to ‘test_pbgtest.Rout.save’ ... OK
     Running ‘test_pbnftest.R’
     Comparing ‘test_pbnftest.Rout’ to ‘test_pbnftest.Rout.save’ ... OK
     Running ‘test_pbsytest_unbalanced.R’
     Comparing ‘test_pbsytest_unbalanced.Rout’ to ‘test_pbsytest_unbalanced.Rout.save’ ... OK
     Running ‘test_pcdtest.R’
     Comparing ‘test_pcdtest.Rout’ to ‘test_pcdtest.Rout.save’ ... OK
     Running ‘test_pdata.frame_const_allNA_nonfinite.R’
     Comparing ‘test_pdata.frame_const_allNA_nonfinite.Rout’ to ‘test_pdata.frame_const_allNA_nonfinite.Rout.save’ ... OK
     Running ‘test_pdata.frame_extract_class_est_mod.R’
     Comparing ‘test_pdata.frame_extract_class_est_mod.Rout’ to ‘test_pdata.frame_extract_class_est_mod.Rout.save’ ... OK
     Running ‘test_pdata.frame_id_index_more.R’
     Comparing ‘test_pdata.frame_id_index_more.Rout’ to ‘test_pdata.frame_id_index_more.Rout.save’ ... OK
     Running ‘test_pdata.frame_print_duplicated_rownames.R’
     Comparing ‘test_pdata.frame_print_duplicated_rownames.Rout’ to ‘test_pdata.frame_print_duplicated_rownames.Rout.save’ ... OK
     Running ‘test_pdata.frame_subsetting.R’
     Comparing ‘test_pdata.frame_subsetting.Rout’ to ‘test_pdata.frame_subsetting.Rout.save’ ... OK
     Running ‘test_pdata.frame_unused_levels.R’
     Comparing ‘test_pdata.frame_unused_levels.Rout’ to ‘test_pdata.frame_unused_levels.Rout.save’ ... OK
     Running ‘test_pdiff_fd.R’
     Comparing ‘test_pdiff_fd.Rout’ to ‘test_pdiff_fd.Rout.save’ ... OK
     Running ‘test_pdwtest.R’
     Comparing ‘test_pdwtest.Rout’ to ‘test_pdwtest.Rout.save’ ... OK
     Running ‘test_pggls.R’
     Comparing ‘test_pggls.Rout’ to ‘test_pggls.Rout.save’ ... OK
     Running ‘test_pgmm.R’
     Comparing ‘test_pgmm.Rout’ to ‘test_pgmm.Rout.save’ ... OK
     Running ‘test_pgrangertest.R’
     Comparing ‘test_pgrangertest.Rout’ to ‘test_pgrangertest.Rout.save’ ... OK
     Running ‘test_pht.R’
     Comparing ‘test_pht.Rout’ to ‘test_pht.Rout.save’ ... OK
     Running ‘test_phtest_Hausman_regression.R’
     Comparing ‘test_phtest_Hausman_regression.Rout’ to ‘test_phtest_Hausman_regression.Rout.save’ ... OK
     Running ‘test_plm.data.R’
     Comparing ‘test_plm.data.Rout’ to ‘test_plm.data.Rout.save’ ... OK
     Running ‘test_plm_na.action.R’
     Comparing ‘test_plm_na.action.Rout’ to ‘test_plm_na.action.Rout.save’ ... OK
     Running ‘test_plmtest_unbalanced.R’
     Comparing ‘test_plmtest_unbalanced.Rout’ to ‘test_plmtest_unbalanced.Rout.save’ ... OK
     Running ‘test_preserve_rownames.R’
     Comparing ‘test_preserve_rownames.Rout’ to ‘test_preserve_rownames.Rout.save’ ... OK
     Running ‘test_pseries_subsetting.R’
     Comparing ‘test_pseries_subsetting.Rout’ to ‘test_pseries_subsetting.Rout.save’ ... OK
     Running ‘test_punbalancedness.R’
     Comparing ‘test_punbalancedness.Rout’ to ‘test_punbalancedness.Rout.save’ ... OK
     Running ‘test_purtest.R’
     Comparing ‘test_purtest.Rout’ to ‘test_purtest.Rout.save’ ... OK
     Running ‘test_pvar.R’
     Comparing ‘test_pvar.Rout’ to ‘test_pvar.Rout.save’ ... OK
     Running ‘test_pvcm.R’
     Comparing ‘test_pvcm.Rout’ to ‘test_pvcm.Rout.save’ ... OK
     Running ‘test_pwaldtest.R’
     Comparing ‘test_pwaldtest.Rout’ to ‘test_pwaldtest.Rout.save’ ... OK
     Running ‘test_pwaldtest_vcovG_attr_cluster.R’
     Comparing ‘test_pwaldtest_vcovG_attr_cluster.Rout’ to ‘test_pwaldtest_vcovG_attr_cluster.Rout.save’ ... OK
     Running ‘test_pwfdtest_pwartest.R’
     Comparing ‘test_pwfdtest_pwartest.Rout’ to ‘test_pwfdtest_pwartest.Rout.save’ ... OK
     Running ‘test_pwtest.R’
     Comparing ‘test_pwtest.Rout’ to ‘test_pwtest.Rout.save’ ... OK
     Running ‘test_ranef.R’
     Comparing ‘test_ranef.Rout’ to ‘test_ranef.Rout.save’ ... OK
     Running ‘test_residuals_overall_fitted_exp.R’
     Comparing ‘test_residuals_overall_fitted_exp.Rout’ to ‘test_residuals_overall_fitted_exp.Rout.save’ ... OK
     Running ‘test_summary.plm_vcov.R’
     Comparing ‘test_summary.plm_vcov.Rout’ to ‘test_summary.plm_vcov.Rout.save’ ... OK
     Running ‘test_summary.pseries_character_logical_factor.R’
     Comparing ‘test_summary.pseries_character_logical_factor.Rout’ to ‘test_summary.pseries_character_logical_factor.Rout.save’ ... OK
     Running ‘test_vcovG_lin_dep.R’
     Comparing ‘test_vcovG_lin_dep.Rout’ to ‘test_vcovG_lin_dep.Rout.save’ ... OK
     Running ‘test_within_intercept.R’
     Comparing ‘test_within_intercept.Rout’ to ‘test_within_intercept.Rout.save’ ... OK
    Running the tests in ‘tests/test_clubSandwich_interoperability.R’ failed.
    Complete output:
     > ## Test of interoperability of vcov generated by package 'clubSandwich' with pwaldtest
     > ## test of detection of those vcovs and test of translation function trans_clubSandwich_vcov
     > library(plm)
     > library(clubSandwich)
     Error in library(clubSandwich) :
     there is no package called 'clubSandwich'
     Execution halted
Flavor: r-devel-linux-x86_64-fedora-clang

Version: 2.2-3
Check: tests
Result: ERROR
     Running ‘test_Chow.R’
     Comparing ‘test_Chow.Rout’ to ‘test_Chow.Rout.save’ ... OK
     Running ‘test_Errors.R’
     Comparing ‘test_Errors.Rout’ to ‘test_Errors.Rout.save’ ... OK
     Running ‘test_Estimators.R’
     Comparing ‘test_Estimators.Rout’ to ‘test_Estimators.Rout.save’ ... OK
     Running ‘test_Evaluation.R’
     Comparing ‘test_Evaluation.Rout’ to ‘test_Evaluation.Rout.save’ ... OK
     Running ‘test_FD_models.R’
     Comparing ‘test_FD_models.Rout’ to ‘test_FD_models.Rout.save’ ... OK
     Running ‘test_IV.R’ [6s/11s]
     Comparing ‘test_IV.Rout’ to ‘test_IV.Rout.save’ ... OK
     Running ‘test_R2_adj_R2.R’
     Comparing ‘test_R2_adj_R2.Rout’ to ‘test_R2_adj_R2.Rout.save’ ... OK
     Running ‘test_as.data.frame_as.matrix.R’
     Comparing ‘test_as.data.frame_as.matrix.Rout’ to ‘test_as.data.frame_as.matrix.Rout.save’ ... OK
     Running ‘test_as.list.pdata.frame.R’
     Comparing ‘test_as.list.pdata.frame.Rout’ to ‘test_as.list.pdata.frame.Rout.save’ ... OK
     Running ‘test_clubSandwich_interoperability.R’
     Running ‘test_detect_lin_dep_alias.R’
     Comparing ‘test_detect_lin_dep_alias.Rout’ to ‘test_detect_lin_dep_alias.Rout.save’ ... OK
     Running ‘test_fitted.plm.R’
     Comparing ‘test_fitted.plm.Rout’ to ‘test_fitted.plm.Rout.save’ ... OK
     Running ‘test_fixef.R’
     Comparing ‘test_fixef.Rout’ to ‘test_fixef.Rout.save’ ... OK
     Running ‘test_fixef_comp_lm_plm.R’
     Comparing ‘test_fixef_comp_lm_plm.Rout’ to ‘test_fixef_comp_lm_plm.Rout.save’ ... OK
     Running ‘test_is.pconsecutive.R’
     Comparing ‘test_is.pconsecutive.Rout’ to ‘test_is.pconsecutive.Rout.save’ ... OK
     Running ‘test_lag_lead.R’
     Comparing ‘test_lag_lead.Rout’ to ‘test_lag_lead.Rout.save’ ... OK
     Running ‘test_lagt_leadt.R’
     Comparing ‘test_lagt_leadt.Rout’ to ‘test_lagt_leadt.Rout.save’ ... OK
     Running ‘test_make.pconsecutive_pbalanced.R’
     Comparing ‘test_make.pconsecutive_pbalanced.Rout’ to ‘test_make.pconsecutive_pbalanced.Rout.save’ ... OK
     Running ‘test_misc.R’
     Comparing ‘test_misc.Rout’ to ‘test_misc.Rout.save’ ... OK
     Running ‘test_model.frame.R’
     Comparing ‘test_model.frame.Rout’ to ‘test_model.frame.Rout.save’ ... OK
     Running ‘test_model.matrix_effects.R’
     Comparing ‘test_model.matrix_effects.Rout’ to ‘test_model.matrix_effects.Rout.save’ ... OK
     Running ‘test_model.matrix_pmodel.response.R’
     Comparing ‘test_model.matrix_pmodel.response.Rout’ to ‘test_model.matrix_pmodel.response.Rout.save’ ... OK
     Running ‘test_nested.R’
     Comparing ‘test_nested.Rout’ to ‘test_nested.Rout.save’ ... OK
     Running ‘test_pFtest.R’
     Comparing ‘test_pFtest.Rout’ to ‘test_pFtest.Rout.save’ ... OK
     Running ‘test_pbgtest.R’ [3s/13s]
     Comparing ‘test_pbgtest.Rout’ to ‘test_pbgtest.Rout.save’ ... OK
     Running ‘test_pbnftest.R’
     Comparing ‘test_pbnftest.Rout’ to ‘test_pbnftest.Rout.save’ ... OK
     Running ‘test_pbsytest_unbalanced.R’
     Comparing ‘test_pbsytest_unbalanced.Rout’ to ‘test_pbsytest_unbalanced.Rout.save’ ... OK
     Running ‘test_pcdtest.R’
     Comparing ‘test_pcdtest.Rout’ to ‘test_pcdtest.Rout.save’ ... OK
     Running ‘test_pdata.frame_const_allNA_nonfinite.R’
     Comparing ‘test_pdata.frame_const_allNA_nonfinite.Rout’ to ‘test_pdata.frame_const_allNA_nonfinite.Rout.save’ ... OK
     Running ‘test_pdata.frame_extract_class_est_mod.R’
     Comparing ‘test_pdata.frame_extract_class_est_mod.Rout’ to ‘test_pdata.frame_extract_class_est_mod.Rout.save’ ... OK
     Running ‘test_pdata.frame_id_index_more.R’
     Comparing ‘test_pdata.frame_id_index_more.Rout’ to ‘test_pdata.frame_id_index_more.Rout.save’ ... OK
     Running ‘test_pdata.frame_print_duplicated_rownames.R’
     Comparing ‘test_pdata.frame_print_duplicated_rownames.Rout’ to ‘test_pdata.frame_print_duplicated_rownames.Rout.save’ ... OK
     Running ‘test_pdata.frame_subsetting.R’
     Comparing ‘test_pdata.frame_subsetting.Rout’ to ‘test_pdata.frame_subsetting.Rout.save’ ... OK
     Running ‘test_pdata.frame_unused_levels.R’
     Comparing ‘test_pdata.frame_unused_levels.Rout’ to ‘test_pdata.frame_unused_levels.Rout.save’ ... OK
     Running ‘test_pdiff_fd.R’
     Comparing ‘test_pdiff_fd.Rout’ to ‘test_pdiff_fd.Rout.save’ ... OK
     Running ‘test_pdwtest.R’
     Comparing ‘test_pdwtest.Rout’ to ‘test_pdwtest.Rout.save’ ... OK
     Running ‘test_pggls.R’
     Comparing ‘test_pggls.Rout’ to ‘test_pggls.Rout.save’ ... OK
     Running ‘test_pgmm.R’
     Comparing ‘test_pgmm.Rout’ to ‘test_pgmm.Rout.save’ ... OK
     Running ‘test_pgrangertest.R’
     Comparing ‘test_pgrangertest.Rout’ to ‘test_pgrangertest.Rout.save’ ... OK
     Running ‘test_pht.R’ [10s/16s]
     Comparing ‘test_pht.Rout’ to ‘test_pht.Rout.save’ ... OK
     Running ‘test_phtest_Hausman_regression.R’
     Comparing ‘test_phtest_Hausman_regression.Rout’ to ‘test_phtest_Hausman_regression.Rout.save’ ... OK
     Running ‘test_plm.data.R’
     Comparing ‘test_plm.data.Rout’ to ‘test_plm.data.Rout.save’ ... OK
     Running ‘test_plm_na.action.R’
     Comparing ‘test_plm_na.action.Rout’ to ‘test_plm_na.action.Rout.save’ ... OK
     Running ‘test_plmtest_unbalanced.R’
     Comparing ‘test_plmtest_unbalanced.Rout’ to ‘test_plmtest_unbalanced.Rout.save’ ... OK
     Running ‘test_preserve_rownames.R’
     Comparing ‘test_preserve_rownames.Rout’ to ‘test_preserve_rownames.Rout.save’ ... OK
     Running ‘test_pseries_subsetting.R’
     Comparing ‘test_pseries_subsetting.Rout’ to ‘test_pseries_subsetting.Rout.save’ ... OK
     Running ‘test_punbalancedness.R’
     Comparing ‘test_punbalancedness.Rout’ to ‘test_punbalancedness.Rout.save’ ... OK
     Running ‘test_purtest.R’
     Comparing ‘test_purtest.Rout’ to ‘test_purtest.Rout.save’ ... OK
     Running ‘test_pvar.R’
     Comparing ‘test_pvar.Rout’ to ‘test_pvar.Rout.save’ ... OK
     Running ‘test_pvcm.R’
     Comparing ‘test_pvcm.Rout’ to ‘test_pvcm.Rout.save’ ... OK
     Running ‘test_pwaldtest.R’
     Comparing ‘test_pwaldtest.Rout’ to ‘test_pwaldtest.Rout.save’ ... OK
     Running ‘test_pwaldtest_vcovG_attr_cluster.R’
     Comparing ‘test_pwaldtest_vcovG_attr_cluster.Rout’ to ‘test_pwaldtest_vcovG_attr_cluster.Rout.save’ ... OK
     Running ‘test_pwfdtest_pwartest.R’
     Comparing ‘test_pwfdtest_pwartest.Rout’ to ‘test_pwfdtest_pwartest.Rout.save’ ... OK
     Running ‘test_pwtest.R’
     Comparing ‘test_pwtest.Rout’ to ‘test_pwtest.Rout.save’ ... OK
     Running ‘test_ranef.R’
     Comparing ‘test_ranef.Rout’ to ‘test_ranef.Rout.save’ ... OK
     Running ‘test_residuals_overall_fitted_exp.R’
     Comparing ‘test_residuals_overall_fitted_exp.Rout’ to ‘test_residuals_overall_fitted_exp.Rout.save’ ... OK
     Running ‘test_summary.plm_vcov.R’
     Comparing ‘test_summary.plm_vcov.Rout’ to ‘test_summary.plm_vcov.Rout.save’ ... OK
     Running ‘test_summary.pseries_character_logical_factor.R’
     Comparing ‘test_summary.pseries_character_logical_factor.Rout’ to ‘test_summary.pseries_character_logical_factor.Rout.save’ ... OK
     Running ‘test_vcovG_lin_dep.R’
     Comparing ‘test_vcovG_lin_dep.Rout’ to ‘test_vcovG_lin_dep.Rout.save’ ... OK
     Running ‘test_within_intercept.R’
     Comparing ‘test_within_intercept.Rout’ to ‘test_within_intercept.Rout.save’ ... OK
    Running the tests in ‘tests/test_clubSandwich_interoperability.R’ failed.
    Complete output:
     > ## Test of interoperability of vcov generated by package 'clubSandwich' with pwaldtest
     > ## test of detection of those vcovs and test of translation function trans_clubSandwich_vcov
     > library(plm)
     > library(clubSandwich)
     Error in library(clubSandwich) :
     there is no package called 'clubSandwich'
     Execution halted
Flavor: r-devel-linux-x86_64-fedora-gcc

Version: 2.2-3
Check: tests
Result: ERROR
     Running ‘test_Chow.R’
     Comparing ‘test_Chow.Rout’ to ‘test_Chow.Rout.save’ ... OK
     Running ‘test_Errors.R’
     Comparing ‘test_Errors.Rout’ to ‘test_Errors.Rout.save’ ... OK
     Running ‘test_Estimators.R’
     Comparing ‘test_Estimators.Rout’ to ‘test_Estimators.Rout.save’ ... OK
     Running ‘test_Evaluation.R’
     Comparing ‘test_Evaluation.Rout’ to ‘test_Evaluation.Rout.save’ ... OK
     Running ‘test_FD_models.R’
     Comparing ‘test_FD_models.Rout’ to ‘test_FD_models.Rout.save’ ... OK
     Running ‘test_IV.R’
     Comparing ‘test_IV.Rout’ to ‘test_IV.Rout.save’ ... OK
     Running ‘test_R2_adj_R2.R’
     Comparing ‘test_R2_adj_R2.Rout’ to ‘test_R2_adj_R2.Rout.save’ ... OK
     Running ‘test_as.data.frame_as.matrix.R’
     Comparing ‘test_as.data.frame_as.matrix.Rout’ to ‘test_as.data.frame_as.matrix.Rout.save’ ... OK
     Running ‘test_as.list.pdata.frame.R’
     Comparing ‘test_as.list.pdata.frame.Rout’ to ‘test_as.list.pdata.frame.Rout.save’ ... OK
     Running ‘test_clubSandwich_interoperability.R’
     Running ‘test_detect_lin_dep_alias.R’
     Comparing ‘test_detect_lin_dep_alias.Rout’ to ‘test_detect_lin_dep_alias.Rout.save’ ... OK
     Running ‘test_fitted.plm.R’
     Comparing ‘test_fitted.plm.Rout’ to ‘test_fitted.plm.Rout.save’ ... OK
     Running ‘test_fixef.R’
     Comparing ‘test_fixef.Rout’ to ‘test_fixef.Rout.save’ ... OK
     Running ‘test_fixef_comp_lm_plm.R’
     Comparing ‘test_fixef_comp_lm_plm.Rout’ to ‘test_fixef_comp_lm_plm.Rout.save’ ... OK
     Running ‘test_is.pconsecutive.R’
     Comparing ‘test_is.pconsecutive.Rout’ to ‘test_is.pconsecutive.Rout.save’ ... OK
     Running ‘test_lag_lead.R’
     Comparing ‘test_lag_lead.Rout’ to ‘test_lag_lead.Rout.save’ ... OK
     Running ‘test_lagt_leadt.R’
     Comparing ‘test_lagt_leadt.Rout’ to ‘test_lagt_leadt.Rout.save’ ... OK
     Running ‘test_make.pconsecutive_pbalanced.R’
     Comparing ‘test_make.pconsecutive_pbalanced.Rout’ to ‘test_make.pconsecutive_pbalanced.Rout.save’ ... OK
     Running ‘test_misc.R’
     Comparing ‘test_misc.Rout’ to ‘test_misc.Rout.save’ ... OK
     Running ‘test_model.frame.R’
     Comparing ‘test_model.frame.Rout’ to ‘test_model.frame.Rout.save’ ... OK
     Running ‘test_model.matrix_effects.R’
     Comparing ‘test_model.matrix_effects.Rout’ to ‘test_model.matrix_effects.Rout.save’ ... OK
     Running ‘test_model.matrix_pmodel.response.R’
     Comparing ‘test_model.matrix_pmodel.response.Rout’ to ‘test_model.matrix_pmodel.response.Rout.save’ ... OK
     Running ‘test_nested.R’
     Comparing ‘test_nested.Rout’ to ‘test_nested.Rout.save’ ... OK
     Running ‘test_pFtest.R’
     Comparing ‘test_pFtest.Rout’ to ‘test_pFtest.Rout.save’ ... OK
     Running ‘test_pbgtest.R’
     Comparing ‘test_pbgtest.Rout’ to ‘test_pbgtest.Rout.save’ ... OK
     Running ‘test_pbnftest.R’
     Comparing ‘test_pbnftest.Rout’ to ‘test_pbnftest.Rout.save’ ... OK
     Running ‘test_pbsytest_unbalanced.R’
     Comparing ‘test_pbsytest_unbalanced.Rout’ to ‘test_pbsytest_unbalanced.Rout.save’ ... OK
     Running ‘test_pcdtest.R’
     Comparing ‘test_pcdtest.Rout’ to ‘test_pcdtest.Rout.save’ ... OK
     Running ‘test_pdata.frame_const_allNA_nonfinite.R’
     Comparing ‘test_pdata.frame_const_allNA_nonfinite.Rout’ to ‘test_pdata.frame_const_allNA_nonfinite.Rout.save’ ... OK
     Running ‘test_pdata.frame_extract_class_est_mod.R’
     Comparing ‘test_pdata.frame_extract_class_est_mod.Rout’ to ‘test_pdata.frame_extract_class_est_mod.Rout.save’ ... OK
     Running ‘test_pdata.frame_id_index_more.R’
     Comparing ‘test_pdata.frame_id_index_more.Rout’ to ‘test_pdata.frame_id_index_more.Rout.save’ ... OK
     Running ‘test_pdata.frame_print_duplicated_rownames.R’
     Comparing ‘test_pdata.frame_print_duplicated_rownames.Rout’ to ‘test_pdata.frame_print_duplicated_rownames.Rout.save’ ... OK
     Running ‘test_pdata.frame_subsetting.R’
     Comparing ‘test_pdata.frame_subsetting.Rout’ to ‘test_pdata.frame_subsetting.Rout.save’ ...472c472
    < 28808 bytes
    ---
    > 41376 bytes
    474c474
    < 28808 bytes
    ---
    > 41376 bytes
     Running ‘test_pdata.frame_unused_levels.R’
     Comparing ‘test_pdata.frame_unused_levels.Rout’ to ‘test_pdata.frame_unused_levels.Rout.save’ ... OK
     Running ‘test_pdiff_fd.R’
     Comparing ‘test_pdiff_fd.Rout’ to ‘test_pdiff_fd.Rout.save’ ... OK
     Running ‘test_pdwtest.R’
     Comparing ‘test_pdwtest.Rout’ to ‘test_pdwtest.Rout.save’ ... OK
     Running ‘test_pggls.R’
     Comparing ‘test_pggls.Rout’ to ‘test_pggls.Rout.save’ ... OK
     Running ‘test_pgmm.R’
     Comparing ‘test_pgmm.Rout’ to ‘test_pgmm.Rout.save’ ... OK
     Running ‘test_pgrangertest.R’
     Comparing ‘test_pgrangertest.Rout’ to ‘test_pgrangertest.Rout.save’ ... OK
     Running ‘test_pht.R’ [13s/13s]
     Comparing ‘test_pht.Rout’ to ‘test_pht.Rout.save’ ... OK
     Running ‘test_phtest_Hausman_regression.R’
     Comparing ‘test_phtest_Hausman_regression.Rout’ to ‘test_phtest_Hausman_regression.Rout.save’ ... OK
     Running ‘test_plm.data.R’
     Comparing ‘test_plm.data.Rout’ to ‘test_plm.data.Rout.save’ ... OK
     Running ‘test_plm_na.action.R’
     Comparing ‘test_plm_na.action.Rout’ to ‘test_plm_na.action.Rout.save’ ... OK
     Running ‘test_plmtest_unbalanced.R’
     Comparing ‘test_plmtest_unbalanced.Rout’ to ‘test_plmtest_unbalanced.Rout.save’ ...647,650d646
    < > proc.time()
    < user system elapsed
    < 2.572 0.303 2.818
    < couldn't set locale correctly
     Running ‘test_preserve_rownames.R’
     Comparing ‘test_preserve_rownames.Rout’ to ‘test_preserve_rownames.Rout.save’ ... OK
     Running ‘test_pseries_subsetting.R’
     Comparing ‘test_pseries_subsetting.Rout’ to ‘test_pseries_subsetting.Rout.save’ ... OK
     Running ‘test_punbalancedness.R’
     Comparing ‘test_punbalancedness.Rout’ to ‘test_punbalancedness.Rout.save’ ... OK
     Running ‘test_purtest.R’
     Comparing ‘test_purtest.Rout’ to ‘test_purtest.Rout.save’ ... OK
     Running ‘test_pvar.R’
     Comparing ‘test_pvar.Rout’ to ‘test_pvar.Rout.save’ ... OK
     Running ‘test_pvcm.R’
     Comparing ‘test_pvcm.Rout’ to ‘test_pvcm.Rout.save’ ... OK
     Running ‘test_pwaldtest.R’
     Comparing ‘test_pwaldtest.Rout’ to ‘test_pwaldtest.Rout.save’ ... OK
     Running ‘test_pwaldtest_vcovG_attr_cluster.R’
     Comparing ‘test_pwaldtest_vcovG_attr_cluster.Rout’ to ‘test_pwaldtest_vcovG_attr_cluster.Rout.save’ ... OK
     Running ‘test_pwfdtest_pwartest.R’
     Comparing ‘test_pwfdtest_pwartest.Rout’ to ‘test_pwfdtest_pwartest.Rout.save’ ... OK
     Running ‘test_pwtest.R’
     Comparing ‘test_pwtest.Rout’ to ‘test_pwtest.Rout.save’ ... OK
     Running ‘test_ranef.R’
     Comparing ‘test_ranef.Rout’ to ‘test_ranef.Rout.save’ ... OK
     Running ‘test_residuals_overall_fitted_exp.R’
     Comparing ‘test_residuals_overall_fitted_exp.Rout’ to ‘test_residuals_overall_fitted_exp.Rout.save’ ... OK
     Running ‘test_summary.plm_vcov.R’
     Comparing ‘test_summary.plm_vcov.Rout’ to ‘test_summary.plm_vcov.Rout.save’ ... OK
     Running ‘test_summary.pseries_character_logical_factor.R’
     Comparing ‘test_summary.pseries_character_logical_factor.Rout’ to ‘test_summary.pseries_character_logical_factor.Rout.save’ ... OK
     Running ‘test_vcovG_lin_dep.R’
     Comparing ‘test_vcovG_lin_dep.Rout’ to ‘test_vcovG_lin_dep.Rout.save’ ... OK
     Running ‘test_within_intercept.R’
     Comparing ‘test_within_intercept.Rout’ to ‘test_within_intercept.Rout.save’ ... OK
    Running the tests in ‘tests/test_clubSandwich_interoperability.R’ failed.
    Complete output:
     > ## Test of interoperability of vcov generated by package 'clubSandwich' with pwaldtest
     > ## test of detection of those vcovs and test of translation function trans_clubSandwich_vcov
     > library(plm)
     > library(clubSandwich)
     Error in library(clubSandwich) :
     there is no package called 'clubSandwich'
     Execution halted
Flavor: r-patched-solaris-x86