CRAN Package Check Results for Package plm

Last updated on 2015-05-29 07:48:07.

Flavor Version Tinstall Tcheck Ttotal Status Flags
r-devel-linux-x86_64-debian-clang 1.4-0 2.22 73.28 75.50 NOTE
r-devel-linux-x86_64-debian-gcc 1.4-0 2.09 74.26 76.35 NOTE
r-devel-linux-x86_64-fedora-clang 1.4-0 152.96 NOTE
r-devel-linux-x86_64-fedora-gcc 1.4-0 142.15 NOTE
r-devel-osx-x86_64-clang 1.4-0 134.07 NOTE
r-devel-windows-ix86+x86_64 1.4-0 7.00 109.00 116.00 NOTE
r-patched-linux-x86_64 1.4-0 2.06 71.29 73.36 NOTE
r-patched-solaris-sparc 1.4-0 906.80 NOTE
r-patched-solaris-x86 1.4-0 187.90 NOTE
r-release-linux-x86_64 1.4-0 2.41 72.55 74.96 NOTE
r-release-osx-x86_64-mavericks 1.4-0 NOTE
r-release-osx-x86_64-snowleopard 1.4-0 ERROR
r-release-windows-ix86+x86_64 1.4-0 8.00 103.00 111.00 NOTE
r-oldrel-windows-ix86+x86_64 1.4-0 10.00 125.00 135.00 NOTE

Check Details

Version: 1.4-0
Check: dependencies in R code
Result: NOTE
    'library' or 'require' calls in package code:
     ‘car’ ‘lmtest’
     Please use :: or requireNamespace() instead.
     See section 'Suggested packages' in the 'Writing R Extensions' manual.
Flavors: r-devel-linux-x86_64-debian-clang, r-devel-linux-x86_64-debian-gcc, r-devel-linux-x86_64-fedora-clang, r-devel-linux-x86_64-fedora-gcc, r-devel-osx-x86_64-clang, r-devel-windows-ix86+x86_64, r-patched-linux-x86_64, r-patched-solaris-sparc, r-patched-solaris-x86, r-release-linux-x86_64, r-release-osx-x86_64-mavericks, r-release-windows-ix86+x86_64, r-oldrel-windows-ix86+x86_64

Version: 1.4-0
Check: R code for possible problems
Result: NOTE
    pdwtest.panelmodel: no visible global function definition for ‘dwtest’
    pwartest.panelmodel: no visible global function definition for
     ‘linearHypothesis’
    pwfdtest.panelmodel: no visible global function definition for
     ‘linearHypothesis’
Flavors: r-devel-linux-x86_64-debian-clang, r-devel-linux-x86_64-debian-gcc, r-devel-linux-x86_64-fedora-clang, r-devel-linux-x86_64-fedora-gcc, r-devel-osx-x86_64-clang, r-devel-windows-ix86+x86_64, r-patched-linux-x86_64, r-patched-solaris-sparc, r-patched-solaris-x86, r-release-linux-x86_64, r-release-osx-x86_64-mavericks, r-release-windows-ix86+x86_64, r-oldrel-windows-ix86+x86_64

Version: 1.4-0
Check: package dependencies
Result: ERROR
    Packages required but not available: ‘zoo’ ‘sandwich’
    
    Packages suggested but not available for checking: ‘car’ ‘AER’ ‘lmtest’
    
    See section ‘The DESCRIPTION file’ in the ‘Writing R Extensions’
    manual.
Flavor: r-release-osx-x86_64-snowleopard