CRAN Package Check Results for Package plm

Last updated on 2014-04-18 18:47:18.

Flavor Version Tinstall Tcheck Ttotal Status Flags
r-devel-linux-x86_64-debian-clang 1.4-0 3.02 79.32 82.34 OK
r-devel-linux-x86_64-debian-gcc OK
r-devel-linux-x86_64-fedora-clang 1.4-0 179.43 OK
r-devel-linux-x86_64-fedora-gcc 1.4-0 172.97 OK
r-devel-macosx-x86_64-clang 1.4-0 143.14 OK
r-devel-macosx-x86_64-gcc 1.4-0 ERROR
r-devel-windows-ix86+x86_64 1.4-0 7.00 111.00 118.00 OK
r-patched-linux-x86_64 1.4-0 3.12 79.09 82.22 OK
r-patched-solaris-sparc 1.4-0 908.80 OK
r-patched-solaris-x86 1.4-0 187.60 OK
r-release-linux-ix86 1.4-0 7.00 121.00 128.00 OK
r-release-linux-x86_64 1.4-0 3.00 81.29 84.29 OK
r-release-macosx-x86_64 1.4-0 OK
r-release-windows-ix86+x86_64 1.4-0 8.00 111.00 119.00 OK
r-oldrel-windows-ix86+x86_64 1.4-0 8.00 111.00 119.00 OK

Check Details

Version: 1.4-0
Check: package dependencies
Result: ERROR
    Packages required but not available: ‘zoo’ ‘sandwich’
    
    Packages suggested but not available for checking: ‘car’ ‘AER’ ‘lmtest’
    
    See the information on DESCRIPTION files in the chapter ‘Creating R
    packages’ of the ‘Writing R Extensions’ manual.
Flavor: r-devel-macosx-x86_64-gcc