CRAN Package Check Results for Package plm

Last updated on 2014-09-21 11:48:21.

Flavor Version Tinstall Tcheck Ttotal Status Flags
r-devel-linux-x86_64-debian-clang 1.4-0 2.98 78.20 81.18 NOTE
r-devel-linux-x86_64-debian-gcc 1.4-0 2.86 75.72 78.58 NOTE
r-devel-linux-x86_64-fedora-clang 1.4-0 173.84 NOTE
r-devel-linux-x86_64-fedora-gcc 1.4-0 167.05 NOTE
r-devel-osx-x86_64-clang 1.4-0 138.15 NOTE
r-devel-windows-ix86+x86_64 1.4-0 8.00 113.00 121.00 NOTE
r-patched-linux-x86_64 1.4-0 2.77 84.72 87.48 OK
r-patched-solaris-sparc 1.4-0 935.50 OK
r-patched-solaris-x86 1.4-0 194.10 OK
r-release-linux-ix86 1.4-0 3.19 97.98 101.17 OK
r-release-linux-x86_64 1.4-0 2.81 85.94 88.75 OK
r-release-osx-x86_64-mavericks 1.4-0 OK
r-release-osx-x86_64-snowleopard 1.4-0 OK
r-release-windows-ix86+x86_64 1.4-0 10.00 119.00 129.00 OK
r-oldrel-windows-ix86+x86_64 1.4-0 10.00 122.00 132.00 OK

Check Details

Version: 1.4-0
Check: R code for possible problems
Result: NOTE
    pdwtest.panelmodel: no visible global function definition for ‘dwtest’
    pwartest.panelmodel: no visible global function definition for
     ‘linearHypothesis’
    pwfdtest.panelmodel: no visible global function definition for
     ‘linearHypothesis’
Flavors: r-devel-linux-x86_64-debian-clang, r-devel-linux-x86_64-debian-gcc, r-devel-linux-x86_64-fedora-clang, r-devel-linux-x86_64-fedora-gcc, r-devel-osx-x86_64-clang, r-devel-windows-ix86+x86_64