CRAN Package Check Results for Package plm

Last updated on 2015-08-29 20:48:11.

Flavor Version Tinstall Tcheck Ttotal Status Flags
r-devel-linux-x86_64-debian-clang 1.4-0 2.00 71.12 73.12 NOTE
r-devel-linux-x86_64-debian-gcc 1.4-0 1.89 71.24 73.12 NOTE
r-devel-linux-x86_64-fedora-clang 1.4-0 147.58 NOTE
r-devel-linux-x86_64-fedora-gcc 1.4-0 145.61 NOTE
r-devel-osx-x86_64-clang 1.4-0 125.79 NOTE
r-devel-windows-ix86+x86_64 1.4-0 10.00 117.00 127.00 NOTE
r-patched-linux-x86_64 1.4-0 2.06 70.38 72.44 NOTE
r-patched-solaris-sparc 1.4-0 908.30 NOTE
r-patched-solaris-x86 1.4-0 187.80 NOTE
r-release-linux-x86_64 1.4-0 2.06 72.58 74.64 NOTE
r-release-osx-x86_64-mavericks 1.4-0 NOTE
r-release-windows-ix86+x86_64 1.4-0 10.00 114.00 124.00 NOTE
r-oldrel-windows-ix86+x86_64 1.4-0 13.00 144.00 157.00 NOTE

Check Details

Version: 1.4-0
Check: dependencies in R code
Result: NOTE
    'library' or 'require' calls in package code:
     ‘car’ ‘lmtest’
     Please use :: or requireNamespace() instead.
     See section 'Suggested packages' in the 'Writing R Extensions' manual.
Flavors: r-devel-linux-x86_64-debian-clang, r-devel-linux-x86_64-debian-gcc, r-devel-linux-x86_64-fedora-clang, r-devel-linux-x86_64-fedora-gcc, r-devel-osx-x86_64-clang, r-devel-windows-ix86+x86_64, r-patched-linux-x86_64, r-patched-solaris-sparc, r-patched-solaris-x86, r-release-linux-x86_64, r-release-osx-x86_64-mavericks, r-release-windows-ix86+x86_64, r-oldrel-windows-ix86+x86_64

Version: 1.4-0
Check: R code for possible problems
Result: NOTE
    Ftest: no visible global function definition for ‘coef’
    Ftest: no visible global function definition for ‘df.residual’
    Ftest: no visible global function definition for ‘deviance’
    Ftest: no visible global function definition for ‘pchisq’
    Ftest: no visible global function definition for ‘pf’
    amemiya: no visible global function definition for ‘model.frame’
    amemiya: no visible global function definition for ‘coef’
    amemiya: no visible global function definition for ‘resid’
    amemiya: no visible global function definition for ‘deviance’
    amemiya: no visible global function definition for ‘model.matrix’
    cipstest: no visible global function definition for ‘as.formula’
    cipstest: no visible global function definition for ‘model.frame’
    cipstest: no visible global function definition for ‘coef’
    cipstest: no visible global function definition for ‘model.matrix’
    cipstest: no visible global function definition for ‘model.response’
    cipstest: no visible global function definition for ‘update’
    cipstest: no visible global function definition for ‘lm’
    critvals: no visible global function definition for ‘approx’
    deviance.panelmodel: no visible global function definition for ‘resid’
    deviance.panelmodel: no visible global function definition for
     ‘residuals’
    dynformula: no visible global function definition for ‘terms’
    dynterms: no visible global function definition for ‘terms’
    dynterms2formula: no visible global function definition for
     ‘as.formula’
    expand.formula: no visible global function definition for ‘terms’
    expand.formula: no visible global function definition for ‘update’
    expand.formula: no visible global function definition for ‘as.formula’
    extract.data: no visible global function definition for ‘terms’
    extract.data: no visible global function definition for ‘update’
    extract.data: no visible global function definition for ‘formula’
    extract.data: no visible global function definition for ‘model.matrix’
    fitted.plm: no visible global function definition for ‘model.matrix’
    fitted.plm: no visible global function definition for ‘coef’
    fitted.plm: no visible global function definition for ‘model.frame’
    fixef.plm: no visible global function definition for ‘model.frame’
    fixef.plm: no visible global function definition for ‘model.matrix’
    fixef.plm: no visible global function definition for ‘coef’
    fixef.plm: no visible global function definition for ‘deviance’
    fixef.plm: no visible global function definition for ‘df.residual’
    formula.dynformula: no visible global function definition for ‘terms’
    formula.dynformula: no visible global function definition for
     ‘as.formula’
    formula.dynformula: no visible global function definition for ‘update’
    has.intercept.Formula : <anonymous>: no visible global function
     definition for ‘formula’
    has.intercept.default: no visible global function definition for
     ‘formula’
    has.intercept.formula: no visible global function definition for
     ‘terms’
    has.intercept.panelmodel: no visible global function definition for
     ‘model.frame’
    has.intercept.plm: no visible global function definition for ‘formula’
    kinla: no visible global function definition for ‘model.frame’
    kinla: no visible global function definition for ‘deviance’
    longrunvar: no visible global function definition for ‘lm.fit’
    model.frame.pFormula: no visible global function definition for
     ‘model.frame’
    model.matrix.pFormula: no visible global function definition for
     ‘model.matrix’
    model.matrix.plm: no visible global function definition for
     ‘model.frame’
    model.matrix.plm: no visible global function definition for
     ‘model.matrix’
    mtest: no visible global function definition for ‘pnorm’
    my.lm.fit: no visible global function definition for ‘lm.fit’
    mylm: no visible global function definition for ‘lm’
    mylm: no visible global function definition for ‘coef’
    mylm: no visible global function definition for ‘vcov’
    myvar: no visible global function definition for ‘var’
    nerlove: no visible global function definition for ‘model.frame’
    nerlove: no visible global function definition for ‘deviance’
    pFtest.formula: no visible global function definition for ‘update’
    pFtest.plm: no visible global function definition for ‘df.residual’
    pFtest.plm: no visible global function definition for ‘residuals’
    pFtest.plm: no visible global function definition for ‘pf’
    pbgtest.panelmodel: no visible global function definition for
     ‘model.matrix’
    pbgtest.panelmodel: no visible global function definition for
     ‘model.frame’
    pbgtest.panelmodel: no visible global function definition for ‘lm’
    pbltest: no visible global function definition for ‘model.matrix’
    pbltest: no visible global function definition for ‘residuals’
    pbltest: no visible global function definition for ‘pnorm’
    pbltest: no visible global function definition for ‘pchisq’
    pbsytest.panelmodel: no visible global function definition for ‘resid’
    pbsytest.panelmodel: no visible global function definition for
     ‘model.frame’
    pbsytest.panelmodel: no visible global function definition for
     ‘model.matrix’
    pbsytest.panelmodel: no visible global function definition for ‘pchisq’
    pbsytest.panelmodel: no visible global function definition for ‘pnorm’
    pcce: no visible global function definition for ‘model.frame’
    pcce: no visible global function definition for ‘model.matrix’
    pcce: no visible global function definition for ‘model.response’
    pcce: no visible global function definition for ‘terms’
    pcdres: no visible global function definition for ‘pchisq’
    pcdres: no visible global function definition for ‘pnorm’
    pcdtest.formula: no visible global function definition for
     ‘model.frame’
    pcdtest.formula: no visible global function definition for
     ‘model.matrix’
    pcdtest.formula: no visible global function definition for
     ‘model.response’
    pcdtest.formula: no visible global function definition for ‘lm.fit’
    pcdtest.panelmodel: no visible global function definition for ‘resid’
    pcdtest.panelmodel: no visible global function definition for
     ‘model.frame’
    pdata.frame : <anonymous>: no visible global function definition for
     ‘var’
    pdiff: no visible global function definition for ‘na.omit’
    pdiff: no visible binding for global variable ‘var’
    pdim.panelmodel: no visible global function definition for
     ‘model.frame’
    pdwtest.panelmodel: no visible global function definition for
     ‘model.matrix’
    pdwtest.panelmodel: no visible global function definition for
     ‘model.frame’
    pdwtest.panelmodel: no visible global function definition for ‘lm’
    pdwtest.panelmodel: no visible global function definition for ‘dwtest’
    pggls: no visible global function definition for ‘model.frame’
    pggls: no visible global function definition for ‘model.matrix’
    pggls: no visible global function definition for ‘lm.fit’
    pgmm: no visible global function definition for ‘update’
    pgmm: no visible global function definition for ‘as.formula’
    pgmm: no visible binding for global variable ‘df.residual’
    pht: no visible global function definition for ‘model.matrix’
    pht: no visible global function definition for ‘lm’
    pht: no visible global function definition for ‘deviance’
    pht: no visible global function definition for ‘coef’
    pht: no visible global function definition for ‘vcov’
    pht: no visible global function definition for ‘resid’
    pht: no visible global function definition for ‘df.residual’
    phtest.formula: no visible global function definition for ‘update’
    phtest.panelmodel: no visible global function definition for ‘coef’
    phtest.panelmodel: no visible global function definition for ‘vcov’
    phtest.panelmodel: no visible global function definition for ‘pchisq’
    plm.fit: no visible global function definition for ‘model.matrix’
    plm.fit: no visible global function definition for ‘df.residual’
    plm.fit: no visible global function definition for ‘coef’
    plm.fit: no visible global function definition for ‘resid’
    plm.list : plm.models: no visible global function definition for
     ‘as.formula’
    plm.list : systemlm: no visible binding for global variable ‘coef’
    plm.list : systemlm: no visible binding for global variable ‘vcov’
    plm.list : systemlm: no visible binding for global variable
     ‘model.matrix’
    plm.list : systemlm: no visible global function definition for ‘coef’
    plm.list : systemlm: no visible global function definition for ‘vcov’
    plm.list : systemlm: no visible binding for global variable ‘resid’
    plm.list : <anonymous>: no visible global function definition for
     ‘resid’
    plm.list : <anonymous>: no visible global function definition for
     ‘model.matrix’
    plm.list : <anonymous>: no visible global function definition for
     ‘model.frame’
    plm.list: no visible binding for global variable ‘model.matrix’
    plm.list: no visible global function definition for ‘resid’
    plm.list: no visible global function definition for ‘coef’
    plmtest.plm: no visible global function definition for ‘update’
    plmtest.plm: no visible global function definition for ‘model.frame’
    plmtest.plm: no visible global function definition for ‘resid’
    plmtest.plm: no visible global function definition for ‘pnorm’
    plmtest.plm: no visible global function definition for ‘pchisq’
    plot.plm: no visible global function definition for ‘update’
    plot.plm: no visible global function definition for ‘rainbow’
    plot.plm: no visible global function definition for ‘model.matrix’
    plot.plm: no visible global function definition for ‘plot’
    plot.plm: no visible global function definition for ‘axis’
    plot.plm: no visible global function definition for ‘points’
    plot.plm: no visible global function definition for ‘coef’
    plot.plm: no visible global function definition for ‘lines’
    plot.plm: no visible global function definition for ‘abline’
    plot.summary.pseries: no visible global function definition for
     ‘barplot’
    pmg: no visible global function definition for ‘model.frame’
    pmg: no visible global function definition for ‘model.matrix’
    pmg: no visible global function definition for ‘model.response’
    pmg: no visible global function definition for ‘lm.fit’
    pmg: no visible global function definition for ‘var’
    pmodel.response.data.frame: no visible global function definition for
     ‘model.matrix’
    pmodel.response.pFormula: no visible global function definition for
     ‘model.matrix’
    pmodel.response.plm: no visible global function definition for
     ‘model.frame’
    pooltest.plm: no visible global function definition for ‘deviance’
    pooltest.plm: no visible global function definition for ‘residuals’
    pooltest.plm: no visible global function definition for ‘df.residual’
    pooltest.plm: no visible global function definition for ‘pf’
    predict.plm: no visible global function definition for ‘terms’
    predict.plm: no visible global function definition for ‘fitted’
    predict.plm: no visible global function definition for
     ‘delete.response’
    predict.plm: no visible global function definition for ‘model.frame’
    predict.plm: no visible global function definition for ‘model.matrix’
    predict.plm: no visible global function definition for ‘coef’
    print.dynformula: no visible global function definition for ‘formula’
    print.ercomp: no visible global function definition for ‘printCoefmat’
    print.panelmodel: no visible global function definition for ‘formula’
    print.panelmodel: no visible global function definition for ‘coef’
    print.plm.list: no visible global function definition for ‘formula’
    print.plm.list: no visible global function definition for ‘coef’
    print.summary.fixef: no visible global function definition for
     ‘printCoefmat’
    print.summary.pcce: no visible global function definition for
     ‘residuals’
    print.summary.pcce: no visible global function definition for
     ‘printCoefmat’
    print.summary.pggls: no visible global function definition for
     ‘residuals’
    print.summary.pggls: no visible global function definition for
     ‘printCoefmat’
    print.summary.pgmm: no visible global function definition for
     ‘residuals’
    print.summary.pgmm: no visible global function definition for
     ‘printCoefmat’
    print.summary.pht: no visible global function definition for
     ‘printCoefmat’
    print.summary.pht: no visible global function definition for ‘coef’
    print.summary.pht: no visible global function definition for ‘deviance’
    print.summary.plm: no visible global function definition for
     ‘printCoefmat’
    print.summary.plm: no visible global function definition for ‘coef’
    print.summary.plm: no visible global function definition for ‘deviance’
    print.summary.plm.list: no visible global function definition for
     ‘printCoefmat’
    print.summary.pmg: no visible global function definition for
     ‘residuals’
    print.summary.pmg: no visible global function definition for
     ‘printCoefmat’
    print.summary.pvcm: no visible global function definition for
     ‘model.frame’
    print.summary.pvcm: no visible global function definition for
     ‘residuals’
    print.summary.pvcm: no visible global function definition for
     ‘printCoefmat’
    print.theta: no visible global function definition for ‘model.frame’
    purtest : <anonymous>: no visible global function definition for ‘lm’
    purtest: no visible global function definition for ‘pnorm’
    purtest: no visible global function definition for ‘pchisq’
    pvcm.random : <anonymous>: no visible global function definition for
     ‘model.matrix’
    pvcm.random : <anonymous>: no visible global function definition for
     ‘lm’
    pvcm.random : <anonymous>: no visible global function definition for
     ‘model.frame’
    pvcm.random: no visible binding for global variable ‘coef’
    pvcm.random: no visible binding for global variable ‘model.matrix’
    pvcm.random : <anonymous>: no visible global function definition for
     ‘model.response’
    pvcm.random : <anonymous>: no visible global function definition for
     ‘deviance’
    pvcm.random : <anonymous>: no visible global function definition for
     ‘df.residual’
    pvcm.random : <anonymous>: no visible global function definition for
     ‘vcov’
    pvcm.random: no visible global function definition for ‘model.response’
    pvcm.random: no visible global function definition for ‘model.matrix’
    pvcm.within : <anonymous>: no visible global function definition for
     ‘model.matrix’
    pvcm.within : <anonymous>: no visible global function definition for
     ‘lm’
    pvcm.within : <anonymous>: no visible global function definition for
     ‘model.frame’
    pvcm.within: no visible binding for global variable ‘coefficients’
    pwaldtest.panelmodel: no visible global function definition for ‘coef’
    pwaldtest.panelmodel: no visible global function definition for ‘vcov’
    pwaldtest.panelmodel: no visible global function definition for
     ‘pchisq’
    pwartest.panelmodel: no visible global function definition for ‘resid’
    pwartest.panelmodel: no visible global function definition for
     ‘model.frame’
    pwartest.panelmodel: no visible global function definition for
     ‘na.omit’
    pwartest.panelmodel: no visible global function definition for
     ‘linearHypothesis’
    pwfdtest.panelmodel: no visible global function definition for ‘resid’
    pwfdtest.panelmodel: no visible global function definition for
     ‘model.frame’
    pwfdtest.panelmodel: no visible global function definition for
     ‘na.omit’
    pwfdtest.panelmodel: no visible global function definition for
     ‘linearHypothesis’
    pwtest.panelmodel: no visible global function definition for
     ‘model.frame’
    pwtest.panelmodel: no visible global function definition for
     ‘model.matrix’
    pwtest.panelmodel: no visible global function definition for ‘resid’
    pwtest.panelmodel: no visible global function definition for ‘pnorm’
    r.squared: no visible global function definition for ‘fitted’
    r.squared: no visible global function definition for ‘cor’
    r.squared: no visible global function definition for ‘deviance’
    r.squared: no visible global function definition for ‘df.residual’
    r.squared: no visible global function definition for ‘resid’
    residuals.plm: no visible global function definition for ‘coef’
    residuals.plm: no visible global function definition for ‘model.matrix’
    sargan: no visible global function definition for ‘residuals’
    sargan : <anonymous>: no visible global function definition for
     ‘residuals’
    sargan: no visible global function definition for ‘pchisq’
    summary.fixef: no visible global function definition for ‘pnorm’
    summary.pcce: no visible global function definition for ‘pnorm’
    summary.pcce: no visible global function definition for ‘residuals’
    summary.pggls: no visible global function definition for ‘pnorm’
    summary.pggls: no visible global function definition for ‘residuals’
    summary.pgmm: no visible global function definition for ‘vcov’
    summary.pgmm: no visible global function definition for ‘coef’
    summary.pgmm: no visible global function definition for ‘pnorm’
    summary.pht: no visible global function definition for ‘vcov’
    summary.pht: no visible global function definition for ‘coefficients’
    summary.pht: no visible global function definition for ‘pnorm’
    summary.plm: no visible global function definition for ‘vcov’
    summary.plm: no visible global function definition for ‘coefficients’
    summary.plm: no visible global function definition for ‘pt’
    summary.plm.list: no visible global function definition for ‘coef’
    summary.plm.list: no visible global function definition for
     ‘coefficients’
    summary.plm.list: no visible global function definition for ‘pt’
    summary.pmg: no visible global function definition for ‘pnorm’
    summary.pmg: no visible global function definition for ‘residuals’
    summary.pvcm: no visible global function definition for ‘vcov’
    summary.pvcm: no visible global function definition for ‘pnorm’
    summary.pvcm: no visible global function definition for ‘deviance’
    summary.pvcm: no visible global function definition for ‘model.frame’
    sumres: no visible global function definition for ‘resid’
    sumsq: no visible global function definition for ‘na.omit’
    swar: no visible global function definition for ‘model.frame’
    swar: no visible global function definition for ‘coef’
    swar: no visible global function definition for ‘deviance’
    swar: no visible global function definition for ‘df.residual’
    swar: no visible global function definition for ‘model.matrix’
    terms.panelmodel: no visible global function definition for ‘terms’
    terms.panelmodel: no visible global function definition for ‘formula’
    tsadf: no visible global function definition for ‘lm.fit’
    tss.default: no visible global function definition for ‘var’
    twosls: no visible global function definition for ‘lm’
    twosls: no visible global function definition for ‘coef’
    update.panelmodel: no visible global function definition for ‘update’
    update.panelmodel: no visible global function definition for ‘formula’
    vcovBK.plm: no visible global function definition for ‘model.matrix’
    vcovBK.plm: no visible global function definition for ‘vcov’
    vcovHC.pgmm: no visible global function definition for ‘vcov’
    vcovHC.plm: no visible global function definition for ‘model.matrix’
    vcovHC.plm: no visible global function definition for ‘vcov’
    vcovSCC.plm: no visible global function definition for ‘model.matrix’
    vcovSCC.plm: no visible global function definition for ‘vcov’
    wald: no visible global function definition for ‘pchisq’
    walhus: no visible global function definition for ‘model.frame’
    walhus: no visible global function definition for ‘resid’
    Undefined global functions or variables:
     abline approx as.formula axis barplot coef coefficients cor
     delete.response deviance df.residual dwtest fitted formula
     linearHypothesis lines lm lm.fit model.frame model.matrix
     model.response na.omit pchisq pf plot pnorm points printCoefmat pt
     rainbow resid residuals terms update var vcov
    Consider adding
     importFrom("grDevices", "rainbow")
     importFrom("graphics", "abline", "axis", "barplot", "lines", "plot",
     "points")
     importFrom("stats", "approx", "as.formula", "coef", "coefficients",
     "cor", "delete.response", "deviance", "df.residual",
     "fitted", "formula", "lm", "lm.fit", "model.frame",
     "model.matrix", "model.response", "na.omit", "pchisq", "pf",
     "pnorm", "printCoefmat", "pt", "resid", "residuals",
     "terms", "update", "var", "vcov")
    to your NAMESPACE.
Flavors: r-devel-linux-x86_64-debian-clang, r-devel-linux-x86_64-debian-gcc, r-devel-linux-x86_64-fedora-clang, r-devel-linux-x86_64-fedora-gcc, r-devel-windows-ix86+x86_64

Version: 1.4-0
Check: R code for possible problems
Result: NOTE
    pdwtest.panelmodel: no visible global function definition for ‘dwtest’
    pwartest.panelmodel: no visible global function definition for
     ‘linearHypothesis’
    pwfdtest.panelmodel: no visible global function definition for
     ‘linearHypothesis’
    Undefined global functions or variables:
     dwtest linearHypothesis
Flavor: r-devel-osx-x86_64-clang

Version: 1.4-0
Check: R code for possible problems
Result: NOTE
    pdwtest.panelmodel: no visible global function definition for ‘dwtest’
    pwartest.panelmodel: no visible global function definition for
     ‘linearHypothesis’
    pwfdtest.panelmodel: no visible global function definition for
     ‘linearHypothesis’
Flavors: r-patched-linux-x86_64, r-patched-solaris-sparc, r-patched-solaris-x86, r-release-linux-x86_64, r-release-osx-x86_64-mavericks, r-release-windows-ix86+x86_64, r-oldrel-windows-ix86+x86_64