CRAN Package Check Results for Package plm

Last updated on 2016-02-09 16:47:06.

Flavor Version Tinstall Tcheck Ttotal Status Flags
r-devel-linux-x86_64-debian-gcc 1.5-12 5.35 110.66 116.01 OK
r-devel-linux-x86_64-fedora-clang 1.5-12 232.55 OK
r-devel-linux-x86_64-fedora-gcc 1.5-12 221.68 OK
r-devel-osx-x86_64-clang 1.5-12 244.49 OK
r-devel-windows-ix86+x86_64 1.5-12 22.00 244.00 266.00 OK
r-patched-linux-x86_64 1.5-12 5.64 124.81 130.45 OK
r-patched-solaris-sparc 1.5-12 1549.70 OK
r-patched-solaris-x86 1.5-12 315.90 OK
r-release-linux-x86_64 1.5-12 5.81 124.15 129.96 OK
r-release-osx-x86_64-mavericks 1.5-12 OK
r-release-windows-ix86+x86_64 1.5-12 20.00 267.00 287.00 OK
r-oldrel-windows-ix86+x86_64 1.5-12 10.00 2.00 12.00 ERROR

Check Details

Version: 1.5-12
Check: whether package can be installed
Result: ERROR
    Installation failed.
Flavor: r-oldrel-windows-ix86+x86_64