CRAN Package Check Results for Package plm

Last updated on 2015-04-01 19:48:32.

Flavor Version Tinstall Tcheck Ttotal Status Flags
r-devel-linux-x86_64-debian-clang 1.4-0 2.16 75.77 77.92 NOTE
r-devel-linux-x86_64-debian-gcc 1.4-0 3.13 72.13 75.26 NOTE
r-devel-linux-x86_64-fedora-clang 1.4-0 153.78 NOTE
r-devel-linux-x86_64-fedora-gcc 1.4-0 160.30 NOTE
r-devel-osx-x86_64-clang 1.4-0 147.35 NOTE
r-prerel-windows-ix86+x86_64 1.4-0 9.00 101.00 110.00 NOTE
r-prerel-linux-x86_64 1.4-0 2.06 71.48 73.55 NOTE
r-prerel-solaris-sparc 1.4-0 909.90 NOTE
r-prerel-solaris-x86 1.4-0 178.00 NOTE
r-release-linux-x86_64 1.4-0 2.84 88.91 91.75 NOTE
r-release-osx-x86_64-mavericks 1.4-0 NOTE
r-release-osx-x86_64-snowleopard 1.4-0 OK
r-release-windows-ix86+x86_64 1.4-0 9.00 136.00 145.00 NOTE
r-oldrel-windows-ix86+x86_64 1.4-0 9.00 140.00 149.00 OK

Check Details

Version: 1.4-0
Check: dependencies in R code
Result: NOTE
    'library' or 'require' calls in package code:
     ‘car’ ‘lmtest’
     Please use :: or requireNamespace() instead.
     See section 'Suggested packages' in the 'Writing R Extensions' manual.
Flavors: r-devel-linux-x86_64-debian-clang, r-devel-linux-x86_64-debian-gcc, r-devel-linux-x86_64-fedora-clang, r-devel-linux-x86_64-fedora-gcc, r-devel-osx-x86_64-clang, r-prerel-windows-ix86+x86_64, r-prerel-linux-x86_64, r-prerel-solaris-sparc, r-prerel-solaris-x86, r-release-linux-x86_64, r-release-windows-ix86+x86_64

Version: 1.4-0
Check: R code for possible problems
Result: NOTE
    pdwtest.panelmodel: no visible global function definition for ‘dwtest’
    pwartest.panelmodel: no visible global function definition for
     ‘linearHypothesis’
    pwfdtest.panelmodel: no visible global function definition for
     ‘linearHypothesis’
Flavors: r-devel-linux-x86_64-debian-clang, r-devel-linux-x86_64-debian-gcc, r-devel-linux-x86_64-fedora-clang, r-devel-linux-x86_64-fedora-gcc, r-devel-osx-x86_64-clang, r-prerel-windows-ix86+x86_64, r-prerel-linux-x86_64, r-prerel-solaris-sparc, r-prerel-solaris-x86, r-release-linux-x86_64, r-release-osx-x86_64-mavericks, r-release-windows-ix86+x86_64