CRAN Package Check Results for Package plm

Last updated on 2014-12-23 01:49:08.

Flavor Version Tinstall Tcheck Ttotal Status Flags
r-devel-linux-x86_64-debian-clang 1.4-0 2.75 77.75 80.50 NOTE
r-devel-linux-x86_64-debian-gcc 1.4-0 2.55 75.98 78.53 NOTE
r-devel-linux-x86_64-fedora-clang 1.4-0 167.05 NOTE
r-devel-linux-x86_64-fedora-gcc 1.4-0 160.20 NOTE
r-devel-osx-x86_64-clang 1.4-0 145.44 NOTE
r-devel-windows-ix86+x86_64 1.4-0 9.00 118.00 127.00 NOTE
r-patched-linux-x86_64 1.4-0 2.76 81.85 84.60 NOTE
r-patched-solaris-sparc 1.4-0 956.60 NOTE
r-patched-solaris-x86 1.4-0 196.50 NOTE
r-release-linux-ix86 1.4-0 3.02 93.77 96.80 NOTE
r-release-linux-x86_64 1.4-0 4.09 83.07 87.16 NOTE
r-release-osx-x86_64-mavericks 1.4-0 OK
r-release-osx-x86_64-snowleopard 1.4-0 OK
r-release-windows-ix86+x86_64 1.4-0 10.00 123.00 133.00 NOTE
r-oldrel-windows-ix86+x86_64 1.4-0 9.00 123.00 132.00 OK

Check Details

Version: 1.4-0
Check: R code for possible problems
Result: NOTE
    pdwtest.panelmodel: no visible global function definition for ‘dwtest’
    pwartest.panelmodel: no visible global function definition for
     ‘linearHypothesis’
    pwfdtest.panelmodel: no visible global function definition for
     ‘linearHypothesis’
Flavors: r-devel-linux-x86_64-debian-clang, r-devel-linux-x86_64-debian-gcc, r-devel-linux-x86_64-fedora-clang, r-devel-linux-x86_64-fedora-gcc, r-devel-osx-x86_64-clang, r-devel-windows-ix86+x86_64, r-patched-linux-x86_64, r-patched-solaris-sparc, r-patched-solaris-x86, r-release-linux-ix86, r-release-linux-x86_64, r-release-windows-ix86+x86_64