CRAN Package Check Results for Package plm

Last updated on 2024-02-27 21:48:34 CET.

Flavor Version Tinstall Tcheck Ttotal Status Flags
r-devel-linux-x86_64-debian-clang 2.6-3 23.94 228.65 252.59 OK
r-devel-linux-x86_64-debian-gcc 2.6-3 17.07 168.71 185.78 OK
r-devel-linux-x86_64-fedora-clang 2.6-3 311.23 NOTE
r-devel-linux-x86_64-fedora-gcc 2.6-3 321.56 OK
r-devel-windows-x86_64 2.6-3 21.00 194.00 215.00 NOTE
r-patched-linux-x86_64 2.6-3 28.45 216.93 245.38 OK
r-release-linux-x86_64 2.6-3 24.22 224.97 249.19 OK
r-release-macos-arm64 2.6-3 88.00 NOTE
r-release-macos-x86_64 2.6-3 200.00 NOTE
r-release-windows-x86_64 2.6-3 30.00 235.00 265.00 NOTE
r-oldrel-macos-arm64 2.6-3 81.00 NOTE
r-oldrel-windows-x86_64 2.6-3 31.00 220.00 251.00 NOTE

Check Details

Version: 2.6-3
Check: installed package size
Result: NOTE installed size is 5.7Mb sub-directories of 1Mb or more: tests 3.1Mb Flavors: r-devel-linux-x86_64-fedora-clang, r-devel-windows-x86_64, r-release-macos-arm64, r-release-macos-x86_64, r-release-windows-x86_64, r-oldrel-macos-arm64, r-oldrel-windows-x86_64