CRAN Package Check Results for Package plm

Last updated on 2014-10-23 03:48:53.

Flavor Version Tinstall Tcheck Ttotal Status Flags
r-devel-linux-x86_64-debian-clang 1.4-0 3.16 83.45 86.61 NOTE
r-devel-linux-x86_64-debian-gcc 1.4-0 2.85 77.16 80.01 NOTE
r-devel-linux-x86_64-fedora-clang 1.4-0 175.17 NOTE
r-devel-linux-x86_64-fedora-gcc 1.4-0 163.74 NOTE
r-devel-osx-x86_64-clang 1.4-0 149.95 NOTE
r-devel-windows-ix86+x86_64 1.4-0 9.00 109.00 118.00 NOTE
r-patched-linux-x86_64 1.4-0 2.84 84.09 86.94 NOTE
r-patched-solaris-sparc 1.4-0 960.50 NOTE
r-patched-solaris-x86 1.4-0 195.60 NOTE
r-release-linux-ix86 1.4-0 3.20 98.41 101.60 OK
r-release-linux-x86_64 1.4-0 2.82 82.08 84.90 OK
r-release-osx-x86_64-mavericks 1.4-0 OK
r-release-osx-x86_64-snowleopard 1.4-0 OK
r-release-windows-ix86+x86_64 1.4-0 9.00 120.00 129.00 OK
r-oldrel-windows-ix86+x86_64 1.4-0 8.00 125.00 133.00 OK

Check Details

Version: 1.4-0
Check: R code for possible problems
Result: NOTE
    pdwtest.panelmodel: no visible global function definition for ‘dwtest’
    pwartest.panelmodel: no visible global function definition for
     ‘linearHypothesis’
    pwfdtest.panelmodel: no visible global function definition for
     ‘linearHypothesis’
Flavors: r-devel-linux-x86_64-debian-clang, r-devel-linux-x86_64-debian-gcc, r-devel-linux-x86_64-fedora-clang, r-devel-linux-x86_64-fedora-gcc, r-devel-osx-x86_64-clang, r-devel-windows-ix86+x86_64, r-patched-linux-x86_64, r-patched-solaris-sparc, r-patched-solaris-x86