CRAN Package Check Results for Package plm

Last updated on 2015-02-26 23:47:51.

Flavor Version Tinstall Tcheck Ttotal Status Flags
r-devel-linux-x86_64-debian-clang 1.4-0 2.11 75.94 78.06 NOTE
r-devel-linux-x86_64-debian-gcc 1.4-0 2.20 70.98 73.18 NOTE
r-devel-linux-x86_64-fedora-clang 1.4-0 153.04 NOTE
r-devel-linux-x86_64-fedora-gcc 1.4-0 143.29 NOTE
r-devel-osx-x86_64-clang 1.4-0 139.98 NOTE
r-devel-windows-ix86+x86_64 1.4-0 10.00 106.00 116.00 NOTE
r-patched-linux-x86_64 1.4-0 2.81 89.48 92.29 NOTE
r-patched-solaris-sparc 1.4-0 1117.90 NOTE
r-patched-solaris-x86 1.4-0 218.90 NOTE
r-release-linux-ix86 1.4-0 3.37 104.91 108.28 NOTE
r-release-linux-x86_64 1.4-0 2.76 0.26 3.02 OK
r-release-osx-x86_64-mavericks 1.4-0 NOTE
r-release-osx-x86_64-snowleopard 1.4-0 OK
r-release-windows-ix86+x86_64 1.4-0 10.00 137.00 147.00 NOTE
r-oldrel-windows-ix86+x86_64 1.4-0 9.00 133.00 142.00 OK

Check Details

Version: 1.4-0
Check: dependencies in R code
Result: NOTE
    'library' or 'require' calls in package code:
     ‘car’ ‘lmtest’
     Please use :: or requireNamespace() instead.
     See section 'Suggested packages' in the 'Writing R Extensions' manual.
Flavors: r-devel-linux-x86_64-debian-clang, r-devel-linux-x86_64-debian-gcc, r-devel-linux-x86_64-fedora-clang, r-devel-linux-x86_64-fedora-gcc, r-devel-osx-x86_64-clang, r-devel-windows-ix86+x86_64, r-patched-linux-x86_64, r-patched-solaris-sparc, r-patched-solaris-x86

Version: 1.4-0
Check: R code for possible problems
Result: NOTE
    pdwtest.panelmodel: no visible global function definition for ‘dwtest’
    pwartest.panelmodel: no visible global function definition for
     ‘linearHypothesis’
    pwfdtest.panelmodel: no visible global function definition for
     ‘linearHypothesis’
Flavors: r-devel-linux-x86_64-debian-clang, r-devel-linux-x86_64-debian-gcc, r-devel-linux-x86_64-fedora-clang, r-devel-linux-x86_64-fedora-gcc, r-devel-osx-x86_64-clang, r-devel-windows-ix86+x86_64, r-patched-linux-x86_64, r-patched-solaris-sparc, r-patched-solaris-x86, r-release-linux-ix86, r-release-osx-x86_64-mavericks, r-release-windows-ix86+x86_64