CRAN Package Check Results for Package plmDE

Last updated on 2014-10-23 05:46:48.

Flavor Version Tinstall Tcheck Ttotal Status Flags
r-devel-linux-x86_64-debian-clang 1.0 1.86 28.20 30.06 NOTE
r-devel-linux-x86_64-debian-gcc 1.0 1.74 26.69 28.43 NOTE
r-devel-linux-x86_64-fedora-clang 1.0 59.92 NOTE
r-devel-linux-x86_64-fedora-gcc 1.0 54.34 NOTE
r-devel-osx-x86_64-clang 1.0 59.68 NOTE
r-devel-windows-ix86+x86_64 1.0 6.00 39.00 45.00 NOTE
r-patched-linux-x86_64 1.0 1.75 27.65 29.40 NOTE
r-patched-solaris-sparc 1.0 399.10 NOTE
r-patched-solaris-x86 1.0 73.00 NOTE
r-release-linux-ix86 1.0 2.19 39.45 41.64 NOTE
r-release-linux-x86_64 1.0 1.78 31.59 33.37 NOTE
r-release-osx-x86_64-mavericks 1.0 NOTE
r-release-osx-x86_64-snowleopard 1.0 NOTE
r-release-windows-ix86+x86_64 1.0 7.00 44.00 51.00 NOTE
r-oldrel-windows-ix86+x86_64 1.0 6.00 49.00 55.00 NOTE

Check Details

Version: 1.0
Check: dependencies in R code
Result: NOTE
    Packages in Depends field not imported from:
     ‘R.oo’ ‘limma’ ‘splines’
     These packages need to be imported from (in the NAMESPACE file)
     for when this namespace is loaded but not attached.
    See the information on DESCRIPTION files in the chapter ‘Creating R
    packages’ of the ‘Writing R Extensions’ manual.
Flavors: r-devel-linux-x86_64-debian-clang, r-devel-linux-x86_64-debian-gcc, r-devel-linux-x86_64-fedora-clang, r-devel-linux-x86_64-fedora-gcc, r-devel-osx-x86_64-clang, r-devel-windows-ix86+x86_64, r-patched-linux-x86_64, r-patched-solaris-sparc, r-patched-solaris-x86

Version: 1.0
Check: Rd line widths
Result: NOTE
    Rd file 'info.plmDE.Rd':
     \examples lines wider than 100 characters:
     DataInfo = data.frame(sample = names(ExpressionData), group = c(rep("Control", 50), rep("Diseased", 50)), weight = abs(rnorm(100, 50, 2 ... [TRUNCATED]
    
    These lines will be truncated in the PDF manual.
Flavors: r-devel-linux-x86_64-debian-clang, r-devel-linux-x86_64-debian-gcc, r-devel-linux-x86_64-fedora-clang, r-devel-linux-x86_64-fedora-gcc, r-patched-linux-x86_64, r-release-linux-x86_64

Version: 1.0
Check: dependencies in R code
Result: NOTE
    Packages in Depends field not imported from:
     ‘R.oo’ ‘limma’
     These packages need to be imported from (in the NAMESPACE file)
     for when this namespace is loaded but not attached.
    See the information on DESCRIPTION files in the chapter ‘Creating R
    packages’ of the ‘Writing R Extensions’ manual.
Flavors: r-release-linux-ix86, r-release-linux-x86_64, r-release-osx-x86_64-mavericks, r-release-osx-x86_64-snowleopard, r-release-windows-ix86+x86_64, r-oldrel-windows-ix86+x86_64

Version: 1.0
Check: R code for possible problems
Result: NOTE
    Error in loadNamespace(j <- i[[1L]], c(lib.loc, .libPaths()), versionCheck = vI[[j]]) :
     there is no package called ‘genefilter’
Flavor: r-release-osx-x86_64-mavericks