CRAN Package Check Results for Package plmDE

Last updated on 2014-04-24 07:52:33.

Flavor Version Tinstall Tcheck Ttotal Status Flags
r-devel-linux-x86_64-debian-clang 1.0 1.85 33.44 35.28 NOTE
r-devel-linux-x86_64-debian-gcc 1.0 1.85 31.87 33.72 NOTE
r-devel-linux-x86_64-fedora-clang 1.0 71.75 NOTE
r-devel-linux-x86_64-fedora-gcc 1.0 66.74 NOTE
r-devel-osx-x86_64-clang 1.0 65.69 NOTE
r-devel-osx-x86_64-gcc 1.0 ERROR
r-devel-windows-ix86+x86_64 1.0 5.00 45.00 50.00 NOTE
r-patched-linux-x86_64 1.0 1.83 32.85 34.68 NOTE
r-patched-solaris-sparc 1.0 387.10 NOTE
r-patched-solaris-x86 1.0 82.50 NOTE
r-release-linux-ix86 1.0 3.00 53.00 56.00 NOTE
r-release-linux-x86_64 1.0 1.82 34.20 36.03 NOTE
r-release-osx-x86_64-mavericks 1.0 ERROR
r-release-osx-x86_64-snowleopard 1.0 NOTE
r-release-windows-ix86+x86_64 1.0 6.00 44.00 50.00 NOTE
r-oldrel-windows-ix86+x86_64 1.0 6.00 46.00 52.00 NOTE

Check Details

Version: 1.0
Check: dependencies in R code
Result: NOTE
    Packages in Depends field not imported from:
     ‘R.oo’ ‘limma’
     These packages need to be imported from (in the NAMESPACE file)
     for when this namespace is loaded but not attached.
    See the information on DESCRIPTION files in the chapter ‘Creating R
    packages’ of the ‘Writing R Extensions’ manual.
Flavors: r-devel-linux-x86_64-debian-clang, r-devel-linux-x86_64-debian-gcc, r-devel-linux-x86_64-fedora-clang, r-devel-linux-x86_64-fedora-gcc, r-devel-osx-x86_64-clang, r-devel-windows-ix86+x86_64, r-patched-linux-x86_64, r-patched-solaris-sparc, r-patched-solaris-x86, r-release-linux-ix86, r-release-linux-x86_64, r-release-osx-x86_64-snowleopard, r-release-windows-ix86+x86_64, r-oldrel-windows-ix86+x86_64

Version: 1.0
Check: Rd line widths
Result: NOTE
    Rd file 'info.plmDE.Rd':
     \examples lines wider than 100 characters:
     DataInfo = data.frame(sample = names(ExpressionData), group = c(rep("Control", 50), rep("Diseased", 50)), weight = abs(rnorm(100, 50, 2 ... [TRUNCATED]
    
    These lines will be truncated in the PDF manual.
Flavors: r-devel-linux-x86_64-fedora-clang, r-devel-linux-x86_64-fedora-gcc

Version: 1.0
Check: package dependencies
Result: ERROR
    Package required but not available: ‘limma’
    
    Packages suggested but not available for checking:
     ‘Biobase’ ‘edgeR’ ‘DESeq’
    
    See the information on DESCRIPTION files in the chapter ‘Creating R
    packages’ of the ‘Writing R Extensions’ manual.
Flavors: r-devel-osx-x86_64-gcc, r-release-osx-x86_64-mavericks