CRAN Package Check Results for Package plmm

Last updated on 2014-07-23 05:49:09.

Flavor Version Tinstall Tcheck Ttotal Status Flags
r-devel-linux-x86_64-debian-clang 0.1-1 0.98 26.20 27.18 NOTE
r-devel-linux-x86_64-debian-gcc 0.1-1 0.96 25.69 26.65 NOTE
r-devel-linux-x86_64-fedora-clang 0.1-1 53.80 NOTE
r-devel-linux-x86_64-fedora-gcc 0.1-1 52.72 NOTE
r-devel-osx-x86_64-clang 0.1-1 48.12 NOTE
r-devel-windows-ix86+x86_64 0.1-1 4.00 38.00 42.00 NOTE
r-patched-linux-x86_64 0.1-1 0.97 25.97 26.94 NOTE
r-patched-solaris-sparc 0.1-1 301.20 NOTE
r-patched-solaris-x86 0.1-1 71.20 NOTE
r-release-linux-ix86 0.1-1 1.35 37.66 39.01 NOTE
r-release-linux-x86_64 0.1-1 1.02 27.17 28.19 NOTE
r-release-osx-x86_64-mavericks 0.1-1 NOTE
r-release-osx-x86_64-snowleopard 0.1-1 NOTE
r-release-windows-ix86+x86_64 0.1-1 4.00 39.00 43.00 NOTE
r-oldrel-windows-ix86+x86_64 0.1-1 4.00 43.00 47.00 NOTE

Check Details

Version: 0.1-1
Check: dependencies in R code
Result: NOTE
    Packages in Depends field not imported from:
     ‘Formula’ ‘sm’
     These packages need to be imported from (in the NAMESPACE file)
     for when this namespace is loaded but not attached.
    See the information on DESCRIPTION files in the chapter ‘Creating R
    packages’ of the ‘Writing R Extensions’ manual.
Flavors: r-devel-linux-x86_64-debian-clang, r-devel-linux-x86_64-debian-gcc, r-devel-linux-x86_64-fedora-clang, r-devel-linux-x86_64-fedora-gcc, r-devel-osx-x86_64-clang, r-devel-windows-ix86+x86_64, r-patched-linux-x86_64, r-patched-solaris-sparc, r-patched-solaris-x86, r-release-linux-ix86, r-release-linux-x86_64, r-release-osx-x86_64-mavericks, r-release-windows-ix86+x86_64, r-oldrel-windows-ix86+x86_64

Version: 0.1-1
Check: dependencies in R code
Result: NOTE
    Packages in Depends field not imported from:
     'Formula' 'sm'
     These packages need to be imported from for the case when
     this namespace is loaded but not attached.
    See the information on DESCRIPTION files in the chapter 'Creating R
    packages' of the 'Writing R Extensions' manual.
Flavor: r-release-osx-x86_64-snowleopard