CRAN Package Check Results for Package plmm

Last updated on 2015-08-04 23:48:23.

Flavor Version Tinstall Tcheck Ttotal Status Flags
r-devel-linux-x86_64-debian-clang 0.1-1 0.80 24.90 25.71 NOTE
r-devel-linux-x86_64-debian-gcc 0.1-1 0.81 24.29 25.10 NOTE
r-devel-linux-x86_64-fedora-clang 0.1-1 44.27 NOTE
r-devel-linux-x86_64-fedora-gcc 0.1-1 41.79 NOTE
r-devel-osx-x86_64-clang 0.1-1 38.74 NOTE
r-devel-windows-ix86+x86_64 0.1-1 5.00 38.00 43.00 NOTE
r-patched-linux-x86_64 0.1-1 0.86 23.22 24.08 NOTE
r-patched-solaris-sparc 0.1-1 288.70 NOTE
r-patched-solaris-x86 0.1-1 71.20 NOTE
r-release-linux-x86_64 0.1-1 0.87 23.74 24.61 NOTE
r-release-osx-x86_64-mavericks 0.1-1 NOTE
r-release-windows-ix86+x86_64 0.1-1 7.00 41.00 48.00 NOTE
r-oldrel-windows-ix86+x86_64 0.1-1 7.00 52.00 59.00 NOTE

Check Details

Version: 0.1-1
Check: dependencies in R code
Result: NOTE
    Packages in Depends field not imported from:
     ‘Formula’ ‘sm’
     These packages need to be imported from (in the NAMESPACE file)
     for when this namespace is loaded but not attached.
Flavors: r-devel-linux-x86_64-debian-clang, r-devel-linux-x86_64-debian-gcc, r-devel-linux-x86_64-fedora-clang, r-devel-linux-x86_64-fedora-gcc, r-devel-osx-x86_64-clang, r-devel-windows-ix86+x86_64, r-patched-linux-x86_64, r-patched-solaris-sparc, r-patched-solaris-x86, r-release-linux-x86_64, r-release-osx-x86_64-mavericks, r-release-windows-ix86+x86_64, r-oldrel-windows-ix86+x86_64

Version: 0.1-1
Check: R code for possible problems
Result: NOTE
    .var.ij: no visible global function definition for ‘hcv’
    .var.ij: no visible global function definition for ‘h.select’
    .var.ij: no visible global function definition for ‘sd’
    .var.ij: no visible binding for global variable ‘sd’
    .var.ij: no visible global function definition for ‘sm.regression’
    LiStengos: no visible global function definition for ‘h.select’
    LiStengos: no visible global function definition for ‘hcv’
    LiStengos: no visible binding for global variable ‘sd’
    LiStengos: no visible global function definition for ‘optimize’
    LiStengos: no visible global function definition for ‘sm.regression’
    cal_df_gamma1: no visible global function definition for ‘binning’
    cal_df_gamma2: no visible global function definition for ‘binning’
    iteration: no visible global function definition for ‘ave’
    iteration: no visible global function definition for ‘lm’
    iteration: no visible global function definition for ‘h.select’
    iteration: no visible global function definition for ‘hcv’
    iteration: no visible binding for global variable ‘sd’
    iteration: no visible global function definition for ‘optimize’
    iteration: no visible global function definition for ‘sm.regression’
    iteration: no visible global function definition for ‘na.omit’
    iteration0: no visible global function definition for ‘sm.regression’
    iteration0: no visible global function definition for ‘ave’
    iteration0: no visible global function definition for ‘lm’
    iteration0: no visible global function definition for ‘h.select’
    plmm: no visible global function definition for ‘Formula’
    plmm: no visible global function definition for ‘model.response’
    plmm: no visible global function definition for ‘model.matrix’
    plmm: no visible global function definition for ‘terms’
    plmm.bs: no visible global function definition for ‘Formula’
    plmm.bs: no visible global function definition for ‘model.response’
    plmm.bs: no visible global function definition for ‘model.matrix’
    plmm.bs: no visible global function definition for ‘ave’
    plmm.bs: no visible global function definition for ‘rnorm’
    plmm.bs: no visible global function definition for ‘terms’
    plot.plmm: no visible global function definition for ‘Formula’
    plot.plmm: no visible global function definition for ‘model.response’
    plot.plmm: no visible global function definition for ‘model.matrix’
    plot.plmm: no visible global function definition for ‘terms’
    plot.plmm: no visible global function definition for ‘sm.regression’
    predict.plmm: no visible global function definition for ‘Formula’
    predict.plmm: no visible global function definition for ‘model.matrix’
    predict.plmm: no visible global function definition for
     ‘model.response’
    predict.plmm: no visible global function definition for ‘sm.regression’
    print.summary.plmm: no visible global function definition for ‘terms’
    print.summary.plmm: no visible global function definition for ‘Formula’
    ranef.plmm: no visible global function definition for ‘Formula’
    ranef.plmm: no visible global function definition for ‘model.response’
    ranef.plmm: no visible global function definition for ‘model.matrix’
    select.h0: no visible global function definition for ‘Formula’
    select.h0: no visible global function definition for ‘model.response’
    select.h0: no visible global function definition for ‘terms’
    select.h0: no visible global function definition for ‘model.matrix’
    select.h0: no visible global function definition for ‘h.select’
    select.h0: no visible global function definition for ‘hcv’
    summary.bs.plmm: no visible binding for global variable ‘sd’
    summary.bs.plmm: no visible binding for global variable ‘quantile’
    var.plot: no visible global function definition for ‘Formula’
    var.plot: no visible global function definition for ‘model.response’
    var.plot: no visible global function definition for ‘model.matrix’
    var.plot: no visible global function definition for ‘sm.regression’
    wplmm: no visible global function definition for ‘Formula’
    wplmm: no visible global function definition for ‘model.response’
    wplmm: no visible global function definition for ‘model.matrix’
    wplmm: no visible global function definition for ‘terms’
    Undefined global functions or variables:
     Formula ave binning h.select hcv lm model.matrix model.response
     na.omit optimize quantile rnorm sd sm.regression terms
    Consider adding
     importFrom("stats", "ave", "lm", "model.matrix", "model.response",
     "na.omit", "optimize", "quantile", "rnorm", "sd", "terms")
    to your NAMESPACE.
Flavors: r-devel-linux-x86_64-debian-clang, r-devel-linux-x86_64-debian-gcc, r-devel-linux-x86_64-fedora-clang, r-devel-linux-x86_64-fedora-gcc, r-devel-windows-ix86+x86_64

Version: 0.1-1
Check: R code for possible problems
Result: NOTE
    .var.ij: no visible global function definition for ‘hcv’
    .var.ij: no visible global function definition for ‘h.select’
    .var.ij: no visible global function definition for ‘sm.regression’
    LiStengos: no visible global function definition for ‘h.select’
    LiStengos: no visible global function definition for ‘hcv’
    LiStengos: no visible global function definition for ‘sm.regression’
    cal_df_gamma1: no visible global function definition for ‘binning’
    cal_df_gamma2: no visible global function definition for ‘binning’
    iteration: no visible global function definition for ‘h.select’
    iteration: no visible global function definition for ‘hcv’
    iteration: no visible global function definition for ‘sm.regression’
    iteration0: no visible global function definition for ‘sm.regression’
    iteration0: no visible global function definition for ‘h.select’
    plmm: no visible global function definition for ‘Formula’
    plmm.bs: no visible global function definition for ‘Formula’
    plot.plmm: no visible global function definition for ‘Formula’
    plot.plmm: no visible global function definition for ‘sm.regression’
    predict.plmm: no visible global function definition for ‘Formula’
    predict.plmm: no visible global function definition for ‘sm.regression’
    print.summary.plmm: no visible global function definition for ‘Formula’
    ranef.plmm: no visible global function definition for ‘Formula’
    select.h0: no visible global function definition for ‘Formula’
    select.h0: no visible global function definition for ‘h.select’
    select.h0: no visible global function definition for ‘hcv’
    var.plot: no visible global function definition for ‘Formula’
    var.plot: no visible global function definition for ‘sm.regression’
    wplmm: no visible global function definition for ‘Formula’
    Undefined global functions or variables:
     Formula binning h.select hcv sm.regression
Flavor: r-devel-osx-x86_64-clang

Version: 0.1-1
Check: R code for possible problems
Result: NOTE
    .var.ij: no visible global function definition for ‘hcv’
    .var.ij: no visible global function definition for ‘h.select’
    .var.ij: no visible global function definition for ‘sm.regression’
    LiStengos: no visible global function definition for ‘h.select’
    LiStengos: no visible global function definition for ‘hcv’
    LiStengos: no visible global function definition for ‘sm.regression’
    cal_df_gamma1: no visible global function definition for ‘binning’
    cal_df_gamma2: no visible global function definition for ‘binning’
    iteration: no visible global function definition for ‘h.select’
    iteration: no visible global function definition for ‘hcv’
    iteration: no visible global function definition for ‘sm.regression’
    iteration0: no visible global function definition for ‘sm.regression’
    iteration0: no visible global function definition for ‘h.select’
    plmm: no visible global function definition for ‘Formula’
    plmm.bs: no visible global function definition for ‘Formula’
    plot.plmm: no visible global function definition for ‘Formula’
    plot.plmm: no visible global function definition for ‘sm.regression’
    predict.plmm: no visible global function definition for ‘Formula’
    predict.plmm: no visible global function definition for ‘sm.regression’
    print.summary.plmm: no visible global function definition for ‘Formula’
    ranef.plmm: no visible global function definition for ‘Formula’
    select.h0: no visible global function definition for ‘Formula’
    select.h0: no visible global function definition for ‘h.select’
    select.h0: no visible global function definition for ‘hcv’
    var.plot: no visible global function definition for ‘Formula’
    var.plot: no visible global function definition for ‘sm.regression’
    wplmm: no visible global function definition for ‘Formula’
Flavors: r-patched-linux-x86_64, r-patched-solaris-sparc, r-patched-solaris-x86, r-release-linux-x86_64, r-release-osx-x86_64-mavericks, r-release-windows-ix86+x86_64, r-oldrel-windows-ix86+x86_64