CRAN Package Check Results for Package plmm

Last updated on 2015-04-02 02:48:20.

Flavor Version Tinstall Tcheck Ttotal Status Flags
r-devel-linux-x86_64-debian-clang 0.1-1 0.88 25.04 25.91 NOTE
r-devel-linux-x86_64-debian-gcc 0.1-1 0.85 24.05 24.90 NOTE
r-devel-linux-x86_64-fedora-clang 0.1-1 47.91 NOTE
r-devel-linux-x86_64-fedora-gcc 0.1-1 51.89 NOTE
r-devel-osx-x86_64-clang 0.1-1 48.62 NOTE
r-prerel-windows-ix86+x86_64 0.1-1 5.00 41.00 46.00 NOTE
r-prerel-linux-x86_64 0.1-1 0.86 23.95 24.81 NOTE
r-prerel-solaris-sparc 0.1-1 288.20 NOTE
r-prerel-solaris-x86 0.1-1 65.50 NOTE
r-release-linux-x86_64 0.1-1 1.13 26.34 27.48 NOTE
r-release-osx-x86_64-mavericks 0.1-1 NOTE
r-release-osx-x86_64-snowleopard 0.1-1 NOTE
r-release-windows-ix86+x86_64 0.1-1 4.00 45.00 49.00 NOTE
r-oldrel-windows-ix86+x86_64 0.1-1 5.00 41.00 46.00 NOTE

Check Details

Version: 0.1-1
Check: dependencies in R code
Result: NOTE
    Packages in Depends field not imported from:
     ‘Formula’ ‘sm’
     These packages need to be imported from (in the NAMESPACE file)
     for when this namespace is loaded but not attached.
Flavors: r-devel-linux-x86_64-debian-clang, r-devel-linux-x86_64-debian-gcc, r-devel-linux-x86_64-fedora-clang, r-devel-linux-x86_64-fedora-gcc, r-devel-osx-x86_64-clang, r-prerel-windows-ix86+x86_64, r-prerel-linux-x86_64, r-prerel-solaris-sparc, r-prerel-solaris-x86, r-release-linux-x86_64, r-release-windows-ix86+x86_64

Version: 0.1-1
Check: R code for possible problems
Result: NOTE
    .var.ij: no visible global function definition for ‘hcv’
    .var.ij: no visible global function definition for ‘h.select’
    .var.ij: no visible global function definition for ‘sm.regression’
    LiStengos: no visible global function definition for ‘h.select’
    LiStengos: no visible global function definition for ‘hcv’
    LiStengos: no visible global function definition for ‘sm.regression’
    cal_df_gamma1: no visible global function definition for ‘binning’
    cal_df_gamma2: no visible global function definition for ‘binning’
    iteration: no visible global function definition for ‘h.select’
    iteration: no visible global function definition for ‘hcv’
    iteration: no visible global function definition for ‘sm.regression’
    iteration0: no visible global function definition for ‘sm.regression’
    iteration0: no visible global function definition for ‘h.select’
    plmm: no visible global function definition for ‘Formula’
    plmm.bs: no visible global function definition for ‘Formula’
    plot.plmm: no visible global function definition for ‘Formula’
    plot.plmm: no visible global function definition for ‘sm.regression’
    predict.plmm: no visible global function definition for ‘Formula’
    predict.plmm: no visible global function definition for ‘sm.regression’
    print.summary.plmm: no visible global function definition for ‘Formula’
    ranef.plmm: no visible global function definition for ‘Formula’
    select.h0: no visible global function definition for ‘Formula’
    select.h0: no visible global function definition for ‘h.select’
    select.h0: no visible global function definition for ‘hcv’
    var.plot: no visible global function definition for ‘Formula’
    var.plot: no visible global function definition for ‘sm.regression’
    wplmm: no visible global function definition for ‘Formula’
Flavors: r-devel-linux-x86_64-debian-clang, r-devel-linux-x86_64-debian-gcc, r-devel-linux-x86_64-fedora-clang, r-devel-linux-x86_64-fedora-gcc, r-devel-osx-x86_64-clang, r-prerel-windows-ix86+x86_64, r-prerel-linux-x86_64, r-prerel-solaris-sparc, r-prerel-solaris-x86, r-release-linux-x86_64, r-release-osx-x86_64-mavericks, r-release-windows-ix86+x86_64

Version: 0.1-1
Check: dependencies in R code
Result: NOTE
    Packages in Depends field not imported from:
     ‘Formula’ ‘sm’
     These packages need to be imported from (in the NAMESPACE file)
     for when this namespace is loaded but not attached.
    See the information on DESCRIPTION files in the chapter ‘Creating R
    packages’ of the ‘Writing R Extensions’ manual.
Flavors: r-release-osx-x86_64-mavericks, r-oldrel-windows-ix86+x86_64

Version: 0.1-1
Check: dependencies in R code
Result: NOTE
    Packages in Depends field not imported from:
     'Formula' 'sm'
     These packages need to be imported from for the case when
     this namespace is loaded but not attached.
    See the information on DESCRIPTION files in the chapter 'Creating R
    packages' of the 'Writing R Extensions' manual.
Flavor: r-release-osx-x86_64-snowleopard