CRAN Package Check Results for Package plmm

Last updated on 2014-09-20 20:46:42.

Flavor Version Tinstall Tcheck Ttotal Status Flags
r-devel-linux-x86_64-debian-clang 0.1-1 0.94 26.25 27.19 NOTE
r-devel-linux-x86_64-debian-gcc 0.1-1 1.00 25.52 26.52 NOTE
r-devel-linux-x86_64-fedora-clang 0.1-1 52.33 NOTE
r-devel-linux-x86_64-fedora-gcc 0.1-1 49.57 NOTE
r-devel-osx-x86_64-clang 0.1-1 47.95 NOTE
r-devel-windows-ix86+x86_64 0.1-1 5.00 37.00 42.00 NOTE
r-patched-linux-x86_64 0.1-1 1.12 26.76 27.88 NOTE
r-patched-solaris-sparc 0.1-1 307.50 NOTE
r-patched-solaris-x86 0.1-1 71.80 NOTE
r-release-linux-ix86 0.1-1 1.36 38.12 39.48 NOTE
r-release-linux-x86_64 0.1-1 1.02 27.47 28.49 NOTE
r-release-osx-x86_64-mavericks 0.1-1 NOTE
r-release-osx-x86_64-snowleopard 0.1-1 NOTE
r-release-windows-ix86+x86_64 0.1-1 4.00 40.00 44.00 NOTE
r-oldrel-windows-ix86+x86_64 0.1-1 5.00 42.00 47.00 NOTE

Check Details

Version: 0.1-1
Check: dependencies in R code
Result: NOTE
    Packages in Depends field not imported from:
     ‘Formula’ ‘sm’
     These packages need to be imported from (in the NAMESPACE file)
     for when this namespace is loaded but not attached.
    See the information on DESCRIPTION files in the chapter ‘Creating R
    packages’ of the ‘Writing R Extensions’ manual.
Flavors: r-devel-linux-x86_64-debian-clang, r-devel-linux-x86_64-debian-gcc, r-devel-linux-x86_64-fedora-clang, r-devel-linux-x86_64-fedora-gcc, r-devel-osx-x86_64-clang, r-devel-windows-ix86+x86_64, r-patched-linux-x86_64, r-patched-solaris-sparc, r-patched-solaris-x86, r-release-linux-ix86, r-release-linux-x86_64, r-release-osx-x86_64-mavericks, r-release-windows-ix86+x86_64, r-oldrel-windows-ix86+x86_64

Version: 0.1-1
Check: R code for possible problems
Result: NOTE
    .var.ij: no visible global function definition for ‘hcv’
    .var.ij: no visible global function definition for ‘h.select’
    .var.ij: no visible global function definition for ‘sm.regression’
    LiStengos: no visible global function definition for ‘h.select’
    LiStengos: no visible global function definition for ‘hcv’
    LiStengos: no visible global function definition for ‘sm.regression’
    cal_df_gamma1: no visible global function definition for ‘binning’
    cal_df_gamma2: no visible global function definition for ‘binning’
    iteration: no visible global function definition for ‘h.select’
    iteration: no visible global function definition for ‘hcv’
    iteration: no visible global function definition for ‘sm.regression’
    iteration0: no visible global function definition for ‘sm.regression’
    iteration0: no visible global function definition for ‘h.select’
    plmm: no visible global function definition for ‘Formula’
    plmm.bs: no visible global function definition for ‘Formula’
    plot.plmm: no visible global function definition for ‘Formula’
    plot.plmm: no visible global function definition for ‘sm.regression’
    predict.plmm: no visible global function definition for ‘Formula’
    predict.plmm: no visible global function definition for ‘sm.regression’
    print.summary.plmm: no visible global function definition for ‘Formula’
    ranef.plmm: no visible global function definition for ‘Formula’
    select.h0: no visible global function definition for ‘Formula’
    select.h0: no visible global function definition for ‘h.select’
    select.h0: no visible global function definition for ‘hcv’
    var.plot: no visible global function definition for ‘Formula’
    var.plot: no visible global function definition for ‘sm.regression’
    wplmm: no visible global function definition for ‘Formula’
Flavors: r-devel-linux-x86_64-debian-clang, r-devel-linux-x86_64-debian-gcc, r-devel-linux-x86_64-fedora-clang, r-devel-linux-x86_64-fedora-gcc, r-devel-osx-x86_64-clang, r-devel-windows-ix86+x86_64

Version: 0.1-1
Check: dependencies in R code
Result: NOTE
    Packages in Depends field not imported from:
     'Formula' 'sm'
     These packages need to be imported from for the case when
     this namespace is loaded but not attached.
    See the information on DESCRIPTION files in the chapter 'Creating R
    packages' of the 'Writing R Extensions' manual.
Flavor: r-release-osx-x86_64-snowleopard