CRAN Package Check Results for Package plmm

Last updated on 2014-04-24 03:47:50.

Flavor Version Tinstall Tcheck Ttotal Status Flags
r-devel-linux-x86_64-debian-clang 0.1-1 1.06 28.01 29.07 NOTE
r-devel-linux-x86_64-debian-gcc 0.1-1 1.02 27.46 28.48 NOTE
r-devel-linux-x86_64-fedora-clang 0.1-1 53.74 NOTE
r-devel-linux-x86_64-fedora-gcc 0.1-1 48.69 NOTE
r-devel-osx-x86_64-clang 0.1-1 49.49 NOTE
r-devel-osx-x86_64-gcc 0.1-1 NOTE
r-devel-windows-ix86+x86_64 0.1-1 4.00 40.00 44.00 NOTE
r-patched-linux-x86_64 0.1-1 1.11 27.14 28.26 NOTE
r-patched-solaris-sparc 0.1-1 295.80 NOTE
r-patched-solaris-x86 0.1-1 76.50 NOTE
r-release-linux-ix86 0.1-1 1.00 51.00 52.00 NOTE
r-release-linux-x86_64 0.1-1 1.04 27.45 28.49 NOTE
r-release-osx-x86_64-mavericks 0.1-1 WARN
r-release-osx-x86_64-snowleopard 0.1-1 NOTE
r-release-windows-ix86+x86_64 0.1-1 4.00 42.00 46.00 NOTE
r-oldrel-windows-ix86+x86_64 0.1-1 4.00 44.00 48.00 NOTE

Check Details

Version: 0.1-1
Check: dependencies in R code
Result: NOTE
    Packages in Depends field not imported from:
     ‘Formula’ ‘sm’
     These packages need to be imported from (in the NAMESPACE file)
     for when this namespace is loaded but not attached.
    See the information on DESCRIPTION files in the chapter ‘Creating R
    packages’ of the ‘Writing R Extensions’ manual.
Flavors: r-devel-linux-x86_64-debian-clang, r-devel-linux-x86_64-debian-gcc, r-devel-linux-x86_64-fedora-clang, r-devel-linux-x86_64-fedora-gcc, r-devel-osx-x86_64-clang, r-devel-osx-x86_64-gcc, r-devel-windows-ix86+x86_64, r-patched-linux-x86_64, r-patched-solaris-sparc, r-patched-solaris-x86, r-release-linux-ix86, r-release-linux-x86_64, r-release-osx-x86_64-mavericks, r-release-windows-ix86+x86_64, r-oldrel-windows-ix86+x86_64

Version: 0.1-1
Check: PDF version of manual
Result: WARNING
    LaTeX errors when creating PDF version.
    This typically indicates Rd problems.
    LaTeX errors found:
    ! LaTeX Error: File `upquote.sty' not found.
    
    Type X to quit or <RETURN> to proceed,
    or enter new name. (Default extension: sty)
    
    7f7fc5c/Rd2.tex:8: ==> Fatal error occurred, no output PDF file produced!
Flavor: r-release-osx-x86_64-mavericks

Version: 0.1-1
Check: dependencies in R code
Result: NOTE
    Packages in Depends field not imported from:
     'Formula' 'sm'
     These packages need to be imported from for the case when
     this namespace is loaded but not attached.
    See the information on DESCRIPTION files in the chapter 'Creating R
    packages' of the 'Writing R Extensions' manual.
Flavor: r-release-osx-x86_64-snowleopard