CRAN Package Check Results for Package plot3D

Last updated on 2014-09-01 19:46:31.

Flavor Version Tinstall Tcheck Ttotal Status Flags
r-devel-linux-x86_64-debian-clang 1.0-1 1.65 79.42 81.07 NOTE
r-devel-linux-x86_64-debian-gcc 1.0-1 1.63 77.74 79.37 NOTE
r-devel-linux-x86_64-fedora-clang 1.0-1 158.93 NOTE
r-devel-linux-x86_64-fedora-gcc 1.0-1 154.77 NOTE
r-devel-osx-x86_64-clang 1.0-1 180.39 NOTE
r-devel-windows-ix86+x86_64 1.0-1 4.00 136.00 140.00 NOTE
r-patched-linux-x86_64 1.0-1 1.77 80.42 82.19 OK
r-patched-solaris-sparc 1.0-1 991.60 OK
r-patched-solaris-x86 1.0-1 200.10 OK
r-release-linux-ix86 1.0-1 2.55 114.10 116.65 OK
r-release-linux-x86_64 1.0-1 1.69 83.02 84.71 OK
r-release-osx-x86_64-mavericks 1.0-1 OK
r-release-osx-x86_64-snowleopard 1.0-1 OK
r-release-windows-ix86+x86_64 1.0-1 4.00 189.00 193.00 OK
r-oldrel-windows-ix86+x86_64 1.0-1 7.00 137.00 144.00 OK

Check Details

Version: 1.0-1
Check: R code for possible problems
Result: NOTE
    ImageOcean: no visible binding for global variable ‘Hypsometry’
Flavors: r-devel-linux-x86_64-debian-clang, r-devel-linux-x86_64-debian-gcc, r-devel-linux-x86_64-fedora-clang, r-devel-linux-x86_64-fedora-gcc, r-devel-osx-x86_64-clang, r-devel-windows-ix86+x86_64