CRAN Package Check Results for Package plot3D

Last updated on 2015-07-31 18:48:29.

Flavor Version Tinstall Tcheck Ttotal Status Flags
r-devel-linux-x86_64-debian-clang 1.0-2 1.63 73.71 75.34 NOTE
r-devel-linux-x86_64-debian-gcc 1.0-2 2.14 74.22 76.36 NOTE
r-devel-linux-x86_64-fedora-clang 1.0-2 144.01 NOTE
r-devel-linux-x86_64-fedora-gcc 1.0-2 137.53 NOTE
r-devel-osx-x86_64-clang 1.0-2 132.33 NOTE
r-devel-windows-ix86+x86_64 1.0-2 7.00 171.00 178.00 NOTE
r-patched-linux-x86_64 1.0-2 1.57 74.19 75.76 NOTE
r-patched-solaris-sparc 1.0-2 922.40 NOTE
r-patched-solaris-x86 1.0-2 186.30 NOTE
r-release-linux-x86_64 1.0-2 1.69 75.57 77.26 NOTE
r-release-osx-x86_64-mavericks 1.0-2 NOTE
r-release-windows-ix86+x86_64 1.0-2 8.00 143.00 151.00 NOTE
r-oldrel-windows-ix86+x86_64 1.0-2 5.00 185.00 190.00 OK

Check Details

Version: 1.0-2
Check: DESCRIPTION meta-information
Result: NOTE
    Malformed Title field: should not end in a period.
    Malformed Description field: should contain one or more complete sentences.
Flavors: r-devel-linux-x86_64-debian-clang, r-devel-linux-x86_64-debian-gcc, r-devel-linux-x86_64-fedora-clang, r-devel-linux-x86_64-fedora-gcc, r-devel-osx-x86_64-clang, r-devel-windows-ix86+x86_64, r-patched-linux-x86_64, r-patched-solaris-sparc, r-patched-solaris-x86, r-release-linux-x86_64, r-release-osx-x86_64-mavericks, r-release-windows-ix86+x86_64

Version: 1.0-2
Check: R code for possible problems
Result: NOTE
    Approx: no visible global function definition for ‘approx’
    Arrow: no visible global function definition for ‘arrows’
    Arrow: no visible global function definition for ‘segments’
    Arrow: no visible global function definition for ‘par’
    Arrow.head: no visible global function definition for ‘par’
    Arrow.head: no visible global function definition for ‘polygon’
    ContourLines: no visible global function definition for ‘contourLines’
    ImageNULL: no visible global function definition for ‘par’
    ImageNULL: no visible global function definition for ‘rect’
    ImageNULL: no visible global function definition for ‘box’
    MeanColors: no visible global function definition for ‘rgb’
    MeanColors: no visible global function definition for ‘col2rgb’
    Segments : doseg: no visible global function definition for ‘lines’
    add2Dplist: no visible global function definition for ‘par’
    addraster: no visible global function definition for ‘as.raster’
    alpha.col: no visible global function definition for ‘col2rgb’
    alpha.col: no visible global function definition for ‘rgb’
    check.CI: no visible global function definition for ‘par’
    check.colkey: no visible global function definition for ‘par’
    colkey: no visible global function definition for ‘par’
    color.panels : panelcol: no visible global function definition for
     ‘polygon’
    color.panels : panelcol: no visible global function definition for
     ‘lines’
    contour2D: no visible global function definition for ‘par’
    contourfunc: no visible global function definition for ‘contourLines’
    drawcolkey: no visible global function definition for ‘par’
    drawcolkey: no visible global function definition for ‘image’
    drawcolkey: no visible global function definition for ‘abline’
    drawcolkey: no visible global function definition for ‘title’
    drawcolkey: no visible global function definition for ‘mtext’
    drawcolkey: no visible global function definition for ‘box’
    drawfullbox : addsegments: no visible global function definition for
     ‘segments’
    facetcols.light: no visible global function definition for ‘col2rgb’
    facetcols.light: no visible global function definition for ‘rgb’
    facetcols.shade: no visible global function definition for ‘col2rgb’
    facetcols.shade: no visible global function definition for ‘rgb’
    grid.panels : addsegments: no visible global function definition for
     ‘segments’
    hist3D: no visible global function definition for ‘col2rgb’
    hist3D: no visible global function definition for ‘rgb’
    image2D.array: no visible global function definition for
     ‘devAskNewPage’
    image2D.array: no visible global function definition for ‘mtext’
    image2D.array: no visible global function definition for ‘par’
    image2D.list: no visible global function definition for ‘par’
    image2D.list: no visible global function definition for ‘devAskNewPage’
    image2D.list: no visible global function definition for ‘mtext’
    image2D.list: no visible global function definition for ‘plot’
    image2D.matrix: no visible global function definition for ‘par’
    image2D.matrix: no visible global function definition for ‘box’
    image2D.matrix : templines: no visible global function definition for
     ‘lines’
    initplist: no visible global function definition for ‘plot.new’
    initplist: no visible global function definition for ‘par’
    jet.col : expand: no visible global function definition for ‘approx’
    jet.col: no visible global function definition for ‘rgb’
    jet2.col : expand: no visible global function definition for ‘approx’
    jet2.col: no visible global function definition for ‘rgb’
    key.parleg: no visible global function definition for ‘par’
    perspbox: no visible global function definition for ‘par’
    perspbox: no visible global function definition for ‘grey’
    plot.CI.2d: no visible global function definition for ‘par’
    plot.struct.3D: no visible global function definition for ‘par’
    plot2D: no visible global function definition for ‘par’
    plotbox: no visible global function definition for ‘par’
    plotlist3D: no visible global function definition for ‘points’
    plotlist3D: no visible global function definition for ‘polygon’
    plotlist3D: no visible global function definition for ‘segments’
    plotlist3D: no visible global function definition for ‘text’
    plotlist3D : plotit: no visible global function definition for ‘points’
    plotlist3D : plotit: no visible global function definition for ‘arrows’
    plotlist3D : plotit: no visible global function definition for
     ‘polygon’
    plotlist3D : plotit: no visible global function definition for
     ‘segments’
    plotlist3D : plotit: no visible global function definition for ‘text’
    polygon2D: no visible global function definition for ‘par’
    ramp.col: no visible global function definition for ‘col2rgb’
    ramp.col : expand: no visible global function definition for ‘approx’
    ramp.col: no visible global function definition for ‘rgb’
    scatter2D: no visible global function definition for ‘par’
    scatter3D: no visible global function definition for ‘par’
    setplotpar: no visible global function definition for ‘par’
    setplotpar: no visible global function definition for ‘dev.interactive’
    start2Dplot: no visible global function definition for ‘grid’
    start2Dplot: no visible global function definition for ‘par’
    start2Dplot: no visible global function definition for ‘rect’
    start2Dplot: no visible global function definition for ‘grey’
    text2D: no visible global function definition for ‘par’
    trans3D: no visible global function definition for ‘trans3d’
    Undefined global functions or variables:
     abline approx arrows as.raster box col2rgb contourLines
     dev.interactive devAskNewPage grey grid image lines mtext par plot
     plot.new points polygon rect rgb segments text title trans3d
    Consider adding
     importFrom("grDevices", "as.raster", "col2rgb", "contourLines",
     "dev.interactive", "devAskNewPage", "grey", "rgb",
     "trans3d")
     importFrom("graphics", "abline", "arrows", "box", "grid", "image",
     "lines", "mtext", "par", "plot", "plot.new", "points",
     "polygon", "rect", "segments", "text", "title")
     importFrom("stats", "approx")
    to your NAMESPACE.
Flavors: r-devel-linux-x86_64-debian-clang, r-devel-linux-x86_64-debian-gcc, r-devel-linux-x86_64-fedora-clang, r-devel-linux-x86_64-fedora-gcc, r-devel-windows-ix86+x86_64