CRAN Package Check Results for Package plot3D

Last updated on 2015-03-31 03:48:37.

Flavor Version Tinstall Tcheck Ttotal Status Flags
r-devel-linux-x86_64-debian-clang 1.0-2 1.64 76.56 78.20 NOTE
r-devel-linux-x86_64-debian-gcc 1.0-2 1.65 75.80 77.46 NOTE
r-devel-linux-x86_64-fedora-clang 1.0-2 148.91 NOTE
r-devel-linux-x86_64-fedora-gcc 1.0-2 150.84 NOTE
r-devel-osx-x86_64-clang 1.0-2 156.56 NOTE
r-prerel-windows-ix86+x86_64 1.0-2 5.00 121.00 126.00 NOTE
r-prerel-linux-x86_64 1.0-2 1.60 74.37 75.97 NOTE
r-prerel-solaris-sparc 1.0-2 905.00 NOTE
r-prerel-solaris-x86 1.0-2 179.90 NOTE
r-release-linux-x86_64 1.0-2 1.72 80.27 81.98 OK
r-release-osx-x86_64-mavericks 1.0-2 OK
r-release-osx-x86_64-snowleopard 1.0-2 OK
r-release-windows-ix86+x86_64 1.0-2 6.00 120.00 126.00 OK
r-oldrel-windows-ix86+x86_64 1.0-2 5.00 126.00 131.00 OK

Check Details

Version: 1.0-2
Check: DESCRIPTION meta-information
Result: NOTE
    Malformed Title field: should not end in a period.
    Malformed Description field: should contain one or more complete sentences.
Flavors: r-devel-linux-x86_64-debian-clang, r-devel-linux-x86_64-debian-gcc, r-devel-linux-x86_64-fedora-clang, r-devel-linux-x86_64-fedora-gcc, r-devel-osx-x86_64-clang, r-prerel-windows-ix86+x86_64, r-prerel-linux-x86_64, r-prerel-solaris-sparc, r-prerel-solaris-x86