CRAN Package Check Results for Package plot3D

Last updated on 2015-05-24 14:47:04.

Flavor Version Tinstall Tcheck Ttotal Status Flags
r-devel-linux-x86_64-debian-clang 1.0-2 1.67 74.45 76.12 NOTE
r-devel-linux-x86_64-debian-gcc 1.0-2 1.60 74.40 76.00 NOTE
r-devel-linux-x86_64-fedora-clang 1.0-2 146.50 NOTE
r-devel-linux-x86_64-fedora-gcc 1.0-2 141.41 NOTE
r-devel-osx-x86_64-clang 1.0-2 146.57 NOTE
r-devel-windows-ix86+x86_64 1.0-2 5.00 125.00 130.00 NOTE
r-patched-linux-x86_64 1.0-2 1.96 74.43 76.39 NOTE
r-patched-solaris-sparc 1.0-2 913.50 NOTE
r-patched-solaris-x86 1.0-2 187.60 NOTE
r-release-linux-x86_64 1.0-2 1.58 78.90 80.48 NOTE
r-release-osx-x86_64-mavericks 1.0-2 NOTE
r-release-osx-x86_64-snowleopard 1.0-2 NOTE
r-release-windows-ix86+x86_64 1.0-2 4.00 119.00 123.00 NOTE
r-oldrel-windows-ix86+x86_64 1.0-2 5.00 126.00 131.00 OK

Check Details

Version: 1.0-2
Check: DESCRIPTION meta-information
Result: NOTE
    Malformed Title field: should not end in a period.
    Malformed Description field: should contain one or more complete sentences.
Flavors: r-devel-linux-x86_64-debian-clang, r-devel-linux-x86_64-debian-gcc, r-devel-linux-x86_64-fedora-clang, r-devel-linux-x86_64-fedora-gcc, r-devel-osx-x86_64-clang, r-devel-windows-ix86+x86_64, r-patched-linux-x86_64, r-patched-solaris-sparc, r-patched-solaris-x86, r-release-linux-x86_64, r-release-osx-x86_64-mavericks, r-release-osx-x86_64-snowleopard, r-release-windows-ix86+x86_64