CRAN Package Check Results for Package plotGMM

Last updated on 2022-05-21 22:58:21 CEST.

Flavor Version Tinstall Tcheck Ttotal Status Flags
r-devel-linux-x86_64-debian-clang 0.2.2 2.29 52.44 54.73 NOTE
r-devel-linux-x86_64-debian-gcc 0.2.2 1.69 39.34 41.03 NOTE
r-devel-linux-x86_64-fedora-clang 0.2.2 63.71 NOTE
r-devel-linux-x86_64-fedora-gcc 0.2.2 62.53 NOTE
r-devel-windows-x86_64 0.2.2 8.00 71.00 79.00 NOTE
r-patched-linux-x86_64 0.2.2 2.25 49.39 51.64 NOTE
r-release-linux-x86_64 0.2.2 2.11 49.85 51.96 NOTE
r-release-macos-arm64 0.2.2 22.00 NOTE
r-release-macos-x86_64 0.2.2 41.00 NOTE
r-release-windows-x86_64 0.2.2 8.00 71.00 79.00 NOTE
r-oldrel-macos-arm64 0.2.2 26.00 NOTE
r-oldrel-macos-x86_64 0.2.2 42.00 NOTE
r-oldrel-windows-ix86+x86_64 0.2.2 6.00 63.00 69.00 NOTE

Check Details

Version: 0.2.2
Check: LazyData
Result: NOTE
     'LazyData' is specified without a 'data' directory
Flavors: r-devel-linux-x86_64-debian-clang, r-devel-linux-x86_64-debian-gcc, r-devel-linux-x86_64-fedora-clang, r-devel-linux-x86_64-fedora-gcc, r-devel-windows-x86_64, r-patched-linux-x86_64, r-release-linux-x86_64, r-release-macos-arm64, r-release-macos-x86_64, r-release-windows-x86_64, r-oldrel-macos-arm64, r-oldrel-macos-x86_64, r-oldrel-windows-ix86+x86_64