CRAN Package Check Results for Package plotGoogleMaps

Last updated on 2014-08-30 23:48:30.

Flavor Version Tinstall Tcheck Ttotal Status Flags
r-devel-linux-x86_64-debian-clang 2.1 5.00 64.21 69.20 OK
r-devel-linux-x86_64-debian-gcc 2.1 4.84 62.93 67.76 OK
r-devel-linux-x86_64-fedora-clang 2.1 161.69 OK
r-devel-linux-x86_64-fedora-gcc 2.1 156.51 OK
r-devel-osx-x86_64-clang 2.1 123.46 OK
r-devel-windows-ix86+x86_64 2.1 18.00 95.00 113.00 OK
r-patched-linux-x86_64 2.1 5.07 66.54 71.61 OK
r-patched-solaris-sparc 2.1 890.70 OK
r-patched-solaris-x86 2.1 211.00 OK
r-release-linux-ix86 2.1 6.98 80.69 87.67 OK
r-release-linux-x86_64 2.1 5.18 68.75 73.94 OK
r-release-osx-x86_64-mavericks 2.1 ERROR
r-release-osx-x86_64-snowleopard 2.1 OK
r-release-windows-ix86+x86_64 2.1 15.00 96.00 111.00 OK
r-oldrel-windows-ix86+x86_64 2.1 14.00 96.00 110.00 OK

Check Details

Version: 2.1
Check: package dependencies
Result: ERROR
    Packages required but not available: ‘spacetime’ ‘rgdal’
    
    See the information on DESCRIPTION files in the chapter ‘Creating R
    packages’ of the ‘Writing R Extensions’ manual.
Flavor: r-release-osx-x86_64-mavericks