CRAN Package Check Results for Package plotGoogleMaps

Last updated on 2014-11-28 16:46:36.

Flavor Version Tinstall Tcheck Ttotal Status Flags
r-devel-linux-x86_64-debian-clang 2.1 4.98 70.66 75.64 OK
r-devel-linux-x86_64-debian-gcc 2.1 4.76 70.03 74.79 OK
r-devel-linux-x86_64-fedora-clang 2.1 169.33 OK
r-devel-linux-x86_64-fedora-gcc 2.1 167.65 OK
r-devel-osx-x86_64-clang 2.1 134.48 OK
r-devel-windows-ix86+x86_64 2.1 11.00 94.00 105.00 OK
r-patched-linux-x86_64 2.1 5.02 71.21 76.23 OK
r-patched-solaris-sparc 2.1 890.70 OK
r-patched-solaris-x86 2.1 224.10 OK
r-release-linux-ix86 2.1 5.71 81.59 87.30 OK
r-release-linux-x86_64 2.1 5.03 71.58 76.61 OK
r-release-osx-x86_64-mavericks 2.1 ERROR
r-release-osx-x86_64-snowleopard 2.1 OK
r-release-windows-ix86+x86_64 2.1 14.00 104.00 118.00 OK
r-oldrel-windows-ix86+x86_64 2.1 14.00 94.00 108.00 OK

Check Details

Version: 2.1
Check: package dependencies
Result: ERROR
    Packages required but not available: ‘spacetime’ ‘rgdal’
    
    See the information on DESCRIPTION files in the chapter ‘Creating R
    packages’ of the ‘Writing R Extensions’ manual.
Flavor: r-release-osx-x86_64-mavericks