CRAN Package Check Results for Package plotGoogleMaps

Last updated on 2015-01-30 17:52:00.

Flavor Version Tinstall Tcheck Ttotal Status Flags
r-devel-linux-x86_64-debian-clang 2.1 4.49 61.01 65.50 OK
r-devel-linux-x86_64-debian-gcc 2.1 4.35 58.57 62.92 OK
r-devel-linux-x86_64-fedora-clang 2.1 152.68 OK
r-devel-linux-x86_64-fedora-gcc 2.1 144.92 OK
r-devel-osx-x86_64-clang 2.1 130.07 OK
r-devel-windows-ix86+x86_64 2.1 13.00 81.00 94.00 OK
r-patched-linux-x86_64 2.1 4.84 68.94 73.78 OK
r-patched-solaris-sparc 2.1 928.80 OK
r-patched-solaris-x86 2.1 210.10 OK
r-release-linux-ix86 2.1 5.49 79.80 85.28 OK
r-release-linux-x86_64 2.1 4.85 70.63 75.48 OK
r-release-osx-x86_64-mavericks 2.1 ERROR
r-release-osx-x86_64-snowleopard 2.1 OK
r-release-windows-ix86+x86_64 2.1 14.00 113.00 127.00 OK
r-oldrel-windows-ix86+x86_64 2.1 15.00 160.00 175.00 OK

Check Details

Version: 2.1
Check: package dependencies
Result: ERROR
    Package required but not available: ‘rgdal’
    
    See the information on DESCRIPTION files in the chapter ‘Creating R
    packages’ of the ‘Writing R Extensions’ manual.
Flavor: r-release-osx-x86_64-mavericks