CRAN Package Check Results for Package plotGoogleMaps

Last updated on 2014-07-23 04:48:28.

Flavor Version Tinstall Tcheck Ttotal Status Flags
r-devel-linux-x86_64-debian-clang 2.1 5.10 65.98 71.08 OK
r-devel-linux-x86_64-debian-gcc 2.1 4.94 64.79 69.74 OK
r-devel-linux-x86_64-fedora-clang 2.1 170.04 OK
r-devel-linux-x86_64-fedora-gcc 2.1 158.86 OK
r-devel-osx-x86_64-clang 2.1 126.56 OK
r-devel-windows-ix86+x86_64 2.1 14.00 95.00 109.00 OK
r-patched-linux-x86_64 2.1 4.98 65.51 70.48 OK
r-patched-solaris-sparc 2.1 819.50 OK
r-patched-solaris-x86 2.1 211.90 OK
r-release-linux-ix86 2.1 6.87 80.16 87.04 OK
r-release-linux-x86_64 2.1 5.06 69.04 74.09 OK
r-release-osx-x86_64-mavericks 2.1 ERROR
r-release-osx-x86_64-snowleopard 2.1 OK
r-release-windows-ix86+x86_64 2.1 13.00 99.00 112.00 OK
r-oldrel-windows-ix86+x86_64 2.1 13.00 93.00 106.00 OK

Check Details

Version: 2.1
Check: package dependencies
Result: ERROR
    Packages required but not available: ‘spacetime’ ‘rgdal’
    
    See the information on DESCRIPTION files in the chapter ‘Creating R
    packages’ of the ‘Writing R Extensions’ manual.
Flavor: r-release-osx-x86_64-mavericks