CRAN Package Check Results for Package plotGoogleMaps

Last updated on 2014-12-18 23:47:56.

Flavor Version Tinstall Tcheck Ttotal Status Flags
r-devel-linux-x86_64-debian-clang 2.1 4.90 70.25 75.15 OK
r-devel-linux-x86_64-debian-gcc 2.1 4.81 67.25 72.06 OK
r-devel-linux-x86_64-fedora-clang 2.1 170.30 OK
r-devel-linux-x86_64-fedora-gcc 2.1 157.30 OK
r-devel-osx-x86_64-clang 2.1 137.78 OK
r-devel-windows-ix86+x86_64 2.1 14.00 100.00 114.00 OK
r-patched-linux-x86_64 2.1 5.12 73.08 78.20 OK
r-patched-solaris-sparc 2.1 890.70 OK
r-patched-solaris-x86 2.1 216.80 OK
r-release-linux-ix86 2.1 6.06 82.10 88.16 OK
r-release-linux-x86_64 2.1 5.25 72.50 77.75 OK
r-release-osx-x86_64-mavericks 2.1 ERROR
r-release-osx-x86_64-snowleopard 2.1 OK
r-release-windows-ix86+x86_64 2.1 13.00 108.00 121.00 OK
r-oldrel-windows-ix86+x86_64 2.1 15.00 103.00 118.00 OK

Check Details

Version: 2.1
Check: package dependencies
Result: ERROR
    Packages required but not available: ‘spacetime’ ‘rgdal’
    
    See the information on DESCRIPTION files in the chapter ‘Creating R
    packages’ of the ‘Writing R Extensions’ manual.
Flavor: r-release-osx-x86_64-mavericks