CRAN Package Check Results for Package plotGoogleMaps

Last updated on 2015-03-01 12:47:44.

Flavor Version Tinstall Tcheck Ttotal Status Flags
r-devel-linux-x86_64-debian-clang 2.2 3.55 56.67 60.22 OK
r-devel-linux-x86_64-debian-gcc 2.2 3.36 54.09 57.44 OK
r-devel-linux-x86_64-fedora-clang 2.2 120.04 OK
r-devel-linux-x86_64-fedora-gcc 2.2 112.19 OK
r-devel-osx-x86_64-clang 2.2 101.52 OK
r-devel-windows-ix86+x86_64 2.2 13.00 76.00 89.00 OK
r-patched-linux-x86_64 2.2 4.86 68.50 73.36 OK
r-patched-solaris-sparc 2.2 815.10 OK
r-patched-solaris-x86 2.2 208.50 OK
r-release-linux-ix86 2.2 5.68 78.73 84.40 OK
r-release-linux-x86_64 2.2 5.11 69.26 74.36 OK
r-release-osx-x86_64-mavericks 2.2 ERROR
r-release-osx-x86_64-snowleopard 2.2 OK
r-release-windows-ix86+x86_64 2.2 14.00 103.00 117.00 OK
r-oldrel-windows-ix86+x86_64 2.2 15.00 94.00 109.00 OK

Check Details

Version: 2.2
Check: package dependencies
Result: ERROR
    Package required but not available: ‘rgdal’
    
    See section ‘The DESCRIPTION file’ in the ‘Writing R Extensions’
    manual.
Flavor: r-release-osx-x86_64-mavericks