CRAN Package Check Results for Package plotGoogleMaps

Last updated on 2014-10-21 05:48:04.

Flavor Version Tinstall Tcheck Ttotal Status Flags
r-devel-linux-x86_64-debian-clang 2.1 4.93 69.56 74.50 OK
r-devel-linux-x86_64-debian-gcc 2.1 4.76 67.50 72.26 OK
r-devel-linux-x86_64-fedora-clang 2.1 168.21 OK
r-devel-linux-x86_64-fedora-gcc 2.1 156.34 OK
r-devel-osx-x86_64-clang 2.1 140.30 OK
r-devel-windows-ix86+x86_64 2.1 11.00 93.00 104.00 OK
r-patched-linux-x86_64 2.1 5.08 72.20 77.28 OK
r-patched-solaris-sparc 2.1 890.70 OK
r-patched-solaris-x86 2.1 215.90 OK
r-release-linux-ix86 2.1 6.40 86.22 92.62 OK
r-release-linux-x86_64 2.1 5.06 72.42 77.48 OK
r-release-osx-x86_64-mavericks 2.1 ERROR
r-release-osx-x86_64-snowleopard 2.1 OK
r-release-windows-ix86+x86_64 2.1 15.00 106.00 121.00 OK
r-oldrel-windows-ix86+x86_64 2.1 13.00 102.00 115.00 OK

Check Details

Version: 2.1
Check: package dependencies
Result: ERROR
    Packages required but not available: ‘spacetime’ ‘rgdal’
    
    See the information on DESCRIPTION files in the chapter ‘Creating R
    packages’ of the ‘Writing R Extensions’ manual.
Flavor: r-release-osx-x86_64-mavericks