CRAN Package Check Results for Package plotGoogleMaps

Last updated on 2015-05-23 11:51:29.

Flavor Version Tinstall Tcheck Ttotal Status Flags
r-devel-linux-x86_64-debian-clang 2.2 3.44 54.07 57.51 OK
r-devel-linux-x86_64-debian-gcc 2.2 3.54 52.43 55.97 OK
r-devel-linux-x86_64-fedora-clang 2.2 120.63 OK
r-devel-linux-x86_64-fedora-gcc 2.2 113.95 OK
r-devel-osx-x86_64-clang 2.2 97.64 OK
r-devel-windows-ix86+x86_64 2.2 8.00 74.00 82.00 OK
r-patched-linux-x86_64 2.2 4.05 52.46 56.50 OK
r-patched-solaris-sparc 2.2 700.80 OK
r-patched-solaris-x86 2.2 170.20 OK
r-release-linux-x86_64 2.2 3.40 54.16 57.56 OK
r-release-osx-x86_64-mavericks 2.2 OK
r-release-osx-x86_64-snowleopard 2.2 ERROR
r-release-windows-ix86+x86_64 2.2 12.00 74.00 86.00 OK
r-oldrel-windows-ix86+x86_64 2.2 14.00 92.00 106.00 OK

Check Details

Version: 2.2
Check: package dependencies
Result: ERROR
    Packages required but not available: ‘spacetime’ ‘raster’
    
    See section ‘The DESCRIPTION file’ in the ‘Writing R Extensions’
    manual.
Flavor: r-release-osx-x86_64-snowleopard