CRAN Package Check Results for Package plotGoogleMaps

Last updated on 2014-09-30 11:48:30.

Flavor Version Tinstall Tcheck Ttotal Status Flags
r-devel-linux-x86_64-debian-clang 2.1 4.83 74.49 79.32 OK
r-devel-linux-x86_64-debian-gcc 2.1 4.78 67.85 72.62 OK
r-devel-linux-x86_64-fedora-clang 2.1 167.27 OK
r-devel-linux-x86_64-fedora-gcc 2.1 158.90 OK
r-devel-osx-x86_64-clang 2.1 126.43 OK
r-devel-windows-ix86+x86_64 2.1 13.00 98.00 111.00 OK
r-patched-linux-x86_64 2.1 5.03 74.06 79.08 OK
r-patched-solaris-sparc 2.1 890.70 OK
r-patched-solaris-x86 2.1 222.40 OK
r-release-linux-ix86 2.1 6.37 86.10 92.47 OK
r-release-linux-x86_64 2.1 5.14 73.02 78.16 OK
r-release-osx-x86_64-mavericks 2.1 ERROR
r-release-osx-x86_64-snowleopard 2.1 OK
r-release-windows-ix86+x86_64 2.1 14.00 101.00 115.00 OK
r-oldrel-windows-ix86+x86_64 2.1 15.00 99.00 114.00 OK

Check Details

Version: 2.1
Check: package dependencies
Result: ERROR
    Packages required but not available: ‘spacetime’ ‘rgdal’
    
    See the information on DESCRIPTION files in the chapter ‘Creating R
    packages’ of the ‘Writing R Extensions’ manual.
Flavor: r-release-osx-x86_64-mavericks