CRAN Package Check Results for Package plotGoogleMaps

Last updated on 2015-04-27 08:48:18.

Flavor Version Tinstall Tcheck Ttotal Status Flags
r-devel-linux-x86_64-debian-clang 2.2 3.60 55.98 59.58 OK
r-devel-linux-x86_64-debian-gcc 2.2 4.45 53.73 58.18 OK
r-devel-linux-x86_64-fedora-clang 2.2 123.88 OK
r-devel-linux-x86_64-fedora-gcc 2.2 111.34 OK
r-devel-osx-x86_64-clang 2.2 97.36 OK
r-devel-windows-ix86+x86_64 2.2 9.00 83.00 92.00 OK
r-patched-linux-x86_64 2.2 4.60 56.54 61.14 OK
r-patched-solaris-sparc 2.2 690.90 OK
r-patched-solaris-x86 2.2 156.60 OK
r-release-linux-x86_64 2.2 3.44 53.56 57.00 OK
r-release-osx-x86_64-mavericks 2.2 ERROR
r-release-osx-x86_64-snowleopard 2.2 ERROR
r-release-windows-ix86+x86_64 2.2 10.00 80.00 90.00 OK
r-oldrel-windows-ix86+x86_64 2.2 12.00 90.00 102.00 OK

Check Details

Version: 2.2
Check: package dependencies
Result: ERROR
    Package required but not available: ‘rgdal’
    
    See section ‘The DESCRIPTION file’ in the ‘Writing R Extensions’
    manual.
Flavor: r-release-osx-x86_64-mavericks

Version: 2.2
Check: package dependencies
Result: ERROR
    Packages required but not available: ‘spacetime’ ‘raster’
    
    See section ‘The DESCRIPTION file’ in the ‘Writing R Extensions’
    manual.
Flavor: r-release-osx-x86_64-snowleopard