CRAN Package Check Results for Package plotKML

Last updated on 2014-07-22 11:51:22.

Flavor Version Tinstall Tcheck Ttotal Status Flags
r-devel-linux-x86_64-debian-clang 0.4-4 8.66 105.46 114.11 OK
r-devel-linux-x86_64-debian-gcc 0.4-4 8.21 102.06 110.26 OK
r-devel-linux-x86_64-fedora-clang 0.4-4 261.11 OK
r-devel-linux-x86_64-fedora-gcc 0.4-4 245.35 OK
r-devel-osx-x86_64-clang 0.4-4 194.24 OK
r-devel-windows-ix86+x86_64 0.4-4 22.00 147.00 169.00 OK
r-patched-linux-x86_64 0.4-4 8.72 101.68 110.39 OK
r-patched-solaris-sparc 0.4-4 1259.30 NOTE
r-patched-solaris-x86 0.4-4 320.70 NOTE
r-release-linux-ix86 0.4-4 9.89 127.47 137.36 OK
r-release-linux-x86_64 0.4-4 8.74 105.60 114.34 OK
r-release-osx-x86_64-mavericks 0.4-4 ERROR
r-release-osx-x86_64-snowleopard 0.4-4 ERROR
r-release-windows-ix86+x86_64 0.4-4 20.00 155.00 175.00 OK
r-oldrel-windows-ix86+x86_64 0.4-4 23.00 153.00 176.00 OK

Check Details

Version: 0.4-4
Check: package dependencies
Result: NOTE
    Package suggested but not available for checking: ‘uuid’
Flavors: r-patched-solaris-sparc, r-patched-solaris-x86

Version: 0.4-4
Check: package dependencies
Result: ERROR
    Packages required but not available:
     ‘rgdal’ ‘spacetime’ ‘aqp’ ‘gstat’ ‘RSAGA’
    
    Packages suggested but not available for checking: ‘rgbif’ ‘GSIF’
    
    See the information on DESCRIPTION files in the chapter ‘Creating R
    packages’ of the ‘Writing R Extensions’ manual.
Flavor: r-release-osx-x86_64-mavericks

Version: 0.4-4
Check: package dependencies
Result: ERROR
    Package required but not available: ‘aqp’
    
    Package suggested but not available for checking: ‘GSIF’
    
    See the information on DESCRIPTION files in the chapter ‘Creating R
    packages’ of the ‘Writing R Extensions’ manual.
Flavor: r-release-osx-x86_64-snowleopard