CRAN Package Check Results for Package plotKML

Last updated on 2017-05-27 22:46:26.

Flavor Version Tinstall Tcheck Ttotal Status Flags
r-devel-linux-x86_64-debian-clang 0.5-8 9.14 121.56 130.70 OK
r-devel-linux-x86_64-debian-gcc 0.5-8 8.73 119.09 127.83 OK
r-devel-linux-x86_64-fedora-clang 0.5-8 261.22 OK
r-devel-linux-x86_64-fedora-gcc 0.5-8 254.10 OK
r-devel-windows-ix86+x86_64 0.5-8 22.00 210.00 232.00 OK
r-patched-linux-x86_64 0.5-8 8.75 123.09 131.85 OK
r-patched-solaris-sparc 0.5-8 1563.20 OK
r-patched-solaris-x86 0.5-8 328.40 OK
r-release-linux-x86_64 0.5-8 8.88 123.13 132.01 OK
r-release-windows-ix86+x86_64 0.5-8 24.00 219.00 243.00 OK
r-release-osx-x86_64 0.5-8 NOTE
r-oldrel-windows-ix86+x86_64 0.5-8 35.00 186.00 221.00 OK
r-oldrel-osx-x86_64 0.5-8 OK

Check Details

Version: 0.5-8
Check: re-building of vignette outputs
Result: NOTE
    Error in re-building vignettes:
     ...
    Saving an object of class 'gstatModel'...
    Subsetting observations to fit the prediction domain in 2D...
    Generating predictions using the trend model (RK method)...
    Running 5-fold cross validation using 'krige.cv'...
    Creating an object of class "SpatialPredictions"
    KML file opened for writing...
    Reprojecting to +proj=longlat +datum=WGS84 ...
    Writing to KML...
    Closing fmd_ST.kml
    Error in texi2dvi(file = file, pdf = TRUE, clean = clean, quiet = quiet, :
     Running 'texi2dvi' on 'jss1079.tex' failed.
    LaTeX errors:
    ! LaTeX Error: File `multirow.sty' not found.
    
    Type X to quit or <RETURN> to proceed,
    or enter new name. (Default extension: sty)
    
    ! Emergency stop.
    <read *>
    
    l.53 \usepackage
     {hyperref}^^M
    ! ==> Fatal error occurred, no output PDF file produced!
    Calls: buildVignettes -> texi2pdf -> texi2dvi
    Execution halted
Flavor: r-release-osx-x86_64