CRAN Package Check Results for Package plotKML

Last updated on 2015-04-19 23:49:22.

Flavor Version Tinstall Tcheck Ttotal Status Flags
r-devel-linux-x86_64-debian-clang 0.5-0 5.96 93.52 99.48 OK
r-devel-linux-x86_64-debian-gcc 0.5-0 5.71 87.70 93.41 OK
r-devel-linux-x86_64-fedora-clang 0.5-0 197.27 OK
r-devel-linux-x86_64-fedora-gcc 0.5-0 188.83 OK
r-devel-osx-x86_64-clang 0.5-0 165.06 OK
r-devel-windows-ix86+x86_64 0.5-0 23.00 185.00 208.00 OK
r-patched-linux-x86_64 0.5-0 6.48 89.24 95.72 OK
r-patched-solaris-sparc 0.5-0 1161.30 NOTE
r-patched-solaris-x86 0.5-0 257.20 NOTE
r-release-linux-x86_64 0.5-0 5.86 90.57 96.43 OK
r-release-osx-x86_64-mavericks 0.5-0 ERROR
r-release-osx-x86_64-snowleopard 0.5-0 ERROR
r-release-windows-ix86+x86_64 0.5-0 13.00 137.00 150.00 OK
r-oldrel-windows-ix86+x86_64 0.5-0 29.00 189.00 218.00 OK

Check Details

Version: 0.5-0
Check: package dependencies
Result: NOTE
    Package suggested but not available for checking: ‘uuid’
Flavors: r-patched-solaris-sparc, r-patched-solaris-x86

Version: 0.5-0
Check: package dependencies
Result: ERROR
    Package required but not available: ‘rgdal’
    
    Packages suggested but not available for checking: ‘rgbif’ ‘GSIF’
    
    See section ‘The DESCRIPTION file’ in the ‘Writing R Extensions’
    manual.
Flavor: r-release-osx-x86_64-mavericks

Version: 0.5-0
Check: package dependencies
Result: ERROR
    Packages required but not available:
     ‘XML’ ‘raster’ ‘spacetime’ ‘dismo’ ‘aqp’ ‘scales’ ‘gstat’ ‘zoo’
     ‘RSAGA’
    
    Packages suggested but not available for checking:
     ‘spcosa’ ‘rgbif’ ‘Hmisc’ ‘GSIF’
    
    See section ‘The DESCRIPTION file’ in the ‘Writing R Extensions’
    manual.
Flavor: r-release-osx-x86_64-snowleopard