CRAN Package Check Results for Package plotKML

Last updated on 2014-08-23 18:47:38.

Flavor Version Tinstall Tcheck Ttotal Status Flags
r-devel-linux-x86_64-debian-clang 0.4-5 8.98 115.33 124.31 NOTE
r-devel-linux-x86_64-debian-gcc 0.4-5 8.50 114.43 122.93 NOTE
r-devel-linux-x86_64-fedora-clang 0.4-5 286.28 NOTE
r-devel-linux-x86_64-fedora-gcc 0.4-5 272.87 NOTE
r-devel-osx-x86_64-clang 0.4-5 216.08 NOTE
r-devel-windows-ix86+x86_64 0.4-5 22.00 178.00 200.00 OK
r-patched-linux-x86_64 0.4-5 8.56 124.99 133.55 OK
r-patched-solaris-sparc 0.4-5 1425.60 ERROR
r-patched-solaris-x86 0.4-5 390.70 NOTE
r-release-linux-ix86 0.4-5 12.45 151.37 163.82 OK
r-release-linux-x86_64 0.4-5 8.81 123.65 132.46 OK
r-release-osx-x86_64-mavericks 0.4-5 ERROR
r-release-osx-x86_64-snowleopard 0.4-5 ERROR
r-release-windows-ix86+x86_64 0.4-5 22.00 200.00 222.00 OK
r-oldrel-windows-ix86+x86_64 0.4-5 24.00 194.00 218.00 OK

Check Details

Version: 0.4-5
Check: R code for possible problems
Result: NOTE
    .spMetadata.Spatial: no visible global function definition for
     ‘fromJSON’
    geopath: no visible global function definition for ‘deg.dist’
    geopath: no visible global function definition for ‘earth.bear’
    geopath: no visible binding for global variable ‘new.lat.long’
    getWikiMedia.ImageInfo: no visible global function definition for
     ‘getURI’
    getWikiMedia.ImageInfo: no visible global function definition for
     ‘curlOptions’
    grid2poly: no visible global function definition for ‘readShapePoly’
    kml_layer.SoilProfileCollection: no visible global function definition
     for ‘new.lat.long’
    paths: no visible global function definition for ‘ani.options’
    spPhoto: no visible global function definition for ‘getURI’
    spPhoto: no visible global function definition for ‘curlOptions’
    vect2rast.SpatialLines: no visible global function definition for
     ‘nndist.psp’
    vect2rast.SpatialLines: no visible global function definition for
     ‘writeLinesShape’
    vect2rast.SpatialPoints: no visible global function definition for
     ‘nndist’
    vect2rast.SpatialPoints: no visible global function definition for
     ‘writePointsShape’
    vect2rast.SpatialPolygons: no visible global function definition for
     ‘writePolyShape’
Flavors: r-devel-linux-x86_64-debian-clang, r-devel-linux-x86_64-debian-gcc, r-devel-linux-x86_64-fedora-clang, r-devel-linux-x86_64-fedora-gcc, r-devel-osx-x86_64-clang

Version: 0.4-5
Check: package dependencies
Result: NOTE
    Package suggested but not available for checking: ‘uuid’
Flavors: r-patched-solaris-sparc, r-patched-solaris-x86

Version: 0.4-5
Check: running R code from vignettes
Result: ERROR
    Errors in running code in vignettes:
    when running code in ‘jss1079.Rnw’
     ...
    > kml_close("eberg.kml")
    Closing eberg.kml
    
    > library(sp)
    
    > demo(meuse, echo = FALSE)
    
     When sourcing 'jss1079.R':
    Error: no options found in 'init' file
    Execution halted
Flavor: r-patched-solaris-sparc

Version: 0.4-5
Check: package dependencies
Result: ERROR
    Packages required but not available:
     ‘rgdal’ ‘spacetime’ ‘aqp’ ‘gstat’ ‘RSAGA’
    
    Packages suggested but not available for checking: ‘rgbif’ ‘GSIF’
    
    See the information on DESCRIPTION files in the chapter ‘Creating R
    packages’ of the ‘Writing R Extensions’ manual.
Flavor: r-release-osx-x86_64-mavericks

Version: 0.4-5
Check: package dependencies
Result: ERROR
    Package required but not available: ‘aqp’
    
    Package suggested but not available for checking: ‘GSIF’
    
    See the information on DESCRIPTION files in the chapter ‘Creating R
    packages’ of the ‘Writing R Extensions’ manual.
Flavor: r-release-osx-x86_64-snowleopard