CRAN Package Check Results for Package plotKML

Last updated on 2018-07-18 11:50:05 CEST.

Flavor Version Tinstall Tcheck Ttotal Status Flags
r-devel-linux-x86_64-debian-clang 0.5-8 22.76 224.25 247.01 NOTE
r-devel-linux-x86_64-debian-gcc 0.5-8 19.37 178.43 197.80 NOTE
r-devel-linux-x86_64-fedora-clang 0.5-8 317.44 NOTE
r-devel-linux-x86_64-fedora-gcc 0.5-8 311.20 NOTE
r-devel-windows-ix86+x86_64 0.5-8 59.00 418.00 477.00 ERROR
r-patched-linux-x86_64 0.5-8 15.93 191.07 207.00 NOTE
r-patched-solaris-x86 0.5-8 490.00 NOTE
r-release-linux-x86_64 0.5-8 18.64 191.96 210.60 NOTE
r-release-windows-ix86+x86_64 0.5-8 52.00 351.00 403.00 ERROR
r-release-osx-x86_64 0.5-8 NOTE
r-oldrel-windows-ix86+x86_64 0.5-8 36.00 306.00 342.00 ERROR
r-oldrel-osx-x86_64 0.5-8 NOTE

Check Details

Version: 0.5-8
Check: package dependencies
Result: NOTE
    Package suggested but not available for checking: ‘adehabitat’
Flavors: r-devel-linux-x86_64-debian-clang, r-devel-linux-x86_64-debian-gcc, r-devel-linux-x86_64-fedora-clang, r-devel-linux-x86_64-fedora-gcc, r-patched-linux-x86_64, r-patched-solaris-x86, r-release-linux-x86_64, r-release-osx-x86_64

Version: 0.5-8
Check: examples
Result: ERROR
    Running examples in 'plotKML-Ex.R' failed
    The error most likely occurred in:
    
    > ### Name: plotKML-method
    > ### Title: Methods for plotting results of spatial analysis in Google Earth
    > ### Aliases: plotKML-method plotKML plotKML,SpatialPointsDataFrame-method
    > ### plotKML,SpatialLinesDataFrame-method
    > ### plotKML,SpatialPolygonsDataFrame-method
    > ### plotKML,SoilProfileCollection-method
    > ### plotKML,SpatialGridDataFrame-method
    > ### plotKML,SpatialPixelsDataFrame-method plotKML,RasterLayer-method
    > ### plotKML,SpatialPhotoOverlay-method plotKML,STIDF-method
    > ### plotKML,STFDF-method plotKML,STSDF-method plotKML,STTDF-method
    > ### plotKML,SpatialPredictions-method
    > ### plotKML,RasterBrickSimulations-method
    > ### plotKML,SpatialVectorsSimulations-method
    > ### plotKML,SpatialMaxEntOutput-method
    > ### plotKML,RasterBrickTimeSeries-method
    > ### plotKML,SpatialSamplingPattern-method plotKML,list-method
    > ### Keywords: spatial methods
    >
    > ### ** Examples
    >
    > plotKML.env(silent = FALSE, kmz = FALSE)
    Search for SAGA command line program and modules...
    SAGA command line program not found in the following default paths:
    C:/Progra~1/SAGA-GIS
    C:/Progra~2/SAGA-GIS
    C:/SAGA-GIS
    C:/OSGeo4W64/apps/saga
    C:/OSGeo4W64/apps/saga-ltr
    Search on the entire hard drive...
    Error in paths(show.paths = TRUE) : object 'saga.version' not found
    Calls: plotKML.env -> paths
    Execution halted
Flavors: r-devel-windows-ix86+x86_64, r-release-windows-ix86+x86_64, r-oldrel-windows-ix86+x86_64

Version: 0.5-8
Check: re-building of vignette outputs
Result: WARN
    Error in re-building vignettes:
     ...
    Loading required package: gstat
    Loading required package: raster
    Loading required package: sp
    Loading required package: plotKML
    plotKML version 0.5-8 (2017-05-12)
    URL: http://plotkml.r-forge.r-project.org/
    Loading required package: GSIF
    GSIF version 0.5-4 (2017-04-25)
    URL: http://gsif.r-forge.r-project.org/
    
    Attaching package: 'XML'
    
    The following object is masked from 'package:tools':
    
     toHTML
    
    Reprojecting to +proj=longlat +datum=WGS84 ...
    KML file opened for writing...
    Writing to KML...
    Closing eberg.ll__CLYMHT_A__.kml
    KML file opened for writing...
    Writing to KML...
    Closing eberg.ll.kml
    KML file opened for writing...
    Reprojecting to +proj=longlat +datum=WGS84 ...
    
    Error: processing vignette 'jss1079.Rnw' failed with diagnostics:
     chunk 12
    Error in paths(show.paths = TRUE) : object 'saga.version' not found
    Execution halted
Flavors: r-devel-windows-ix86+x86_64, r-release-windows-ix86+x86_64, r-oldrel-windows-ix86+x86_64

Version: 0.5-8
Check: re-building of vignette outputs
Result: NOTE
    Error in re-building vignettes:
     ...
    Saving an object of class 'gstatModel'...
    Subsetting observations to fit the prediction domain in 2D...
    Generating predictions using the trend model (RK method)...
    Running 5-fold cross validation using 'krige.cv'...
    Creating an object of class "SpatialPredictions"
    KML file opened for writing...
    Reprojecting to +proj=longlat +datum=WGS84 ...
    Writing to KML...
    Closing fmd_ST.kml
    Error in texi2dvi(file = file, pdf = TRUE, clean = clean, quiet = quiet, :
     Running 'texi2dvi' on 'jss1079.tex' failed.
    LaTeX errors:
    ! LaTeX Error: File `multirow.sty' not found.
    
    Type X to quit or <RETURN> to proceed,
    or enter new name. (Default extension: sty)
    
    ! Emergency stop.
    <read *>
    
    l.53 \usepackage
     {hyperref}^^M
    ! ==> Fatal error occurred, no output PDF file produced!
    Calls: buildVignettes -> texi2pdf -> texi2dvi
    Execution halted
Flavor: r-oldrel-osx-x86_64