CRAN Package Check Results for Package plotKML

Last updated on 2018-09-26 16:52:50 CEST.

Flavor Version Tinstall Tcheck Ttotal Status Flags
r-devel-linux-x86_64-debian-clang 0.5-8 21.48 223.70 245.18 NOTE
r-devel-linux-x86_64-debian-gcc 0.5-8 0.66 1.49 2.15 ERROR
r-devel-linux-x86_64-fedora-clang 0.5-8 324.53 NOTE
r-devel-linux-x86_64-fedora-gcc 0.5-8 315.70 NOTE
r-devel-windows-ix86+x86_64 0.5-8 46.00 332.00 378.00 ERROR
r-patched-linux-x86_64 0.5-8 19.03 188.58 207.61 NOTE
r-patched-solaris-x86 0.5-8 476.40 NOTE
r-release-linux-x86_64 0.5-8 16.91 188.02 204.93 NOTE
r-release-windows-ix86+x86_64 0.5-8 43.00 401.00 444.00 ERROR
r-release-osx-x86_64 0.5-8 NOTE
r-oldrel-windows-ix86+x86_64 0.5-8 25.00 286.00 311.00 ERROR
r-oldrel-osx-x86_64 0.5-8 NOTE

Check Details

Version: 0.5-8
Check: package dependencies
Result: NOTE
    Package suggested but not available for checking: ‘adehabitat’
Flavors: r-devel-linux-x86_64-debian-clang, r-devel-linux-x86_64-fedora-clang, r-devel-linux-x86_64-fedora-gcc, r-patched-linux-x86_64, r-patched-solaris-x86, r-release-linux-x86_64, r-release-osx-x86_64

Version: 0.5-8
Check: package dependencies
Result: ERROR
    Package required but not available: ‘aqp’
    
    Packages suggested but not available for checking:
     ‘adehabitat’ ‘spcosa’ ‘rgbif’ ‘Hmisc’ ‘GSIF’
    
    See section ‘The DESCRIPTION file’ in the ‘Writing R Extensions’
    manual.
Flavor: r-devel-linux-x86_64-debian-gcc

Version: 0.5-8
Check: whether package can be installed
Result: WARN
    Found the following significant warnings:
     Warning: S3 methods '[.fun_list', '[.grouped_df', 'all.equal.tbl_df', 'anti_join.data.frame', 'anti_join.tbl_df', 'arrange.data.frame', 'arrange.default', 'arrange.grouped_df', 'arrange.tbl_df', 'arrange_.data.frame', 'arrange_.tbl_df', 'as.data.frame.grouped_df', 'as.data.frame.rowwise_df', 'as.data.frame.tbl_cube', 'as.data.frame.tbl_df', 'as.table.tbl_cube', 'as.tbl.data.frame', 'as.tbl.tbl', 'as.tbl_cube.array', 'as.tbl_cube.data.frame', 'as.tbl_cube.matrix', 'as.tbl_cube.table', 'as_data_frame.grouped_df', 'as_data_frame.tbl_cube', 'auto_copy.tbl_cube', 'auto_copy.tbl_df', 'cbind.grouped_df', 'collapse.data.frame', 'collect.data.frame', 'common_by.NULL', 'common_by.character', 'common_by.default', 'common_by.list', 'compute.data.frame', 'copy_to.DBIConnection', 'copy_to.src_local', 'default_missing.data.frame', 'default_missing.default', 'dim.tbl_cube', 'distinct.data.frame', 'distinct.default', 'distinct.grouped_df', 'distinct.tbl_df', 'distinct_.data.frame', 'distinct_.grouped_df', 'dist [... truncated]
Flavors: r-devel-windows-ix86+x86_64, r-release-windows-ix86+x86_64

Version: 0.5-8
Check: examples
Result: ERROR
    Running examples in 'plotKML-Ex.R' failed
    The error most likely occurred in:
    
    > ### Name: plotKML-method
    > ### Title: Methods for plotting results of spatial analysis in Google Earth
    > ### Aliases: plotKML-method plotKML plotKML,SpatialPointsDataFrame-method
    > ### plotKML,SpatialLinesDataFrame-method
    > ### plotKML,SpatialPolygonsDataFrame-method
    > ### plotKML,SoilProfileCollection-method
    > ### plotKML,SpatialGridDataFrame-method
    > ### plotKML,SpatialPixelsDataFrame-method plotKML,RasterLayer-method
    > ### plotKML,SpatialPhotoOverlay-method plotKML,STIDF-method
    > ### plotKML,STFDF-method plotKML,STSDF-method plotKML,STTDF-method
    > ### plotKML,SpatialPredictions-method
    > ### plotKML,RasterBrickSimulations-method
    > ### plotKML,SpatialVectorsSimulations-method
    > ### plotKML,SpatialMaxEntOutput-method
    > ### plotKML,RasterBrickTimeSeries-method
    > ### plotKML,SpatialSamplingPattern-method plotKML,list-method
    > ### Keywords: spatial methods
    >
    > ### ** Examples
    >
    > plotKML.env(silent = FALSE, kmz = FALSE)
    Search for SAGA command line program and modules...
    SAGA command line program not found in the following default paths:
    C:/Progra~1/SAGA-GIS
    C:/Progra~2/SAGA-GIS
    C:/SAGA-GIS
    C:/OSGeo4W64/apps/saga
    C:/OSGeo4W64/apps/saga-ltr
    Search on the entire hard drive...
    Error in paths(show.paths = TRUE) : object 'saga.version' not found
    Calls: plotKML.env -> paths
    Execution halted
Flavors: r-devel-windows-ix86+x86_64, r-release-windows-ix86+x86_64, r-oldrel-windows-ix86+x86_64

Version: 0.5-8
Check: re-building of vignette outputs
Result: WARN
    Error in re-building vignettes:
     ...
    Loading required package: gstat
    Loading required package: raster
    Loading required package: sp
    Loading required package: plotKML
    plotKML version 0.5-8 (2017-05-12)
    URL: http://plotkml.r-forge.r-project.org/
    Loading required package: GSIF
    GSIF version 0.5-4 (2017-04-25)
    URL: http://gsif.r-forge.r-project.org/
    
    Attaching package: 'XML'
    
    The following object is masked from 'package:tools':
    
     toHTML
    
    Reprojecting to +proj=longlat +datum=WGS84 ...
    KML file opened for writing...
    Writing to KML...
    Closing eberg.ll__CLYMHT_A__.kml
    KML file opened for writing...
    Writing to KML...
    Closing eberg.ll.kml
    KML file opened for writing...
    Reprojecting to +proj=longlat +datum=WGS84 ...
    
    Error: processing vignette 'jss1079.Rnw' failed with diagnostics:
     chunk 12
    Error in paths(show.paths = TRUE) : object 'saga.version' not found
    Execution halted
Flavors: r-devel-windows-ix86+x86_64, r-release-windows-ix86+x86_64, r-oldrel-windows-ix86+x86_64

Version: 0.5-8
Check: re-building of vignette outputs
Result: NOTE
    Error in re-building vignettes:
     ...
    Saving an object of class 'gstatModel'...
    Subsetting observations to fit the prediction domain in 2D...
    Generating predictions using the trend model (RK method)...
    Running 5-fold cross validation using 'krige.cv'...
    Creating an object of class "SpatialPredictions"
    KML file opened for writing...
    Reprojecting to +proj=longlat +datum=WGS84 ...
    Writing to KML...
    Closing fmd_ST.kml
    Error in texi2dvi(file = file, pdf = TRUE, clean = clean, quiet = quiet, :
     Running 'texi2dvi' on 'jss1079.tex' failed.
    LaTeX errors:
    ! LaTeX Error: File `multirow.sty' not found.
    
    Type X to quit or <RETURN> to proceed,
    or enter new name. (Default extension: sty)
    
    ! Emergency stop.
    <read *>
    
    l.53 \usepackage
     {hyperref}^^M
    ! ==> Fatal error occurred, no output PDF file produced!
    Calls: buildVignettes -> texi2pdf -> texi2dvi
    Execution halted
Flavor: r-oldrel-osx-x86_64