CRAN Package Check Results for Package plotKML

Last updated on 2018-02-20 19:48:30 CET.

Flavor Version Tinstall Tcheck Ttotal Status Flags
r-devel-linux-x86_64-debian-clang 0.5-8 20.77 183.77 204.54 OK
r-devel-linux-x86_64-debian-gcc 0.5-8 16.37 147.21 163.58 OK
r-devel-linux-x86_64-fedora-clang 0.5-8 249.44 OK
r-devel-linux-x86_64-fedora-gcc 0.5-8 247.75 OK
r-devel-windows-ix86+x86_64 0.5-8 29.00 197.00 226.00 OK
r-patched-linux-x86_64 0.5-8 10.34 199.50 209.84 OK
r-patched-solaris-x86 0.5-8 345.50 OK
r-release-linux-x86_64 0.5-8 10.05 203.84 213.89 OK
r-release-windows-ix86+x86_64 0.5-8 35.00 276.00 311.00 OK
r-release-osx-x86_64 0.5-8 NOTE
r-oldrel-windows-ix86+x86_64 0.5-8 31.00 260.00 291.00 OK
r-oldrel-osx-x86_64 0.5-8 OK

Check Details

Version: 0.5-8
Check: re-building of vignette outputs
Result: NOTE
    Error in re-building vignettes:
     ...
    Saving an object of class 'gstatModel'...
    Subsetting observations to fit the prediction domain in 2D...
    Generating predictions using the trend model (RK method)...
    Running 5-fold cross validation using 'krige.cv'...
    Creating an object of class "SpatialPredictions"
    KML file opened for writing...
    Reprojecting to +proj=longlat +datum=WGS84 ...
    Writing to KML...
    Closing fmd_ST.kml
    Error in texi2dvi(file = file, pdf = TRUE, clean = clean, quiet = quiet, :
     Running 'texi2dvi' on 'jss1079.tex' failed.
    LaTeX errors:
    ! LaTeX Error: File `multirow.sty' not found.
    
    Type X to quit or <RETURN> to proceed,
    or enter new name. (Default extension: sty)
    
    ! Emergency stop.
    <read *>
    
    l.53 \usepackage
     {hyperref}^^M
    ! ==> Fatal error occurred, no output PDF file produced!
    Calls: buildVignettes -> texi2pdf -> texi2dvi
    Execution halted
Flavor: r-release-osx-x86_64