CRAN Package Check Results for Package plotKML

Last updated on 2015-01-30 23:48:52.

Flavor Version Tinstall Tcheck Ttotal Status Flags
r-devel-linux-x86_64-debian-clang 0.5-0 6.05 87.83 93.88 OK
r-devel-linux-x86_64-debian-gcc 0.5-0 6.56 98.13 104.69 OK
r-devel-linux-x86_64-fedora-clang 0.5-0 247.93 OK
r-devel-linux-x86_64-fedora-gcc 0.5-0 232.92 OK
r-devel-osx-x86_64-clang 0.5-0 321.09 OK
r-devel-windows-ix86+x86_64 0.5-0 18.00 125.00 143.00 OK
r-patched-linux-x86_64 0.5-0 8.68 120.45 129.14 OK
r-patched-solaris-sparc 0.5-0 1441.90 NOTE
r-patched-solaris-x86 0.5-0 300.60 NOTE
r-release-linux-ix86 0.4-8 9.84 138.54 148.37 OK
r-release-linux-x86_64 0.5-0 8.61 124.14 132.76 OK
r-release-osx-x86_64-mavericks 0.5-0 ERROR
r-release-osx-x86_64-snowleopard 0.5-0 ERROR
r-release-windows-ix86+x86_64 0.5-0 27.00 200.00 227.00 OK
r-oldrel-windows-ix86+x86_64 0.5-0 26.00 196.00 222.00 OK

Check Details

Version: 0.5-0
Check: package dependencies
Result: NOTE
    Package suggested but not available for checking: ‘uuid’
Flavors: r-patched-solaris-sparc, r-patched-solaris-x86

Version: 0.5-0
Check: package dependencies
Result: ERROR
    Packages required but not available: ‘rgdal’ ‘aqp’
    
    Packages suggested but not available for checking: ‘rgbif’ ‘GSIF’
    
    See the information on DESCRIPTION files in the chapter ‘Creating R
    packages’ of the ‘Writing R Extensions’ manual.
Flavor: r-release-osx-x86_64-mavericks

Version: 0.5-0
Check: package dependencies
Result: ERROR
    Package required but not available: ‘aqp’
    
    Package suggested but not available for checking: ‘GSIF’
    
    See the information on DESCRIPTION files in the chapter ‘Creating R
    packages’ of the ‘Writing R Extensions’ manual.
Flavor: r-release-osx-x86_64-snowleopard