CRAN Package Check Results for Package plotKML

Last updated on 2019-06-17 16:47:43 CEST.

Flavor Version Tinstall Tcheck Ttotal Status Flags
r-devel-linux-x86_64-debian-clang 0.5-9 28.92 218.28 247.20 NOTE
r-devel-linux-x86_64-debian-gcc 0.5-9 23.42 171.10 194.52 NOTE
r-devel-linux-x86_64-fedora-clang 0.5-9 294.83 NOTE
r-devel-linux-x86_64-fedora-gcc 0.5-9 282.20 NOTE
r-devel-windows-ix86+x86_64 0.5-9 70.00 251.00 321.00 OK
r-patched-linux-x86_64 0.5-9 23.86 214.71 238.57 OK
r-patched-solaris-x86 0.5-9 439.50 OK
r-release-linux-x86_64 0.5-9 24.74 216.36 241.10 OK
r-release-windows-ix86+x86_64 0.5-9 50.00 343.00 393.00 OK
r-release-osx-x86_64 0.5-9 OK
r-oldrel-windows-ix86+x86_64 0.5-9 38.00 306.00 344.00 OK
r-oldrel-osx-x86_64 0.5-9 OK

Check Details

Version: 0.5-9
Check: for non-standard things in the check directory
Result: NOTE
    Found the following files/directories:
     'ams.ny.kml' 'eberg.kml' 'eberg.kmz' 'eberg_CLYMHT_A.kml'
     'eberg_contours.kml' 'eberg_contours.kmz' 'eberg_zones.kml'
     'eberg_zones.kmz' 'kml_legend.png'
Flavors: r-devel-linux-x86_64-debian-clang, r-devel-linux-x86_64-debian-gcc, r-devel-linux-x86_64-fedora-clang, r-devel-linux-x86_64-fedora-gcc