CRAN Package Check Results for Package plotKML

Last updated on 2017-01-24 06:53:46.

Flavor Version Tinstall Tcheck Ttotal Status Flags
r-devel-linux-x86_64-debian-clang 0.5-6 8.06 119.04 127.10 OK
r-devel-linux-x86_64-debian-gcc 0.5-6 8.30 122.44 130.74 OK
r-devel-linux-x86_64-fedora-clang 0.5-6 253.90 OK --no-stop-on-test-error
r-devel-linux-x86_64-fedora-gcc 0.5-6 253.58 OK --no-stop-on-test-error
r-devel-macos-x86_64-clang 0.5-6 186.23 OK --no-stop-on-test-error
r-devel-windows-ix86+x86_64 0.5-6 37.00 268.00 305.00 OK
r-patched-linux-x86_64 0.5-6 8.09 112.87 120.95 OK
r-patched-solaris-sparc 0.5-6 1426.60 NOTE
r-patched-solaris-x86 0.5-6 307.30 OK
r-release-linux-x86_64 0.5-6 7.79 112.94 120.74 OK
r-release-osx-x86_64-mavericks 0.5-6 WARN
r-release-windows-ix86+x86_64 0.5-6 56.00 257.00 313.00 OK
r-oldrel-windows-ix86+x86_64 0.5-6 39.00 426.00 465.00 OK

Check Details

Version: 0.5-6
Check: package dependencies
Result: NOTE
    Package suggested but not available for checking: ‘rgbif’
Flavor: r-patched-solaris-sparc

Version: 0.5-6
Check: package dependencies
Result: NOTE
    Packages suggested but not available for checking: ‘GSIF’ ‘gdalUtils’
Flavor: r-release-osx-x86_64-mavericks

Version: 0.5-6
Check: running R code from vignettes
Result: WARN
    Errors in running code in vignettes:
    when running code in ‘jss1079.Rnw’
     ...
    + }
    Loading required package: GSIF
    Warning in library(package, lib.loc = lib.loc, character.only = TRUE, logical.return = TRUE, :
     there is no package called ‘GSIF’
    Installing package into ‘/Builds/CRAN-QA-Simon/packages/mavericks-x86_64/results/3.3/plotKML.Rcheck’
    (as ‘lib’ is unspecified)
    
     When sourcing ‘jss1079.R’:
    Error: trying to use CRAN without setting a mirror
    Execution halted
Flavor: r-release-osx-x86_64-mavericks

Version: 0.5-6
Check: re-building of vignette outputs
Result: NOTE
    Error in re-building vignettes:
     ...
    Loading required package: gstat
    Loading required package: raster
    Loading required package: sp
    Loading required package: plotKML
    plotKML version 0.5-6 (2016-05-02)
    URL: http://plotkml.r-forge.r-project.org/
    Loading required package: GSIF
    Warning in library(package, lib.loc = lib.loc, character.only = TRUE, logical.return = TRUE, :
     there is no package called ‘GSIF’
    Installing package into ‘/Builds/CRAN-QA-Simon/packages/mavericks-x86_64/results/3.3/plotKML.Rcheck’
    (as ‘lib’ is unspecified)
    
    Error: processing vignette 'jss1079.Rnw' failed with diagnostics:
     chunk 1
    Error in contrib.url(repos, "source") :
     trying to use CRAN without setting a mirror
    Execution halted
Flavor: r-release-osx-x86_64-mavericks