CRAN Package Check Results for Package plotKML

Last updated on 2016-05-28 03:50:15.

Flavor Version Tinstall Tcheck Ttotal Status Flags
r-devel-linux-x86_64-debian-gcc 0.5-6 8.77 112.04 120.81 OK
r-devel-linux-x86_64-fedora-clang 0.5-6 238.37 OK
r-devel-linux-x86_64-fedora-gcc 0.5-6 220.51 OK
r-devel-osx-x86_64-clang 0.5-6 244.67 OK
r-devel-windows-ix86+x86_64 0.5-6 22.00 202.00 224.00 OK
r-patched-linux-x86_64 0.5-6 7.62 112.13 119.76 OK
r-patched-solaris-sparc 0.5-6 1368.00 NOTE
r-patched-solaris-x86 0.5-6 296.80 OK
r-release-linux-x86_64 0.5-6 7.52 110.30 117.82 OK
r-release-osx-x86_64-mavericks 0.5-6 WARN
r-release-windows-ix86+x86_64 0.5-6 31.00 259.00 290.00 OK

Check Details

Version: 0.5-6
Check: package dependencies
Result: NOTE
    Package suggested but not available for checking: ‘rgbif’
Flavor: r-patched-solaris-sparc

Version: 0.5-6
Check: package dependencies
Result: NOTE
    Packages suggested but not available for checking: ‘GSIF’ ‘gdalUtils’
Flavor: r-release-osx-x86_64-mavericks

Version: 0.5-6
Check: running R code from vignettes
Result: WARN
    Errors in running code in vignettes:
    when running code in ‘jss1079.Rnw’
     ...
    + }
    Loading required package: GSIF
    Warning in library(package, lib.loc = lib.loc, character.only = TRUE, logical.return = TRUE, :
     there is no package called ‘GSIF’
    Installing package into ‘/Builds/CRAN-QA-Simon/packages/mavericks-x86_64/results/3.3/plotKML.Rcheck’
    (as ‘lib’ is unspecified)
    
     When sourcing ‘jss1079.R’:
    Error: trying to use CRAN without setting a mirror
    Execution halted
Flavor: r-release-osx-x86_64-mavericks

Version: 0.5-6
Check: re-building of vignette outputs
Result: NOTE
    Error in re-building vignettes:
     ...
    Loading required package: gstat
    Loading required package: raster
    Loading required package: sp
    Loading required package: plotKML
    plotKML version 0.5-6 (2016-05-02)
    URL: http://plotkml.r-forge.r-project.org/
    Loading required package: GSIF
    Warning in library(package, lib.loc = lib.loc, character.only = TRUE, logical.return = TRUE, :
     there is no package called ‘GSIF’
    Installing package into ‘/Builds/CRAN-QA-Simon/packages/mavericks-x86_64/results/3.3/plotKML.Rcheck’
    (as ‘lib’ is unspecified)
    
    Error: processing vignette 'jss1079.Rnw' failed with diagnostics:
     chunk 1
    Error in contrib.url(repos, "source") :
     trying to use CRAN without setting a mirror
    Execution halted
Flavor: r-release-osx-x86_64-mavericks