CRAN Package Check Results for Package plotKML

Last updated on 2016-02-10 11:55:23.

Flavor Version Tinstall Tcheck Ttotal Status Flags
r-devel-linux-x86_64-debian-gcc 0.5-5 5.87 92.06 97.93 OK
r-devel-linux-x86_64-fedora-clang 0.5-5 185.86 OK
r-devel-linux-x86_64-fedora-gcc 0.5-5 176.58 OK
r-devel-osx-x86_64-clang 0.5-5 194.85 OK
r-devel-windows-ix86+x86_64 0.5-5 29.00 147.00 176.00 OK
r-patched-linux-x86_64 0.5-5 7.07 100.87 107.93 OK
r-patched-solaris-sparc 0.5-5 1225.20 NOTE
r-patched-solaris-x86 0.5-5 257.20 OK
r-release-linux-x86_64 0.5-5 6.50 102.51 109.01 OK
r-release-osx-x86_64-mavericks 0.5-5 OK
r-release-windows-ix86+x86_64 0.5-5 26.00 205.00 231.00 OK
r-oldrel-windows-ix86+x86_64 0.5-5 46.00 245.00 291.00 OK

Check Details

Version: 0.5-5
Check: package dependencies
Result: NOTE
    Package suggested but not available for checking: ‘rgbif’
Flavor: r-patched-solaris-sparc