CRAN Package Check Results for Package plotKML

Last updated on 2014-04-20 01:48:01.

Flavor Version Tinstall Tcheck Ttotal Status Flags
r-devel-linux-x86_64-debian-clang 0.4-3 9.16 108.37 117.53 OK
r-devel-linux-x86_64-debian-gcc 0.4-3 9.28 111.60 120.88 OK
r-devel-linux-x86_64-fedora-clang 0.4-3 262.61 OK
r-devel-linux-x86_64-fedora-gcc 0.4-3 247.81 OK
r-devel-macosx-x86_64-clang 0.4-3 215.59 OK
r-devel-macosx-x86_64-gcc 0.4-3 ERROR
r-devel-windows-ix86+x86_64 0.4-3 21.00 147.00 168.00 OK
r-patched-linux-x86_64 0.4-3 9.22 109.63 118.85 OK
r-patched-solaris-sparc 0.4-3 1271.30 NOTE
r-patched-solaris-x86 0.4-3 328.00 NOTE
r-release-linux-ix86 OK
r-release-linux-x86_64 0.4-3 9.08 107.07 116.15 OK
r-release-macosx-x86_64 0.4-3 ERROR
r-release-windows-ix86+x86_64 0.4-3 29.00 156.00 185.00 OK
r-oldrel-windows-ix86+x86_64 0.4-3 26.00 161.00 187.00 OK

Check Details

Version: 0.4-3
Check: package dependencies
Result: ERROR
    Packages required but not available:
     ‘XML’ ‘raster’ ‘spacetime’ ‘dismo’ ‘aqp’ ‘scales’ ‘gstat’ ‘zoo’
     ‘RSAGA’
    
    Packages suggested but not available for checking:
     ‘maptools’ ‘spcosa’ ‘rgbif’ ‘Hmisc’ ‘GSIF’
    
    See the information on DESCRIPTION files in the chapter ‘Creating R
    packages’ of the ‘Writing R Extensions’ manual.
Flavor: r-devel-macosx-x86_64-gcc

Version: 0.4-3
Check: package dependencies
Result: NOTE
    Package suggested but not available for checking: ‘uuid’
Flavors: r-patched-solaris-sparc, r-patched-solaris-x86

Version: 0.4-3
Check: package dependencies
Result: ERROR
    Package required but not available: ‘aqp’
    
    Package suggested but not available for checking: ‘GSIF’
    
    See the information on DESCRIPTION files in the chapter ‘Creating R
    packages’ of the ‘Writing R Extensions’ manual.
Flavor: r-release-macosx-x86_64