CRAN Package Check Results for Package plotKML

Last updated on 2015-05-27 19:47:16.

Flavor Version Tinstall Tcheck Ttotal Status Flags
r-devel-linux-x86_64-debian-clang 0.5-2 5.98 92.55 98.53 OK
r-devel-linux-x86_64-debian-gcc 0.5-2 5.76 92.96 98.72 OK
r-devel-linux-x86_64-fedora-clang 0.5-2 200.15 OK
r-devel-linux-x86_64-fedora-gcc 0.5-2 190.51 OK
r-devel-osx-x86_64-clang 0.5-2 168.93 OK
r-devel-windows-ix86+x86_64 0.5-2 18.00 132.00 150.00 OK
r-patched-linux-x86_64 0.5-2 5.76 89.68 95.44 OK
r-patched-solaris-sparc 0.5-2 1180.70 NOTE
r-patched-solaris-x86 0.5-2 286.90 NOTE
r-release-linux-x86_64 0.5-2 5.91 90.19 96.10 OK
r-release-osx-x86_64-mavericks 0.5-2 OK
r-release-osx-x86_64-snowleopard 0.5-2 OK
r-release-windows-ix86+x86_64 0.5-2 18.00 138.00 156.00 OK
r-oldrel-windows-ix86+x86_64 0.5-2 32.00 203.00 235.00 OK

Check Details

Version: 0.5-2
Check: package dependencies
Result: NOTE
    Package suggested but not available for checking: ‘uuid’
Flavors: r-patched-solaris-sparc, r-patched-solaris-x86