CRAN Package Check Results for Package plotKML

Last updated on 2015-08-01 23:47:26.

Flavor Version Tinstall Tcheck Ttotal Status Flags
r-devel-linux-x86_64-debian-clang 0.5-3 6.36 100.18 106.54 OK
r-devel-linux-x86_64-debian-gcc 0.5-3 6.00 96.85 102.85 OK
r-devel-linux-x86_64-fedora-clang 0.5-3 209.51 OK
r-devel-linux-x86_64-fedora-gcc 0.5-3 198.83 OK
r-devel-osx-x86_64-clang 0.5-3 170.19 OK
r-devel-windows-ix86+x86_64 0.5-3 24.00 158.00 182.00 OK
r-patched-linux-x86_64 0.5-3 6.60 98.25 104.84 OK
r-patched-solaris-sparc 0.5-3 1137.70 NOTE
r-patched-solaris-x86 0.5-3 298.40 OK
r-release-linux-x86_64 0.5-3 6.12 96.70 102.82 OK
r-release-osx-x86_64-mavericks 0.5-3 OK
r-release-windows-ix86+x86_64 0.5-3 32.00 166.00 198.00 OK
r-oldrel-windows-ix86+x86_64 0.5-3 47.00 265.00 312.00 OK

Check Details

Version: 0.5-3
Check: package dependencies
Result: NOTE
    Package suggested but not available for checking: ‘rgbif’
Flavor: r-patched-solaris-sparc