CRAN Package Check Results for Package plotKML

Last updated on 2015-03-02 19:52:23.

Flavor Version Tinstall Tcheck Ttotal Status Flags
r-devel-linux-x86_64-debian-clang 0.5-0 6.04 90.22 96.26 OK
r-devel-linux-x86_64-debian-gcc 0.5-0 5.70 86.42 92.12 OK
r-devel-linux-x86_64-fedora-clang 0.5-0 197.22 OK
r-devel-linux-x86_64-fedora-gcc 0.5-0 186.20 OK
r-devel-osx-x86_64-clang 0.5-0 173.24 OK
r-devel-windows-ix86+x86_64 0.5-0 29.00 141.00 170.00 OK
r-patched-linux-x86_64 0.5-0 10.40 127.53 137.93 OK
r-patched-solaris-sparc 0.5-0 1441.90 NOTE
r-patched-solaris-x86 0.5-0 386.20 NOTE
r-release-linux-ix86 0.5-0 11.94 148.21 160.15 OK
r-release-linux-x86_64 0.5-0 10.04 130.40 140.44 OK
r-release-osx-x86_64-mavericks 0.5-0 ERROR
r-release-osx-x86_64-snowleopard 0.5-0 ERROR
r-release-windows-ix86+x86_64 0.5-0 30.00 276.00 306.00 OK
r-oldrel-windows-ix86+x86_64 0.5-0 27.00 214.00 241.00 OK

Check Details

Version: 0.5-0
Check: package dependencies
Result: NOTE
    Package suggested but not available for checking: ‘uuid’
Flavors: r-patched-solaris-sparc, r-patched-solaris-x86

Version: 0.5-0
Check: package dependencies
Result: ERROR
    Packages required but not available: ‘rgdal’ ‘aqp’
    
    Packages suggested but not available for checking: ‘rgbif’ ‘GSIF’
    
    See section ‘The DESCRIPTION file’ in the ‘Writing R Extensions’
    manual.
Flavor: r-release-osx-x86_64-mavericks

Version: 0.5-0
Check: package dependencies
Result: ERROR
    Package required but not available: ‘aqp’
    
    Package suggested but not available for checking: ‘GSIF’
    
    See section ‘The DESCRIPTION file’ in the ‘Writing R Extensions’
    manual.
Flavor: r-release-osx-x86_64-snowleopard