CRAN Package Check Results for Package plotKML

Last updated on 2015-07-07 11:48:20.

Flavor Version Tinstall Tcheck Ttotal Status Flags
r-devel-linux-x86_64-debian-clang 0.5-2 6.08 96.55 102.63 NOTE
r-devel-linux-x86_64-debian-gcc 0.5-2 6.17 95.98 102.15 NOTE
r-devel-linux-x86_64-fedora-clang 0.5-2 206.34 NOTE
r-devel-linux-x86_64-fedora-gcc 0.5-2 191.93 NOTE
r-devel-osx-x86_64-clang 0.5-2 168.02 NOTE
r-devel-windows-ix86+x86_64 0.5-2 19.00 158.00 177.00 NOTE
r-patched-linux-x86_64 0.5-2 5.85 89.21 95.06 OK
r-patched-solaris-sparc 0.5-2 1054.70 NOTE
r-patched-solaris-x86 0.5-2 290.30 NOTE
r-release-linux-x86_64 0.5-2 5.82 89.64 95.46 OK
r-release-osx-x86_64-mavericks 0.5-2 OK
r-release-windows-ix86+x86_64 0.5-2 25.00 150.00 175.00 OK
r-oldrel-windows-ix86+x86_64 0.5-2 31.00 217.00 248.00 OK

Check Details

Version: 0.5-2
Check: R code for possible problems
Result: NOTE
    .SPC_to_images: no visible global function definition for ‘png’
    .SPC_to_images: no visible global function definition for ‘par’
    .SPC_to_images: no visible global function definition for ‘dev.off’
    .getColourScale: no visible global function definition for ‘colorRamp’
    .getColourScale: no visible global function definition for ‘rgb’
    .plot.maxent: no visible global function definition for ‘dotchart’
    .spMetadata.Spatial: no visible global function definition for ‘hist’
    .spMetadata.Spatial: no visible global function definition for
     ‘colorRamp’
    .spMetadata.Spatial: no visible global function definition for ‘rgb’
    col2kml: no visible global function definition for ‘rgb’
    col2kml: no visible global function definition for ‘col2rgb’
    display.pal: no visible global function definition for ‘dev.new’
    display.pal: no visible global function definition for ‘par’
    display.pal: no visible global function definition for ‘mtext’
    display.pal: no visible global function definition for ‘text’
    kml_layer.Raster: no visible global function definition for
     ‘colorRampPalette’
    kml_layer.Raster: no visible global function definition for ‘png’
    kml_layer.Raster: no visible global function definition for ‘par’
    kml_layer.Raster: no visible global function definition for ‘dev.off’
    kml_layer.RasterBrick: no visible global function definition for
     ‘colorRampPalette’
    kml_layer.RasterBrick: no visible global function definition for ‘png’
    kml_layer.RasterBrick: no visible global function definition for ‘par’
    kml_layer.RasterBrick: no visible global function definition for
     ‘dev.off’
    kml_layer.SoilProfileCollection: no visible global function definition
     for ‘colorRampPalette’
    kml_layer.SpatialPixels: no visible global function definition for
     ‘colorRampPalette’
    kml_layer.SpatialPixels: no visible global function definition for
     ‘png’
    kml_layer.SpatialPixels: no visible global function definition for
     ‘par’
    kml_layer.SpatialPixels: no visible global function definition for
     ‘dev.off’
    kml_legend.bar: no visible global function definition for ‘png’
    kml_legend.bar: no visible global function definition for ‘par’
    kml_legend.bar: no visible global function definition for ‘text’
    kml_legend.bar: no visible global function definition for ‘rgb’
    kml_legend.bar: no visible global function definition for ‘dev.off’
    kml_legend.whitening: no visible global function definition for ‘png’
    kml_legend.whitening: no visible global function definition for ‘par’
    kml_legend.whitening: no visible global function definition for ‘rgb’
    kml_legend.whitening: no visible global function definition for ‘axis’
    kml_legend.whitening: no visible global function definition for
     ‘dev.off’
    plot.SpatialPredictions: no visible global function definition for
     ‘par’
    plot.SpatialPredictions: no visible global function definition for
     ‘points’
    plot.SpatialPredictions: no visible global function definition for
     ‘rgb’
    plot.SpatialPredictions: no visible global function definition for
     ‘abline’
    plot.SpatialPredictions: no visible global function definition for
     ‘lines’
    reproject.SpatialGrid: no visible global function definition for
     ‘is.raster’
    vect2rast.SpatialLines: no visible global function definition for
     ‘boxplot’
    vect2rast.SpatialPoints: no visible global function definition for
     ‘boxplot’
    kml_layer,RasterBrick: no visible global function definition for
     ‘colorRampPalette’
    kml_layer,RasterBrick: no visible global function definition for ‘png’
    kml_layer,RasterBrick: no visible global function definition for ‘par’
    kml_layer,RasterBrick: no visible global function definition for
     ‘dev.off’
    kml_layer,RasterLayer: no visible global function definition for
     ‘colorRampPalette’
    kml_layer,RasterLayer: no visible global function definition for ‘png’
    kml_layer,RasterLayer: no visible global function definition for ‘par’
    kml_layer,RasterLayer: no visible global function definition for
     ‘dev.off’
    kml_layer,RasterStack: no visible global function definition for
     ‘colorRampPalette’
    kml_layer,RasterStack: no visible global function definition for ‘png’
    kml_layer,RasterStack: no visible global function definition for ‘par’
    kml_layer,RasterStack: no visible global function definition for
     ‘dev.off’
    kml_layer,SoilProfileCollection: no visible global function definition
     for ‘colorRampPalette’
    kml_layer,SpatialGrid: no visible global function definition for
     ‘colorRampPalette’
    kml_layer,SpatialGrid: no visible global function definition for ‘png’
    kml_layer,SpatialGrid: no visible global function definition for ‘par’
    kml_layer,SpatialGrid: no visible global function definition for
     ‘dev.off’
    kml_layer,SpatialPixels: no visible global function definition for
     ‘colorRampPalette’
    kml_layer,SpatialPixels: no visible global function definition for
     ‘png’
    kml_layer,SpatialPixels: no visible global function definition for
     ‘par’
    kml_layer,SpatialPixels: no visible global function definition for
     ‘dev.off’
    plot,SpatialPredictions-ANY: no visible global function definition for
     ‘par’
    plot,SpatialPredictions-ANY: no visible global function definition for
     ‘points’
    plot,SpatialPredictions-ANY: no visible global function definition for
     ‘rgb’
    plot,SpatialPredictions-ANY: no visible global function definition for
     ‘abline’
    plot,SpatialPredictions-ANY: no visible global function definition for
     ‘lines’
    plotKML,RasterBrickSimulations: no visible global function definition
     for ‘res’
    plotKML,RasterBrickSimulations: no visible global function definition
     for ‘rgb’
    plotKML,RasterBrickSimulations: no visible global function definition
     for ‘png’
    plotKML,RasterBrickSimulations: no visible global function definition
     for ‘par’
    plotKML,RasterBrickSimulations: no visible global function definition
     for ‘lines’
    plotKML,RasterBrickSimulations: no visible global function definition
     for ‘dev.off’
    plotKML,RasterBrickTimeSeries: no visible global function definition
     for ‘png’
    plotKML,RasterBrickTimeSeries: no visible global function definition
     for ‘par’
    plotKML,RasterBrickTimeSeries: no visible global function definition
     for ‘points’
    plotKML,RasterBrickTimeSeries: no visible global function definition
     for ‘dev.off’
    plotKML,SpatialMaxEntOutput: no visible global function definition for
     ‘rgb’
    plotKML,SpatialMaxEntOutput: no visible global function definition for
     ‘col2rgb’
    plotKML,SpatialMaxEntOutput: no visible binding for global variable
     ‘layer’
    plotKML,SpatialMaxEntOutput: no visible global function definition for
     ‘png’
    plotKML,SpatialMaxEntOutput: no visible global function definition for
     ‘par’
    plotKML,SpatialMaxEntOutput: no visible global function definition for
     ‘dev.off’
    plotKML,SpatialPredictions: no visible binding for global variable
     ‘variance’
    plotKML,SpatialPredictions: no visible binding for global variable
     ‘colour_scale_svar’
    plotKML,SpatialPredictions: no visible global function definition for
     ‘png’
    plotKML,SpatialPredictions: no visible global function definition for
     ‘dev.off’
    plotKML,SpatialVectorsSimulations: no visible binding for global
     variable ‘colour.sd’
    plotKML,list: no visible binding for global variable ‘labels_i’
    reproject,SpatialGridDataFrame: no visible global function definition
     for ‘is.raster’
    reproject,SpatialPixelsDataFrame: no visible global function definition
     for ‘is.raster’
    spMetadata,Spatial: no visible global function definition for ‘hist’
    spMetadata,Spatial: no visible global function definition for
     ‘colorRamp’
    spMetadata,Spatial: no visible global function definition for ‘rgb’
    vect2rast,SpatialLines: no visible global function definition for
     ‘boxplot’
    vect2rast,SpatialPoints: no visible global function definition for
     ‘boxplot’
    Undefined global functions or variables:
     abline axis boxplot col2rgb colorRamp colorRampPalette colour.sd
     colour_scale_svar dev.new dev.off dotchart hist is.raster labels_i
     layer lines mtext par png points res rgb text variance
Flavors: r-devel-linux-x86_64-debian-clang, r-devel-linux-x86_64-debian-gcc, r-devel-linux-x86_64-fedora-clang, r-devel-linux-x86_64-fedora-gcc, r-devel-windows-ix86+x86_64

Version: 0.5-2
Check: R code for possible problems
Result: NOTE
    plotKML,RasterBrickSimulations: no visible global function definition
     for ‘res’
    plotKML,SpatialMaxEntOutput: no visible binding for global variable
     ‘layer’
    plotKML,SpatialPredictions: no visible binding for global variable
     ‘variance’
    plotKML,SpatialPredictions: no visible binding for global variable
     ‘colour_scale_svar’
    plotKML,SpatialVectorsSimulations: no visible binding for global
     variable ‘colour.sd’
    plotKML,list: no visible binding for global variable ‘labels_i’
    Undefined global functions or variables:
     colour.sd colour_scale_svar labels_i layer res variance
Flavor: r-devel-osx-x86_64-clang

Version: 0.5-2
Check: package dependencies
Result: NOTE
    Packages suggested but not available for checking: ‘rgbif’ ‘uuid’
Flavor: r-patched-solaris-sparc

Version: 0.5-2
Check: package dependencies
Result: NOTE
    Package suggested but not available for checking: ‘uuid’
Flavor: r-patched-solaris-x86