CRAN Package Check Results for Package plotMCMC

Last updated on 2015-05-25 03:47:46.

Flavor Version Tinstall Tcheck Ttotal Status Flags
r-devel-linux-x86_64-debian-clang 2.0-0 0.88 22.66 23.55 OK
r-devel-linux-x86_64-debian-gcc 2.0-0 0.86 23.40 24.27 OK
r-devel-linux-x86_64-fedora-clang 2.0-0 46.01 OK
r-devel-linux-x86_64-fedora-gcc 2.0-0 45.59 OK
r-devel-osx-x86_64-clang 2.0-0 42.26 OK
r-devel-windows-ix86+x86_64 2.0-0 3.00 37.00 40.00 OK
r-patched-linux-x86_64 2.0-0 0.87 22.37 23.24 OK
r-patched-solaris-sparc 2.0-0 276.10 OK
r-patched-solaris-x86 2.0-0 59.80 OK
r-release-linux-x86_64 2.0-0 0.87 23.44 24.31 OK
r-release-osx-x86_64-mavericks 2.0-0 NOTE
r-release-osx-x86_64-snowleopard 2.0-0 NOTE
r-release-windows-ix86+x86_64 2.0-0 4.00 36.00 40.00 OK
r-oldrel-windows-ix86+x86_64 2.0-0 6.00 67.00 73.00 OK

Check Details

Version: 2.0-0
Check: Rd cross-references
Result: NOTE
    Package unavailable to check Rd xrefs: ‘scape’
Flavors: r-release-osx-x86_64-mavericks, r-release-osx-x86_64-snowleopard