CRAN Package Check Results for Package plotMCMC

Last updated on 2014-09-22 11:56:31.

Flavor Version Tinstall Tcheck Ttotal Status Flags
r-devel-linux-x86_64-debian-clang 2.0-0 1.16 25.56 26.72 OK
r-devel-linux-x86_64-debian-gcc 2.0-0 1.39 25.84 27.22 OK
r-devel-linux-x86_64-fedora-clang 2.0-0 51.92 OK
r-devel-linux-x86_64-fedora-gcc 2.0-0 50.14 OK
r-devel-osx-x86_64-clang 2.0-0 48.43 OK
r-devel-windows-ix86+x86_64 2.0-0 5.00 42.00 47.00 OK
r-patched-linux-x86_64 2.0-0 1.26 27.91 29.16 OK
r-patched-solaris-sparc 2.0-0 311.00 OK
r-patched-solaris-x86 2.0-0 66.30 OK
r-release-linux-ix86 2.0-0 1.74 38.13 39.87 OK
r-release-linux-x86_64 2.0-0 1.19 27.94 29.14 OK
r-release-osx-x86_64-mavericks 2.0-0 OK
r-release-osx-x86_64-snowleopard 2.0-0 WARN
r-release-windows-ix86+x86_64 2.0-0 5.00 42.00 47.00 OK
r-oldrel-windows-ix86+x86_64 2.0-0 5.00 48.00 53.00 OK

Check Details

Version: 2.0-0
Check: Rd cross-references
Result: WARN
    Missing link or links in documentation object 'xbio.Rd':
     ‘[scape]{xmcmc}’
    
    Missing link or links in documentation object 'xpar.Rd':
     ‘[scape]{xmcmc}’
    
    Missing link or links in documentation object 'xpro.Rd':
     ‘[scape]{xproj}’
    
    Missing link or links in documentation object 'xrec.Rd':
     ‘[scape]{xmcmc}’
    
    See the information in section 'Cross-references' of the 'Writing R
    Extensions' manual.
Flavor: r-release-osx-x86_64-snowleopard