CRAN Package Check Results for Package plotMCMC

Last updated on 2014-07-23 13:47:54.

Flavor Version Tinstall Tcheck Ttotal Status Flags
r-devel-linux-x86_64-debian-clang 2.0-0 1.24 24.41 25.65 OK
r-devel-linux-x86_64-debian-gcc 2.0-0 1.18 25.04 26.22 OK
r-devel-linux-x86_64-fedora-clang 2.0-0 55.12 OK
r-devel-linux-x86_64-fedora-gcc 2.0-0 54.85 OK
r-devel-osx-x86_64-clang 2.0-0 48.76 OK
r-devel-windows-ix86+x86_64 2.0-0 5.00 43.00 48.00 OK
r-patched-linux-x86_64 2.0-0 1.19 25.25 26.44 OK
r-patched-solaris-sparc 2.0-0 278.20 OK
r-patched-solaris-x86 2.0-0 69.30 OK
r-release-linux-ix86 2.0-0 1.72 37.68 39.40 OK
r-release-linux-x86_64 2.0-0 1.20 26.66 27.87 OK
r-release-osx-x86_64-mavericks 2.0-0 OK
r-release-osx-x86_64-snowleopard 2.0-0 WARN
r-release-windows-ix86+x86_64 2.0-0 5.00 44.00 49.00 OK
r-oldrel-windows-ix86+x86_64 2.0-0 5.00 44.00 49.00 OK

Check Details

Version: 2.0-0
Check: Rd cross-references
Result: WARNING
    Missing link or links in documentation object 'xbio.Rd':
     ‘[scape]{xmcmc}’
    
    Missing link or links in documentation object 'xpar.Rd':
     ‘[scape]{xmcmc}’
    
    Missing link or links in documentation object 'xpro.Rd':
     ‘[scape]{xproj}’
    
    Missing link or links in documentation object 'xrec.Rd':
     ‘[scape]{xmcmc}’
    
    See the information in section 'Cross-references' of the 'Writing R
    Extensions' manual.
Flavor: r-release-osx-x86_64-snowleopard