CRAN Package Check Results for Package plotMCMC

Last updated on 2015-03-28 11:49:22.

Flavor Version Tinstall Tcheck Ttotal Status Flags
r-devel-linux-x86_64-debian-clang 2.0-0 0.87 23.11 23.98 OK
r-devel-linux-x86_64-debian-gcc 2.0-0 0.95 22.94 23.88 OK
r-devel-linux-x86_64-fedora-clang 2.0-0 46.13 OK
r-devel-linux-x86_64-fedora-gcc 2.0-0 45.79 OK
r-devel-osx-x86_64-clang 2.0-0 47.33 OK
r-prerel-windows-ix86+x86_64 2.0-0 3.00 36.00 39.00 OK
r-prerel-linux-x86_64 2.0-0 1.16 22.65 23.81 OK
r-prerel-solaris-sparc 2.0-0 279.40 OK
r-prerel-solaris-x86 2.0-0 56.80 OK
r-release-linux-x86_64 2.0-0 1.42 28.09 29.51 OK
r-release-osx-x86_64-mavericks 2.0-0 OK
r-release-osx-x86_64-snowleopard 2.0-0 WARN
r-release-windows-ix86+x86_64 2.0-0 5.00 49.00 54.00 OK
r-oldrel-windows-ix86+x86_64 2.0-0 5.00 64.00 69.00 OK

Check Details

Version: 2.0-0
Check: Rd cross-references
Result: WARN
    Missing link or links in documentation object 'xbio.Rd':
     ‘[scape]{xmcmc}’
    
    Missing link or links in documentation object 'xpar.Rd':
     ‘[scape]{xmcmc}’
    
    Missing link or links in documentation object 'xpro.Rd':
     ‘[scape]{xproj}’
    
    Missing link or links in documentation object 'xrec.Rd':
     ‘[scape]{xmcmc}’
    
    See the information in section 'Cross-references' of the 'Writing R
    Extensions' manual.
Flavor: r-release-osx-x86_64-snowleopard