CRAN Package Check Results for Package plotMCMC

Last updated on 2015-07-02 23:47:27.

Flavor Version Tinstall Tcheck Ttotal Status Flags
r-devel-linux-x86_64-debian-clang 2.0-0 0.98 21.64 22.62 NOTE
r-devel-linux-x86_64-debian-gcc 2.0-0 0.84 22.18 23.02 NOTE
r-devel-linux-x86_64-fedora-clang 2.0-0 44.17 NOTE
r-devel-linux-x86_64-fedora-gcc 2.0-0 43.54 NOTE
r-devel-osx-x86_64-clang 2.0-0 40.17 OK
r-devel-windows-ix86+x86_64 2.0-0 5.00 38.00 43.00 NOTE
r-patched-linux-x86_64 2.0-0 0.92 23.00 23.92 OK
r-patched-solaris-sparc 2.0-0 276.10 OK
r-patched-solaris-x86 2.0-0 59.50 OK
r-release-linux-x86_64 2.0-0 0.86 23.65 24.52 OK
r-release-osx-x86_64-mavericks 2.0-0 NOTE
r-release-windows-ix86+x86_64 2.0-0 3.00 37.00 40.00 OK
r-oldrel-windows-ix86+x86_64 2.0-0 6.00 51.00 57.00 OK

Check Details

Version: 2.0-0
Check: R code for possible problems
Result: NOTE
    plotAuto: no visible global function definition for ‘window’
    plotAuto: no visible global function definition for ‘title’
    plotAuto: no visible global function definition for ‘axis’
    plotAuto: no visible global function definition for ‘box’
    plotCumu: no visible global function definition for ‘title’
    plotCumu: no visible global function definition for ‘axis’
    plotCumu: no visible global function definition for ‘box’
    plotDens : panel.dens: no visible global function definition for ‘var’
    plotDens : panel.dens: no visible global function definition for
     ‘quantile’
    plotDens : panel.dens: no visible global function definition for
     ‘median’
    plotDens: no visible global function definition for ‘tail’
    plotQuant: no visible global function definition for ‘par’
    plotQuant: no visible binding for global variable ‘quantile’
    plotQuant: no visible global function definition for ‘plot’
    plotQuant: no visible global function definition for ‘lines’
    plotQuant: no visible global function definition for ‘bxp’
    plotQuant: no visible global function definition for ‘matplot’
    plotQuant: no visible global function definition for ‘axis’
    plotQuant: no visible global function definition for ‘box’
    plotQuant: no visible global function definition for ‘title’
    plotSplom: no visible global function definition for ‘pairs’
    plotTrace : panel.trace: no visible global function definition for
     ‘var’
    plotTrace : panel.trace: no visible global function definition for
     ‘median’
    plotTrace: no visible global function definition for ‘tail’
    Undefined global functions or variables:
     axis box bxp lines matplot median pairs par plot quantile tail title
     var window
Flavors: r-devel-linux-x86_64-debian-clang, r-devel-linux-x86_64-fedora-clang, r-devel-linux-x86_64-fedora-gcc, r-devel-windows-ix86+x86_64

Version: 2.0-0
Check: R code for possible problems
Result: NOTE
    plotAuto: no visible global function definition for ‘window’
    plotAuto: no visible global function definition for ‘title’
    plotAuto: no visible global function definition for ‘axis’
    plotAuto: no visible global function definition for ‘box’
    plotCumu: no visible global function definition for ‘title’
    plotCumu: no visible global function definition for ‘axis’
    plotCumu: no visible global function definition for ‘box’
    plotDens : panel.dens: no visible global function definition for ‘var’
    plotDens : panel.dens: no visible global function definition for
     ‘quantile’
    plotDens : panel.dens: no visible global function definition for
     ‘median’
    plotDens: no visible global function definition for ‘tail’
    plotQuant: no visible global function definition for ‘par’
    plotQuant: no visible binding for global variable ‘quantile’
    plotQuant: no visible global function definition for ‘plot’
    plotQuant: no visible global function definition for ‘lines’
    plotQuant: no visible global function definition for ‘bxp’
    plotQuant: no visible global function definition for ‘matplot’
    plotQuant: no visible global function definition for ‘axis’
    plotQuant: no visible global function definition for ‘box’
    plotQuant: no visible global function definition for ‘title’
    plotSplom: no visible global function definition for ‘pairs’
    plotTrace : panel.trace: no visible global function definition for
     ‘var’
    plotTrace : panel.trace: no visible global function definition for
     ‘median’
    plotTrace: no visible global function definition for ‘tail’
Flavor: r-devel-linux-x86_64-debian-gcc

Version: 2.0-0
Check: Rd cross-references
Result: NOTE
    Package unavailable to check Rd xrefs: ‘scape’
Flavor: r-release-osx-x86_64-mavericks