CRAN Package Check Results for Package plotMCMC

Last updated on 2014-08-21 03:48:23.

Flavor Version Tinstall Tcheck Ttotal Status Flags
r-devel-linux-x86_64-debian-clang 2.0-0 1.24 24.00 25.24 OK
r-devel-linux-x86_64-debian-gcc 2.0-0 1.19 26.71 27.90 OK
r-devel-linux-x86_64-fedora-clang 2.0-0 52.79 OK
r-devel-linux-x86_64-fedora-gcc 2.0-0 52.68 OK
r-devel-osx-x86_64-clang 2.0-0 46.17 OK
r-devel-windows-ix86+x86_64 2.0-0 5.00 39.00 44.00 OK
r-patched-linux-x86_64 2.0-0 1.19 25.42 26.62 OK
r-patched-solaris-sparc 2.0-0 311.00 OK
r-patched-solaris-x86 2.0-0 69.40 OK
r-release-linux-ix86 2.0-0 1.70 37.72 39.43 OK
r-release-linux-x86_64 2.0-0 1.32 26.50 27.81 OK
r-release-osx-x86_64-mavericks 2.0-0 OK
r-release-osx-x86_64-snowleopard 2.0-0 WARN
r-release-windows-ix86+x86_64 2.0-0 5.00 45.00 50.00 OK
r-oldrel-windows-ix86+x86_64 2.0-0 5.00 49.00 54.00 OK

Check Details

Version: 2.0-0
Check: Rd cross-references
Result: WARNING
    Missing link or links in documentation object 'xbio.Rd':
     ‘[scape]{xmcmc}’
    
    Missing link or links in documentation object 'xpar.Rd':
     ‘[scape]{xmcmc}’
    
    Missing link or links in documentation object 'xpro.Rd':
     ‘[scape]{xproj}’
    
    Missing link or links in documentation object 'xrec.Rd':
     ‘[scape]{xmcmc}’
    
    See the information in section 'Cross-references' of the 'Writing R
    Extensions' manual.
Flavor: r-release-osx-x86_64-snowleopard