CRAN Package Check Results for Package plotMCMC

Last updated on 2015-02-27 16:47:56.

Flavor Version Tinstall Tcheck Ttotal Status Flags
r-devel-linux-x86_64-debian-clang 2.0-0 0.92 22.08 23.00 OK
r-devel-linux-x86_64-debian-gcc 2.0-0 0.91 23.23 24.14 OK
r-devel-linux-x86_64-fedora-clang 2.0-0 45.78 OK
r-devel-linux-x86_64-fedora-gcc 2.0-0 44.14 OK
r-devel-osx-x86_64-clang 2.0-0 42.98 OK
r-devel-windows-ix86+x86_64 2.0-0 5.00 35.00 40.00 OK
r-patched-linux-x86_64 2.0-0 1.36 28.86 30.22 OK
r-patched-solaris-sparc 2.0-0 324.60 OK
r-release-linux-ix86 2.0-0 2.07 40.30 42.38 OK
r-release-linux-x86_64 2.0-0 1.34 28.34 29.68 OK
r-release-osx-x86_64-mavericks 2.0-0 OK
r-release-osx-x86_64-snowleopard 2.0-0 WARN
r-release-windows-ix86+x86_64 2.0-0 6.00 46.00 52.00 OK
r-oldrel-windows-ix86+x86_64 2.0-0 6.00 71.00 77.00 OK

Check Details

Version: 2.0-0
Check: Rd cross-references
Result: WARN
    Missing link or links in documentation object 'xbio.Rd':
     ‘[scape]{xmcmc}’
    
    Missing link or links in documentation object 'xpar.Rd':
     ‘[scape]{xmcmc}’
    
    Missing link or links in documentation object 'xpro.Rd':
     ‘[scape]{xproj}’
    
    Missing link or links in documentation object 'xrec.Rd':
     ‘[scape]{xmcmc}’
    
    See the information in section 'Cross-references' of the 'Writing R
    Extensions' manual.
Flavor: r-release-osx-x86_64-snowleopard