CRAN Package Check Results for Package plotMCMC

Last updated on 2015-01-25 17:48:10.

Flavor Version Tinstall Tcheck Ttotal Status Flags
r-devel-linux-x86_64-debian-clang 2.0-0 1.32 26.72 28.05 OK
r-devel-linux-x86_64-debian-gcc 2.0-0 1.20 27.23 28.42 OK
r-devel-linux-x86_64-fedora-clang 2.0-0 56.66 OK
r-devel-linux-x86_64-fedora-gcc 2.0-0 53.98 OK
r-devel-osx-x86_64-clang 2.0-0 49.78 OK
r-devel-windows-ix86+x86_64 2.0-0 5.00 46.00 51.00 OK
r-patched-linux-x86_64 2.0-0 1.68 28.78 30.46 OK
r-patched-solaris-sparc 2.0-0 324.60 OK
r-patched-solaris-x86 2.0-0 67.90 OK
r-release-linux-ix86 2.0-0 1.78 36.62 38.40 OK
r-release-linux-x86_64 2.0-0 1.27 28.86 30.14 OK
r-release-osx-x86_64-mavericks 2.0-0 OK
r-release-osx-x86_64-snowleopard 2.0-0 WARN
r-release-windows-ix86+x86_64 2.0-0 6.00 48.00 54.00 OK
r-oldrel-windows-ix86+x86_64 2.0-0 5.00 53.00 58.00 OK

Check Details

Version: 2.0-0
Check: Rd cross-references
Result: WARN
    Missing link or links in documentation object 'xbio.Rd':
     ‘[scape]{xmcmc}’
    
    Missing link or links in documentation object 'xpar.Rd':
     ‘[scape]{xmcmc}’
    
    Missing link or links in documentation object 'xpro.Rd':
     ‘[scape]{xproj}’
    
    Missing link or links in documentation object 'xrec.Rd':
     ‘[scape]{xmcmc}’
    
    See the information in section 'Cross-references' of the 'Writing R
    Extensions' manual.
Flavor: r-release-osx-x86_64-snowleopard