CRAN Package Check Results for Package plotMCMC

Last updated on 2015-09-04 11:47:46.

Flavor Version Tinstall Tcheck Ttotal Status Flags
r-devel-linux-x86_64-debian-clang 2.0-0 0.85 22.43 23.28 NOTE
r-devel-linux-x86_64-debian-gcc 2.0-0 0.83 22.89 23.72 NOTE
r-devel-linux-x86_64-fedora-clang 2.0-0 45.81 NOTE
r-devel-linux-x86_64-fedora-gcc 2.0-0 45.29 NOTE
r-devel-osx-x86_64-clang 2.0-0 39.55 OK
r-devel-windows-ix86+x86_64 2.0-0 3.00 62.00 65.00 NOTE
r-patched-linux-x86_64 2.0-0 0.99 23.55 24.54 OK
r-patched-solaris-sparc 2.0-0 279.20 OK
r-patched-solaris-x86 2.0-0 62.00 OK
r-release-linux-x86_64 2.0-0 0.94 24.02 24.96 OK
r-release-osx-x86_64-mavericks 2.0-0 NOTE
r-release-windows-ix86+x86_64 2.0-0 5.00 40.00 45.00 OK
r-oldrel-windows-ix86+x86_64 2.0-0 7.00 55.00 62.00 OK

Check Details

Version: 2.0-0
Check: R code for possible problems
Result: NOTE
    plotAuto: no visible global function definition for ‘window’
    plotAuto: no visible global function definition for ‘title’
    plotAuto: no visible global function definition for ‘axis’
    plotAuto: no visible global function definition for ‘box’
    plotCumu: no visible global function definition for ‘title’
    plotCumu: no visible global function definition for ‘axis’
    plotCumu: no visible global function definition for ‘box’
    plotDens : panel.dens: no visible global function definition for ‘var’
    plotDens : panel.dens: no visible global function definition for
     ‘quantile’
    plotDens : panel.dens: no visible global function definition for
     ‘median’
    plotDens: no visible global function definition for ‘tail’
    plotQuant: no visible global function definition for ‘par’
    plotQuant: no visible binding for global variable ‘quantile’
    plotQuant: no visible global function definition for ‘plot’
    plotQuant: no visible global function definition for ‘lines’
    plotQuant: no visible global function definition for ‘bxp’
    plotQuant: no visible global function definition for ‘matplot’
    plotQuant: no visible global function definition for ‘axis’
    plotQuant: no visible global function definition for ‘box’
    plotQuant: no visible global function definition for ‘title’
    plotSplom: no visible global function definition for ‘pairs’
    plotTrace : panel.trace: no visible global function definition for
     ‘var’
    plotTrace : panel.trace: no visible global function definition for
     ‘median’
    plotTrace: no visible global function definition for ‘tail’
    Undefined global functions or variables:
     axis box bxp lines matplot median pairs par plot quantile tail title
     var window
    Consider adding
     importFrom("graphics", "axis", "box", "bxp", "lines", "matplot",
     "pairs", "par", "plot", "title")
     importFrom("stats", "median", "quantile", "var", "window")
     importFrom("utils", "tail")
    to your NAMESPACE.
Flavors: r-devel-linux-x86_64-debian-clang, r-devel-linux-x86_64-debian-gcc, r-devel-linux-x86_64-fedora-clang, r-devel-linux-x86_64-fedora-gcc, r-devel-windows-ix86+x86_64

Version: 2.0-0
Check: Rd cross-references
Result: NOTE
    Package unavailable to check Rd xrefs: ‘scape’
Flavor: r-release-osx-x86_64-mavericks