CRAN Package Check Results for Package plotMCMC

Last updated on 2014-12-19 05:47:50.

Flavor Version Tinstall Tcheck Ttotal Status Flags
r-devel-linux-x86_64-debian-clang 2.0-0 1.28 26.97 28.26 OK
r-devel-linux-x86_64-debian-gcc 2.0-0 1.27 27.19 28.46 OK
r-devel-linux-x86_64-fedora-clang 2.0-0 56.23 OK
r-devel-linux-x86_64-fedora-gcc 2.0-0 50.61 OK
r-devel-osx-x86_64-clang 2.0-0 48.43 OK
r-devel-windows-ix86+x86_64 2.0-0 5.00 40.00 45.00 OK
r-patched-linux-x86_64 2.0-0 1.25 29.03 30.28 OK
r-patched-solaris-sparc 2.0-0 311.00 OK
r-patched-solaris-x86 2.0-0 67.10 OK
r-release-linux-ix86 2.0-0 1.75 36.34 38.09 OK
r-release-linux-x86_64 2.0-0 1.51 28.25 29.76 OK
r-release-osx-x86_64-mavericks 2.0-0 OK
r-release-osx-x86_64-snowleopard 2.0-0 WARN
r-release-windows-ix86+x86_64 2.0-0 5.00 45.00 50.00 OK
r-oldrel-windows-ix86+x86_64 2.0-0 6.00 47.00 53.00 OK

Check Details

Version: 2.0-0
Check: Rd cross-references
Result: WARN
    Missing link or links in documentation object 'xbio.Rd':
     ‘[scape]{xmcmc}’
    
    Missing link or links in documentation object 'xpar.Rd':
     ‘[scape]{xmcmc}’
    
    Missing link or links in documentation object 'xpro.Rd':
     ‘[scape]{xproj}’
    
    Missing link or links in documentation object 'xrec.Rd':
     ‘[scape]{xmcmc}’
    
    See the information in section 'Cross-references' of the 'Writing R
    Extensions' manual.
Flavor: r-release-osx-x86_64-snowleopard