CRAN Package Check Results for Package plotbb

Last updated on 2021-11-29 02:48:38 CET.

Flavor Version Tinstall Tcheck Ttotal Status Flags
r-devel-linux-x86_64-debian-clang 0.0.6 OK
r-devel-linux-x86_64-debian-gcc 0.0.6 2.42 34.13 36.55 OK
r-devel-linux-x86_64-fedora-clang 0.0.6 64.16 OK
r-devel-linux-x86_64-fedora-gcc 0.0.6 53.55 OK
r-devel-windows-x86_64-new-UL 0.0.6 9.00 88.00 97.00 OK
r-devel-windows-x86_64-new-TK 0.0.6 OK
r-devel-windows-x86_64-old 0.0.6 4.00 65.00 69.00 OK
r-patched-linux-x86_64 0.0.6 3.21 39.44 42.65 OK
r-patched-solaris-x86 0.0.6 61.70 OK
r-release-linux-x86_64 0.0.6 3.12 39.29 42.41 OK
r-release-macos-arm64 0.0.6 OK
r-release-macos-x86_64 0.0.6 WARN
r-release-windows-ix86+x86_64 0.0.6 8.00 44.00 52.00 OK
r-oldrel-macos-x86_64 0.0.6 WARN
r-oldrel-windows-ix86+x86_64 0.0.6 5.00 64.00 69.00 OK

Check Details

Version: 0.0.6
Check: re-building of vignette outputs
Result: WARN
    Error(s) in re-building vignettes:
     ...
    --- re-building ‘plotbb.Rmd’ using rmarkdown
    Pandoc is required to build R Markdown vignettes but not available. Please make sure it is installed.
    
    Attaching package: 'dplyr'
    
    The following objects are masked from 'package:stats':
    
     filter, lag
    
    The following objects are masked from 'package:base':
    
     intersect, setdiff, setequal, union
    
    Quitting from lines 49-57 (plotbb.Rmd)
    Error: processing vignette 'plotbb.Rmd' failed with diagnostics:
    non-numeric argument to binary operator
    --- failed re-building ‘plotbb.Rmd’
    
    SUMMARY: processing the following file failed:
     ‘plotbb.Rmd’
    
    Error: Vignette re-building failed.
    Execution halted
Flavors: r-release-macos-x86_64, r-oldrel-macos-x86_64