Last updated on 2023-01-29 03:55:22 CET.
Flavor | Version | Tinstall | Tcheck | Ttotal | Status | Flags |
---|---|---|---|---|---|---|
r-devel-linux-x86_64-debian-clang | 4.10.1 | 18.42 | 267.43 | 285.85 | OK | |
r-devel-linux-x86_64-debian-gcc | 4.10.1 | 15.79 | 186.75 | 202.54 | OK | |
r-devel-linux-x86_64-fedora-clang | 4.10.1 | 352.14 | NOTE | |||
r-devel-linux-x86_64-fedora-gcc | 4.10.1 | 344.74 | OK | |||
r-patched-linux-x86_64 | 4.10.1 | 17.44 | 239.28 | 256.72 | OK | |
r-release-linux-x86_64 | 4.10.1 | 17.88 | 243.58 | 261.46 | OK | |
r-release-macos-arm64 | 4.10.1 | 118.00 | NOTE | |||
r-release-macos-x86_64 | 4.10.1 | 116.00 | NOTE | |||
r-release-windows-x86_64 | 4.10.1 | 411.00 | 279.00 | 690.00 | NOTE | |
r-oldrel-macos-arm64 | 4.10.1 | 111.00 | NOTE | |||
r-oldrel-macos-x86_64 | 4.10.1 | 119.00 | NOTE | |||
r-oldrel-windows-ix86+x86_64 | 4.10.1 | 36.00 | 265.00 | 301.00 | NOTE |
Version: 4.10.1
Check: installed package size
Result: NOTE
installed size is 7.2Mb
sub-directories of 1Mb or more:
R 1.0Mb
htmlwidgets 4.0Mb
Flavors: r-devel-linux-x86_64-fedora-clang, r-release-macos-arm64, r-release-macos-x86_64, r-release-windows-x86_64, r-oldrel-macos-arm64, r-oldrel-macos-x86_64, r-oldrel-windows-ix86+x86_64