CRAN Package Check Results for Package plotmo

Last updated on 2014-04-19 05:47:50.

Flavor Version Tinstall Tcheck Ttotal Status Flags
r-devel-linux-x86_64-debian-clang 1.3-3 0.74 15.87 16.61 OK
r-devel-linux-x86_64-debian-gcc 1.3-3 0.69 16.38 17.08 OK
r-devel-linux-x86_64-fedora-clang 1.3-3 31.77 OK
r-devel-linux-x86_64-fedora-gcc 1.3-3 29.67 OK
r-devel-macosx-x86_64-clang 1.3-3 31.59 OK
r-devel-macosx-x86_64-gcc 1.3-3 NOTE
r-devel-windows-ix86+x86_64 1.3-3 2.00 30.00 32.00 OK
r-patched-linux-x86_64 1.3-3 0.70 16.25 16.95 OK
r-patched-solaris-sparc 1.3-3 179.60 OK
r-patched-solaris-x86 1.3-3 41.00 OK
r-release-linux-ix86 1.3-3 2.00 30.00 32.00 OK
r-release-linux-x86_64 1.3-3 0.68 16.67 17.36 OK
r-release-macosx-x86_64 1.3-3 OK
r-release-windows-ix86+x86_64 1.3-3 2.00 24.00 26.00 OK
r-oldrel-windows-ix86+x86_64 1.3-3 3.00 24.00 27.00 OK

Check Details

Version: 1.3-3
Check: package dependencies
Result: NOTE
    Package suggested but not available for checking: ‘earth’
Flavor: r-devel-macosx-x86_64-gcc

Version: 1.3-3
Check: Rd cross-references
Result: NOTE
    Packages unavailable to check Rd xrefs: ‘earth’, ‘car’
Flavor: r-devel-macosx-x86_64-gcc