CRAN Package Check Results for Package plotmo

Last updated on 2015-04-28 08:50:28.

Flavor Version Tinstall Tcheck Ttotal Status Flags
r-devel-linux-x86_64-debian-clang 2.2.1 0.70 17.34 18.04 NOTE
r-devel-linux-x86_64-debian-gcc 2.2.1 0.63 16.29 16.92 NOTE
r-devel-linux-x86_64-fedora-clang 2.2.1 33.11 NOTE
r-devel-linux-x86_64-fedora-gcc 2.2.1 29.65 NOTE
r-devel-osx-x86_64-clang 2.2.1 32.07 NOTE
r-devel-windows-ix86+x86_64 2.2.1 3.00 23.00 26.00 OK
r-patched-linux-x86_64 2.2.1 0.72 15.99 16.71 NOTE
r-patched-solaris-sparc 2.2.1 196.10 OK
r-patched-solaris-x86 2.2.1 39.90 NOTE
r-release-linux-x86_64 2.2.1 0.63 16.20 16.83 NOTE
r-release-osx-x86_64-mavericks 2.2.1 OK
r-release-osx-x86_64-snowleopard 2.2.1 OK
r-release-windows-ix86+x86_64 2.2.1 3.00 22.00 25.00 OK
r-oldrel-windows-ix86+x86_64 2.2.1 2.00 31.00 33.00 OK

Check Details

Version: 2.2.1
Check: S3 generic/method consistency
Result: NOTE
    Found the following apparent S3 methods exported but not registered:
     get.plotmo.x.wrapper get.plotmo.y.default get.plotmo.y.wrapper
    See section ‘Registering S3 methods’ in the ‘Writing R Extensions’
    manual.
Flavors: r-devel-linux-x86_64-debian-clang, r-devel-linux-x86_64-debian-gcc, r-devel-linux-x86_64-fedora-clang, r-devel-linux-x86_64-fedora-gcc, r-devel-osx-x86_64-clang, r-patched-solaris-x86, r-release-linux-x86_64