CRAN Package Check Results for Package plotmo

Last updated on 2015-05-22 17:46:45.

Flavor Version Tinstall Tcheck Ttotal Status Flags
r-devel-linux-x86_64-debian-clang 3.1.0 1.00 31.60 32.60 OK
r-devel-linux-x86_64-debian-gcc 3.1.0 0.92 30.12 31.04 OK
r-devel-linux-x86_64-fedora-clang 3.1.0 61.69 OK
r-devel-linux-x86_64-fedora-gcc 3.1.0 58.15 OK
r-devel-osx-x86_64-clang 3.1.0 49.38 OK
r-devel-windows-ix86+x86_64 3.1.0 5.00 34.00 39.00 OK
r-patched-linux-x86_64 3.1.0 0.92 31.09 32.01 OK
r-patched-solaris-sparc 3.1.0 279.00 OK
r-patched-solaris-x86 3.1.0 65.00 OK
r-release-linux-x86_64 3.1.0 0.92 31.36 32.28 OK
r-release-osx-x86_64-mavericks 3.1.0 OK
r-release-osx-x86_64-snowleopard 3.1.0 NOTE
r-release-windows-ix86+x86_64 3.1.0 4.00 39.00 43.00 OK
r-oldrel-windows-ix86+x86_64 3.1.0 4.00 36.00 40.00 OK

Check Details

Version: 3.1.0
Check: dependencies in R code
Result: NOTE
    Missing or unexported object: ‘earth::earth_plotmodsel’
Flavor: r-release-osx-x86_64-snowleopard