CRAN Package Check Results for Package plotmo

Last updated on 2015-02-28 19:51:14.

Flavor Version Tinstall Tcheck Ttotal Status Flags
r-devel-linux-x86_64-debian-clang 2.2.1 0.66 16.39 17.04 NOTE
r-devel-linux-x86_64-debian-gcc 2.2.1 0.62 16.76 17.38 NOTE
r-devel-linux-x86_64-fedora-clang 2.2.1 32.62 NOTE
r-devel-linux-x86_64-fedora-gcc 2.2.1 29.41 NOTE
r-devel-osx-x86_64-clang 2.2.1 32.34 NOTE
r-devel-windows-ix86+x86_64 2.2.1 4.00 22.00 26.00 OK
r-patched-linux-x86_64 2.2.1 0.68 17.04 17.72 OK
r-patched-solaris-sparc 2.2.1 178.50 OK
r-patched-solaris-x86 2.2.1 45.20 OK
r-release-linux-ix86 2.2.1 1.02 24.52 25.54 OK
r-release-linux-x86_64 2.2.1 0.68 16.79 17.47 OK
r-release-osx-x86_64-mavericks 2.2.1 OK
r-release-osx-x86_64-snowleopard 2.2.1 OK
r-release-windows-ix86+x86_64 2.2.1 3.00 25.00 28.00 OK
r-oldrel-windows-ix86+x86_64 2.2.1 3.00 28.00 31.00 OK

Check Details

Version: 2.2.1
Check: S3 generic/method consistency
Result: NOTE
    Found the following apparent S3 methods exported but not registered:
     get.plotmo.x.wrapper get.plotmo.y.default get.plotmo.y.wrapper
    See section ‘Registering S3 methods’ in the ‘Writing R Extensions’
    manual.
Flavors: r-devel-linux-x86_64-debian-clang, r-devel-linux-x86_64-debian-gcc, r-devel-linux-x86_64-fedora-clang, r-devel-linux-x86_64-fedora-gcc, r-devel-osx-x86_64-clang