CRAN Package Check Results for Package plotmo

Last updated on 2015-01-30 23:48:52.

Flavor Version Tinstall Tcheck Ttotal Status Flags
r-devel-linux-x86_64-debian-clang 2.2.1 0.70 15.96 16.67 NOTE
r-devel-linux-x86_64-debian-gcc 2.2.1 0.65 15.82 16.47 NOTE
r-devel-linux-x86_64-fedora-clang 2.2.1 34.06 NOTE
r-devel-linux-x86_64-fedora-gcc 2.2.1 31.69 NOTE
r-devel-osx-x86_64-clang 2.2.1 34.04 NOTE
r-devel-windows-ix86+x86_64 2.2.1 5.00 24.00 29.00 OK
r-patched-linux-x86_64 2.2.1 0.70 16.81 17.51 OK
r-patched-solaris-sparc 2.2.1 178.50 OK
r-patched-solaris-x86 2.2.1 43.20 OK
r-release-linux-ix86 2.2.1 1.03 22.56 23.59 OK
r-release-linux-x86_64 2.2.1 0.69 16.84 17.54 OK
r-release-osx-x86_64-mavericks 2.2.1 OK
r-release-osx-x86_64-snowleopard 2.2.1 OK
r-release-windows-ix86+x86_64 2.2.1 3.00 28.00 31.00 OK
r-oldrel-windows-ix86+x86_64 2.2.1 3.00 40.00 43.00 OK

Check Details

Version: 2.2.1
Check: S3 generic/method consistency
Result: NOTE
    Found the following apparent S3 methods exported but not registered:
     get.plotmo.x.wrapper get.plotmo.y.default get.plotmo.y.wrapper
    See section ‘Registering S3 methods’ in the ‘Writing R Extensions’
    manual.
Flavors: r-devel-linux-x86_64-debian-clang, r-devel-linux-x86_64-debian-gcc, r-devel-linux-x86_64-fedora-clang, r-devel-linux-x86_64-fedora-gcc, r-devel-osx-x86_64-clang