CRAN Package Check Results for Package plotmo

Last updated on 2017-02-22 06:48:31.

Flavor Version Tinstall Tcheck Ttotal Status Flags
r-devel-linux-x86_64-debian-clang 3.3.2 1.06 43.11 44.17 NOTE
r-devel-linux-x86_64-debian-gcc 3.3.2 1.14 42.24 43.38 OK
r-devel-linux-x86_64-fedora-clang 3.3.2 80.08 OK --no-stop-on-test-error
r-devel-linux-x86_64-fedora-gcc 3.3.2 78.05 OK --no-stop-on-test-error
r-devel-macos-x86_64-clang 3.3.2 57.38 OK --no-stop-on-test-error
r-devel-windows-ix86+x86_64 3.3.2 7.00 82.00 89.00 OK
r-patched-linux-x86_64 3.3.2 0.99 37.62 38.61 OK
r-patched-solaris-sparc 3.3.2 355.70 OK
r-patched-solaris-x86 3.3.2 69.40 OK
r-release-linux-x86_64 3.3.2 1.05 37.74 38.79 OK
r-release-osx-x86_64-mavericks 3.3.2 OK
r-release-windows-ix86+x86_64 3.3.2 12.00 79.00 91.00 OK
r-oldrel-windows-ix86+x86_64 3.3.2 9.00 81.00 90.00 OK

Check Details

Version: 3.3.2
Check: package dependencies
Result: NOTE
    Package suggested but not available for checking: ‘earth’
Flavor: r-devel-linux-x86_64-debian-clang