CRAN Package Check Results for Package plotmo

Last updated on 2015-07-29 19:50:01.

Flavor Version Tinstall Tcheck Ttotal Status Flags
r-devel-linux-x86_64-debian-clang 3.1.3 0.87 31.99 32.86 NOTE
r-devel-linux-x86_64-debian-gcc 3.1.3 1.02 31.90 32.92 NOTE
r-devel-linux-x86_64-fedora-clang 3.1.3 61.57 NOTE
r-devel-linux-x86_64-fedora-gcc 3.1.3 58.42 NOTE
r-devel-osx-x86_64-clang 3.1.3 43.16 OK
r-devel-windows-ix86+x86_64 3.1.3 5.00 41.00 46.00 NOTE
r-patched-linux-x86_64 3.1.3 0.97 31.59 32.56 OK
r-patched-solaris-sparc 3.1.3 322.90 OK
r-patched-solaris-x86 3.1.3 66.90 OK
r-release-linux-x86_64 3.1.3 0.95 32.38 33.33 OK
r-release-osx-x86_64-mavericks 3.1.3 OK
r-release-windows-ix86+x86_64 3.1.3 7.00 41.00 48.00 OK
r-oldrel-windows-ix86+x86_64 3.1.3 5.00 47.00 52.00 OK

Check Details

Version: 3.1.3
Check: R code for possible problems
Result: NOTE
    add.s.line: no visible global function definition for ‘abline’
    add.s.line: no visible global function definition for ‘par’
    annotate.rlambda: no visible global function definition for ‘axis’
    do.degree2.par: no visible global function definition for ‘par’
    do.par: no visible global function definition for ‘par’
    do.par.dots: no visible global function definition for ‘par’
    do.par.dots: no visible binding for global variable ‘par’
    draw.bad.leverage.as.star: no visible global function definition for
     ‘points’
    draw.caption: no visible global function definition for ‘par’
    draw.caption: no visible global function definition for ‘mtext’
    draw.cook.levels: no visible global function definition for ‘coef’
    draw.cook.levels: no visible global function definition for ‘lines’
    draw.cook.levels: no visible global function definition for ‘par’
    draw.cook.levels: no visible global function definition for ‘legend’
    draw.cook.levels: no visible global function definition for ‘strwidth’
    draw.cook.levels: no visible global function definition for ‘strheight’
    draw.cook.levels: no visible global function definition for ‘axis’
    draw.density.along.the.bottom: no visible global function definition
     for ‘density’
    draw.density.along.the.bottom: no visible global function definition
     for ‘par’
    draw.fac.intervals : draw.intervals: no visible global function
     definition for ‘polygon’
    draw.fac.intervals: no visible global function definition for ‘box’
    draw.numeric.intervals: no visible global function definition for ‘box’
    draw.oob: no visible global function definition for ‘par’
    draw.oob: no visible global function definition for ‘lines’
    draw.oof.meanfit: no visible global function definition for ‘lines’
    draw.quantiles.on.right.side: no visible global function definition for
     ‘strheight’
    draw.quantiles.on.right.side: no visible global function definition for
     ‘text’
    draw.quantiles.on.right.side: no visible global function definition for
     ‘par’
    draw.resids.info: no visible global function definition for ‘cor.test’
    draw.resids.info: no visible global function definition for ‘par’
    draw.resids.info: no visible global function definition for ‘strwidth’
    draw.resids.info: no visible global function definition for ‘strheight’
    draw.rlm.line: no visible global function definition for ‘quantile’
    draw.rlm.line: no visible global function definition for ‘coef’
    draw.rlm.line: no visible global function definition for ‘box’
    draw.smooth: no visible global function definition for ‘lowess’
    draw.smooth1: no visible global function definition for ‘lowess’
    elegend: no visible global function definition for ‘par’
    elegend: no visible global function definition for ‘as.graphicsAnnot’
    elegend: no visible global function definition for ‘xy.coords’
    elegend : rect2: no visible global function definition for ‘rect’
    elegend : segments2: no visible global function definition for
     ‘segments’
    elegend : points2: no visible global function definition for ‘points’
    elegend : text2: no visible global function definition for ‘text’
    elegend: no visible global function definition for ‘strwidth’
    elegend: no visible global function definition for ‘xinch’
    elegend: no visible global function definition for ‘yinch’
    get.level: no visible global function definition for ‘pnorm’
    get.model.formula: no visible global function definition for ‘formula’
    get.resids.xlim: no visible global function definition for ‘quantile’
    get.weighted.rsq: no visible global function definition for
     ‘weighted.mean’
    get.ylim : get.ylim.by.dummy.plots: no visible global function
     definition for ‘quantile’
    init.global.data: no visible global function definition for
     ‘assignInMyNamespace’
    maybe.grid: no visible global function definition for ‘grid’
    min.smoothed.oob: no visible global function definition for ‘loess’
    min.smoothed.oob: no visible binding for global variable ‘na.omit’
    plot.contour: no visible global function definition for ‘par’
    plot.contour: no visible global function definition for ‘mtext’
    plot.degree1 : draw.degree1 : draw.degree1.fac: no visible global
     function definition for ‘mtext’
    plot.degree1 : draw.degree1 : draw.degree1.fac: no visible global
     function definition for ‘par’
    plot.degree1 : draw.degree1: no visible global function definition for
     ‘mtext’
    plot.degree1 : draw.degree1: no visible global function definition for
     ‘par’
    plot.degree1 : draw.degree1: no visible global function definition for
     ‘abline’
    plot.degree1 : draw.degree1: no visible global function definition for
     ‘legend’
    plot.degree1: no visible global function definition for
     ‘assignInMyNamespace’
    plot.degree1: no visible global function definition for ‘par’
    plot.degree2: no visible global function definition for ‘par’
    plot.degree2: no visible global function definition for
     ‘assignInMyNamespace’
    plot.gbmx: no visible global function definition for ‘plot’
    plot.gbmx: no visible global function definition for ‘lines’
    plot.gbmx: no visible global function definition for ‘box’
    plot.glmnetx: no visible global function definition for ‘plot’
    plot.glmnetx: no visible global function definition for ‘legend’
    plot.glmnetx: no visible global function definition for ‘par’
    plot.glmnetx: no visible global function definition for ‘abline’
    plot.glmnetx: no visible global function definition for ‘mtext’
    plot.image : image.with.lightblue.na: no visible global function
     definition for ‘image’
    plot.image : image.with.lightblue.na: no visible global function
     definition for ‘par’
    plot.image : image.with.lightblue.na: no visible global function
     definition for ‘box’
    plot.image: no visible global function definition for ‘gray’
    plot.image: no visible global function definition for ‘par’
    plot.image: no visible global function definition for ‘mtext’
    plot.persp: no visible global function definition for ‘par’
    plot_w1: no visible global function definition for ‘update’
    plot_w1: no visible global function definition for ‘hatvalues’
    plot_w1: no visible global function definition for ‘plot’
    plot_w1: no visible global function definition for ‘text’
    plotmo: no visible binding for global variable ‘median’
    plotmo: no visible global function definition for ‘rnorm’
    plotmo: no visible global function definition for ‘par’
    plotmo: no visible binding for global variable ‘par’
    plotmo.pint.earth: no visible global function definition for ‘predict’
    plotmo.pint.lm: no visible global function definition for ‘predict’
    plotmo.predict.biglm: no visible global function definition for
     ‘formula’
    plotmo_bx: no visible global function definition for ‘model.matrix’
    plotmo_cum: no visible global function definition for ‘par’
    plotmo_cum: no visible global function definition for ‘abline’
    plotmo_cum: no visible global function definition for ‘quantile’
    plotmo_cum: no visible global function definition for ‘box’
    plotmo_fitted: no visible global function definition for
     ‘assignInMyNamespace’
    plotmo_meta: no visible global function definition for
     ‘assignInMyNamespace’
    plotmo_meta: no visible binding for global variable ‘predict’
    plotmo_qq: no visible global function definition for ‘par’
    plotmo_qq: no visible global function definition for ‘qqnorm’
    plotmo_qq: no visible global function definition for ‘grid’
    plotmo_qq: no visible binding for global variable ‘qqline’
    plotmo_qq: no visible global function definition for ‘sd’
    plotmo_qq: no visible global function definition for ‘legend’
    plotmo_qq: no visible global function definition for ‘box’
    plotmo_response: no visible binding for global variable ‘na.pass’
    plotmo_standardizescale: no visible global function definition for
     ‘predict’
    plotmo_standardizescale: no visible global function definition for
     ‘deviance’
    plotmo_standardizescale: no visible global function definition for
     ‘df.residual’
    plotres: no visible global function definition for ‘rnorm’
    plotres: no visible global function definition for ‘par’
    plotres: no visible binding for global variable ‘par’
    plotresids: no visible global function definition for ‘grid’
    plotresids: no visible global function definition for ‘abline’
    plotresids: no visible global function definition for ‘par’
    plotresids: no visible global function definition for ‘text’
    plotresids: no visible global function definition for ‘box’
    print_summary: no visible global function definition for ‘head’
    process.formula: no visible global function definition for ‘formula’
    right.labs: no visible global function definition for ‘par’
    right.labs: no visible global function definition for ‘text’
    right.labs: no visible global function definition for ‘strheight’
    text.on.white: no visible global function definition for ‘strwidth’
    text.on.white: no visible global function definition for ‘strheight’
    text.on.white: no visible global function definition for ‘rect’
    text.on.white: no visible global function definition for ‘text’
    text.on.white: no visible global function definition for ‘par’
    top.axis: no visible global function definition for ‘approx’
    top.axis: no visible global function definition for ‘axis’
    toplabs: no visible global function definition for ‘par’
    toplabs: no visible global function definition for ‘text’
    toplabs: no visible global function definition for ‘strwidth’
    vert.line: no visible global function definition for ‘par’
    vert.line: no visible global function definition for ‘lines’
    Undefined global functions or variables:
     abline approx as.graphicsAnnot assignInMyNamespace axis box coef
     cor.test density deviance df.residual formula gray grid hatvalues
     head image legend lines loess lowess median model.matrix mtext
     na.omit na.pass par plot pnorm points polygon predict qqline qqnorm
     quantile rect rnorm sd segments strheight strwidth text update
     weighted.mean xinch xy.coords yinch
    Consider adding
     importFrom("grDevices", "as.graphicsAnnot", "gray", "xy.coords")
     importFrom("graphics", "abline", "axis", "box", "grid", "image",
     "legend", "lines", "mtext", "par", "plot", "points",
     "polygon", "rect", "segments", "strheight", "strwidth",
     "text", "xinch", "yinch")
     importFrom("stats", "approx", "coef", "cor.test", "density",
     "deviance", "df.residual", "formula", "hatvalues", "loess",
     "lowess", "median", "model.matrix", "na.omit", "na.pass",
     "pnorm", "predict", "qqline", "qqnorm", "quantile", "rnorm",
     "sd", "update", "weighted.mean")
     importFrom("utils", "assignInMyNamespace", "head")
    to your NAMESPACE.
Flavors: r-devel-linux-x86_64-debian-clang, r-devel-linux-x86_64-debian-gcc, r-devel-linux-x86_64-fedora-clang, r-devel-linux-x86_64-fedora-gcc, r-devel-windows-ix86+x86_64