CRAN Package Check Results for Package plotrix

Last updated on 2019-03-23 11:51:18 CET.

Flavor Version Tinstall Tcheck Ttotal Status Flags
r-devel-linux-x86_64-debian-clang 3.7-4 13.89 82.58 96.47 OK
r-devel-linux-x86_64-debian-gcc 3.7-4 8.15 62.09 70.24 ERROR
r-devel-linux-x86_64-fedora-clang 3.7-4 115.27 OK
r-devel-linux-x86_64-fedora-gcc 3.7-4 112.67 ERROR
r-devel-windows-ix86+x86_64 3.7-4 32.00 83.00 115.00 OK
r-patched-linux-x86_64 3.7-4 10.80 78.35 89.15 OK
r-patched-solaris-x86 3.7-4 131.30 OK
r-release-linux-x86_64 3.7-4 0.43 4.24 4.67 ERROR
r-release-windows-ix86+x86_64 3.7-4 22.00 85.00 107.00 OK
r-release-osx-x86_64 3.7-4 OK
r-oldrel-windows-ix86+x86_64 3.7-4 11.00 132.00 143.00 OK
r-oldrel-osx-x86_64 3.7-4 OK

Check Details

Version: 3.7-4
Check: examples
Result: ERROR
    Running examples in ‘plotrix-Ex.R’ failed
    The error most likely occurred in:
    
    > base::assign(".ptime", proc.time(), pos = "CheckExEnv")
    > ### Name: multhist
    > ### Title: Plot a multiple histogram, as a barplot
    > ### Aliases: multhist
    > ### Keywords: hplot
    >
    > ### ** Examples
    >
    > l <- list(runif(10)*10,1:10,c(1,1,1,1,4,8))
    > multhist(l)
    Error in barplot.default(c(1L, 2L, 4L, 3L, 2L, 1L, 1L, 2L, 0L, 2L, 2L, :
     object 'add' not found
    Calls: multhist -> do.call -> barplot -> barplot.default
    Execution halted
Flavor: r-devel-linux-x86_64-debian-gcc

Version: 3.7-4
Check: examples
Result: ERROR
    Running examples in ‘plotrix-Ex.R’ failed
    The error most likely occurred in:
    
    > ### Name: multhist
    > ### Title: Plot a multiple histogram, as a barplot
    > ### Aliases: multhist
    > ### Keywords: hplot
    >
    > ### ** Examples
    >
    > l <- list(runif(10)*10,1:10,c(1,1,1,1,4,8))
    > multhist(l)
    Error in barplot.default(c(1L, 2L, 4L, 3L, 2L, 1L, 1L, 2L, 0L, 2L, 2L, :
     object 'add' not found
    Calls: multhist -> do.call -> barplot -> barplot.default
    Execution halted
Flavor: r-devel-linux-x86_64-fedora-gcc

Version: 3.7-4
Check: whether package can be installed
Result: ERROR
    Installation failed.
Flavor: r-release-linux-x86_64