CRAN Package Check Results for Package plotrix

Last updated on 2015-04-27 14:46:53.

Flavor Version Tinstall Tcheck Ttotal Status Flags
r-devel-linux-x86_64-debian-clang 3.5-11 2.37 42.39 44.76 NOTE
r-devel-linux-x86_64-debian-gcc 3.5-11 2.46 41.37 43.83 NOTE
r-devel-linux-x86_64-fedora-clang 3.5-11 86.00 NOTE
r-devel-linux-x86_64-fedora-gcc 3.5-11 78.74 NOTE
r-devel-osx-x86_64-clang 3.5-11 77.56 NOTE
r-devel-windows-ix86+x86_64 3.5-11 11.00 64.00 75.00 OK
r-patched-linux-x86_64 3.5-11 2.47 47.83 50.30 NOTE
r-patched-solaris-sparc 3.5-11 518.60 OK
r-patched-solaris-x86 3.5-11 98.60 NOTE
r-release-linux-x86_64 3.5-11 2.28 41.37 43.65 NOTE
r-release-osx-x86_64-mavericks 3.5-11 OK
r-release-osx-x86_64-snowleopard 3.5-11 OK
r-release-windows-ix86+x86_64 3.5-11 6.00 80.00 86.00 OK
r-oldrel-windows-ix86+x86_64 3.5-11 12.00 70.00 82.00 OK

Check Details

Version: 3.5-11
Check: S3 generic/method consistency
Result: NOTE
    Found the following apparent S3 methods exported but not registered:
     ladderplot.default
    See section ‘Registering S3 methods’ in the ‘Writing R Extensions’
    manual.
Flavors: r-devel-linux-x86_64-debian-clang, r-devel-linux-x86_64-debian-gcc, r-devel-linux-x86_64-fedora-clang, r-devel-linux-x86_64-fedora-gcc, r-devel-osx-x86_64-clang, r-patched-solaris-x86, r-release-linux-x86_64