CRAN Package Check Results for Package plotrix

Last updated on 2015-08-30 23:47:52.

Flavor Version Tinstall Tcheck Ttotal Status Flags
r-devel-linux-x86_64-debian-clang 3.5-12 2.10 41.91 44.01 NOTE
r-devel-linux-x86_64-debian-gcc 3.5-12 2.07 40.52 42.59 NOTE
r-devel-linux-x86_64-fedora-clang 3.5-12 82.50 NOTE
r-devel-linux-x86_64-fedora-gcc 3.5-12 76.47 NOTE
r-devel-osx-x86_64-clang 3.5-12 75.78 OK
r-devel-windows-ix86+x86_64 3.5-12 18.00 72.00 90.00 NOTE
r-patched-linux-x86_64 3.5-12 2.33 41.38 43.70 OK
r-patched-solaris-sparc 3.5-12 525.90 OK
r-patched-solaris-x86 3.5-12 103.60 OK
r-release-linux-x86_64 3.5-12 2.19 41.63 43.82 OK
r-release-osx-x86_64-mavericks 3.5-12 OK
r-release-windows-ix86+x86_64 3.5-12 11.00 78.00 89.00 OK
r-oldrel-windows-ix86+x86_64 3.5-12 7.00 53.00 60.00 OK

Check Details

Version: 3.5-12
Check: R code for possible problems
Result: NOTE
    ablineclip: no visible global function definition for ‘par’
    ablineclip: no visible global function definition for ‘clip’
    ablineclip: no visible global function definition for ‘abline’
    add.ps: no visible global function definition for ‘as.formula’
    add.ps: no visible global function definition for ‘aggregate’
    add.ps: no visible global function definition for ‘t.test’
    add.ps: no visible global function definition for ‘axis’
    addtable2plot: no visible global function definition for ‘par’
    addtable2plot: no visible global function definition for ‘dev.cur’
    addtable2plot: no visible global function definition for ‘strwidth’
    addtable2plot: no visible global function definition for ‘strheight’
    addtable2plot: no visible global function definition for ‘text’
    addtable2plot: no visible global function definition for ‘rect’
    addtable2plot: no visible global function definition for ‘segments’
    arctext: no visible global function definition for ‘par’
    arctext: no visible global function definition for ‘strwidth’
    arctext: no visible global function definition for ‘text’
    axis.break: no visible global function definition for ‘par’
    axis.break: no visible global function definition for ‘rect’
    axis.break: no visible global function definition for ‘segments’
    axis.mult: no visible global function definition for ‘axTicks’
    axis.mult: no visible global function definition for ‘axis’
    axis.mult: no visible global function definition for ‘par’
    axis.mult: no visible global function definition for ‘mtext’
    barNest: no visible global function definition for ‘terms’
    barNest: no visible global function definition for ‘par’
    barNest: no visible global function definition for ‘plot’
    barNest: no visible global function definition for ‘abline’
    barNest: no visible global function definition for ‘box’
    barlabels: no visible global function definition for ‘par’
    barp: no visible global function definition for ‘par’
    barp: no visible global function definition for ‘plot’
    barp: no visible global function definition for ‘abline’
    barp: no visible global function definition for ‘axis’
    barp: no visible global function definition for ‘axTicks’
    barp: no visible global function definition for ‘rect’
    barp: no visible global function definition for ‘locator’
    barp: no visible global function definition for ‘legend’
    barp: no visible global function definition for ‘box’
    battleship.plot: no visible global function definition for ‘par’
    battleship.plot: no visible global function definition for ‘plot’
    battleship.plot: no visible global function definition for ‘title’
    battleship.plot: no visible global function definition for ‘mtext’
    battleship.plot: no visible global function definition for ‘rect’
    binciWl: no visible global function definition for ‘pnorm’
    binciWu: no visible global function definition for ‘pnorm’
    box.heresy: no visible global function definition for ‘plot’
    box.heresy: no visible global function definition for ‘axis’
    box.heresy: no visible global function definition for ‘par’
    box.heresy: no visible global function definition for ‘rect’
    box.heresy: no visible global function definition for ‘points’
    boxed.labels: no visible global function definition for ‘par’
    boxed.labels: no visible global function definition for ‘strwidth’
    boxed.labels: no visible global function definition for ‘strheight’
    boxed.labels: no visible global function definition for ‘col2rgb’
    boxed.labels: no visible global function definition for ‘modifyList’
    boxed.labels: no visible global function definition for ‘rect’
    boxed.labels: no visible binding for global variable ‘text’
    brkdn.plot: no visible global function definition for ‘par’
    brkdn.plot: no visible global function definition for ‘plot’
    brkdn.plot: no visible global function definition for ‘box’
    brkdn.plot: no visible global function definition for ‘axis’
    brkdn.plot: no visible global function definition for ‘points’
    brkdnNest: no visible global function definition for ‘terms’
    bumpchart: no visible global function definition for ‘par’
    bumpchart: no visible global function definition for ‘matplot’
    bumpchart: no visible global function definition for ‘strheight’
    bumpchart: no visible global function definition for ‘text’
    centipede.plot: no visible global function definition for ‘par’
    centipede.plot: no visible global function definition for ‘plot’
    centipede.plot: no visible global function definition for ‘box’
    centipede.plot: no visible global function definition for ‘abline’
    centipede.plot: no visible global function definition for ‘axis’
    centipede.plot: no visible global function definition for ‘arrows’
    centipede.plot: no visible global function definition for ‘points’
    centipede.plot: no visible global function definition for ‘mtext’
    clplot: no visible global function definition for ‘plot’
    clplot: no visible global function definition for ‘na.omit’
    clplot: no visible global function definition for ‘approx’
    clplot : <anonymous>: no visible global function definition for ‘lines’
    cluster.overplot: no visible global function definition for ‘dev.cur’
    cluster.overplot: no visible global function definition for ‘plot’
    cluster.overplot: no visible global function definition for ‘strwidth’
    cluster.overplot: no visible global function definition for ‘strheight’
    color.axis: no visible global function definition for ‘par’
    color.axis: no visible global function definition for ‘axis’
    color.axis: no visible global function definition for ‘mtext’
    color.axis: no visible global function definition for ‘abline’
    color.id: no visible global function definition for ‘col2rgb’
    color.id: no visible global function definition for ‘colors’
    color.legend: no visible global function definition for ‘par’
    color.legend: no visible global function definition for ‘strheight’
    color.legend: no visible global function definition for ‘strwidth’
    color.legend: no visible global function definition for ‘text’
    color.scale: no visible global function definition for ‘col2rgb’
    color.scale.lines: no visible global function definition for ‘segments’
    color2D.matplot: no visible global function definition for ‘par’
    color2D.matplot: no visible global function definition for ‘plot’
    color2D.matplot: no visible global function definition for ‘box’
    color2D.matplot: no visible global function definition for ‘axis’
    color2D.matplot: no visible global function definition for ‘col2rgb’
    color2D.matplot: no visible global function definition for ‘text’
    color2D.matplot: no visible global function definition for ‘rect’
    corner.label: no visible global function definition for ‘strwidth’
    corner.label: no visible global function definition for ‘strheight’
    corner.label: no visible global function definition for ‘par’
    corner.label: no visible global function definition for ‘text’
    count.overplot: no visible global function definition for ‘par’
    count.overplot: no visible global function definition for ‘dev.cur’
    count.overplot: no visible global function definition for ‘plot’
    count.overplot: no visible global function definition for ‘strwidth’
    count.overplot: no visible global function definition for ‘strheight’
    count.overplot: no visible global function definition for ‘text’
    cylindrect: no visible global function definition for ‘col2rgb’
    dendroPlot: no visible global function definition for ‘par’
    dendroPlot: no visible global function definition for ‘plot’
    dendroPlot: no visible global function definition for ‘axis’
    dendroPlot: no visible global function definition for ‘strwidth’
    dendroPlot: no visible global function definition for ‘points’
    diamondplot: no visible global function definition for ‘gray’
    diamondplot: no visible binding for global variable ‘rainbow’
    diamondplot: no visible global function definition for ‘par’
    diamondplot : segmenti: no visible global function definition for
     ‘plot’
    diamondplot : segmenti: no visible global function definition for
     ‘polygon’
    diamondplot : segmenti: no visible global function definition for
     ‘text’
    diamondplot : segmenti: no visible global function definition for
     ‘points’
    diamondplot: no visible global function definition for ‘polygon’
    diamondplot: no visible global function definition for ‘legend’
    dispersion: no visible global function definition for ‘par’
    dispersion: no visible global function definition for ‘strheight’
    dispersion: no visible global function definition for ‘segments’
    dispersion: no visible global function definition for ‘arrows’
    dispersion: no visible global function definition for ‘polygon’
    dispersion: no visible global function definition for ‘points’
    dispersion: no visible global function definition for ‘lines’
    display.overplots: no visible global function definition for ‘par’
    display.overplots: no visible global function definition for ‘plot’
    display.overplots: no visible global function definition for ‘text’
    display.overplots: no visible global function definition for ‘points’
    dotplot.mtb: no visible global function definition for ‘par’
    dotplot.mtb: no visible global function definition for ‘strheight’
    dotplot.mtb: no visible global function definition for ‘plot’
    dotplot.mtb: no visible global function definition for ‘points’
    dotplot.mtb: no visible global function definition for ‘axis’
    dotplot.mtb: no visible global function definition for ‘title’
    draw.arc: no visible global function definition for ‘par’
    draw.arc: no visible global function definition for ‘dev.size’
    draw.arc : draw.arc.0: no visible global function definition for
     ‘segments’
    draw.arc: no visible global function definition for ‘xy.coords’
    draw.circle: no visible global function definition for ‘par’
    draw.circle: no visible global function definition for ‘polygon’
    draw.ellipse : draw1ellipse: no visible global function definition for
     ‘polygon’
    draw.radial.line: no visible global function definition for ‘par’
    draw.radial.line: no visible global function definition for ‘lines’
    draw.radial.line: no visible global function definition for ‘dev.size’
    draw.radial.line: no visible global function definition for ‘polygon’
    draw.tilted.sector: no visible global function definition for ‘par’
    draw.tilted.sector: no visible global function definition for ‘col2rgb’
    draw.tilted.sector: no visible global function definition for ‘rgb’
    draw.tilted.sector: no visible global function definition for ‘polygon’
    drawNestedBars: no visible global function definition for ‘rect’
    drawNestedBars: no visible global function definition for ‘par’
    drawNestedBars: no visible global function definition for ‘segments’
    drawSectorAnnulus: no visible global function definition for ‘polygon’
    ehplot: no visible global function definition for ‘hist’
    ehplot: no visible global function definition for ‘na.omit’
    ehplot: no visible global function definition for ‘plot’
    ehplot: no visible global function definition for ‘axis’
    ehplot: no visible global function definition for ‘boxplot’
    ehplot: no visible global function definition for ‘points’
    ehplot: no visible global function definition for ‘lines’
    election: no visible global function definition for ‘rainbow’
    election: no visible global function definition for ‘model.frame’
    emptyspace: no visible global function definition for ‘par’
    fan.plot: no visible global function definition for ‘par’
    fan.plot: no visible global function definition for ‘rainbow’
    fan.plot: no visible global function definition for ‘plot’
    fan.plot: no visible global function definition for ‘text’
    fan.plot: no visible global function definition for ‘polygon’
    fan.plot: no visible global function definition for ‘segments’
    feather.plot: no visible global function definition for ‘par’
    feather.plot: no visible global function definition for ‘plot’
    feather.plot: no visible global function definition for ‘box’
    feather.plot: no visible global function definition for ‘axis’
    feather.plot: no visible global function definition for ‘abline’
    feather.plot: no visible global function definition for ‘arrows’
    feather.plot: no visible global function definition for ‘segments’
    floating.pie: no visible global function definition for ‘rainbow’
    floating.pie: no visible global function definition for ‘par’
    floating.pie: no visible global function definition for ‘polygon’
    fullaxis: no visible global function definition for ‘par’
    fullaxis: no visible global function definition for ‘segments’
    fullaxis: no visible global function definition for ‘axis’
    furc: no visible global function definition for ‘segments’
    gantt.chart: no visible global function definition for ‘par’
    gantt.chart: no visible global function definition for ‘dev.list’
    gantt.chart: no visible global function definition for ‘plot.new’
    gantt.chart: no visible global function definition for ‘strheight’
    gantt.chart: no visible global function definition for ‘strwidth’
    gantt.chart: no visible global function definition for ‘rainbow’
    gantt.chart: no visible global function definition for ‘plot’
    gantt.chart: no visible global function definition for ‘box’
    gantt.chart: no visible global function definition for ‘mtext’
    gantt.chart: no visible global function definition for ‘axis’
    gantt.chart: no visible global function definition for ‘axis.POSIXct’
    gantt.chart: no visible global function definition for ‘abline’
    gantt.chart: no visible global function definition for ‘rect’
    gantt.chart: no visible global function definition for ‘text’
    gap.barplot: no visible global function definition for ‘plot’
    gap.barplot: no visible global function definition for ‘par’
    gap.barplot: no visible global function definition for ‘box’
    gap.barplot: no visible global function definition for ‘axis’
    gap.barplot: no visible global function definition for ‘rect’
    gap.boxplot: no visible global function definition for ‘par’
    gap.boxplot: no visible global function definition for ‘boxplot’
    gap.boxplot: no visible global function definition for ‘box’
    gap.boxplot: no visible global function definition for ‘axis’
    gap.boxplot: no visible global function definition for ‘rect’
    gap.boxplot: no visible global function definition for ‘segments’
    gap.boxplot: no visible global function definition for ‘points’
    gap.plot: no visible global function definition for ‘par’
    gap.plot: no visible global function definition for ‘points’
    gap.plot: no visible global function definition for ‘plot’
    gap.plot: no visible global function definition for ‘box’
    gap.plot: no visible global function definition for ‘axis’
    get.tablepos: no visible global function definition for ‘par’
    getFigCtr: no visible global function definition for ‘par’
    getIntersectList: no visible global function definition for ‘combn’
    getMarginWidth: no visible global function definition for ‘par’
    getMarginWidth: no visible global function definition for ‘legend’
    getMarginWidth: no visible global function definition for ‘strwidth’
    getYmult: no visible global function definition for ‘dev.cur’
    getYmult: no visible global function definition for ‘par’
    gradient.rect: no visible global function definition for ‘par’
    gradient.rect: no visible global function definition for ‘rect’
    hexagon: no visible global function definition for ‘polygon’
    histStack.default: no visible global function definition for ‘hist’
    histStack.default: no visible global function definition for ‘legend’
    histStack.formula: no visible global function definition for
     ‘model.frame’
    intersectDiagram: no visible global function definition for ‘par’
    intersectDiagram: no visible global function definition for ‘rainbow’
    intersectDiagram: no visible global function definition for ‘plot’
    intersectDiagram: no visible global function definition for ‘rect’
    kiteChart: no visible global function definition for ‘par’
    kiteChart: no visible global function definition for ‘plot’
    kiteChart: no visible global function definition for ‘axis’
    kiteChart: no visible global function definition for ‘mtext’
    kiteChart: no visible global function definition for ‘box’
    kiteChart: no visible global function definition for ‘rainbow’
    kiteChart: no visible global function definition for ‘polygon’
    labbePlot: no visible global function definition for ‘plot’
    labbePlot: no visible global function definition for ‘col2rgb’
    labbePlot: no visible global function definition for ‘text’
    labbePlot: no visible global function definition for ‘segments’
    ladderplot.default : <anonymous>: no visible global function definition
     for ‘points’
    ladderplot.default : <anonymous>: no visible global function definition
     for ‘lines’
    legendg: no visible global function definition for ‘par’
    legendg: no visible global function definition for ‘strheight’
    legendg: no visible global function definition for ‘rect’
    legendg: no visible global function definition for ‘strwidth’
    legendg: no visible global function definition for ‘points’
    lengthKey: no visible global function definition for ‘par’
    lengthKey: no visible global function definition for ‘segments’
    lengthKey: no visible global function definition for ‘text’
    makeIntersectList: no visible global function definition for ‘combn’
    multhist: no visible binding for global variable ‘hist.default’
    multhist: no visible binding for global variable ‘barplot.default’
    multhist: no visible global function definition for ‘hist’
    multhist : <anonymous>: no visible global function definition for
     ‘hist’
    multsymbolbox: no visible global function definition for ‘par’
    oz.windrose: no visible global function definition for ‘par’
    oz.windrose: no visible global function definition for ‘plot’
    oz.windrose: no visible global function definition for ‘polygon’
    oz.windrose: no visible global function definition for ‘text’
    oz.windrose.legend: no visible global function definition for
     ‘segments’
    oz.windrose.legend: no visible global function definition for ‘text’
    oz.windrose.legend: no visible global function definition for ‘polygon’
    p2p_arrows: no visible global function definition for ‘par’
    p2p_arrows: no visible global function definition for ‘arrows’
    panes: no visible global function definition for ‘par’
    panes: no visible global function definition for ‘layout’
    perspx: no visible global function definition for ‘persp’
    pie.labels: no visible global function definition for ‘par’
    pie.labels: no visible global function definition for ‘text’
    pie3D: no visible global function definition for ‘par’
    pie3D: no visible global function definition for ‘rainbow’
    pie3D: no visible global function definition for ‘plot’
    pie3D.labels: no visible global function definition for ‘par’
    pie3D.labels: no visible global function definition for ‘text’
    plot.dendrite: no visible global function definition for ‘par’
    plot.dendrite: no visible global function definition for ‘plot’
    plot.dendrite: no visible global function definition for ‘text’
    plotCI: no visible global function definition for ‘par’
    plotCI: no visible binding for global variable ‘plot’
    plotCI: no visible binding for global variable ‘arrows’
    plotCI: no visible binding for global variable ‘points’
    plotH.default : plotHq: no visible global function definition for
     ‘plot’
    plotH.default : plotHq: no visible global function definition for
     ‘rect’
    plotH.default : plotHc: no visible global function definition for
     ‘barplot’
    plotH.formula: no visible global function definition for ‘model.frame’
    plot_bg: no visible global function definition for ‘par’
    plot_bg: no visible global function definition for ‘rect’
    polygon.shadow: no visible global function definition for ‘polygon’
    psegments3d: no visible global function definition for ‘trans3d’
    psegments3d: no visible global function definition for ‘segments’
    ptext3d: no visible binding for global variable ‘text’
    ptext3d: no visible global function definition for ‘trans3d’
    pyramid.plot: no visible global function definition for ‘par’
    pyramid.plot: no visible global function definition for ‘plot’
    pyramid.plot: no visible global function definition for ‘axis’
    pyramid.plot: no visible global function definition for ‘text’
    pyramid.plot: no visible global function definition for ‘mtext’
    pyramid.plot: no visible global function definition for ‘rainbow’
    pyramid.plot: no visible global function definition for ‘rect’
    radial.grid: no visible global function definition for ‘par’
    radial.grid: no visible global function definition for ‘polygon’
    radial.grid: no visible global function definition for ‘segments’
    radial.grid: no visible global function definition for ‘text’
    radial.pie: no visible global function definition for ‘par’
    radial.pie: no visible global function definition for ‘plot’
    radial.pie : fadeColor: no visible global function definition for
     ‘col2rgb’
    radial.pie : fadeColor: no visible global function definition for ‘rgb’
    radial.pie: no visible global function definition for ‘rainbow’
    radial.pie: no visible global function definition for ‘text’
    radial.plot: no visible global function definition for ‘par’
    radial.plot: no visible global function definition for ‘plot’
    radial.plot: no visible global function definition for ‘segments’
    radial.plot: no visible global function definition for ‘polygon’
    radial.plot: no visible global function definition for ‘points’
    radial.plot: no visible global function definition for ‘lines’
    radial.plot: no visible global function definition for ‘text’
    radial.plot.labels: no visible global function definition for ‘text’
    radialtext: no visible global function definition for ‘par’
    radialtext: no visible global function definition for ‘strwidth’
    radialtext: no visible global function definition for ‘text’
    raw.means.plot: no visible global function definition for ‘par’
    raw.means.plot: no visible global function definition for ‘points’
    raw.means.plot: no visible global function definition for ‘lines’
    raw.means.plot: no visible global function definition for ‘axis’
    raw.means.plot2: no visible global function definition for ‘as.formula’
    raw.means.plot2: no visible global function definition for ‘aggregate’
    rectFill: no visible global function definition for ‘par’
    rectFill: no visible global function definition for ‘strwidth’
    rectFill: no visible global function definition for ‘strheight’
    rectFill: no visible global function definition for ‘rect’
    rectFill: no visible global function definition for ‘clip’
    rectFill: no visible global function definition for ‘points’
    rectFill: no visible binding for global variable ‘clip’
    revaxis: no visible global function definition for ‘par’
    revaxis: no visible global function definition for ‘plot’
    revaxis: no visible global function definition for ‘axis’
    revaxis: no visible global function definition for ‘mtext’
    revaxis: no visible global function definition for ‘box’
    ruginv: no visible global function definition for ‘par’
    ruginv: no visible global function definition for ‘polygon’
    ruginv : <anonymous>: no visible global function definition for ‘lines’
    size_n_color: no visible global function definition for ‘par’
    size_n_color: no visible global function definition for ‘plot’
    size_n_color: no visible global function definition for ‘segments’
    size_n_color: no visible global function definition for ‘axis’
    size_n_color: no visible global function definition for ‘box’
    sizeplot: no visible global function definition for ‘plot’
    sizeplot: no visible global function definition for ‘points’
    sizetree: no visible global function definition for ‘par’
    sizetree: no visible global function definition for ‘plot’
    sizetree: no visible global function definition for ‘rainbow’
    sizetree: no visible global function definition for ‘rect’
    sizetree: no visible global function definition for ‘strheight’
    sizetree: no visible global function definition for ‘col2rgb’
    sizetree: no visible global function definition for ‘text’
    sizetree: no visible global function definition for ‘segments’
    smoothColors: no visible global function definition for ‘col2rgb’
    smoothColors: no visible global function definition for ‘rgb’
    soil.texture: no visible global function definition for ‘par’
    soil.texture: no visible global function definition for ‘plot’
    soil.texture: no visible global function definition for ‘arrows’
    soil.texture : triax.segments: no visible global function definition
     for ‘segments’
    soil.texture.uk: no visible global function definition for ‘par’
    soil.texture.uk: no visible global function definition for ‘plot’
    soil.texture.uk: no visible global function definition for ‘arrows’
    soil.texture.uk : triax.segments: no visible global function definition
     for ‘segments’
    spread.labels: no visible global function definition for ‘par’
    spread.labels: no visible global function definition for ‘segments’
    spread.labels: no visible global function definition for ‘strwidth’
    spread.labels: no visible global function definition for ‘text’
    spread.labels: no visible global function definition for ‘strheight’
    stackpoly: no visible global function definition for ‘plot’
    stackpoly: no visible global function definition for ‘par’
    stackpoly: no visible global function definition for ‘axis’
    stackpoly: no visible global function definition for ‘rainbow’
    stackpoly: no visible global function definition for ‘polygon’
    stackpoly: no visible global function definition for ‘box’
    staircase.plot: no visible global function definition for ‘par’
    staircasePlot: no visible global function definition for ‘par’
    staircasePlot: no visible global function definition for ‘plot’
    staircasePlot: no visible global function definition for ‘strheight’
    staircasePlot: no visible global function definition for ‘strwidth’
    staircasePlot: no visible global function definition for ‘rect’
    staircasePlot: no visible global function definition for ‘text’
    staircasePlot: no visible global function definition for ‘segments’
    staircasePlot: no visible global function definition for ‘mtext’
    starPie: no visible global function definition for ‘par’
    starPie: no visible global function definition for ‘rainbow’
    starPie: no visible global function definition for ‘polygon’
    starPie: no visible global function definition for ‘segments’
    starPie: no visible global function definition for ‘text’
    staxlab: no visible global function definition for ‘par’
    staxlab: no visible global function definition for ‘axis’
    staxlab: no visible global function definition for ‘mtext’
    staxlab: no visible global function definition for ‘strheight’
    staxlab: no visible global function definition for ‘text’
    std.error: no visible global function definition for ‘sd’
    std.error: no visible binding for global variable ‘sd’
    symbolbarplot: no visible global function definition for ‘heat.colors’
    symbolbarplot: no visible global function definition for ‘par’
    symbolbarplot: no visible global function definition for ‘plot.new’
    symbolbarplot: no visible global function definition for ‘plot.window’
    symbolbarplot: no visible global function definition for ‘axis’
    symbolbarplot: no visible global function definition for ‘legend’
    symbolbarplot: no visible global function definition for ‘xinch’
    symbolbarplot: no visible global function definition for ‘yinch’
    symbolbarplot: no visible global function definition for ‘title’
    symbolbox: no visible global function definition for ‘par’
    symbolbox: no visible global function definition for ‘symbols’
    symbolbox: no visible global function definition for ‘polygon’
    tab.title: no visible global function definition for ‘par’
    tab.title: no visible global function definition for ‘strheight’
    tab.title: no visible global function definition for ‘polygon’
    tab.title: no visible global function definition for ‘text’
    taylor.diagram: no visible global function definition for ‘cor’
    taylor.diagram: no visible global function definition for ‘par’
    taylor.diagram: no visible global function definition for ‘plot’
    taylor.diagram: no visible global function definition for ‘lines’
    taylor.diagram: no visible global function definition for ‘segments’
    taylor.diagram: no visible global function definition for ‘axis’
    taylor.diagram: no visible global function definition for ‘points’
    taylor.diagram: no visible global function definition for ‘text’
    taylor.diagram: no visible global function definition for
     ‘complete.cases’
    textbox: no visible global function definition for ‘par’
    textbox: no visible global function definition for ‘strheight’
    textbox: no visible global function definition for ‘strwidth’
    textbox: no visible global function definition for ‘text’
    textbox: no visible global function definition for ‘rect’
    thigmophobe: no visible global function definition for ‘par’
    thigmophobe: no visible global function definition for ‘dist’
    thigmophobe.labels: no visible global function definition for ‘par’
    thigmophobe.labels: no visible global function definition for ‘text’
    triax.abline: no visible global function definition for ‘par’
    triax.abline: no visible global function definition for ‘segments’
    triax.fill: no visible global function definition for ‘polygon’
    triax.frame: no visible global function definition for ‘par’
    triax.frame: no visible global function definition for ‘segments’
    triax.frame: no visible global function definition for ‘text’
    triax.plot: no visible global function definition for ‘par’
    triax.plot: no visible global function definition for ‘plot’
    triax.points: no visible global function definition for ‘par’
    triax.points: no visible global function definition for ‘dev.cur’
    triax.points: no visible global function definition for ‘points’
    triax.points: no visible global function definition for ‘legend’
    tsxpos: no visible global function definition for ‘dev.cur’
    tsxpos: no visible global function definition for ‘par’
    twoord.plot: no visible global function definition for ‘par’
    twoord.plot: no visible global function definition for ‘plot’
    twoord.plot: no visible global function definition for ‘abline’
    twoord.plot: no visible global function definition for ‘rect’
    twoord.plot: no visible global function definition for ‘points’
    twoord.plot: no visible global function definition for ‘title’
    twoord.plot: no visible global function definition for ‘box’
    twoord.plot: no visible global function definition for ‘axis’
    twoord.stackplot: no visible global function definition for ‘palette’
    twoord.stackplot: no visible global function definition for ‘par’
    twoord.stackplot: no visible global function definition for ‘plot’
    twoord.stackplot: no visible global function definition for ‘rect’
    twoord.stackplot: no visible global function definition for ‘lines’
    twoord.stackplot: no visible global function definition for ‘mtext’
    twoord.stackplot: no visible global function definition for ‘axis’
    twoord.stackplot: no visible global function definition for ‘abline’
    twoord.stackplot: no visible global function definition for ‘box’
    vectorField: no visible global function definition for ‘par’
    vectorField: no visible global function definition for ‘arrows’
    weighted.hist: no visible global function definition for ‘par’
    weighted.hist: no visible global function definition for ‘barplot’
    weighted.hist: no visible global function definition for ‘axis’
    zoomInPlot: no visible global function definition for ‘par’
    zoomInPlot: no visible global function definition for ‘plot’
    zoomInPlot: no visible global function definition for ‘locator’
    zoomInPlot: no visible global function definition for ‘rect’
    zoomInPlot: no visible global function definition for ‘mtext’
    zoomInPlot: no visible global function definition for ‘segments’
    Undefined global functions or variables:
     abline aggregate approx arrows as.formula axTicks axis axis.POSIXct
     barplot barplot.default box boxplot clip col2rgb colors combn
     complete.cases cor dev.cur dev.list dev.size dist gray heat.colors
     hist hist.default layout legend lines locator matplot model.frame
     modifyList mtext na.omit palette par persp plot plot.new plot.window
     pnorm points polygon rainbow rect rgb sd segments strheight strwidth
     symbols t.test terms text title trans3d xinch xy.coords yinch
    Consider adding
     importFrom("grDevices", "col2rgb", "colors", "dev.cur", "dev.list",
     "dev.size", "gray", "heat.colors", "palette", "rainbow",
     "rgb", "trans3d", "xy.coords")
     importFrom("graphics", "abline", "arrows", "axTicks", "axis",
     "axis.POSIXct", "barplot", "barplot.default", "box",
     "boxplot", "clip", "hist", "hist.default", "layout",
     "legend", "lines", "locator", "matplot", "mtext", "par",
     "persp", "plot", "plot.new", "plot.window", "points",
     "polygon", "rect", "segments", "strheight", "strwidth",
     "symbols", "text", "title", "xinch", "yinch")
     importFrom("stats", "aggregate", "approx", "as.formula",
     "complete.cases", "cor", "dist", "model.frame", "na.omit",
     "pnorm", "sd", "t.test", "terms")
     importFrom("utils", "combn", "modifyList")
    to your NAMESPACE.
Flavors: r-devel-linux-x86_64-debian-clang, r-devel-linux-x86_64-debian-gcc, r-devel-linux-x86_64-fedora-clang, r-devel-linux-x86_64-fedora-gcc, r-devel-windows-ix86+x86_64