CRAN Package Check Results for Package plotrix

Last updated on 2017-11-23 11:52:38 CET.

Flavor Version Tinstall Tcheck Ttotal Status Flags
r-devel-linux-x86_64-debian-clang 3.6-6 2.00 73.34 75.35 ERROR
r-devel-linux-x86_64-debian-gcc 3.6-6 2.16 99.28 101.44 ERROR
r-devel-linux-x86_64-fedora-clang 3.6-6 81.70 ERROR
r-devel-linux-x86_64-fedora-gcc 3.6-6 80.07 ERROR
r-devel-windows-ix86+x86_64 3.6-6 14.00 96.00 110.00 OK
r-patched-linux-x86_64 3.6-6 2.15 127.49 129.64 OK
r-patched-solaris-x86 3.6-6 109.30 OK
r-release-linux-x86_64 3.6-6 2.14 53.11 55.25 OK
r-release-windows-ix86+x86_64 3.6-6 12.00 115.00 127.00 OK
r-release-osx-x86_64 3.6-6 OK
r-oldrel-windows-ix86+x86_64 3.6-6 10.00 92.00 102.00 OK
r-oldrel-osx-x86_64 3.6-6 OK

Check Details

Version: 3.6-6
Check: examples
Result: ERROR
    Running examples in ‘plotrix-Ex.R’ failed
    The error most likely occurred in:
    
    > base::assign(".ptime", proc.time(), pos = "CheckExEnv")
    > ### Name: barNest
    > ### Title: Display a nested breakdown of numeric values
    > ### Aliases: barNest
    > ### Keywords: misc
    >
    > ### ** Examples
    >
    > # recreate the Titanic data frame and show the three way breakdown
    > titanic<-data.frame(
    + class=c(rep("1st",325),rep("2nd",285),rep("3rd",706),rep("Crew",885)),
    + age=c(rep("Adult",319),rep("Child",6),rep("Adult",261),rep("Child",24),
    + rep("Adult",627),rep("Child",79),rep("Adult",885)),
    + sex=c(rep("M",175),rep("F",144),rep("M",5),rep("F",1),
    + rep("M",168),rep("F",93),rep("M",11),rep("F",13),
    + rep("M",462),rep("F",165),rep("M",48),rep("F",31),
    + rep("M",862),rep("F",23)),
    + survived=c(rep("Yes",57),rep("No",118),rep("Yes",140),rep("No",4),rep("Yes",6),
    + rep("Yes",14),rep("No",154),rep("Yes",80),rep("No",13),rep("Yes",24),
    + rep("Yes",75),rep("No",387),rep("Yes",76),rep("No",89),
    + rep("Yes",13),rep("No",35),rep("Yes",14),rep("No",17),
    + rep("Yes",192),rep("No",670),rep("Yes",20),rep("No",3)))
    > require(plotrix)
    > titanic.colors<-list("gray90",c("#0000ff","#7700ee","#aa00cc","#dd00aa"),
    + c("#ddcc00","#ee9900"),c("pink","lightblue"))
    > barNest(survived~class+age+sex,titanic,col=titanic.colors,showall=TRUE,
    + main="Titanic survival by class, age and sex",ylab="Proportion surviving",
    + FUN=c("propbrk","binciWu","binciWl","valid.n"),shrink=0.15,trueval="Yes")
    Error in if (nchar(barlabels[[1]][1])) { :
     argument is not interpretable as logical
    Calls: barNest ... drawNestedBars -> drawNestedBars -> drawNestedBars -> drawNestedBars
    Execution halted
Flavors: r-devel-linux-x86_64-debian-clang, r-devel-linux-x86_64-debian-gcc

Version: 3.6-6
Check: examples
Result: ERROR
    Running examples in ‘plotrix-Ex.R’ failed
    The error most likely occurred in:
    
    > ### Name: barNest
    > ### Title: Display a nested breakdown of numeric values
    > ### Aliases: barNest
    > ### Keywords: misc
    >
    > ### ** Examples
    >
    > # recreate the Titanic data frame and show the three way breakdown
    > titanic<-data.frame(
    + class=c(rep("1st",325),rep("2nd",285),rep("3rd",706),rep("Crew",885)),
    + age=c(rep("Adult",319),rep("Child",6),rep("Adult",261),rep("Child",24),
    + rep("Adult",627),rep("Child",79),rep("Adult",885)),
    + sex=c(rep("M",175),rep("F",144),rep("M",5),rep("F",1),
    + rep("M",168),rep("F",93),rep("M",11),rep("F",13),
    + rep("M",462),rep("F",165),rep("M",48),rep("F",31),
    + rep("M",862),rep("F",23)),
    + survived=c(rep("Yes",57),rep("No",118),rep("Yes",140),rep("No",4),rep("Yes",6),
    + rep("Yes",14),rep("No",154),rep("Yes",80),rep("No",13),rep("Yes",24),
    + rep("Yes",75),rep("No",387),rep("Yes",76),rep("No",89),
    + rep("Yes",13),rep("No",35),rep("Yes",14),rep("No",17),
    + rep("Yes",192),rep("No",670),rep("Yes",20),rep("No",3)))
    > require(plotrix)
    > titanic.colors<-list("gray90",c("#0000ff","#7700ee","#aa00cc","#dd00aa"),
    + c("#ddcc00","#ee9900"),c("pink","lightblue"))
    > barNest(survived~class+age+sex,titanic,col=titanic.colors,showall=TRUE,
    + main="Titanic survival by class, age and sex",ylab="Proportion surviving",
    + FUN=c("propbrk","binciWu","binciWl","valid.n"),shrink=0.15,trueval="Yes")
    Error in if (nchar(barlabels[[1]][1])) { :
     argument is not interpretable as logical
    Calls: barNest ... drawNestedBars -> drawNestedBars -> drawNestedBars -> drawNestedBars
    Execution halted
Flavors: r-devel-linux-x86_64-fedora-clang, r-devel-linux-x86_64-fedora-gcc