CRAN Package Check Results for Package pls

Last updated on 2016-05-28 11:49:22.

Flavor Version Tinstall Tcheck Ttotal Status Flags
r-devel-linux-x86_64-debian-gcc 2.5-0 1.08 26.36 27.44 OK
r-devel-linux-x86_64-fedora-clang 2.5-0 48.33 OK
r-devel-linux-x86_64-fedora-gcc 2.5-0 44.85 OK
r-devel-osx-x86_64-clang 2.5-0 53.61 OK
r-devel-windows-ix86+x86_64 2.5-0 4.00 54.00 58.00 OK
r-patched-linux-x86_64 2.5-0 1.20 25.60 26.80 OK
r-patched-solaris-sparc 2.5-0 286.30 OK
r-patched-solaris-x86 2.5-0 58.70 OK
r-release-linux-x86_64 2.5-0 1.09 25.92 27.02 OK
r-release-osx-x86_64-mavericks 2.5-0 NOTE
r-release-windows-ix86+x86_64 2.5-0 6.00 76.00 82.00 OK
r-oldrel-windows-ix86+x86_64 2.5-0 6.00 67.00 73.00 OK

Check Details

Version: 2.5-0
Check: package dependencies
Result: NOTE
    Package suggested but not available for checking: ‘Rmpi’
Flavor: r-release-osx-x86_64-mavericks