CRAN Package Check Results for Package pls

Last updated on 2021-11-30 15:52:29 CET.

Flavor Version Tinstall Tcheck Ttotal Status Flags
r-devel-linux-x86_64-debian-clang 2.8-0 7.04 62.80 69.84 OK
r-devel-linux-x86_64-debian-gcc 2.8-0 4.56 48.88 53.44 OK
r-devel-linux-x86_64-fedora-clang 2.8-0 97.70 NOTE
r-devel-linux-x86_64-fedora-gcc 2.8-0 86.58 OK
r-devel-windows-x86_64-new-UL 2.8-0 16.00 120.00 136.00 OK
r-devel-windows-x86_64-new-TK 2.8-0 OK
r-devel-windows-x86_64-old 2.8-0 11.00 67.00 78.00 OK
r-patched-linux-x86_64 2.8-0 7.19 60.45 67.64 OK
r-patched-solaris-x86 2.8-0 130.80 OK
r-release-linux-x86_64 2.8-0 6.41 61.22 67.63 OK
r-release-macos-arm64 2.8-0 NOTE
r-release-macos-x86_64 2.8-0 NOTE
r-release-windows-ix86+x86_64 2.8-0 11.00 65.00 76.00 OK
r-oldrel-macos-x86_64 2.8-0 NOTE
r-oldrel-windows-ix86+x86_64 2.8-0 10.00 83.00 93.00 OK

Check Details

Version: 2.8-0
Check: Rd cross-references
Result: NOTE
    Undeclared package ‘sm’ in Rd xrefs
Flavor: r-devel-linux-x86_64-fedora-clang

Version: 2.8-0
Check: package dependencies
Result: NOTE
    Package suggested but not available for checking: ‘Rmpi’
Flavors: r-release-macos-arm64, r-release-macos-x86_64, r-oldrel-macos-x86_64