CRAN Package Check Results for Package pls

Last updated on 2017-04-29 15:48:12.

Flavor Version Tinstall Tcheck Ttotal Status Flags
r-devel-linux-x86_64-debian-clang 2.6-0 1.28 31.07 32.35 OK
r-devel-linux-x86_64-debian-gcc 2.6-0 1.29 30.06 31.35 OK
r-devel-linux-x86_64-fedora-clang 2.6-0 59.83 OK --no-stop-on-test-error
r-devel-linux-x86_64-fedora-gcc 2.6-0 55.21 OK --no-stop-on-test-error
r-devel-windows-ix86+x86_64 2.6-0 9.00 75.00 84.00 OK
r-patched-linux-x86_64 2.6-0 1.26 30.16 31.42 OK
r-patched-solaris-sparc 2.6-0 336.90 OK
r-patched-solaris-x86 2.6-0 66.90 OK
r-release-linux-x86_64 2.6-0 1.30 29.77 31.07 OK
r-release-windows-ix86+x86_64 2.6-0 7.00 71.00 78.00 OK
r-release-osx-x86_64 2.6-0 NOTE
r-oldrel-windows-ix86+x86_64 2.6-0 3.00 71.00 74.00 OK
r-oldrel-osx-x86_64 2.6-0 NOTE

Check Details

Version: 2.6-0
Check: package dependencies
Result: NOTE
    Package suggested but not available for checking: ‘Rmpi’
Flavors: r-release-osx-x86_64, r-oldrel-osx-x86_64

Version: 2.6-0
Check: re-building of vignette outputs
Result: NOTE
    Error in re-building vignettes:
     ...
    
    Attaching package: ‘pls’
    
    The following object is masked from ‘package:stats’:
    
     loadings
    
    Error in texi2dvi(file = file, pdf = TRUE, clean = clean, quiet = quiet, :
     Running 'texi2dvi' on 'pls-manual.tex' failed.
    LaTeX errors:
    ! LaTeX Error: File `a4wide.sty' not found.
    
    Type X to quit or <RETURN> to proceed,
    or enter new name. (Default extension: sty)
    
    ! Emergency stop.
    <read *>
    
    l.6 ^^M
    
    ! ==> Fatal error occurred, no output PDF file produced!
    Calls: buildVignettes -> texi2pdf -> texi2dvi
    Execution halted
Flavor: r-release-osx-x86_64