CRAN Package Check Results for Package pls

Last updated on 2018-05-27 00:46:48 CEST.

Flavor Version Tinstall Tcheck Ttotal Status Flags
r-devel-linux-x86_64-debian-clang 2.6-0 5.19 44.80 49.99 OK
r-devel-linux-x86_64-debian-gcc 2.6-0 4.14 34.81 38.95 OK
r-devel-linux-x86_64-fedora-clang 2.6-0 59.96 OK
r-devel-linux-x86_64-fedora-gcc 2.6-0 58.47 OK
r-devel-windows-ix86+x86_64 2.6-0 8.00 61.00 69.00 OK
r-patched-linux-x86_64 2.6-0 4.85 43.39 48.24 OK
r-patched-solaris-x86 2.6-0 77.90 OK
r-release-linux-x86_64 2.6-0 5.04 43.12 48.16 OK
r-release-windows-ix86+x86_64 2.6-0 10.00 56.00 66.00 OK
r-release-osx-x86_64 2.6-0 NOTE
r-oldrel-windows-ix86+x86_64 2.6-0 7.00 59.00 66.00 OK
r-oldrel-osx-x86_64 2.6-0 NOTE

Check Details

Version: 2.6-0
Check: package dependencies
Result: NOTE
    Package suggested but not available for checking: ‘Rmpi’
Flavors: r-release-osx-x86_64, r-oldrel-osx-x86_64

Version: 2.6-0
Check: re-building of vignette outputs
Result: NOTE
    Error in re-building vignettes:
     ...
    
    Attaching package: ‘pls’
    
    The following object is masked from ‘package:stats’:
    
     loadings
    
    Error in texi2dvi(file = file, pdf = TRUE, clean = clean, quiet = quiet, :
     Running 'texi2dvi' on 'pls-manual.tex' failed.
    LaTeX errors:
    ! LaTeX Error: File `a4wide.sty' not found.
    
    Type X to quit or <RETURN> to proceed,
    or enter new name. (Default extension: sty)
    
    ! Emergency stop.
    <read *>
    
    l.6 ^^M
    
    ! ==> Fatal error occurred, no output PDF file produced!
    Calls: buildVignettes -> texi2pdf -> texi2dvi
    Execution halted
Flavor: r-oldrel-osx-x86_64