CRAN Package Check Results for Package pls

Last updated on 2017-03-24 06:48:28.

Flavor Version Tinstall Tcheck Ttotal Status Flags
r-devel-linux-x86_64-debian-clang 2.6-0 1.16 30.28 31.44 OK
r-devel-linux-x86_64-debian-gcc 2.6-0 1.18 29.59 30.77 OK
r-devel-linux-x86_64-fedora-clang 2.6-0 57.36 OK --no-stop-on-test-error
r-devel-linux-x86_64-fedora-gcc 2.6-0 54.75 OK --no-stop-on-test-error
r-devel-macos-x86_64-clang 2.6-0 46.33 OK --no-stop-on-test-error
r-devel-windows-ix86+x86_64 2.6-0 5.00 75.00 80.00 OK
r-patched-linux-x86_64 2.6-0 1.09 26.59 27.68 OK
r-patched-solaris-sparc 2.6-0 336.90 OK
r-patched-solaris-x86 2.6-0 67.40 OK
r-release-linux-x86_64 2.6-0 1.12 26.79 27.91 OK
r-release-osx-x86_64-mavericks 2.6-0 NOTE
r-release-windows-ix86+x86_64 2.6-0 7.00 47.00 54.00 OK
r-oldrel-windows-ix86+x86_64 2.6-0 7.00 74.00 81.00 OK

Check Details

Version: 2.6-0
Check: package dependencies
Result: NOTE
    Package suggested but not available for checking: ‘Rmpi’
Flavor: r-release-osx-x86_64-mavericks