CRAN Package Check Results for Package pls

Last updated on 2016-07-26 07:47:15.

Flavor Version Tinstall Tcheck Ttotal Status Flags
r-devel-linux-x86_64-debian-clang 2.5-0 1.52 32.96 34.48 OK
r-devel-linux-x86_64-debian-gcc 2.5-0 1.61 30.27 31.88 OK
r-devel-linux-x86_64-fedora-clang 2.5-0 47.25 OK
r-devel-linux-x86_64-fedora-gcc 2.5-0 44.08 OK
r-devel-osx-x86_64-clang 2.5-0 40.25 OK
r-devel-windows-ix86+x86_64 2.5-0 6.00 69.00 75.00 OK
r-patched-linux-x86_64 2.5-0 1.40 30.77 32.16 OK
r-patched-solaris-sparc 2.5-0 287.40 OK
r-patched-solaris-x86 2.5-0 57.00 OK
r-release-linux-x86_64 2.5-0 1.44 30.70 32.15 OK
r-release-osx-x86_64-mavericks 2.5-0 NOTE
r-release-windows-ix86+x86_64 2.5-0 5.00 65.00 70.00 OK
r-oldrel-windows-ix86+x86_64 2.5-0 8.00 67.00 75.00 OK

Check Details

Version: 2.5-0
Check: package dependencies
Result: NOTE
    Package suggested but not available for checking: ‘Rmpi’
Flavor: r-release-osx-x86_64-mavericks