CRAN Package Check Results for Package pls

Last updated on 2016-08-31 17:47:50.

Flavor Version Tinstall Tcheck Ttotal Status Flags
r-devel-linux-x86_64-debian-clang 2.5-0 1.16 26.12 27.28 OK
r-devel-linux-x86_64-debian-gcc 2.5-0 1.07 26.24 27.31 OK
r-devel-linux-x86_64-fedora-clang 2.5-0 48.66 OK
r-devel-linux-x86_64-fedora-gcc 2.5-0 45.66 OK
r-devel-osx-x86_64-clang 2.5-0 40.39 OK
r-devel-windows-ix86+x86_64 2.5-0 7.00 61.00 68.00 OK
r-patched-linux-x86_64 2.5-0 1.10 26.61 27.71 OK
r-patched-solaris-sparc 2.5-0 287.40 OK
r-patched-solaris-x86 2.5-0 56.90 OK
r-release-linux-x86_64 2.5-0 1.08 26.03 27.11 OK
r-release-osx-x86_64-mavericks 2.5-0 NOTE
r-release-windows-ix86+x86_64 2.5-0 6.00 66.00 72.00 OK
r-oldrel-windows-ix86+x86_64 2.5-0 6.00 65.00 71.00 OK

Check Details

Version: 2.5-0
Check: package dependencies
Result: NOTE
    Package suggested but not available for checking: ‘Rmpi’
Flavor: r-release-osx-x86_64-mavericks