CRAN Package Check Results for Package pls

Last updated on 2015-04-19 11:51:16.

Flavor Version Tinstall Tcheck Ttotal Status Flags
r-devel-linux-x86_64-debian-clang 2.4-3 1.12 19.20 20.32 NOTE
r-devel-linux-x86_64-debian-gcc 2.4-3 1.10 18.93 20.02 NOTE
r-devel-linux-x86_64-fedora-clang 2.4-3 38.79 NOTE
r-devel-linux-x86_64-fedora-gcc 2.4-3 35.55 NOTE
r-devel-osx-x86_64-clang 2.4-3 38.24 NOTE
r-devel-windows-ix86+x86_64 2.4-3 5.00 27.00 32.00 NOTE
r-patched-linux-x86_64 2.4-3 1.12 19.36 20.48 NOTE
r-patched-solaris-sparc 2.4-3 243.90 NOTE
r-patched-solaris-x86 2.4-3 49.30 NOTE
r-release-linux-x86_64 2.4-3 1.09 20.21 21.30 NOTE
r-release-osx-x86_64-mavericks 2.4-3 NOTE
r-release-osx-x86_64-snowleopard 2.4-3 NOTE
r-release-windows-ix86+x86_64 2.4-3 4.00 29.00 33.00 NOTE
r-oldrel-windows-ix86+x86_64 2.4-3 3.00 39.00 42.00 NOTE

Check Details

Version: 2.4-3
Check: DESCRIPTION meta-information
Result: NOTE
    Malformed Description field: should contain one or more complete sentences.
Flavors: r-devel-linux-x86_64-debian-clang, r-devel-linux-x86_64-debian-gcc, r-devel-linux-x86_64-fedora-clang, r-devel-linux-x86_64-fedora-gcc, r-devel-osx-x86_64-clang, r-devel-windows-ix86+x86_64, r-patched-linux-x86_64, r-patched-solaris-sparc, r-patched-solaris-x86, r-release-linux-x86_64, r-release-osx-x86_64-mavericks, r-release-osx-x86_64-snowleopard, r-release-windows-ix86+x86_64

Version: 2.4-3
Check: dependencies in R code
Result: NOTE
    'library' or 'require' call to ‘parallel’ in package code.
     Please use :: or requireNamespace() instead.
     See section 'Suggested packages' in the 'Writing R Extensions' manual.
Flavors: r-devel-linux-x86_64-debian-clang, r-devel-linux-x86_64-debian-gcc, r-devel-linux-x86_64-fedora-clang, r-devel-linux-x86_64-fedora-gcc, r-devel-osx-x86_64-clang, r-devel-windows-ix86+x86_64, r-patched-linux-x86_64, r-patched-solaris-sparc, r-patched-solaris-x86, r-release-linux-x86_64, r-release-osx-x86_64-mavericks, r-release-osx-x86_64-snowleopard, r-release-windows-ix86+x86_64, r-oldrel-windows-ix86+x86_64

Version: 2.4-3
Check: R code for possible problems
Result: NOTE
    lapplyFunc: no visible global function definition for ‘mclapply’
    lapplyFunc: no visible global function definition for ‘parLapply’
    lapplyFunc: no visible global function definition for ‘stopCluster’
Flavors: r-devel-linux-x86_64-debian-clang, r-devel-linux-x86_64-debian-gcc, r-devel-linux-x86_64-fedora-clang, r-devel-linux-x86_64-fedora-gcc, r-devel-osx-x86_64-clang, r-devel-windows-ix86+x86_64, r-patched-linux-x86_64, r-patched-solaris-sparc, r-patched-solaris-x86, r-release-linux-x86_64, r-release-osx-x86_64-mavericks, r-release-osx-x86_64-snowleopard, r-release-windows-ix86+x86_64, r-oldrel-windows-ix86+x86_64

Version: 2.4-3
Check: package dependencies
Result: NOTE
    Package suggested but not available for checking: ‘Rmpi’
Flavors: r-release-osx-x86_64-mavericks, r-release-osx-x86_64-snowleopard