CRAN Package Check Results for Package pls

Last updated on 2015-03-03 03:49:02.

Flavor Version Tinstall Tcheck Ttotal Status Flags
r-devel-linux-x86_64-debian-clang 2.4-3 1.29 19.11 20.40 NOTE
r-devel-linux-x86_64-debian-gcc 2.4-3 1.07 19.46 20.54 NOTE
r-devel-linux-x86_64-fedora-clang 2.4-3 40.13 NOTE
r-devel-linux-x86_64-fedora-gcc 2.4-3 35.91 NOTE
r-devel-osx-x86_64-clang 2.4-3 40.10 NOTE
r-devel-windows-ix86+x86_64 2.4-3 9.00 40.00 49.00 NOTE
r-patched-linux-x86_64 2.4-3 1.13 20.67 21.80 NOTE
r-patched-solaris-sparc 2.4-3 267.30 NOTE
r-patched-solaris-x86 2.4-3 55.50 NOTE
r-release-linux-ix86 2.4-3 1.57 26.92 28.49 NOTE
r-release-linux-x86_64 2.4-3 1.13 20.46 21.58 NOTE
r-release-osx-x86_64-mavericks 2.4-3 NOTE
r-release-windows-ix86+x86_64 2.4-3 6.00 37.00 43.00 NOTE
r-oldrel-windows-ix86+x86_64 2.4-3 5.00 28.00 33.00 OK

Check Details

Version: 2.4-3
Check: DESCRIPTION meta-information
Result: NOTE
    Malformed Description field: should contain one or more complete sentences.
Flavors: r-devel-linux-x86_64-debian-clang, r-devel-linux-x86_64-debian-gcc, r-devel-linux-x86_64-fedora-clang, r-devel-linux-x86_64-fedora-gcc, r-devel-osx-x86_64-clang, r-devel-windows-ix86+x86_64

Version: 2.4-3
Check: dependencies in R code
Result: NOTE
    'library' or 'require' call to ‘parallel’ in package code.
     Please use :: or requireNamespace() instead.
     See section 'Suggested packages' in the 'Writing R Extensions' manual.
Flavors: r-devel-linux-x86_64-debian-clang, r-devel-linux-x86_64-debian-gcc, r-devel-linux-x86_64-fedora-clang, r-devel-linux-x86_64-fedora-gcc, r-devel-osx-x86_64-clang, r-devel-windows-ix86+x86_64, r-patched-linux-x86_64, r-patched-solaris-sparc, r-patched-solaris-x86

Version: 2.4-3
Check: R code for possible problems
Result: NOTE
    lapplyFunc: no visible global function definition for ‘mclapply’
    lapplyFunc: no visible global function definition for ‘parLapply’
    lapplyFunc: no visible global function definition for ‘stopCluster’
Flavors: r-devel-linux-x86_64-debian-clang, r-devel-linux-x86_64-debian-gcc, r-devel-linux-x86_64-fedora-clang, r-devel-linux-x86_64-fedora-gcc, r-devel-osx-x86_64-clang, r-devel-windows-ix86+x86_64, r-patched-linux-x86_64, r-patched-solaris-sparc, r-patched-solaris-x86, r-release-linux-ix86, r-release-linux-x86_64, r-release-osx-x86_64-mavericks, r-release-windows-ix86+x86_64

Version: 2.4-3
Check: package dependencies
Result: NOTE
    Package suggested but not available for checking: ‘Rmpi’
Flavor: r-release-osx-x86_64-mavericks