CRAN Package Check Results for Package pls

Last updated on 2016-12-04 22:47:25.

Flavor Version Tinstall Tcheck Ttotal Status Flags
r-devel-linux-x86_64-debian-clang 2.5-0 1.17 30.12 31.30 OK
r-devel-linux-x86_64-debian-gcc 2.5-0 1.50 29.14 30.64 OK
r-devel-linux-x86_64-fedora-clang 2.5-0 57.98 OK --no-stop-on-test-error
r-devel-linux-x86_64-fedora-gcc 2.5-0 55.81 OK --no-stop-on-test-error
r-devel-macos-x86_64-clang 2.5-0 46.41 OK
r-devel-windows-ix86+x86_64 2.5-0 4.00 85.00 89.00 OK
r-patched-linux-x86_64 2.5-0 1.16 26.13 27.28 OK
r-patched-solaris-sparc 2.5-0 287.40 OK
r-patched-solaris-x86 2.5-0 56.60 OK
r-release-linux-x86_64 2.5-0 1.06 26.12 27.18 OK
r-release-osx-x86_64-mavericks 2.5-0 NOTE
r-release-windows-ix86+x86_64 2.5-0 9.00 51.00 60.00 OK
r-oldrel-windows-ix86+x86_64 2.5-0 3.00 54.00 57.00 OK

Check Details

Version: 2.5-0
Check: package dependencies
Result: NOTE
    Package suggested but not available for checking: ‘Rmpi’
Flavor: r-release-osx-x86_64-mavericks