CRAN Package Check Results for Package pls

Last updated on 2014-07-24 14:48:46.

Flavor Version Tinstall Tcheck Ttotal Status Flags
r-devel-linux-x86_64-debian-clang 2.4-3 1.14 20.27 21.42 OK
r-devel-linux-x86_64-debian-gcc 2.4-3 1.13 20.31 21.44 OK
r-devel-linux-x86_64-fedora-clang 2.4-3 43.27 OK
r-devel-linux-x86_64-fedora-gcc 2.4-3 40.43 OK
r-devel-osx-x86_64-clang 2.4-3 42.39 OK
r-devel-windows-ix86+x86_64 2.4-3 3.00 31.00 34.00 OK
r-patched-linux-x86_64 2.4-3 1.23 20.33 21.56 OK
r-patched-solaris-sparc 2.4-3 243.90 OK
r-patched-solaris-x86 2.4-3 53.10 OK
r-release-linux-ix86 2.4-3 1.61 27.39 29.00 OK
r-release-linux-x86_64 2.4-3 1.28 21.40 22.68 OK
r-release-osx-x86_64-mavericks 2.4-3 NOTE
r-release-windows-ix86+x86_64 2.4-3 4.00 32.00 36.00 OK
r-oldrel-windows-ix86+x86_64 2.4-3 5.00 28.00 33.00 OK

Check Details

Version: 2.4-3
Check: package dependencies
Result: NOTE
    Package suggested but not available for checking: ‘Rmpi’
Flavor: r-release-osx-x86_64-mavericks