CRAN Package Check Results for Package pls

Last updated on 2014-12-22 04:46:52.

Flavor Version Tinstall Tcheck Ttotal Status Flags
r-devel-linux-x86_64-debian-clang 2.4-3 1.14 21.44 22.58 NOTE
r-devel-linux-x86_64-debian-gcc 2.4-3 1.65 19.40 21.05 NOTE
r-devel-linux-x86_64-fedora-clang 2.4-3 41.49 NOTE
r-devel-linux-x86_64-fedora-gcc 2.4-3 39.51 NOTE
r-devel-osx-x86_64-clang 2.4-3 40.71 NOTE
r-devel-windows-ix86+x86_64 2.4-3 5.00 31.00 36.00 NOTE
r-patched-linux-x86_64 2.4-3 1.20 21.66 22.86 NOTE
r-patched-solaris-sparc 2.4-3 237.00 NOTE
r-patched-solaris-x86 2.4-3 54.40 NOTE
r-release-linux-ix86 2.4-3 1.56 25.94 27.50 NOTE
r-release-linux-x86_64 2.4-3 1.18 21.29 22.47 NOTE
r-release-osx-x86_64-mavericks 2.4-3 NOTE
r-release-windows-ix86+x86_64 2.4-3 4.00 31.00 35.00 NOTE
r-oldrel-windows-ix86+x86_64 2.4-3 4.00 30.00 34.00 OK

Check Details

Version: 2.4-3
Check: R code for possible problems
Result: NOTE
    lapplyFunc: no visible global function definition for ‘mclapply’
    lapplyFunc: no visible global function definition for ‘parLapply’
    lapplyFunc: no visible global function definition for ‘stopCluster’
Flavors: r-devel-linux-x86_64-debian-clang, r-devel-linux-x86_64-debian-gcc, r-devel-linux-x86_64-fedora-clang, r-devel-linux-x86_64-fedora-gcc, r-devel-osx-x86_64-clang, r-devel-windows-ix86+x86_64, r-patched-linux-x86_64, r-patched-solaris-sparc, r-patched-solaris-x86, r-release-linux-ix86, r-release-linux-x86_64, r-release-windows-ix86+x86_64

Version: 2.4-3
Check: package dependencies
Result: NOTE
    Package suggested but not available for checking: ‘Rmpi’
Flavor: r-release-osx-x86_64-mavericks