CRAN Package Check Results for Package pls

Last updated on 2022-10-01 19:50:49 CEST.

Flavor Version Tinstall Tcheck Ttotal Status Flags
r-devel-linux-x86_64-debian-clang 2.8-1 7.63 70.90 78.53 OK
r-devel-linux-x86_64-debian-gcc 2.8-1 4.34 53.11 57.45 OK
r-devel-linux-x86_64-fedora-clang 2.8-1 108.99 NOTE
r-devel-linux-x86_64-fedora-gcc 2.8-1 102.41 OK
r-devel-windows-x86_64 2.8-1 27.00 120.00 147.00 OK
r-patched-linux-x86_64 2.8-1 7.62 65.44 73.06 OK
r-release-linux-x86_64 2.8-1 6.25 66.04 72.29 OK
r-release-macos-arm64 2.8-1 35.00 NOTE
r-release-macos-x86_64 2.8-1 50.00 NOTE
r-release-windows-x86_64 2.8-1 46.00 118.00 164.00 OK
r-oldrel-macos-arm64 2.8-1 34.00 NOTE
r-oldrel-macos-x86_64 2.8-1 49.00 NOTE
r-oldrel-windows-ix86+x86_64 2.8-1 12.00 92.00 104.00 OK

Check Details

Version: 2.8-1
Check: Rd cross-references
Result: NOTE
    Undeclared package ‘sm’ in Rd xrefs
Flavor: r-devel-linux-x86_64-fedora-clang

Version: 2.8-1
Check: package dependencies
Result: NOTE
    Package suggested but not available for checking: ‘Rmpi’
Flavors: r-release-macos-arm64, r-release-macos-x86_64, r-oldrel-macos-arm64, r-oldrel-macos-x86_64