CRAN Package Check Results for Package pls

Last updated on 2016-09-24 21:48:41.

Flavor Version Tinstall Tcheck Ttotal Status Flags
r-devel-linux-x86_64-debian-clang 2.5-0 1.26 26.15 27.41 OK
r-devel-linux-x86_64-debian-gcc 2.5-0 1.09 25.72 26.81 OK
r-devel-linux-x86_64-fedora-clang 2.5-0 50.02 OK
r-devel-linux-x86_64-fedora-gcc 2.5-0 46.65 OK
r-devel-macos-x86_64-clang 2.5-0 39.87 OK
r-devel-windows-ix86+x86_64 2.5-0 7.00 47.00 54.00 OK
r-patched-linux-x86_64 2.5-0 1.18 25.83 27.01 OK
r-patched-solaris-sparc 2.5-0 287.40 OK
r-patched-solaris-x86 2.5-0 56.80 OK
r-release-linux-x86_64 2.5-0 1.26 26.04 27.30 OK
r-release-osx-x86_64-mavericks 2.5-0 NOTE
r-release-windows-ix86+x86_64 2.5-0 4.00 77.00 81.00 OK
r-oldrel-windows-ix86+x86_64 2.5-0 5.00 66.00 71.00 OK

Check Details

Version: 2.5-0
Check: package dependencies
Result: NOTE
    Package suggested but not available for checking: ‘Rmpi’
Flavor: r-release-osx-x86_64-mavericks