CRAN Package Check Results for Package pls

Last updated on 2017-01-16 17:49:27.

Flavor Version Tinstall Tcheck Ttotal Status Flags
r-devel-linux-x86_64-debian-clang 2.6-0 1.21 30.81 32.02 OK
r-devel-linux-x86_64-debian-gcc 2.6-0 1.24 29.55 30.79 OK
r-devel-linux-x86_64-fedora-clang 2.6-0 57.31 OK --no-stop-on-test-error
r-devel-linux-x86_64-fedora-gcc 2.6-0 55.09 OK --no-stop-on-test-error
r-devel-macos-x86_64-clang 2.6-0 46.22 OK --no-stop-on-test-error
r-devel-windows-ix86+x86_64 2.6-0 4.00 82.00 86.00 OK
r-patched-linux-x86_64 2.6-0 1.12 25.95 27.06 OK
r-patched-solaris-sparc 2.6-0 300.50 OK
r-patched-solaris-x86 2.6-0 58.50 OK
r-release-linux-x86_64 2.6-0 1.11 26.59 27.70 OK
r-release-osx-x86_64-mavericks 2.6-0 NOTE
r-release-windows-ix86+x86_64 2.6-0 6.00 54.00 60.00 OK
r-oldrel-windows-ix86+x86_64 2.6-0 5.00 76.00 81.00 OK

Check Details

Version: 2.6-0
Check: package dependencies
Result: NOTE
    Package suggested but not available for checking: ‘Rmpi’
Flavor: r-release-osx-x86_64-mavericks