CRAN Package Check Results for Package pls

Last updated on 2017-10-21 00:51:55.

Flavor Version Tinstall Tcheck Ttotal Status Flags
r-devel-linux-x86_64-debian-clang 2.6-0 1.14 30.54 31.69 OK
r-devel-linux-x86_64-debian-gcc 2.6-0 1.40 32.61 34.01 OK
r-devel-linux-x86_64-fedora-clang 2.6-0 59.76 OK
r-devel-linux-x86_64-fedora-gcc 2.6-0 58.96 OK
r-devel-windows-ix86+x86_64 2.6-0 4.00 73.00 77.00 OK
r-patched-linux-x86_64 2.6-0 1.34 31.74 33.08 OK
r-patched-solaris-x86 2.6-0 69.00 OK
r-release-linux-x86_64 2.6-0 1.35 30.46 31.81 OK
r-release-windows-ix86+x86_64 2.6-0 7.00 55.00 62.00 OK
r-release-osx-x86_64 2.6-0 NOTE
r-oldrel-windows-ix86+x86_64 2.6-0 4.00 66.00 70.00 OK
r-oldrel-osx-x86_64 2.6-0 NOTE

Check Details

Version: 2.6-0
Check: package dependencies
Result: NOTE
    Package suggested but not available for checking: ‘Rmpi’
Flavors: r-release-osx-x86_64, r-oldrel-osx-x86_64

Version: 2.6-0
Check: re-building of vignette outputs
Result: NOTE
    Error in re-building vignettes:
     ...
    
    Attaching package: ‘pls’
    
    The following object is masked from ‘package:stats’:
    
     loadings
    
    Error in texi2dvi(file = file, pdf = TRUE, clean = clean, quiet = quiet, :
     Running 'texi2dvi' on 'pls-manual.tex' failed.
    LaTeX errors:
    ! LaTeX Error: File `a4wide.sty' not found.
    
    Type X to quit or <RETURN> to proceed,
    or enter new name. (Default extension: sty)
    
    ! Emergency stop.
    <read *>
    
    l.6 ^^M
    
    ! ==> Fatal error occurred, no output PDF file produced!
    Calls: buildVignettes -> texi2pdf -> texi2dvi
    Execution halted
Flavor: r-release-osx-x86_64