CRAN Package Check Results for Package pls

Last updated on 2016-02-14 06:47:10.

Flavor Version Tinstall Tcheck Ttotal Status Flags
r-devel-linux-x86_64-debian-gcc 2.5-0 1.08 24.99 26.06 OK
r-devel-linux-x86_64-fedora-clang 2.5-0 47.24 OK
r-devel-linux-x86_64-fedora-gcc 2.5-0 44.61 OK
r-devel-osx-x86_64-clang 2.5-0 51.49 OK
r-devel-windows-ix86+x86_64 2.5-0 6.00 55.00 61.00 OK
r-patched-linux-x86_64 2.5-0 1.27 26.43 27.70 OK
r-patched-solaris-sparc 2.5-0 299.20 OK
r-patched-solaris-x86 2.5-0 60.90 OK
r-release-linux-x86_64 2.5-0 1.28 26.14 27.41 OK
r-release-osx-x86_64-mavericks 2.5-0 NOTE
r-release-windows-ix86+x86_64 2.5-0 7.00 48.00 55.00 OK
r-oldrel-windows-ix86+x86_64 2.5-0 7.00 49.00 56.00 OK

Check Details

Version: 2.5-0
Check: package dependencies
Result: NOTE
    Package suggested but not available for checking: ‘Rmpi’
Flavor: r-release-osx-x86_64-mavericks