CRAN Package Check Results for Package pls

Last updated on 2017-02-20 13:51:06.

Flavor Version Tinstall Tcheck Ttotal Status Flags
r-devel-linux-x86_64-debian-clang 2.6-0 1.17 30.24 31.41 OK
r-devel-linux-x86_64-debian-gcc 2.6-0 1.26 29.97 31.23 OK
r-devel-linux-x86_64-fedora-clang 2.6-0 56.58 OK --no-stop-on-test-error
r-devel-linux-x86_64-fedora-gcc 2.6-0 54.36 OK --no-stop-on-test-error
r-devel-macos-x86_64-clang 2.6-0 47.74 OK --no-stop-on-test-error
r-devel-windows-ix86+x86_64 2.6-0 4.00 77.00 81.00 OK
r-patched-linux-x86_64 2.6-0 1.14 27.01 28.16 OK
r-patched-solaris-sparc 2.6-0 300.50 OK
r-patched-solaris-x86 2.6-0 59.20 OK
r-release-linux-x86_64 2.6-0 1.12 26.63 27.75 OK
r-release-osx-x86_64-mavericks 2.6-0 NOTE
r-release-windows-ix86+x86_64 2.6-0 4.00 55.00 59.00 OK
r-oldrel-windows-ix86+x86_64 2.6-0 5.00 74.00 79.00 OK

Check Details

Version: 2.6-0
Check: package dependencies
Result: NOTE
    Package suggested but not available for checking: ‘Rmpi’
Flavor: r-release-osx-x86_64-mavericks