CRAN Package Check Results for Package pls

Last updated on 2015-05-28 19:47:38.

Flavor Version Tinstall Tcheck Ttotal Status Flags
r-devel-linux-x86_64-debian-clang 2.4-3 1.10 18.98 20.09 NOTE
r-devel-linux-x86_64-debian-gcc 2.4-3 1.13 18.51 19.64 NOTE
r-devel-linux-x86_64-fedora-clang 2.4-3 38.39 NOTE
r-devel-linux-x86_64-fedora-gcc 2.4-3 35.75 NOTE
r-devel-osx-x86_64-clang 2.4-3 38.51 NOTE
r-devel-windows-ix86+x86_64 2.4-3 4.00 33.00 37.00 NOTE
r-patched-linux-x86_64 2.4-3 1.23 19.17 20.40 NOTE
r-patched-solaris-sparc 2.4-3 246.30 NOTE
r-patched-solaris-x86 2.4-3 52.50 NOTE
r-release-linux-x86_64 2.4-3 1.17 19.04 20.21 NOTE
r-release-osx-x86_64-mavericks 2.4-3 NOTE
r-release-osx-x86_64-snowleopard 2.4-3 NOTE
r-release-windows-ix86+x86_64 2.4-3 5.00 32.00 37.00 NOTE
r-oldrel-windows-ix86+x86_64 2.4-3 5.00 47.00 52.00 NOTE

Check Details

Version: 2.4-3
Check: DESCRIPTION meta-information
Result: NOTE
    Malformed Description field: should contain one or more complete sentences.
Flavors: r-devel-linux-x86_64-debian-clang, r-devel-linux-x86_64-debian-gcc, r-devel-linux-x86_64-fedora-clang, r-devel-linux-x86_64-fedora-gcc, r-devel-osx-x86_64-clang, r-devel-windows-ix86+x86_64, r-patched-linux-x86_64, r-patched-solaris-sparc, r-patched-solaris-x86, r-release-linux-x86_64, r-release-osx-x86_64-mavericks, r-release-osx-x86_64-snowleopard, r-release-windows-ix86+x86_64

Version: 2.4-3
Check: dependencies in R code
Result: NOTE
    'library' or 'require' call to ‘parallel’ in package code.
     Please use :: or requireNamespace() instead.
     See section 'Suggested packages' in the 'Writing R Extensions' manual.
Flavors: r-devel-linux-x86_64-debian-clang, r-devel-linux-x86_64-debian-gcc, r-devel-linux-x86_64-fedora-clang, r-devel-linux-x86_64-fedora-gcc, r-devel-osx-x86_64-clang, r-devel-windows-ix86+x86_64, r-patched-linux-x86_64, r-patched-solaris-sparc, r-patched-solaris-x86, r-release-linux-x86_64, r-release-osx-x86_64-mavericks, r-release-osx-x86_64-snowleopard, r-release-windows-ix86+x86_64, r-oldrel-windows-ix86+x86_64

Version: 2.4-3
Check: R code for possible problems
Result: NOTE
    lapplyFunc: no visible global function definition for ‘mclapply’
    lapplyFunc: no visible global function definition for ‘parLapply’
    lapplyFunc: no visible global function definition for ‘stopCluster’
Flavors: r-devel-linux-x86_64-debian-clang, r-devel-linux-x86_64-debian-gcc, r-devel-linux-x86_64-fedora-clang, r-devel-linux-x86_64-fedora-gcc, r-devel-osx-x86_64-clang, r-devel-windows-ix86+x86_64, r-patched-linux-x86_64, r-patched-solaris-sparc, r-patched-solaris-x86, r-release-linux-x86_64, r-release-osx-x86_64-mavericks, r-release-osx-x86_64-snowleopard, r-release-windows-ix86+x86_64, r-oldrel-windows-ix86+x86_64

Version: 2.4-3
Check: package dependencies
Result: NOTE
    Package suggested but not available for checking: ‘Rmpi’
Flavors: r-release-osx-x86_64-mavericks, r-release-osx-x86_64-snowleopard