CRAN Package Check Results for Package plsRbeta

Last updated on 2015-09-02 22:48:00.

Flavor Version Tinstall Tcheck Ttotal Status Flags
r-devel-linux-x86_64-debian-clang 0.2.0 5.80 80.70 86.50 NOTE
r-devel-linux-x86_64-debian-gcc 0.2.0 5.61 78.41 84.02 NOTE
r-devel-linux-x86_64-fedora-clang 0.2.0 176.48 NOTE
r-devel-linux-x86_64-fedora-gcc 0.2.0 162.95 NOTE
r-devel-osx-x86_64-clang 0.2.0 145.98 OK
r-devel-windows-ix86+x86_64 0.2.0 27.00 138.00 165.00 NOTE
r-patched-linux-x86_64 0.2.0 5.91 86.08 91.99 OK
r-patched-solaris-sparc 0.2.0 1106.50 OK
r-patched-solaris-x86 0.2.0 243.40 OK
r-release-linux-x86_64 0.2.0 5.94 84.06 90.00 OK
r-release-osx-x86_64-mavericks 0.2.0 OK
r-release-windows-ix86+x86_64 0.2.0 23.00 189.00 212.00 OK
r-oldrel-windows-ix86+x86_64 0.2.0 47.00 280.00 327.00 OK

Check Details

Version: 0.2.0
Check: R code for possible problems
Result: NOTE
    PLS_beta: no visible global function definition for ‘Gamma’
    PLS_beta: no visible global function definition for ‘gaussian’
    PLS_beta: no visible global function definition for ‘inverse.gaussian’
    PLS_beta: no visible global function definition for ‘binomial’
    PLS_beta: no visible global function definition for ‘poisson’
    PLS_beta: no visible global function definition for ‘is’
    PLS_beta: no visible global function definition for ‘weighted.mean’
    PLS_beta: no visible binding for global variable ‘weighted.mean’
    PLS_beta: no visible global function definition for ‘pnorm’
    PLS_beta: no visible global function definition for ‘coef’
    PLS_beta: no visible global function definition for ‘glm’
    PLS_beta: no visible binding for global variable ‘na.exclude’
    PLS_beta: no visible global function definition for ‘AIC’
    PLS_beta: no visible global function definition for ‘residuals.glm’
    PLS_beta: no visible global function definition for ‘model.frame’
    PLS_beta: no visible global function definition for ‘model.matrix’
    PLS_beta: no visible global function definition for ‘residuals’
    PLS_beta: no visible global function definition for ‘lm’
    PLS_beta_formula: no visible binding for global variable ‘na.exclude’
    PLS_beta_formula: no visible global function definition for ‘is’
    PLS_beta_formula: no visible binding for global variable ‘na.pass’
    PLS_beta_formula: no visible global function definition for
     ‘as.formula’
    PLS_beta_formula: no visible global function definition for
     ‘model.response’
    PLS_beta_formula: no visible global function definition for
     ‘is.empty.model’
    PLS_beta_formula: no visible global function definition for
     ‘model.matrix’
    PLS_beta_formula: no visible global function definition for
     ‘model.weights’
    PLS_beta_formula: no visible global function definition for
     ‘model.offset’
    PLS_beta_formula: no visible global function definition for ‘terms’
    PLS_beta_formula: no visible global function definition for
     ‘delete.response’
    PLS_beta_formula: no visible global function definition for ‘Gamma’
    PLS_beta_formula: no visible global function definition for ‘gaussian’
    PLS_beta_formula: no visible global function definition for
     ‘inverse.gaussian’
    PLS_beta_formula: no visible global function definition for ‘binomial’
    PLS_beta_formula: no visible global function definition for ‘poisson’
    PLS_beta_formula: no visible global function definition for
     ‘weighted.mean’
    PLS_beta_formula: no visible binding for global variable
     ‘weighted.mean’
    PLS_beta_formula: no visible global function definition for ‘pnorm’
    PLS_beta_formula: no visible global function definition for ‘coef’
    PLS_beta_formula: no visible global function definition for ‘AIC’
    PLS_beta_formula: no visible global function definition for
     ‘residuals.glm’
    PLS_beta_formula: no visible global function definition for
     ‘model.frame’
    PLS_beta_formula: no visible global function definition for ‘residuals’
    PLS_beta_formula: no visible global function definition for ‘lm’
    PLS_beta_kfoldcv: no visible global function definition for ‘Gamma’
    PLS_beta_kfoldcv: no visible global function definition for ‘gaussian’
    PLS_beta_kfoldcv: no visible global function definition for
     ‘inverse.gaussian’
    PLS_beta_kfoldcv: no visible global function definition for ‘binomial’
    PLS_beta_kfoldcv: no visible global function definition for ‘poisson’
    PLS_beta_kfoldcv: no visible global function definition for ‘is’
    PLS_beta_kfoldcv_formula: no visible binding for global variable
     ‘na.pass’
    PLS_beta_kfoldcv_formula: no visible global function definition for
     ‘as.formula’
    PLS_beta_kfoldcv_formula: no visible global function definition for
     ‘model.response’
    PLS_beta_kfoldcv_formula: no visible global function definition for
     ‘is.empty.model’
    PLS_beta_kfoldcv_formula: no visible global function definition for
     ‘model.matrix’
    PLS_beta_kfoldcv_formula: no visible global function definition for
     ‘model.weights’
    PLS_beta_kfoldcv_formula: no visible global function definition for
     ‘model.offset’
    PLS_beta_kfoldcv_formula: no visible global function definition for
     ‘terms’
    PLS_beta_kfoldcv_formula: no visible global function definition for
     ‘delete.response’
    PLS_beta_kfoldcv_formula: no visible global function definition for
     ‘Gamma’
    PLS_beta_kfoldcv_formula: no visible global function definition for
     ‘gaussian’
    PLS_beta_kfoldcv_formula: no visible global function definition for
     ‘inverse.gaussian’
    PLS_beta_kfoldcv_formula: no visible global function definition for
     ‘binomial’
    PLS_beta_kfoldcv_formula: no visible global function definition for
     ‘poisson’
    PLS_beta_kfoldcv_formula: no visible global function definition for
     ‘is’
    PLS_beta_wvc: no visible global function definition for ‘Gamma’
    PLS_beta_wvc: no visible global function definition for ‘gaussian’
    PLS_beta_wvc: no visible global function definition for
     ‘inverse.gaussian’
    PLS_beta_wvc: no visible global function definition for ‘binomial’
    PLS_beta_wvc: no visible global function definition for ‘poisson’
    PLS_beta_wvc: no visible global function definition for ‘is’
    PLS_beta_wvc: no visible global function definition for ‘weighted.mean’
    PLS_beta_wvc: no visible binding for global variable ‘weighted.mean’
    PLS_beta_wvc: no visible global function definition for ‘coef’
    PLS_beta_wvc: no visible global function definition for ‘glm’
    PLS_beta_wvc: no visible binding for global variable ‘na.exclude’
    kfolds2Chisq: no visible global function definition for ‘model.frame’
    kfolds2Chisq: no visible global function definition for ‘model.matrix’
    kfolds2Chisqind: no visible global function definition for
     ‘model.frame’
    kfolds2Chisqind: no visible global function definition for
     ‘model.matrix’
    simul_data_UniYX_beta: no visible global function definition for
     ‘make.link’
    simul_data_UniYX_beta: no visible global function definition for
     ‘rbeta’
    Undefined global functions or variables:
     AIC Gamma as.formula binomial coef delete.response gaussian glm
     inverse.gaussian is is.empty.model lm make.link model.frame
     model.matrix model.offset model.response model.weights na.exclude
     na.pass pnorm poisson rbeta residuals residuals.glm terms
     weighted.mean
    Consider adding
     importFrom("methods", "is")
     importFrom("stats", "AIC", "Gamma", "as.formula", "binomial", "coef",
     "delete.response", "gaussian", "glm", "inverse.gaussian",
     "is.empty.model", "lm", "make.link", "model.frame",
     "model.matrix", "model.offset", "model.response",
     "model.weights", "na.exclude", "na.pass", "pnorm",
     "poisson", "rbeta", "residuals", "residuals.glm", "terms",
     "weighted.mean")
    to your NAMESPACE (and ensure that your DESCRIPTION Imports field
    contains 'methods').
Flavors: r-devel-linux-x86_64-debian-clang, r-devel-linux-x86_64-debian-gcc, r-devel-linux-x86_64-fedora-clang, r-devel-linux-x86_64-fedora-gcc, r-devel-windows-ix86+x86_64