CRAN Package Check Results for Package plsRcox

Last updated on 2014-04-17 10:47:53.

Flavor Version Tinstall Tcheck Ttotal Status Flags
r-devel-linux-x86_64-debian-clang 0.9.999 5.09 63.06 68.15 OK
r-devel-linux-x86_64-debian-gcc 0.9.999 5.11 64.24 69.34 OK
r-devel-linux-x86_64-fedora-clang 0.9.999 135.46 OK
r-devel-linux-x86_64-fedora-gcc 0.9.999 129.27 OK
r-devel-macosx-x86_64-clang 0.9.999 120.70 OK
r-devel-macosx-x86_64-gcc 0.9.999 ERROR
r-devel-windows-ix86+x86_64 0.9.999 12.00 94.00 106.00 OK
r-patched-linux-x86_64 0.9.999 4.93 65.11 70.04 OK
r-patched-solaris-sparc 0.9.999 711.40 OK
r-patched-solaris-x86 0.9.999 162.00 OK
r-release-linux-ix86 0.9.999 11.00 101.00 112.00 OK
r-release-linux-x86_64 0.9.999 4.99 64.46 69.45 OK
r-release-macosx-x86_64 0.9.999 OK
r-release-windows-ix86+x86_64 0.9.999 13.00 101.00 114.00 OK
r-oldrel-windows-ix86+x86_64 0.9.999 14.00 94.00 108.00 OK

Check Details

Version: 0.9.999
Check: package dependencies
Result: ERROR
    Packages required but not available: ‘plsRglm’ ‘mixOmics’
    
    See the information on DESCRIPTION files in the chapter ‘Creating R
    packages’ of the ‘Writing R Extensions’ manual.
Flavor: r-devel-macosx-x86_64-gcc