CRAN Package Check Results for Package plsRcox

Last updated on 2015-05-28 03:47:33.

Flavor Version Tinstall Tcheck Ttotal Status Flags
r-devel-linux-x86_64-debian-clang 1.7.2 7.08 108.22 115.30 NOTE
r-devel-linux-x86_64-debian-gcc 1.7.2 6.97 105.13 112.10 NOTE
r-devel-linux-x86_64-fedora-clang 1.7.2 242.68 NOTE
r-devel-linux-x86_64-fedora-gcc 1.7.2 226.62 NOTE
r-devel-osx-x86_64-clang 1.7.2 196.09 NOTE
r-devel-windows-ix86+x86_64 1.7.2 18.00 166.00 184.00 OK
r-patched-linux-x86_64 1.7.2 6.54 106.93 113.47 NOTE
r-patched-solaris-sparc 1.7.2 1395.40 NOTE
r-patched-solaris-x86 1.7.2 324.80 NOTE
r-release-linux-x86_64 1.7.2 6.96 108.97 115.92 NOTE
r-release-osx-x86_64-mavericks 1.7.2 OK
r-release-osx-x86_64-snowleopard 1.7.2 ERROR
r-release-windows-ix86+x86_64 1.7.2 19.00 167.00 186.00 OK
r-oldrel-windows-ix86+x86_64 1.7.2 47.00 269.00 316.00 OK

Check Details

Version: 1.7.2
Check: S3 generic/method consistency
Result: NOTE
    Found the following apparent S3 methods exported but not registered:
     coxDKpls2DR.default coxDKpls2DR.formula coxDKplsDR.default
     coxDKplsDR.formula coxDKsplsDR.default coxDKsplsDR.formula
     coxpls.default coxpls.formula coxpls2.default coxpls2.formula
     coxpls2DR.default coxpls2DR.formula coxpls3.default coxpls3.formula
     coxpls3DR.default coxpls3DR.formula coxplsDR.default coxplsDR.formula
     coxsplsDR.default coxsplsDR.formula larsDR_coxph.default
     larsDR_coxph.formula
    See section ‘Registering S3 methods’ in the ‘Writing R Extensions’
    manual.
Flavors: r-devel-linux-x86_64-debian-clang, r-devel-linux-x86_64-debian-gcc, r-devel-linux-x86_64-fedora-clang, r-devel-linux-x86_64-fedora-gcc, r-devel-osx-x86_64-clang, r-patched-linux-x86_64, r-patched-solaris-sparc, r-patched-solaris-x86, r-release-linux-x86_64

Version: 1.7.2
Check: package dependencies
Result: ERROR
    Package required but not available: ‘survcomp’
    
    See section ‘The DESCRIPTION file’ in the ‘Writing R Extensions’
    manual.
Flavor: r-release-osx-x86_64-snowleopard