CRAN Package Check Results for Package plsRcox

Last updated on 2015-04-18 23:50:19.

Flavor Version Tinstall Tcheck Ttotal Status Flags
r-devel-linux-x86_64-debian-clang 1.7.2 7.09 112.47 119.56 NOTE
r-devel-linux-x86_64-debian-gcc 1.7.2 6.63 109.52 116.15 NOTE
r-devel-linux-x86_64-fedora-clang 1.7.2 243.88 NOTE
r-devel-linux-x86_64-fedora-gcc 1.7.2 228.43 NOTE
r-devel-osx-x86_64-clang 1.7.2 196.37 NOTE
r-patched-linux-x86_64 1.7.2 7.08 110.89 117.97 NOTE
r-patched-solaris-sparc 1.7.2 1361.00 OK
r-patched-solaris-x86 1.7.2 298.70 OK
r-release-linux-x86_64 1.7.2 6.64 109.02 115.66 NOTE
r-release-osx-x86_64-mavericks 1.7.2 ERROR
r-release-osx-x86_64-snowleopard 1.7.2 ERROR
r-release-windows-ix86+x86_64 1.7.2 21.00 209.00 230.00 OK
r-oldrel-windows-ix86+x86_64 1.7.2 61.00 392.00 453.00 OK

Check Details

Version: 1.7.2
Check: S3 generic/method consistency
Result: NOTE
    Found the following apparent S3 methods exported but not registered:
     coxDKpls2DR.default coxDKpls2DR.formula coxDKplsDR.default
     coxDKplsDR.formula coxDKsplsDR.default coxDKsplsDR.formula
     coxpls.default coxpls.formula coxpls2.default coxpls2.formula
     coxpls2DR.default coxpls2DR.formula coxpls3.default coxpls3.formula
     coxpls3DR.default coxpls3DR.formula coxplsDR.default coxplsDR.formula
     coxsplsDR.default coxsplsDR.formula larsDR_coxph.default
     larsDR_coxph.formula
    See section ‘Registering S3 methods’ in the ‘Writing R Extensions’
    manual.
Flavors: r-devel-linux-x86_64-debian-clang, r-devel-linux-x86_64-debian-gcc, r-devel-linux-x86_64-fedora-clang, r-devel-linux-x86_64-fedora-gcc, r-devel-osx-x86_64-clang, r-patched-linux-x86_64, r-release-linux-x86_64

Version: 1.7.2
Check: package dependencies
Result: ERROR
    Packages required but not available: ‘plsRglm’ ‘rms’
    
    See section ‘The DESCRIPTION file’ in the ‘Writing R Extensions’
    manual.
Flavor: r-release-osx-x86_64-mavericks

Version: 1.7.2
Check: package dependencies
Result: ERROR
    Packages required but not available:
     ‘plsRglm’ ‘mixOmics’ ‘survcomp’ ‘survAUC’ ‘rms’
    
    See section ‘The DESCRIPTION file’ in the ‘Writing R Extensions’
    manual.
Flavor: r-release-osx-x86_64-snowleopard