CRAN Package Check Results for Package plsRcox

Last updated on 2015-03-01 03:48:42.

Flavor Version Tinstall Tcheck Ttotal Status Flags
r-devel-linux-x86_64-debian-clang 1.7.2 7.01 115.11 122.12 NOTE
r-devel-linux-x86_64-debian-gcc 1.7.2 6.72 109.15 115.87 NOTE
r-devel-linux-x86_64-fedora-clang 1.7.2 246.19 NOTE
r-devel-linux-x86_64-fedora-gcc 1.7.2 227.23 NOTE
r-devel-osx-x86_64-clang 1.7.2 204.81 NOTE
r-devel-windows-ix86+x86_64 1.7.2 28.00 161.00 189.00 OK
r-patched-linux-x86_64 1.7.2 15.76 166.20 181.95 OK
r-patched-solaris-sparc 1.7.2 1896.40 OK
r-patched-solaris-x86 1.7.2 462.10 OK
r-release-linux-ix86 1.7.2 13.44 187.58 201.03 OK
r-release-linux-x86_64 1.7.2 15.01 170.54 185.54 OK
r-release-osx-x86_64-mavericks 1.7.2 OK
r-release-osx-x86_64-snowleopard 1.7.2 OK
r-release-windows-ix86+x86_64 1.7.2 51.00 269.00 320.00 OK
r-oldrel-windows-ix86+x86_64 1.7.2 43.00 266.00 309.00 OK

Check Details

Version: 1.7.2
Check: S3 generic/method consistency
Result: NOTE
    Found the following apparent S3 methods exported but not registered:
     coxDKpls2DR.default coxDKpls2DR.formula coxDKplsDR.default
     coxDKplsDR.formula coxDKsplsDR.default coxDKsplsDR.formula
     coxpls.default coxpls.formula coxpls2.default coxpls2.formula
     coxpls2DR.default coxpls2DR.formula coxpls3.default coxpls3.formula
     coxpls3DR.default coxpls3DR.formula coxplsDR.default coxplsDR.formula
     coxsplsDR.default coxsplsDR.formula larsDR_coxph.default
     larsDR_coxph.formula
    See section ‘Registering S3 methods’ in the ‘Writing R Extensions’
    manual.
Flavors: r-devel-linux-x86_64-debian-clang, r-devel-linux-x86_64-debian-gcc, r-devel-linux-x86_64-fedora-clang, r-devel-linux-x86_64-fedora-gcc, r-devel-osx-x86_64-clang