CRAN Package Check Results for Package plsRcox

Last updated on 2015-01-30 23:48:52.

Flavor Version Tinstall Tcheck Ttotal Status Flags
r-devel-linux-x86_64-debian-clang 1.7.2 6.07 104.86 110.93 NOTE
r-devel-linux-x86_64-debian-gcc 1.7.2 7.14 108.22 115.36 NOTE
r-devel-linux-x86_64-fedora-clang 1.7.2 277.18 NOTE
r-devel-linux-x86_64-fedora-gcc 1.7.2 268.50 NOTE
r-devel-osx-x86_64-clang 1.7.2 259.99 NOTE
r-devel-windows-ix86+x86_64 1.7.2 17.00 152.00 169.00 OK
r-patched-linux-x86_64 1.7.2 9.86 143.50 153.36 OK
r-patched-solaris-sparc 1.7.2 1896.40 OK
r-patched-solaris-x86 1.7.2 396.00 OK
r-release-linux-ix86 1.7.2 10.88 164.38 175.26 OK
r-release-linux-x86_64 1.7.2 9.69 145.98 155.66 OK
r-release-osx-x86_64-mavericks 1.7.2 OK
r-release-osx-x86_64-snowleopard 1.7.2 OK
r-release-windows-ix86+x86_64 1.7.2 33.00 231.00 264.00 OK
r-oldrel-windows-ix86+x86_64 1.7.2 35.00 223.00 258.00 OK

Check Details

Version: 1.7.2
Check: S3 generic/method consistency
Result: NOTE
    Found the following apparent S3 methods exported but not registered:
     coxDKpls2DR.default coxDKpls2DR.formula coxDKplsDR.default
     coxDKplsDR.formula coxDKsplsDR.default coxDKsplsDR.formula
     coxpls.default coxpls.formula coxpls2.default coxpls2.formula
     coxpls2DR.default coxpls2DR.formula coxpls3.default coxpls3.formula
     coxpls3DR.default coxpls3DR.formula coxplsDR.default coxplsDR.formula
     coxsplsDR.default coxsplsDR.formula larsDR_coxph.default
     larsDR_coxph.formula
    See section ‘Registering S3 methods’ in the ‘Writing R Extensions’
    manual.
Flavors: r-devel-linux-x86_64-debian-clang, r-devel-linux-x86_64-debian-gcc, r-devel-linux-x86_64-fedora-clang, r-devel-linux-x86_64-fedora-gcc, r-devel-osx-x86_64-clang