CRAN Package Check Results for Package plsVarSel

Last updated on 2021-12-01 09:54:37 CET.

Flavor Version Tinstall Tcheck Ttotal Status Flags
r-devel-linux-x86_64-debian-clang 0.9.6 9.94 74.93 84.87 OK
r-devel-linux-x86_64-debian-gcc 0.9.6 7.77 61.36 69.13 OK
r-devel-linux-x86_64-fedora-clang 0.9.6 111.88 OK
r-devel-linux-x86_64-fedora-gcc 0.9.6 101.97 OK
r-devel-windows-x86_64-new-UL 0.9.6 19.00 120.00 139.00 OK
r-devel-windows-x86_64-new-TK 0.9.6 OK
r-devel-windows-x86_64-old 0.9.6 15.00 73.00 88.00 OK
r-patched-linux-x86_64 0.9.6 9.39 72.09 81.48 OK
r-patched-solaris-x86 0.9.6 131.40 OK
r-release-linux-x86_64 0.9.6 9.85 73.00 82.85 OK
r-release-macos-arm64 0.9.6 NOTE
r-release-macos-x86_64 0.9.6 NOTE
r-release-windows-ix86+x86_64 0.9.6 20.00 67.00 87.00 OK
r-oldrel-macos-x86_64 0.9.6 NOTE
r-oldrel-windows-ix86+x86_64 0.9.6 12.00 94.00 106.00 OK

Check Details

Version: 0.9.6
Check: package dependencies
Result: NOTE
    Package suggested but not available for checking: ‘Rmpi’
Flavors: r-release-macos-arm64, r-release-macos-x86_64, r-oldrel-macos-x86_64