CRAN Package Check Results for Package plsdepot

Last updated on 2015-07-31 11:49:21.

Flavor Version Tinstall Tcheck Ttotal Status Flags
r-devel-linux-x86_64-debian-clang 0.1.17 0.76 14.92 15.67 NOTE
r-devel-linux-x86_64-debian-gcc 0.1.17 0.91 14.77 15.68 NOTE
r-devel-linux-x86_64-fedora-clang 0.1.17 29.71 NOTE
r-devel-linux-x86_64-fedora-gcc 0.1.17 27.30 NOTE
r-devel-osx-x86_64-clang 0.1.17 29.55 OK
r-devel-windows-ix86+x86_64 0.1.17 4.00 27.00 31.00 NOTE
r-patched-linux-x86_64 0.1.17 0.76 15.34 16.10 OK
r-patched-solaris-sparc 0.1.17 203.50 OK
r-patched-solaris-x86 0.1.17 42.90 OK
r-release-linux-x86_64 0.1.17 0.76 14.82 15.58 OK
r-release-osx-x86_64-mavericks 0.1.17 OK
r-release-windows-ix86+x86_64 0.1.17 5.00 24.00 29.00 OK
r-oldrel-windows-ix86+x86_64 0.1.17 3.00 30.00 33.00 OK

Check Details

Version: 0.1.17
Check: R code for possible problems
Result: NOTE
    interbat: no visible global function definition for ‘cor’
    interbat: no visible binding for global variable ‘var’
    interbat: no visible global function definition for ‘pchisq’
    nipals: no visible global function definition for ‘complete.cases’
    nipals: no visible global function definition for ‘cor’
    plot.interbat: no visible global function definition for ‘par’
    plot.interbat: no visible global function definition for ‘plot.new’
    plot.interbat: no visible global function definition for ‘plot.window’
    plot.interbat: no visible global function definition for ‘axis’
    plot.interbat: no visible global function definition for ‘mtext’
    plot.interbat: no visible global function definition for ‘box’
    plot.interbat: no visible global function definition for ‘abline’
    plot.interbat: no visible global function definition for ‘lines’
    plot.interbat: no visible global function definition for ‘segments’
    plot.interbat: no visible global function definition for ‘arrows’
    plot.interbat: no visible global function definition for ‘text’
    plot.interbat: no visible global function definition for ‘plot’
    plot.interbat: no visible global function definition for ‘points’
    plot.nipals: no visible global function definition for ‘par’
    plot.nipals: no visible global function definition for ‘plot.new’
    plot.nipals: no visible global function definition for ‘plot.window’
    plot.nipals: no visible global function definition for ‘axis’
    plot.nipals: no visible global function definition for ‘mtext’
    plot.nipals: no visible global function definition for ‘box’
    plot.nipals: no visible global function definition for ‘abline’
    plot.nipals: no visible global function definition for ‘lines’
    plot.nipals: no visible global function definition for ‘segments’
    plot.nipals: no visible global function definition for ‘arrows’
    plot.nipals: no visible global function definition for ‘text’
    plot.nipals: no visible global function definition for ‘plot’
    plot.nipals: no visible global function definition for ‘points’
    plot.plsca: no visible global function definition for ‘par’
    plot.plsca: no visible global function definition for ‘plot.new’
    plot.plsca: no visible global function definition for ‘plot.window’
    plot.plsca: no visible global function definition for ‘axis’
    plot.plsca: no visible global function definition for ‘mtext’
    plot.plsca: no visible global function definition for ‘box’
    plot.plsca: no visible global function definition for ‘abline’
    plot.plsca: no visible global function definition for ‘lines’
    plot.plsca: no visible global function definition for ‘segments’
    plot.plsca: no visible global function definition for ‘arrows’
    plot.plsca: no visible global function definition for ‘text’
    plot.plsca: no visible global function definition for ‘plot’
    plot.plsca: no visible global function definition for ‘points’
    plot.plsreg1: no visible global function definition for ‘par’
    plot.plsreg1: no visible global function definition for ‘plot.new’
    plot.plsreg1: no visible global function definition for ‘plot.window’
    plot.plsreg1: no visible global function definition for ‘axis’
    plot.plsreg1: no visible global function definition for ‘mtext’
    plot.plsreg1: no visible global function definition for ‘box’
    plot.plsreg1: no visible global function definition for ‘abline’
    plot.plsreg1: no visible global function definition for ‘lines’
    plot.plsreg1: no visible global function definition for ‘segments’
    plot.plsreg1: no visible global function definition for ‘arrows’
    plot.plsreg1: no visible global function definition for ‘text’
    plot.plsreg1: no visible global function definition for ‘plot’
    plot.plsreg1: no visible global function definition for ‘points’
    plot.plsreg2: no visible global function definition for ‘par’
    plot.plsreg2: no visible global function definition for ‘plot.new’
    plot.plsreg2: no visible global function definition for ‘plot.window’
    plot.plsreg2: no visible global function definition for ‘axis’
    plot.plsreg2: no visible global function definition for ‘mtext’
    plot.plsreg2: no visible global function definition for ‘box’
    plot.plsreg2: no visible global function definition for ‘abline’
    plot.plsreg2: no visible global function definition for ‘lines’
    plot.plsreg2: no visible global function definition for ‘segments’
    plot.plsreg2: no visible global function definition for ‘arrows’
    plot.plsreg2: no visible global function definition for ‘text’
    plot.plsreg2: no visible global function definition for ‘plot’
    plot.plsreg2: no visible global function definition for ‘points’
    plot.simpls: no visible global function definition for ‘par’
    plot.simpls: no visible global function definition for ‘plot.new’
    plot.simpls: no visible global function definition for ‘plot.window’
    plot.simpls: no visible global function definition for ‘axis’
    plot.simpls: no visible global function definition for ‘mtext’
    plot.simpls: no visible global function definition for ‘box’
    plot.simpls: no visible global function definition for ‘abline’
    plot.simpls: no visible global function definition for ‘lines’
    plot.simpls: no visible global function definition for ‘segments’
    plot.simpls: no visible global function definition for ‘arrows’
    plot.simpls: no visible global function definition for ‘text’
    plot.simpls: no visible global function definition for ‘plot’
    plot.simpls: no visible global function definition for ‘points’
    plot.simplsca: no visible global function definition for ‘par’
    plot.simplsca: no visible global function definition for ‘plot.new’
    plot.simplsca: no visible global function definition for ‘plot.window’
    plot.simplsca: no visible global function definition for ‘axis’
    plot.simplsca: no visible global function definition for ‘mtext’
    plot.simplsca: no visible global function definition for ‘box’
    plot.simplsca: no visible global function definition for ‘abline’
    plot.simplsca: no visible global function definition for ‘lines’
    plot.simplsca: no visible global function definition for ‘segments’
    plot.simplsca: no visible global function definition for ‘arrows’
    plot.simplsca: no visible global function definition for ‘text’
    plot.simplsca: no visible global function definition for ‘plot’
    plot.simplsca: no visible global function definition for ‘points’
    plsca: no visible global function definition for ‘cor’
    plsreg1: no visible global function definition for ‘complete.cases’
    plsreg1: no visible global function definition for ‘qf’
    plsreg1: no visible binding for global variable ‘sd’
    plsreg1: no visible global function definition for ‘cor’
    plsreg2: no visible binding for global variable ‘sd’
    plsreg2: no visible global function definition for ‘cor’
    simpls: no visible global function definition for ‘cor’
    simplsca: no visible global function definition for ‘cor’
    Undefined global functions or variables:
     abline arrows axis box complete.cases cor lines mtext par pchisq plot
     plot.new plot.window points qf sd segments text var
    Consider adding
     importFrom("graphics", "abline", "arrows", "axis", "box", "lines",
     "mtext", "par", "plot", "plot.new", "plot.window", "points",
     "segments", "text")
     importFrom("stats", "complete.cases", "cor", "pchisq", "qf", "sd",
     "var")
    to your NAMESPACE.
Flavors: r-devel-linux-x86_64-debian-clang, r-devel-linux-x86_64-debian-gcc, r-devel-linux-x86_64-fedora-clang, r-devel-linux-x86_64-fedora-gcc, r-devel-windows-ix86+x86_64