CRAN Package Check Results for Package plsdepot

Last updated on 2014-04-23 17:47:50.

Flavor Version Tinstall Tcheck Ttotal Status Flags
r-devel-linux-x86_64-debian-clang 0.1.17 0.94 16.36 17.30 OK
r-devel-linux-x86_64-debian-gcc 0.1.17 0.87 16.69 17.56 OK
r-devel-linux-x86_64-fedora-clang 0.1.17 33.54 OK
r-devel-linux-x86_64-fedora-gcc 0.1.17 31.11 OK
r-devel-osx-x86_64-clang 0.1.17 34.06 OK
r-devel-osx-x86_64-gcc 0.1.17 NOTE
r-devel-windows-ix86+x86_64 0.1.17 3.00 26.00 29.00 OK
r-patched-linux-x86_64 0.1.17 0.86 17.16 18.02 OK
r-patched-solaris-sparc 0.1.17 187.90 OK
r-patched-solaris-x86 0.1.17 42.70 OK
r-release-linux-ix86 0.1.17 2.00 31.00 33.00 OK
r-release-linux-x86_64 0.1.17 0.85 16.56 17.41 OK
r-release-osx-x86_64-mavericks 0.1.17 WARN
r-release-windows-ix86+x86_64 0.1.17 3.00 25.00 28.00 OK
r-oldrel-windows-ix86+x86_64 0.1.17 3.00 26.00 29.00 OK

Check Details

Version: 0.1.17
Check: package dependencies
Result: NOTE
    Packages suggested but not available for checking: ‘FactoMineR’ ‘plspm’
Flavor: r-devel-osx-x86_64-gcc

Version: 0.1.17
Check: PDF version of manual
Result: WARNING
    LaTeX errors when creating PDF version.
    This typically indicates Rd problems.
    LaTeX errors found:
    ! LaTeX Error: File `upquote.sty' not found.
    
    Type X to quit or <RETURN> to proceed,
    or enter new name. (Default extension: sty)
    
    245c25b9/Rd2.tex:8: ==> Fatal error occurred, no output PDF file produced!
Flavor: r-release-osx-x86_64-mavericks