CRAN Package Check Results for Package plsdepot

Last updated on 2015-05-26 17:47:17.

Flavor Version Tinstall Tcheck Ttotal Status Flags
r-devel-linux-x86_64-debian-clang 0.1.17 0.76 15.37 16.13 OK
r-devel-linux-x86_64-debian-gcc 0.1.17 0.75 15.69 16.44 OK
r-devel-linux-x86_64-fedora-clang 0.1.17 30.62 OK
r-devel-linux-x86_64-fedora-gcc 0.1.17 28.63 OK
r-devel-osx-x86_64-clang 0.1.17 34.43 OK
r-devel-windows-ix86+x86_64 0.1.17 3.00 24.00 27.00 OK
r-patched-linux-x86_64 0.1.17 0.75 14.99 15.74 OK
r-patched-solaris-sparc 0.1.17 205.90 OK
r-patched-solaris-x86 0.1.17 42.70 OK
r-release-linux-x86_64 0.1.17 0.75 15.15 15.90 OK
r-release-osx-x86_64-mavericks 0.1.17 OK
r-release-osx-x86_64-snowleopard 0.1.17 NOTE
r-release-windows-ix86+x86_64 0.1.17 3.00 27.00 30.00 OK
r-oldrel-windows-ix86+x86_64 0.1.17 3.00 26.00 29.00 OK

Check Details

Version: 0.1.17
Check: package dependencies
Result: NOTE
    Package suggested but not available for checking: ‘FactoMineR’
Flavor: r-release-osx-x86_64-snowleopard