CRAN Package Check Results for Package plsdepot

Last updated on 2015-04-27 15:46:40.

Flavor Version Tinstall Tcheck Ttotal Status Flags
r-devel-linux-x86_64-debian-clang 0.1.17 0.78 16.41 17.20 OK
r-devel-linux-x86_64-debian-gcc 0.1.17 0.77 16.19 16.96 OK
r-devel-linux-x86_64-fedora-clang 0.1.17 31.01 OK
r-devel-linux-x86_64-fedora-gcc 0.1.17 29.71 OK
r-devel-osx-x86_64-clang 0.1.17 34.22 OK
r-devel-windows-ix86+x86_64 0.1.17 3.00 24.00 27.00 OK
r-patched-linux-x86_64 0.1.17 0.80 16.09 16.89 OK
r-patched-solaris-sparc 0.1.17 195.10 OK
r-patched-solaris-x86 0.1.17 40.90 OK
r-release-linux-x86_64 0.1.17 0.76 15.96 16.72 OK
r-release-osx-x86_64-mavericks 0.1.17 OK
r-release-osx-x86_64-snowleopard 0.1.17 NOTE
r-release-windows-ix86+x86_64 0.1.17 5.00 32.00 37.00 OK
r-oldrel-windows-ix86+x86_64 0.1.17 2.00 23.00 25.00 OK

Check Details

Version: 0.1.17
Check: package dependencies
Result: NOTE
    Package suggested but not available for checking: ‘FactoMineR’
Flavor: r-release-osx-x86_64-snowleopard