CRAN Package Check Results for Package plsdof

Last updated on 2015-03-29 05:49:26.

Flavor Version Tinstall Tcheck Ttotal Status Flags
r-devel-linux-x86_64-debian-clang 0.2-7 0.75 25.04 25.79 NOTE
r-devel-linux-x86_64-debian-gcc 0.2-7 0.86 23.60 24.47 NOTE
r-devel-linux-x86_64-fedora-clang 0.2-7 48.80 NOTE
r-devel-linux-x86_64-fedora-gcc 0.2-7 49.46 NOTE
r-devel-osx-x86_64-clang 0.2-7 48.49 NOTE
r-prerel-windows-ix86+x86_64 0.2-7 6.00 36.00 42.00 OK
r-prerel-linux-x86_64 0.2-7 0.78 24.76 25.53 NOTE
r-prerel-solaris-sparc 0.2-7 310.20 OK
r-prerel-solaris-x86 0.2-7 66.70 OK
r-release-linux-x86_64 0.2-7 0.85 24.40 25.25 OK
r-release-osx-x86_64-mavericks 0.2-7 OK
r-release-osx-x86_64-snowleopard 0.2-7 OK
r-release-windows-ix86+x86_64 0.2-7 3.00 36.00 39.00 OK
r-oldrel-windows-ix86+x86_64 0.2-7 4.00 56.00 60.00 OK

Check Details

Version: 0.2-7
Check: S3 generic/method consistency
Result: NOTE
    Found the following apparent S3 methods exported but not registered:
     coef.plsdof vcov.plsdof
    See section ‘Registering S3 methods’ in the ‘Writing R Extensions’
    manual.
Flavors: r-devel-linux-x86_64-debian-clang, r-devel-linux-x86_64-debian-gcc, r-devel-linux-x86_64-fedora-clang, r-devel-linux-x86_64-fedora-gcc, r-devel-osx-x86_64-clang, r-prerel-linux-x86_64