CRAN Package Check Results for Package plsdof

Last updated on 2015-08-30 23:47:52.

Flavor Version Tinstall Tcheck Ttotal Status Flags
r-devel-linux-x86_64-debian-clang 0.2-7 0.70 21.41 22.12 NOTE
r-devel-linux-x86_64-debian-gcc 0.2-7 0.71 21.26 21.97 NOTE
r-devel-linux-x86_64-fedora-clang 0.2-7 44.30 NOTE
r-devel-linux-x86_64-fedora-gcc 0.2-7 42.08 NOTE
r-devel-osx-x86_64-clang 0.2-7 39.53 NOTE
r-devel-windows-ix86+x86_64 0.2-7 5.00 40.00 45.00 NOTE
r-patched-linux-x86_64 0.2-7 0.75 22.42 23.17 NOTE
r-patched-solaris-sparc 0.2-7 313.10 NOTE
r-patched-solaris-x86 0.2-7 71.00 NOTE
r-release-linux-x86_64 0.2-7 0.75 22.82 23.57 NOTE
r-release-osx-x86_64-mavericks 0.2-7 OK
r-release-windows-ix86+x86_64 0.2-7 4.00 57.00 61.00 OK
r-oldrel-windows-ix86+x86_64 0.2-7 4.00 43.00 47.00 OK

Check Details

Version: 0.2-7
Check: S3 generic/method consistency
Result: NOTE
    Found the following apparent S3 methods exported but not registered:
     coef.plsdof vcov.plsdof
    See section ‘Registering S3 methods’ in the ‘Writing R Extensions’
    manual.
Flavors: r-devel-linux-x86_64-debian-clang, r-devel-linux-x86_64-debian-gcc, r-devel-linux-x86_64-fedora-clang, r-devel-linux-x86_64-fedora-gcc, r-devel-osx-x86_64-clang, r-patched-linux-x86_64, r-patched-solaris-sparc, r-patched-solaris-x86, r-release-linux-x86_64

Version: 0.2-7
Check: R code for possible problems
Result: NOTE
    compute.lower.bound: no visible global function definition for ‘cor’
    kernel.pls.fit: no visible binding for global variable ‘sd’
    linear.pls.fit: no visible binding for global variable ‘sd’
    pcr: no visible binding for global variable ‘sd’
    pcr: no visible global function definition for ‘cor’
    pcr.cv: no visible global function definition for ‘cor’
    pcr.cv: no visible global function definition for ‘plot’
    pls.model: no visible binding for global variable ‘sd’
    ridge.cv: no visible global function definition for ‘coef’
    ridge.cv: no visible global function definition for ‘cor’
    ridge.cv: no visible global function definition for ‘plot’
    Undefined global functions or variables:
     coef cor plot sd
    Consider adding
     importFrom("graphics", "plot")
     importFrom("stats", "coef", "cor", "sd")
    to your NAMESPACE.
Flavors: r-devel-linux-x86_64-debian-clang, r-devel-linux-x86_64-debian-gcc, r-devel-linux-x86_64-fedora-clang, r-devel-linux-x86_64-fedora-gcc, r-devel-windows-ix86+x86_64