CRAN Package Check Results for Package plsdof

Last updated on 2017-04-30 23:51:45.

Flavor Version Tinstall Tcheck Ttotal Status Flags
r-devel-linux-x86_64-debian-clang 0.2-7 0.78 25.28 26.07 NOTE
r-devel-linux-x86_64-debian-gcc 0.2-7 0.80 24.62 25.42 NOTE
r-devel-linux-x86_64-fedora-clang 0.2-7 46.42 NOTE --no-stop-on-test-error
r-devel-linux-x86_64-fedora-gcc 0.2-7 43.20 NOTE --no-stop-on-test-error
r-devel-windows-ix86+x86_64 0.2-7 4.00 61.00 65.00 NOTE
r-patched-linux-x86_64 0.2-7 0.88 24.45 25.33 NOTE
r-patched-solaris-sparc 0.2-7 293.20 NOTE
r-patched-solaris-x86 0.2-7 61.80 NOTE
r-release-linux-x86_64 0.2-7 0.85 24.08 24.93 NOTE
r-release-windows-ix86+x86_64 0.2-7 5.00 59.00 64.00 NOTE
r-release-osx-x86_64 0.2-7 NOTE
r-oldrel-windows-ix86+x86_64 0.2-7 6.00 59.00 65.00 NOTE
r-oldrel-osx-x86_64 0.2-7 NOTE

Check Details

Version: 0.2-7
Check: S3 generic/method consistency
Result: NOTE
    Found the following apparent S3 methods exported but not registered:
     coef.plsdof vcov.plsdof
    See section ‘Registering S3 methods’ in the ‘Writing R Extensions’
    manual.
Flavors: r-devel-linux-x86_64-debian-clang, r-devel-linux-x86_64-debian-gcc, r-patched-linux-x86_64, r-patched-solaris-sparc, r-patched-solaris-x86, r-release-linux-x86_64

Version: 0.2-7
Check: R code for possible problems
Result: NOTE
    compute.lower.bound: no visible global function definition for ‘cor’
    kernel.pls.fit: no visible binding for global variable ‘sd’
    linear.pls.fit: no visible binding for global variable ‘sd’
    pcr: no visible binding for global variable ‘sd’
    pcr: no visible global function definition for ‘cor’
    pcr.cv: no visible global function definition for ‘cor’
    pcr.cv: no visible global function definition for ‘plot’
    pls.model: no visible binding for global variable ‘sd’
    ridge.cv: no visible global function definition for ‘coef’
    ridge.cv: no visible global function definition for ‘cor’
    ridge.cv: no visible global function definition for ‘plot’
    Undefined global functions or variables:
     coef cor plot sd
    Consider adding
     importFrom("graphics", "plot")
     importFrom("stats", "coef", "cor", "sd")
    to your NAMESPACE file.
Flavors: r-devel-linux-x86_64-debian-clang, r-devel-linux-x86_64-debian-gcc, r-devel-windows-ix86+x86_64, r-patched-linux-x86_64, r-patched-solaris-sparc, r-patched-solaris-x86, r-release-linux-x86_64, r-release-windows-ix86+x86_64, r-release-osx-x86_64, r-oldrel-windows-ix86+x86_64, r-oldrel-osx-x86_64

Version: 0.2-7
Flags: --no-stop-on-test-error
Check: S3 generic/method consistency
Result: NOTE
    Found the following apparent S3 methods exported but not registered:
     coef.plsdof vcov.plsdof
    See section ‘Registering S3 methods’ in the ‘Writing R Extensions’
    manual.
Flavors: r-devel-linux-x86_64-fedora-clang, r-devel-linux-x86_64-fedora-gcc

Version: 0.2-7
Flags: --no-stop-on-test-error
Check: R code for possible problems
Result: NOTE
    compute.lower.bound: no visible global function definition for ‘cor’
    kernel.pls.fit: no visible binding for global variable ‘sd’
    linear.pls.fit: no visible binding for global variable ‘sd’
    pcr: no visible binding for global variable ‘sd’
    pcr: no visible global function definition for ‘cor’
    pcr.cv: no visible global function definition for ‘cor’
    pcr.cv: no visible global function definition for ‘plot’
    pls.model: no visible binding for global variable ‘sd’
    ridge.cv: no visible global function definition for ‘coef’
    ridge.cv: no visible global function definition for ‘cor’
    ridge.cv: no visible global function definition for ‘plot’
    Undefined global functions or variables:
     coef cor plot sd
    Consider adding
     importFrom("graphics", "plot")
     importFrom("stats", "coef", "cor", "sd")
    to your NAMESPACE file.
Flavors: r-devel-linux-x86_64-fedora-clang, r-devel-linux-x86_64-fedora-gcc