CRAN Package Check Results for Package plsdof

Last updated on 2015-04-28 06:46:42.

Flavor Version Tinstall Tcheck Ttotal Status Flags
r-devel-linux-x86_64-debian-clang 0.2-7 0.76 24.50 25.26 NOTE
r-devel-linux-x86_64-debian-gcc 0.2-7 0.75 23.90 24.65 NOTE
r-devel-linux-x86_64-fedora-clang 0.2-7 48.08 NOTE
r-devel-linux-x86_64-fedora-gcc 0.2-7 44.61 NOTE
r-devel-osx-x86_64-clang 0.2-7 44.12 NOTE
r-devel-windows-ix86+x86_64 0.2-7 3.00 38.00 41.00 OK
r-patched-linux-x86_64 0.2-7 0.79 23.99 24.78 NOTE
r-patched-solaris-sparc 0.2-7 310.20 OK
r-patched-solaris-x86 0.2-7 66.10 NOTE
r-release-linux-x86_64 0.2-7 0.75 23.34 24.10 NOTE
r-release-osx-x86_64-mavericks 0.2-7 OK
r-release-osx-x86_64-snowleopard 0.2-7 OK
r-release-windows-ix86+x86_64 0.2-7 6.00 46.00 52.00 OK
r-oldrel-windows-ix86+x86_64 0.2-7 3.00 35.00 38.00 OK

Check Details

Version: 0.2-7
Check: S3 generic/method consistency
Result: NOTE
    Found the following apparent S3 methods exported but not registered:
     coef.plsdof vcov.plsdof
    See section ‘Registering S3 methods’ in the ‘Writing R Extensions’
    manual.
Flavors: r-devel-linux-x86_64-debian-clang, r-devel-linux-x86_64-debian-gcc, r-devel-linux-x86_64-fedora-clang, r-devel-linux-x86_64-fedora-gcc, r-devel-osx-x86_64-clang, r-patched-solaris-x86, r-release-linux-x86_64