CRAN Package Check Results for Package plsdof

Last updated on 2017-08-21 05:48:14.

Flavor Version Tinstall Tcheck Ttotal Status Flags
r-devel-linux-x86_64-debian-clang 0.2-7 0.88 28.04 28.92 NOTE
r-devel-linux-x86_64-debian-gcc 0.2-7 0.79 26.57 27.36 NOTE
r-devel-linux-x86_64-fedora-clang 0.2-7 47.82 NOTE
r-devel-linux-x86_64-fedora-gcc 0.2-7 46.74 NOTE
r-devel-windows-ix86+x86_64 0.2-7 3.00 51.00 54.00 NOTE
r-patched-linux-x86_64 0.2-7 0.78 24.58 25.35 NOTE
r-patched-solaris-x86 0.2-7 63.60 NOTE
r-release-linux-x86_64 0.2-7 0.76 24.32 25.08 NOTE
r-release-windows-ix86+x86_64 0.2-7 4.00 66.00 70.00 NOTE
r-release-osx-x86_64 0.2-7 NOTE
r-oldrel-windows-ix86+x86_64 0.2-7 3.00 43.00 46.00 NOTE
r-oldrel-osx-x86_64 0.2-7 NOTE

Check Details

Version: 0.2-7
Check: S3 generic/method consistency
Result: NOTE
    Found the following apparent S3 methods exported but not registered:
     coef.plsdof vcov.plsdof
    See section ‘Registering S3 methods’ in the ‘Writing R Extensions’
    manual.
Flavors: r-devel-linux-x86_64-debian-clang, r-devel-linux-x86_64-debian-gcc, r-devel-linux-x86_64-fedora-clang, r-devel-linux-x86_64-fedora-gcc, r-patched-linux-x86_64, r-patched-solaris-x86, r-release-linux-x86_64

Version: 0.2-7
Check: R code for possible problems
Result: NOTE
    compute.lower.bound: no visible global function definition for ‘cor’
    kernel.pls.fit: no visible binding for global variable ‘sd’
    linear.pls.fit: no visible binding for global variable ‘sd’
    pcr: no visible binding for global variable ‘sd’
    pcr: no visible global function definition for ‘cor’
    pcr.cv: no visible global function definition for ‘cor’
    pcr.cv: no visible global function definition for ‘plot’
    pls.model: no visible binding for global variable ‘sd’
    ridge.cv: no visible global function definition for ‘coef’
    ridge.cv: no visible global function definition for ‘cor’
    ridge.cv: no visible global function definition for ‘plot’
    Undefined global functions or variables:
     coef cor plot sd
    Consider adding
     importFrom("graphics", "plot")
     importFrom("stats", "coef", "cor", "sd")
    to your NAMESPACE file.
Flavors: r-devel-linux-x86_64-debian-clang, r-devel-linux-x86_64-debian-gcc, r-devel-linux-x86_64-fedora-clang, r-devel-linux-x86_64-fedora-gcc, r-devel-windows-ix86+x86_64, r-patched-linux-x86_64, r-patched-solaris-x86, r-release-linux-x86_64, r-release-windows-ix86+x86_64, r-release-osx-x86_64, r-oldrel-windows-ix86+x86_64, r-oldrel-osx-x86_64