CRAN Package Check Results for Package plsdof

Last updated on 2015-07-30 17:47:22.

Flavor Version Tinstall Tcheck Ttotal Status Flags
r-devel-linux-x86_64-debian-clang 0.2-7 0.76 21.94 22.70 NOTE
r-devel-linux-x86_64-debian-gcc 0.2-7 0.81 22.23 23.04 NOTE
r-devel-linux-x86_64-fedora-clang 0.2-7 44.68 NOTE
r-devel-linux-x86_64-fedora-gcc 0.2-7 42.65 NOTE
r-devel-osx-x86_64-clang 0.2-7 37.37 NOTE
r-devel-windows-ix86+x86_64 0.2-7 5.00 51.00 56.00 NOTE
r-patched-linux-x86_64 0.2-7 0.73 23.20 23.93 NOTE
r-patched-solaris-sparc 0.2-7 313.10 NOTE
r-patched-solaris-x86 0.2-7 68.60 NOTE
r-release-linux-x86_64 0.2-7 0.76 22.83 23.59 NOTE
r-release-osx-x86_64-mavericks 0.2-7 OK
r-release-windows-ix86+x86_64 0.2-7 4.00 58.00 62.00 OK
r-oldrel-windows-ix86+x86_64 0.2-7 6.00 56.00 62.00 OK

Check Details

Version: 0.2-7
Check: S3 generic/method consistency
Result: NOTE
    Found the following apparent S3 methods exported but not registered:
     coef.plsdof vcov.plsdof
    See section ‘Registering S3 methods’ in the ‘Writing R Extensions’
    manual.
Flavors: r-devel-linux-x86_64-debian-clang, r-devel-linux-x86_64-debian-gcc, r-devel-linux-x86_64-fedora-clang, r-devel-linux-x86_64-fedora-gcc, r-devel-osx-x86_64-clang, r-patched-linux-x86_64, r-patched-solaris-sparc, r-patched-solaris-x86, r-release-linux-x86_64

Version: 0.2-7
Check: R code for possible problems
Result: NOTE
    compute.lower.bound: no visible global function definition for ‘cor’
    kernel.pls.fit: no visible binding for global variable ‘sd’
    linear.pls.fit: no visible binding for global variable ‘sd’
    pcr: no visible binding for global variable ‘sd’
    pcr: no visible global function definition for ‘cor’
    pcr.cv: no visible global function definition for ‘cor’
    pcr.cv: no visible global function definition for ‘plot’
    pls.model: no visible binding for global variable ‘sd’
    ridge.cv: no visible global function definition for ‘coef’
    ridge.cv: no visible global function definition for ‘cor’
    ridge.cv: no visible global function definition for ‘plot’
    Undefined global functions or variables:
     coef cor plot sd
    Consider adding
     importFrom("graphics", "plot")
     importFrom("stats", "coef", "cor", "sd")
    to your NAMESPACE.
Flavors: r-devel-linux-x86_64-debian-clang, r-devel-linux-x86_64-debian-gcc, r-devel-linux-x86_64-fedora-clang, r-devel-linux-x86_64-fedora-gcc, r-devel-windows-ix86+x86_64