CRAN Package Check Results for Package plsgenomics

Last updated on 2015-08-31 16:51:57.

Flavor Version Tinstall Tcheck Ttotal Status Flags
r-devel-linux-x86_64-debian-clang 1.3-1 0.99 65.00 65.99 NOTE
r-devel-linux-x86_64-debian-gcc 1.3-1 1.09 62.77 63.86 NOTE
r-devel-linux-x86_64-fedora-clang 1.3-1 130.69 NOTE
r-devel-linux-x86_64-fedora-gcc 1.3-1 123.32 NOTE
r-devel-osx-x86_64-clang 1.3-1 108.54 OK
r-devel-windows-ix86+x86_64 1.3-1 7.00 143.00 150.00 NOTE
r-patched-linux-x86_64 1.3-1 1.03 67.00 68.02 OK
r-patched-solaris-sparc 1.3-1 973.50 OK
r-patched-solaris-x86 1.3-1 169.50 OK
r-release-linux-x86_64 1.3-1 1.02 66.08 67.11 OK
r-release-osx-x86_64-mavericks 1.3-1 OK
r-release-windows-ix86+x86_64 1.3-1 7.00 109.00 116.00 OK
r-oldrel-windows-ix86+x86_64 1.3-1 7.00 116.00 123.00 OK

Check Details

Version: 1.3-1
Check: R code for possible problems
Result: NOTE
    mgsim: no visible binding for global variable ‘var’
    mgsim.cv: no visible binding for global variable ‘var’
    mrpls: no visible binding for global variable ‘var’
    mrpls.cv: no visible binding for global variable ‘var’
    pls.lda: no visible global function definition for ‘predict’
    preprocess: no visible binding for global variable ‘var’
    rirls.spls: no visible binding for global variable ‘var’
    rirls.spls.tune : <anonymous>: no visible binding for global variable
     ‘var’
    rpls: no visible binding for global variable ‘var’
    rpls.cv: no visible binding for global variable ‘var’
    sample.bin: no visible global function definition for ‘rnorm’
    sample.bin : <anonymous>: no visible global function definition for
     ‘rnorm’
    sample.bin: no visible global function definition for ‘runif’
    sample.bin: no visible global function definition for ‘rbinom’
    sample.cont: no visible global function definition for ‘rnorm’
    sample.cont : <anonymous>: no visible global function definition for
     ‘rnorm’
    sample.cont: no visible global function definition for ‘runif’
    spls.adapt: no visible binding for global variable ‘sd’
    spls.adapt: no visible global function definition for ‘median’
    spls.adapt.aux: no visible global function definition for ‘median’
    spls.adapt.tune : <anonymous>: no visible binding for global variable
     ‘sd’
    wpls: no visible binding for global variable ‘sd’
    Undefined global functions or variables:
     median predict rbinom rnorm runif sd var
    Consider adding
     importFrom("stats", "median", "predict", "rbinom", "rnorm", "runif",
     "sd", "var")
    to your NAMESPACE.
Flavors: r-devel-linux-x86_64-debian-clang, r-devel-linux-x86_64-debian-gcc, r-devel-linux-x86_64-fedora-clang, r-devel-linux-x86_64-fedora-gcc, r-devel-windows-ix86+x86_64