CRAN Package Check Results for Package plsgenomics

Last updated on 2016-12-06 13:48:45.

Flavor Version Tinstall Tcheck Ttotal Status Flags
r-devel-linux-x86_64-debian-clang 1.3-1 1.18 77.70 78.88 NOTE
r-devel-linux-x86_64-debian-gcc 1.3-1 1.01 70.12 71.13 NOTE
r-devel-linux-x86_64-fedora-clang 1.3-1 145.85 NOTE --no-stop-on-test-error
r-devel-linux-x86_64-fedora-gcc 1.3-1 138.43 NOTE --no-stop-on-test-error
r-devel-macos-x86_64-clang 1.3-1 110.56 NOTE --no-stop-on-test-error
r-devel-windows-ix86+x86_64 1.3-1 4.00 117.00 121.00 NOTE
r-patched-linux-x86_64 1.3-1 0.92 66.49 67.41 NOTE
r-patched-solaris-sparc 1.3-1 950.30 NOTE
r-patched-solaris-x86 1.3-1 149.90 NOTE
r-release-linux-x86_64 1.3-1 0.98 65.02 65.99 NOTE
r-release-osx-x86_64-mavericks 1.3-1 NOTE
r-release-windows-ix86+x86_64 1.3-1 8.00 114.00 122.00 NOTE
r-oldrel-windows-ix86+x86_64 1.3-1 6.00 117.00 123.00 OK

Check Details

Version: 1.3-1
Check: R code for possible problems
Result: NOTE
    mgsim: no visible binding for global variable ‘var’
    mgsim.cv: no visible binding for global variable ‘var’
    mrpls: no visible binding for global variable ‘var’
    mrpls.cv: no visible binding for global variable ‘var’
    pls.lda: no visible global function definition for ‘predict’
    preprocess: no visible binding for global variable ‘var’
    rirls.spls: no visible binding for global variable ‘var’
    rirls.spls.tune : <anonymous>: no visible binding for global variable
     ‘var’
    rpls: no visible binding for global variable ‘var’
    rpls.cv: no visible binding for global variable ‘var’
    sample.bin: no visible global function definition for ‘rnorm’
    sample.bin : <anonymous>: no visible global function definition for
     ‘rnorm’
    sample.bin: no visible global function definition for ‘runif’
    sample.bin: no visible global function definition for ‘rbinom’
    sample.cont: no visible global function definition for ‘rnorm’
    sample.cont : <anonymous>: no visible global function definition for
     ‘rnorm’
    sample.cont: no visible global function definition for ‘runif’
    spls.adapt: no visible binding for global variable ‘sd’
    spls.adapt: no visible global function definition for ‘median’
    spls.adapt.aux: no visible global function definition for ‘median’
    spls.adapt.tune : <anonymous>: no visible binding for global variable
     ‘sd’
    wpls: no visible binding for global variable ‘sd’
    Undefined global functions or variables:
     median predict rbinom rnorm runif sd var
    Consider adding
     importFrom("stats", "median", "predict", "rbinom", "rnorm", "runif",
     "sd", "var")
    to your NAMESPACE file.
Flavors: r-devel-linux-x86_64-debian-clang, r-devel-linux-x86_64-debian-gcc, r-devel-windows-ix86+x86_64, r-patched-linux-x86_64, r-patched-solaris-sparc, r-patched-solaris-x86, r-release-linux-x86_64, r-release-osx-x86_64-mavericks, r-release-windows-ix86+x86_64

Version: 1.3-1
Flags: --no-stop-on-test-error
Check: R code for possible problems
Result: NOTE
    mgsim: no visible binding for global variable ‘var’
    mgsim.cv: no visible binding for global variable ‘var’
    mrpls: no visible binding for global variable ‘var’
    mrpls.cv: no visible binding for global variable ‘var’
    pls.lda: no visible global function definition for ‘predict’
    preprocess: no visible binding for global variable ‘var’
    rirls.spls: no visible binding for global variable ‘var’
    rirls.spls.tune : <anonymous>: no visible binding for global variable
     ‘var’
    rpls: no visible binding for global variable ‘var’
    rpls.cv: no visible binding for global variable ‘var’
    sample.bin: no visible global function definition for ‘rnorm’
    sample.bin : <anonymous>: no visible global function definition for
     ‘rnorm’
    sample.bin: no visible global function definition for ‘runif’
    sample.bin: no visible global function definition for ‘rbinom’
    sample.cont: no visible global function definition for ‘rnorm’
    sample.cont : <anonymous>: no visible global function definition for
     ‘rnorm’
    sample.cont: no visible global function definition for ‘runif’
    spls.adapt: no visible binding for global variable ‘sd’
    spls.adapt: no visible global function definition for ‘median’
    spls.adapt.aux: no visible global function definition for ‘median’
    spls.adapt.tune : <anonymous>: no visible binding for global variable
     ‘sd’
    wpls: no visible binding for global variable ‘sd’
    Undefined global functions or variables:
     median predict rbinom rnorm runif sd var
    Consider adding
     importFrom("stats", "median", "predict", "rbinom", "rnorm", "runif",
     "sd", "var")
    to your NAMESPACE file.
Flavors: r-devel-linux-x86_64-fedora-clang, r-devel-linux-x86_64-fedora-gcc, r-devel-macos-x86_64-clang