CRAN Package Check Results for Package plsgenomics

Last updated on 2015-07-05 14:46:44.

Flavor Version Tinstall Tcheck Ttotal Status Flags
r-devel-linux-x86_64-debian-clang 1.3-1 1.08 65.50 66.58 NOTE
r-devel-linux-x86_64-debian-gcc 1.3-1 0.97 63.90 64.87 NOTE
r-devel-linux-x86_64-fedora-clang 1.3-1 131.74 NOTE
r-devel-linux-x86_64-fedora-gcc 1.3-1 125.15 NOTE
r-devel-osx-x86_64-clang 1.3-1 109.90 OK
r-devel-windows-ix86+x86_64 1.3-1 5.00 105.00 110.00 NOTE
r-patched-linux-x86_64 1.3-1 0.98 63.89 64.87 OK
r-patched-solaris-sparc 1.3-1 959.50 OK
r-patched-solaris-x86 1.3-1 172.20 OK
r-release-linux-x86_64 1.3-1 0.98 65.14 66.11 OK
r-release-osx-x86_64-mavericks 1.3-1 OK
r-release-windows-ix86+x86_64 1.3-1 6.00 96.00 102.00 OK
r-oldrel-windows-ix86+x86_64 1.3-1 7.00 105.00 112.00 OK

Check Details

Version: 1.3-1
Check: R code for possible problems
Result: NOTE
    mgsim: no visible binding for global variable ‘var’
    mgsim.cv: no visible binding for global variable ‘var’
    mrpls: no visible binding for global variable ‘var’
    mrpls.cv: no visible binding for global variable ‘var’
    pls.lda: no visible global function definition for ‘predict’
    preprocess: no visible binding for global variable ‘var’
    rirls.spls: no visible binding for global variable ‘var’
    rirls.spls.tune : <anonymous>: no visible binding for global variable
     ‘var’
    rpls: no visible binding for global variable ‘var’
    rpls.cv: no visible binding for global variable ‘var’
    sample.bin: no visible global function definition for ‘rnorm’
    sample.bin : <anonymous>: no visible global function definition for
     ‘rnorm’
    sample.bin: no visible global function definition for ‘runif’
    sample.bin: no visible global function definition for ‘rbinom’
    sample.cont: no visible global function definition for ‘rnorm’
    sample.cont : <anonymous>: no visible global function definition for
     ‘rnorm’
    sample.cont: no visible global function definition for ‘runif’
    spls.adapt: no visible binding for global variable ‘sd’
    spls.adapt: no visible global function definition for ‘median’
    spls.adapt.aux: no visible global function definition for ‘median’
    spls.adapt.tune : <anonymous>: no visible binding for global variable
     ‘sd’
    wpls: no visible binding for global variable ‘sd’
    Undefined global functions or variables:
     median predict rbinom rnorm runif sd var
Flavors: r-devel-linux-x86_64-debian-clang, r-devel-linux-x86_64-debian-gcc, r-devel-linux-x86_64-fedora-clang, r-devel-linux-x86_64-fedora-gcc, r-devel-windows-ix86+x86_64