CRAN Package Check Results for Package plsgenomics

Last updated on 2016-08-29 10:47:23.

Flavor Version Tinstall Tcheck Ttotal Status Flags
r-devel-linux-x86_64-debian-clang 1.3-1 1.15 68.07 69.22 NOTE
r-devel-linux-x86_64-debian-gcc 1.3-1 1.01 63.84 64.85 NOTE
r-devel-linux-x86_64-fedora-clang 1.3-1 130.26 NOTE
r-devel-linux-x86_64-fedora-gcc 1.3-1 119.76 NOTE
r-devel-osx-x86_64-clang 1.3-1 102.54 NOTE
r-devel-windows-ix86+x86_64 1.3-1 9.00 113.00 122.00 NOTE
r-patched-linux-x86_64 1.3-1 1.03 64.05 65.07 NOTE
r-patched-solaris-sparc 1.3-1 950.30 NOTE
r-patched-solaris-x86 1.3-1 149.90 NOTE
r-release-linux-x86_64 1.3-1 0.98 64.51 65.48 NOTE
r-release-osx-x86_64-mavericks 1.3-1 NOTE
r-release-windows-ix86+x86_64 1.3-1 10.00 135.00 145.00 NOTE
r-oldrel-windows-ix86+x86_64 1.3-1 8.00 138.00 146.00 OK

Check Details

Version: 1.3-1
Check: R code for possible problems
Result: NOTE
    mgsim: no visible binding for global variable ‘var’
    mgsim.cv: no visible binding for global variable ‘var’
    mrpls: no visible binding for global variable ‘var’
    mrpls.cv: no visible binding for global variable ‘var’
    pls.lda: no visible global function definition for ‘predict’
    preprocess: no visible binding for global variable ‘var’
    rirls.spls: no visible binding for global variable ‘var’
    rirls.spls.tune : <anonymous>: no visible binding for global variable
     ‘var’
    rpls: no visible binding for global variable ‘var’
    rpls.cv: no visible binding for global variable ‘var’
    sample.bin: no visible global function definition for ‘rnorm’
    sample.bin : <anonymous>: no visible global function definition for
     ‘rnorm’
    sample.bin: no visible global function definition for ‘runif’
    sample.bin: no visible global function definition for ‘rbinom’
    sample.cont: no visible global function definition for ‘rnorm’
    sample.cont : <anonymous>: no visible global function definition for
     ‘rnorm’
    sample.cont: no visible global function definition for ‘runif’
    spls.adapt: no visible binding for global variable ‘sd’
    spls.adapt: no visible global function definition for ‘median’
    spls.adapt.aux: no visible global function definition for ‘median’
    spls.adapt.tune : <anonymous>: no visible binding for global variable
     ‘sd’
    wpls: no visible binding for global variable ‘sd’
    Undefined global functions or variables:
     median predict rbinom rnorm runif sd var
    Consider adding
     importFrom("stats", "median", "predict", "rbinom", "rnorm", "runif",
     "sd", "var")
    to your NAMESPACE file.
Flavors: r-devel-linux-x86_64-debian-clang, r-devel-linux-x86_64-debian-gcc, r-devel-linux-x86_64-fedora-clang, r-devel-linux-x86_64-fedora-gcc, r-devel-osx-x86_64-clang, r-devel-windows-ix86+x86_64, r-patched-linux-x86_64, r-patched-solaris-sparc, r-patched-solaris-x86, r-release-linux-x86_64, r-release-osx-x86_64-mavericks, r-release-windows-ix86+x86_64