CRAN Package Check Results for Package plspm

Last updated on 2014-07-22 23:48:23.

Flavor Version Tinstall Tcheck Ttotal Status Flags
r-devel-linux-x86_64-debian-clang 0.4.1 1.96 30.59 32.54 NOTE
r-devel-linux-x86_64-debian-gcc 0.4.1 1.74 31.40 33.13 NOTE
r-devel-linux-x86_64-fedora-clang 0.4.1 70.65 NOTE
r-devel-linux-x86_64-fedora-gcc 0.4.1 65.74 NOTE
r-devel-osx-x86_64-clang 0.4.1 65.06 NOTE
r-devel-windows-ix86+x86_64 0.4.1 6.00 52.00 58.00 NOTE
r-patched-linux-x86_64 0.4.1 1.69 30.52 32.21 NOTE
r-patched-solaris-sparc 0.4.1 369.60 NOTE
r-patched-solaris-x86 0.4.1 83.30 NOTE
r-release-linux-ix86 0.4.1 2.38 41.34 43.71 NOTE
r-release-linux-x86_64 0.4.1 1.72 30.72 32.44 NOTE
r-release-osx-x86_64-mavericks 0.4.1 NOTE
r-release-osx-x86_64-snowleopard 0.4.1 ERROR
r-release-windows-ix86+x86_64 0.4.1 5.00 54.00 59.00 NOTE
r-oldrel-windows-ix86+x86_64 0.4.1 6.00 54.00 60.00 NOTE

Check Details

Version: 0.4.1
Check: dependencies in R code
Result: NOTE
    Packages in Depends field not imported from:
     ‘amap’ ‘diagram’ ‘tester’ ‘turner’
     These packages need to be imported from (in the NAMESPACE file)
     for when this namespace is loaded but not attached.
    See the information on DESCRIPTION files in the chapter ‘Creating R
    packages’ of the ‘Writing R Extensions’ manual.
Flavors: r-devel-linux-x86_64-debian-clang, r-devel-linux-x86_64-debian-gcc, r-devel-linux-x86_64-fedora-clang, r-devel-linux-x86_64-fedora-gcc, r-devel-osx-x86_64-clang, r-devel-windows-ix86+x86_64, r-patched-linux-x86_64, r-patched-solaris-sparc, r-patched-solaris-x86, r-release-linux-ix86, r-release-linux-x86_64, r-release-osx-x86_64-mavericks, r-release-windows-ix86+x86_64, r-oldrel-windows-ix86+x86_64

Version: 0.4.1
Check: whether package can be installed
Result: ERROR
    Installation failed.
    See ‘/Volumes/XT3/Builds/R-dev-web/QA/Simon/packages/snowleopard-x86_64/results/3.1/plspm.Rcheck/00install.out’ for details.
Flavor: r-release-osx-x86_64-snowleopard