CRAN Package Check Results for Package plspm

Last updated on 2014-10-21 14:48:25.

Flavor Version Tinstall Tcheck Ttotal Status Flags
r-devel-linux-x86_64-debian-clang 0.4.1 1.78 30.53 32.31 NOTE
r-devel-linux-x86_64-debian-gcc 0.4.1 1.80 30.41 32.21 NOTE
r-devel-linux-x86_64-fedora-clang 0.4.1 63.74 NOTE
r-devel-linux-x86_64-fedora-gcc 0.4.1 59.90 NOTE
r-devel-osx-x86_64-clang 0.4.1 65.83 NOTE
r-devel-windows-ix86+x86_64 0.4.1 6.00 45.00 51.00 NOTE
r-patched-linux-x86_64 0.4.1 1.91 31.39 33.30 NOTE
r-patched-solaris-sparc 0.4.1 363.10 NOTE
r-patched-solaris-x86 0.4.1 79.70 NOTE
r-release-linux-ix86 0.4.1 2.42 41.69 44.11 NOTE
r-release-linux-x86_64 0.4.1 1.90 32.54 34.44 NOTE
r-release-osx-x86_64-mavericks 0.4.1 NOTE
r-release-osx-x86_64-snowleopard 0.4.1 ERROR
r-release-windows-ix86+x86_64 0.4.1 6.00 51.00 57.00 NOTE
r-oldrel-windows-ix86+x86_64 0.4.1 5.00 50.00 55.00 NOTE

Check Details

Version: 0.4.1
Check: dependencies in R code
Result: NOTE
    Packages in Depends field not imported from:
     ‘amap’ ‘diagram’ ‘tester’ ‘turner’
     These packages need to be imported from (in the NAMESPACE file)
     for when this namespace is loaded but not attached.
    See the information on DESCRIPTION files in the chapter ‘Creating R
    packages’ of the ‘Writing R Extensions’ manual.
Flavors: r-devel-linux-x86_64-debian-clang, r-devel-linux-x86_64-debian-gcc, r-devel-linux-x86_64-fedora-clang, r-devel-linux-x86_64-fedora-gcc, r-devel-osx-x86_64-clang, r-devel-windows-ix86+x86_64, r-patched-linux-x86_64, r-patched-solaris-sparc, r-patched-solaris-x86, r-release-linux-ix86, r-release-linux-x86_64, r-release-osx-x86_64-mavericks, r-release-windows-ix86+x86_64, r-oldrel-windows-ix86+x86_64

Version: 0.4.1
Check: R code for possible problems
Result: NOTE
    alpha: no visible global function definition for ‘has_missing’
    check_boot: no visible global function definition for
     ‘is_positive_integer’
    check_data: no visible global function definition for ‘is_not_tabular’
    check_data: no visible global function definition for ‘lacks_rownames’
    check_data: no visible global function definition for ‘lacks_colnames’
    check_maxiter: no visible global function definition for
     ‘is_positive_integer’
    check_path: no visible global function definition for ‘is_not_matrix’
    check_path: no visible global function definition for
     ‘is_square_matrix’
    check_path: no visible global function definition for
     ‘is_lower_triangular’
    check_path: no visible global function definition for ‘lacks_dimnames’
    check_path: no visible global function definition for ‘has_rownames’
    check_path: no visible global function definition for ‘lacks_colnames’
    check_path: no visible global function definition for ‘has_colnames’
    check_path: no visible global function definition for ‘lacks_rownames’
    check_plscomp: no visible global function definition for
     ‘is_positive_integer’
    check_scaling: no visible global function definition for ‘lengths’
    get_GQI: no visible global function definition for ‘indexify’
    get_boots: no visible global function definition for ‘indexify’
    get_gof: no visible global function definition for ‘indexify’
    get_inner_summary: no visible global function definition for ‘indexify’
    get_locals_test: no visible global function definition for ‘indexify’
    get_unidim: no visible global function definition for ‘indexify’
    get_unidim: no visible global function definition for ‘lengths’
    get_weights: no visible global function definition for ‘indexify’
    get_weights: no visible global function definition for ‘list_to_dummy’
    get_weights_nonmetric: no visible global function definition for
     ‘indexify’
    get_weights_nonmetric: no visible global function definition for
     ‘lengths’
    get_weights_nonmetric: no visible global function definition for
     ‘from_to’
    get_weights_nonmetric: no visible global function definition for
     ‘list_to_dummy’
    get_weights_nonmetric: no visible global function definition for
     ‘list_ones’
    get_weights_nonmetric: no visible global function definition for
     ‘list_to_matrix’
    innerplot: no visible global function definition for ‘plotmat’
    it.reb: no visible global function definition for ‘indexify’
    local.models: no visible global function definition for ‘lengths’
    outerplot: no visible global function definition for ‘from_to’
    outerplot: no visible global function definition for ‘lengths’
    outerplot: no visible global function definition for ‘plotmat’
    plspm: no visible global function definition for ‘lengths’
    plspm: no visible global function definition for ‘indexify’
    plspm.fit: no visible global function definition for ‘lengths’
    plspm.fit: no visible global function definition for ‘indexify’
    plspm.groups: no visible global function definition for ‘indexify’
    print.summary.plspm: no visible global function definition for
     ‘indexify’
    rebus.test: no visible global function definition for ‘indexify’
    res.clus: no visible global function definition for ‘indexify’
    res.clus: no visible global function definition for ‘hcluster’
    rescale: no visible global function definition for ‘lengths’
    rescale: no visible global function definition for ‘indexify’
    rho: no visible global function definition for ‘has_missing’
    summary.plspm: no visible global function definition for ‘lengths’
    unidim: no visible global function definition for ‘lengths’
    unidim: no visible global function definition for ‘indexify’
Flavors: r-devel-linux-x86_64-debian-clang, r-devel-linux-x86_64-debian-gcc, r-devel-linux-x86_64-fedora-clang, r-devel-linux-x86_64-fedora-gcc, r-devel-osx-x86_64-clang, r-devel-windows-ix86+x86_64, r-patched-linux-x86_64, r-patched-solaris-sparc, r-patched-solaris-x86

Version: 0.4.1
Check: whether package can be installed
Result: ERROR
    Installation failed.
Flavor: r-release-osx-x86_64-snowleopard