CRAN Package Check Results for Package plspm

Last updated on 2017-02-27 23:03:46.

Flavor Version Tinstall Tcheck Ttotal Status Flags
r-devel-linux-x86_64-debian-clang 0.4.7 1.42 31.86 33.28 ERROR
r-devel-linux-x86_64-debian-gcc 0.4.7 1.35 31.61 32.96 ERROR
r-devel-linux-x86_64-fedora-clang 0.4.7 59.99 ERROR --no-stop-on-test-error
r-devel-linux-x86_64-fedora-gcc 0.4.7 57.37 ERROR --no-stop-on-test-error
r-devel-macos-x86_64-clang 0.4.7 51.98 ERROR --no-stop-on-test-error
r-devel-windows-ix86+x86_64 0.4.7 5.00 163.00 168.00 ERROR
r-patched-linux-x86_64 0.4.7 1.36 26.57 27.93 NOTE
r-patched-solaris-sparc 0.4.7 308.70 NOTE
r-patched-solaris-x86 0.4.7 59.40 NOTE
r-release-linux-x86_64 0.4.7 1.44 26.94 28.37 NOTE
r-release-osx-x86_64-mavericks 0.4.7 NOTE
r-release-windows-ix86+x86_64 0.4.7 8.00 74.00 82.00 NOTE
r-oldrel-windows-ix86+x86_64 0.4.7 6.00 79.00 85.00 OK

Check Details

Version: 0.4.7
Check: R code for possible problems
Result: NOTE
    alpha: no visible binding for global variable ‘sd’
    dummy.G: no visible global function definition for ‘var’
    get_GQI: no visible binding for global variable ‘sd’
    get_GQI: no visible global function definition for ‘cor’
    get_PLSR: no visible binding for global variable ‘var’
    get_PLSR: no visible global function definition for ‘var’
    get_PLSR: no visible global function definition for ‘cor’
    get_PLSR_NA : <anonymous>: no visible global function definition for
     ‘var’
    get_PLSR_NA: no visible global function definition for ‘var’
    get_PLSR_NA: no visible global function definition for ‘cor’
    get_PLSRdoubleQ: no visible binding for global variable ‘var’
    get_PLSRdoubleQ: no visible binding for global variable ‘sd’
    get_PLSRdoubleQ: no visible global function definition for ‘cor’
    get_alpha: no visible global function definition for ‘var’
    get_alpha: no visible global function definition for ‘cor’
    get_boot_stats: no visible binding for global variable ‘sd’
    get_boot_stats : <anonymous>: no visible global function definition for
     ‘quantile’
    get_boots: no visible global function definition for ‘cor’
    get_data_scaled: no visible binding for global variable ‘sd’
    get_locals_test: no visible global function definition for ‘cor’
    get_num_scale: no visible global function definition for ‘na.omit’
    get_ord_scale: no visible global function definition for ‘var’
    get_path_scheme: no visible global function definition for ‘lm’
    get_path_scheme: no visible global function definition for ‘cor’
    get_paths: no visible global function definition for ‘lm’
    get_plsr1: no visible binding for global variable ‘sd’
    get_plsr1: no visible global function definition for ‘cor’
    get_rho: no visible global function definition for ‘cor’
    get_scores: no visible global function definition for ‘cor’
    get_treated_data: no visible binding for global variable ‘sd’
    get_unidim: no visible binding for global variable ‘sd’
    get_unidim: no visible global function definition for ‘princomp’
    get_unidim: no visible global function definition for ‘var’
    get_unidim: no visible global function definition for ‘cor’
    get_weights: no visible binding for global variable ‘sd’
    get_weights: no visible global function definition for ‘cor’
    get_weights_nonmetric: no visible global function definition for ‘cor’
    get_weights_nonmetric: no visible global function definition for ‘cov’
    get_weights_nonmetric: no visible global function definition for ‘lm’
    get_weights_nonmetric: no visible binding for global variable ‘sd’
    it.reb: no visible global function definition for ‘cutree’
    it.reb: no visible binding for global variable ‘sd’
    it.reb: no visible global function definition for ‘cor’
    outerplot: no visible global function definition for ‘par’
    plspm: no visible global function definition for ‘cor’
    plspm.fit: no visible global function definition for ‘cor’
    plspm.groups: no visible binding for global variable ‘var’
    plspm.groups: no visible global function definition for ‘pt’
    quantiplot_lv: no visible global function definition for ‘par’
    quantiplot_lv: no visible global function definition for ‘plot’
    quantiplot_lv: no visible global function definition for ‘lines’
    quantiplot_lv: no visible global function definition for ‘title’
    quantiplot_mv: no visible global function definition for ‘plot’
    quantiplot_mv: no visible global function definition for ‘lines’
    quantiplot_mv: no visible global function definition for ‘title’
    res.clus: no visible global function definition for ‘plot’
    rho: no visible binding for global variable ‘sd’
    rho: no visible global function definition for ‘princomp’
    summary.plspm: no visible global function definition for ‘cor’
    unidim: no visible binding for global variable ‘sd’
    unidim: no visible global function definition for ‘princomp’
    Undefined global functions or variables:
     cor cov cutree lines lm na.omit par plot princomp pt quantile sd
     title var
    Consider adding
     importFrom("graphics", "lines", "par", "plot", "title")
     importFrom("stats", "cor", "cov", "cutree", "lm", "na.omit",
     "princomp", "pt", "quantile", "sd", "var")
    to your NAMESPACE file.
Flavors: r-devel-linux-x86_64-debian-clang, r-devel-linux-x86_64-debian-gcc, r-devel-windows-ix86+x86_64, r-patched-linux-x86_64, r-patched-solaris-sparc, r-patched-solaris-x86, r-release-linux-x86_64, r-release-osx-x86_64-mavericks, r-release-windows-ix86+x86_64

Version: 0.4.7
Check: tests
Result: ERROR
     Running ‘test-that.r’ [1s/1s]
    Running the tests in ‘tests/test-that.r’ failed.
    Last 13 lines of output:
     1: expect_that(get_metric(NULL), is_true()) at /home/hornik/tmp/R.check/r-devel-clang/Work/build/Packages/plspm/tests/test-get-metric.r:4
     2: is_true()
     3: is_TRUE(x)
    
     11. Error: check_manifest_scaling works for right scaling (@test-manifest-scaling.r#10)
     argument "x" is missing, with no default
     1: expect_that(check_manifest_scaling(MV, good_scaling), is_true()) at /home/hornik/tmp/R.check/r-devel-clang/Work/build/Packages/plspm/tests/test-manifest-scaling.r:10
     2: is_true()
     3: is_TRUE(x)
    
     DONE ===========================================================================
     Error: Test failures
     In addition: Warning message:
     Placing tests in `inst/tests/` is deprecated. Please use `tests/testthat/` instead
     Execution halted
Flavor: r-devel-linux-x86_64-debian-clang

Version: 0.4.7
Check: tests
Result: ERROR
     Running ‘test-that.r’ [1s/1s]
    Running the tests in ‘tests/test-that.r’ failed.
    Last 13 lines of output:
     1: expect_that(get_metric(NULL), is_true()) at /home/hornik/tmp/R.check/r-devel-gcc/Work/build/Packages/plspm/tests/test-get-metric.r:4
     2: is_true()
     3: is_TRUE(x)
    
     11. Error: check_manifest_scaling works for right scaling (@test-manifest-scaling.r#10)
     argument "x" is missing, with no default
     1: expect_that(check_manifest_scaling(MV, good_scaling), is_true()) at /home/hornik/tmp/R.check/r-devel-gcc/Work/build/Packages/plspm/tests/test-manifest-scaling.r:10
     2: is_true()
     3: is_TRUE(x)
    
     DONE ===========================================================================
     Error: Test failures
     In addition: Warning message:
     Placing tests in `inst/tests/` is deprecated. Please use `tests/testthat/` instead
     Execution halted
Flavor: r-devel-linux-x86_64-debian-gcc

Version: 0.4.7
Flags: --no-stop-on-test-error
Check: R code for possible problems
Result: NOTE
    alpha: no visible binding for global variable ‘sd’
    dummy.G: no visible global function definition for ‘var’
    get_GQI: no visible binding for global variable ‘sd’
    get_GQI: no visible global function definition for ‘cor’
    get_PLSR: no visible binding for global variable ‘var’
    get_PLSR: no visible global function definition for ‘var’
    get_PLSR: no visible global function definition for ‘cor’
    get_PLSR_NA : <anonymous>: no visible global function definition for
     ‘var’
    get_PLSR_NA: no visible global function definition for ‘var’
    get_PLSR_NA: no visible global function definition for ‘cor’
    get_PLSRdoubleQ: no visible binding for global variable ‘var’
    get_PLSRdoubleQ: no visible binding for global variable ‘sd’
    get_PLSRdoubleQ: no visible global function definition for ‘cor’
    get_alpha: no visible global function definition for ‘var’
    get_alpha: no visible global function definition for ‘cor’
    get_boot_stats: no visible binding for global variable ‘sd’
    get_boot_stats : <anonymous>: no visible global function definition for
     ‘quantile’
    get_boots: no visible global function definition for ‘cor’
    get_data_scaled: no visible binding for global variable ‘sd’
    get_locals_test: no visible global function definition for ‘cor’
    get_num_scale: no visible global function definition for ‘na.omit’
    get_ord_scale: no visible global function definition for ‘var’
    get_path_scheme: no visible global function definition for ‘lm’
    get_path_scheme: no visible global function definition for ‘cor’
    get_paths: no visible global function definition for ‘lm’
    get_plsr1: no visible binding for global variable ‘sd’
    get_plsr1: no visible global function definition for ‘cor’
    get_rho: no visible global function definition for ‘cor’
    get_scores: no visible global function definition for ‘cor’
    get_treated_data: no visible binding for global variable ‘sd’
    get_unidim: no visible binding for global variable ‘sd’
    get_unidim: no visible global function definition for ‘princomp’
    get_unidim: no visible global function definition for ‘var’
    get_unidim: no visible global function definition for ‘cor’
    get_weights: no visible binding for global variable ‘sd’
    get_weights: no visible global function definition for ‘cor’
    get_weights_nonmetric: no visible global function definition for ‘cor’
    get_weights_nonmetric: no visible global function definition for ‘cov’
    get_weights_nonmetric: no visible global function definition for ‘lm’
    get_weights_nonmetric: no visible binding for global variable ‘sd’
    it.reb: no visible global function definition for ‘cutree’
    it.reb: no visible binding for global variable ‘sd’
    it.reb: no visible global function definition for ‘cor’
    outerplot: no visible global function definition for ‘par’
    plspm: no visible global function definition for ‘cor’
    plspm.fit: no visible global function definition for ‘cor’
    plspm.groups: no visible binding for global variable ‘var’
    plspm.groups: no visible global function definition for ‘pt’
    quantiplot_lv: no visible global function definition for ‘par’
    quantiplot_lv: no visible global function definition for ‘plot’
    quantiplot_lv: no visible global function definition for ‘lines’
    quantiplot_lv: no visible global function definition for ‘title’
    quantiplot_mv: no visible global function definition for ‘plot’
    quantiplot_mv: no visible global function definition for ‘lines’
    quantiplot_mv: no visible global function definition for ‘title’
    res.clus: no visible global function definition for ‘plot’
    rho: no visible binding for global variable ‘sd’
    rho: no visible global function definition for ‘princomp’
    summary.plspm: no visible global function definition for ‘cor’
    unidim: no visible binding for global variable ‘sd’
    unidim: no visible global function definition for ‘princomp’
    Undefined global functions or variables:
     cor cov cutree lines lm na.omit par plot princomp pt quantile sd
     title var
    Consider adding
     importFrom("graphics", "lines", "par", "plot", "title")
     importFrom("stats", "cor", "cov", "cutree", "lm", "na.omit",
     "princomp", "pt", "quantile", "sd", "var")
    to your NAMESPACE file.
Flavors: r-devel-linux-x86_64-fedora-clang, r-devel-linux-x86_64-fedora-gcc, r-devel-macos-x86_64-clang

Version: 0.4.7
Flags: --no-stop-on-test-error
Check: tests
Result: ERROR
     Running ‘test-that.r’
    Running the tests in ‘tests/test-that.r’ failed.
    Complete output:
     > library(testthat)
     > library(plspm)
     >
     > test_package("plspm")
     Checking blocks: ......1234.
     Checking Data: ........
     Checking modes: ...5.6.7
     Checking path matrix: ...8.9.
     Checking blocks: ...................
     get metric: a
     check scaling of factors in data frame: b.
    
     Failed -------------------------------------------------------------------------
     1. Failure: check_blocks detects bad blocks (@test-check-blocks.r#28) ----------
     error$message does not match "Invalid 'blocks'. Duplicated variables within a block are not allowed".
     Actual value: "\nWrong 'blocks'. Duplicated variables in a block are not allowed"
    
    
     2. Failure: check_blocks detects bad blocks (@test-check-blocks.r#30) ----------
     error$message does not match "Invalid 'blocks'. Duplicated variables within a block are not allowed".
     Actual value: "\nWrong 'blocks'. Duplicated variables in a block are not allowed"
    
    
     3. Failure: check_blocks detects bad blocks (@test-check-blocks.r#32) ----------
     error$message does not match "All elements in 'blocks' must be of same mode".
     Actual value: "\nAll elements in 'blocks' must have the same mode"
    
    
     4. Failure: check_blocks detects bad blocks (@test-check-blocks.r#33) ----------
     error$message does not match "Invalid 'blocks'. Indices outside the number of columns in 'Data'".
     Actual value: "\nIndices in 'blocks' outside the number of columns in 'Data'"
    
    
     5. Failure: check_modes works as expected (@test-check-modes.r#16) -------------
     check_modes(modnewA, block3) not identical to `modnewA`.
     3/3 mismatches
     x[1]: "NEWA"
     y[1]: "newA"
    
     x[2]: "NEWA"
     y[2]: "newA"
    
     x[3]: "NEWA"
     y[3]: "newA"
    
    
     6. Error: check_modes works as expected (@test-check-modes.r#18) ---------------
    
     Sorry. Can't work with both modes 'A' and 'newA'
     1: expect_that(check_modes(modAnewA, block3), is_identical_to(modAnewA)) at /data/gannet/ripley/R/packages/tests-clang/plspm.Rcheck/plspm/tests/test-check-modes.r:18
     2: condition(object)
     3: expect_identical(x, expected, expected.label = label)
     4: identical(object, expected)
     5: check_modes(modAnewA, block3)
     6: stop("\nSorry. Can't work with both modes 'A' and 'newA'")
    
     7. Failure: check_mdoes detects bad modes (@test-check-modes.r#28) -------------
     error$message does not match "Sorry. Don't know how to work with mode: 'S'".
     Actual value: "\nSorry. Unrecognized mode: 'S'"
    
    
     8. Failure: check_path detects bad path matrices (@test-check-path.r#19) -------
     error$message does not match "'path_matrix' must have more than one element.".
     Actual value: "\n'path_matrix' must have more than one row"
    
    
     9. Failure: check_path detects bad path matrices (@test-check-path.r#21) -------
     error$message does not match "'path_matrix' must be a lower triangular matrix.".
     Actual value: "\n'path_matrix' must be a lower triangular matrix"
    
    
     10. Error: get_metric works (@test-get-metric.r#4) -----------------------------
     argument "x" is missing, with no default
     1: expect_that(get_metric(NULL), is_true()) at /data/gannet/ripley/R/packages/tests-clang/plspm.Rcheck/plspm/tests/test-get-metric.r:4
     2: is_true()
     3: is_TRUE(x)
    
     11. Error: check_manifest_scaling works for right scaling (@test-manifest-scaling.r#10)
     argument "x" is missing, with no default
     1: expect_that(check_manifest_scaling(MV, good_scaling), is_true()) at /data/gannet/ripley/R/packages/tests-clang/plspm.Rcheck/plspm/tests/test-manifest-scaling.r:10
     2: is_true()
     3: is_TRUE(x)
    
     DONE ===========================================================================
     Error: Test failures
     In addition: Warning message:
     Placing tests in `inst/tests/` is deprecated. Please use `tests/testthat/` instead
     Execution halted
Flavor: r-devel-linux-x86_64-fedora-clang

Version: 0.4.7
Flags: --no-stop-on-test-error
Check: tests
Result: ERROR
     Running ‘test-that.r’
    Running the tests in ‘tests/test-that.r’ failed.
    Complete output:
     > library(testthat)
     > library(plspm)
     >
     > test_package("plspm")
     Checking blocks: ......1234.
     Checking Data: ........
     Checking modes: ...5.6.7
     Checking path matrix: ...8.9.
     Checking blocks: ...................
     get metric: a
     check scaling of factors in data frame: b.
    
     Failed -------------------------------------------------------------------------
     1. Failure: check_blocks detects bad blocks (@test-check-blocks.r#28) ----------
     error$message does not match "Invalid 'blocks'. Duplicated variables within a block are not allowed".
     Actual value: "\nWrong 'blocks'. Duplicated variables in a block are not allowed"
    
    
     2. Failure: check_blocks detects bad blocks (@test-check-blocks.r#30) ----------
     error$message does not match "Invalid 'blocks'. Duplicated variables within a block are not allowed".
     Actual value: "\nWrong 'blocks'. Duplicated variables in a block are not allowed"
    
    
     3. Failure: check_blocks detects bad blocks (@test-check-blocks.r#32) ----------
     error$message does not match "All elements in 'blocks' must be of same mode".
     Actual value: "\nAll elements in 'blocks' must have the same mode"
    
    
     4. Failure: check_blocks detects bad blocks (@test-check-blocks.r#33) ----------
     error$message does not match "Invalid 'blocks'. Indices outside the number of columns in 'Data'".
     Actual value: "\nIndices in 'blocks' outside the number of columns in 'Data'"
    
    
     5. Failure: check_modes works as expected (@test-check-modes.r#16) -------------
     check_modes(modnewA, block3) not identical to `modnewA`.
     3/3 mismatches
     x[1]: "NEWA"
     y[1]: "newA"
    
     x[2]: "NEWA"
     y[2]: "newA"
    
     x[3]: "NEWA"
     y[3]: "newA"
    
    
     6. Error: check_modes works as expected (@test-check-modes.r#18) ---------------
    
     Sorry. Can't work with both modes 'A' and 'newA'
     1: expect_that(check_modes(modAnewA, block3), is_identical_to(modAnewA)) at /data/gannet/ripley/R/packages/tests-devel/plspm.Rcheck/plspm/tests/test-check-modes.r:18
     2: condition(object)
     3: expect_identical(x, expected, expected.label = label)
     4: identical(object, expected)
     5: check_modes(modAnewA, block3)
     6: stop("\nSorry. Can't work with both modes 'A' and 'newA'")
    
     7. Failure: check_mdoes detects bad modes (@test-check-modes.r#28) -------------
     error$message does not match "Sorry. Don't know how to work with mode: 'S'".
     Actual value: "\nSorry. Unrecognized mode: 'S'"
    
    
     8. Failure: check_path detects bad path matrices (@test-check-path.r#19) -------
     error$message does not match "'path_matrix' must have more than one element.".
     Actual value: "\n'path_matrix' must have more than one row"
    
    
     9. Failure: check_path detects bad path matrices (@test-check-path.r#21) -------
     error$message does not match "'path_matrix' must be a lower triangular matrix.".
     Actual value: "\n'path_matrix' must be a lower triangular matrix"
    
    
     10. Error: get_metric works (@test-get-metric.r#4) -----------------------------
     argument "x" is missing, with no default
     1: expect_that(get_metric(NULL), is_true()) at /data/gannet/ripley/R/packages/tests-devel/plspm.Rcheck/plspm/tests/test-get-metric.r:4
     2: is_true()
     3: is_TRUE(x)
    
     11. Error: check_manifest_scaling works for right scaling (@test-manifest-scaling.r#10)
     argument "x" is missing, with no default
     1: expect_that(check_manifest_scaling(MV, good_scaling), is_true()) at /data/gannet/ripley/R/packages/tests-devel/plspm.Rcheck/plspm/tests/test-manifest-scaling.r:10
     2: is_true()
     3: is_TRUE(x)
    
     DONE ===========================================================================
     Error: Test failures
     In addition: Warning message:
     Placing tests in `inst/tests/` is deprecated. Please use `tests/testthat/` instead
     Execution halted
Flavor: r-devel-linux-x86_64-fedora-gcc

Version: 0.4.7
Flags: --no-stop-on-test-error
Check: tests
Result: ERROR
     Running ‘test-that.r’
    Running the tests in ‘tests/test-that.r’ failed.
    Complete output:
     > library(testthat)
     > library(plspm)
     >
     > test_package("plspm")
     Checking blocks: ......1234.
     Checking Data: ........
     Checking modes: ...5.6.7
     Checking path matrix: ...8.9.
     Checking blocks: ...................
     get metric: a
     check scaling of factors in data frame: b.
    
     Failed -------------------------------------------------------------------------
     1. Failure: check_blocks detects bad blocks (@test-check-blocks.r#28) ----------
     error$message does not match "Invalid 'blocks'. Duplicated variables within a block are not allowed".
     Actual value: "\nWrong 'blocks'. Duplicated variables in a block are not allowed"
    
    
     2. Failure: check_blocks detects bad blocks (@test-check-blocks.r#30) ----------
     error$message does not match "Invalid 'blocks'. Duplicated variables within a block are not allowed".
     Actual value: "\nWrong 'blocks'. Duplicated variables in a block are not allowed"
    
    
     3. Failure: check_blocks detects bad blocks (@test-check-blocks.r#32) ----------
     error$message does not match "All elements in 'blocks' must be of same mode".
     Actual value: "\nAll elements in 'blocks' must have the same mode"
    
    
     4. Failure: check_blocks detects bad blocks (@test-check-blocks.r#33) ----------
     error$message does not match "Invalid 'blocks'. Indices outside the number of columns in 'Data'".
     Actual value: "\nIndices in 'blocks' outside the number of columns in 'Data'"
    
    
     5. Failure: check_modes works as expected (@test-check-modes.r#16) -------------
     check_modes(modnewA, block3) not identical to `modnewA`.
     3/3 mismatches
     x[1]: "NEWA"
     y[1]: "newA"
    
     x[2]: "NEWA"
     y[2]: "newA"
    
     x[3]: "NEWA"
     y[3]: "newA"
    
    
     6. Error: check_modes works as expected (@test-check-modes.r#18) ---------------
    
     Sorry. Can't work with both modes 'A' and 'newA'
     1: expect_that(check_modes(modAnewA, block3), is_identical_to(modAnewA)) at /Users/ripley/R/packages/tests-devel/plspm.Rcheck/plspm/tests/test-check-modes.r:18
     2: condition(object)
     3: expect_identical(x, expected, expected.label = label)
     4: identical(object, expected)
     5: check_modes(modAnewA, block3)
     6: stop("\nSorry. Can't work with both modes 'A' and 'newA'")
    
     7. Failure: check_mdoes detects bad modes (@test-check-modes.r#28) -------------
     error$message does not match "Sorry. Don't know how to work with mode: 'S'".
     Actual value: "\nSorry. Unrecognized mode: 'S'"
    
    
     8. Failure: check_path detects bad path matrices (@test-check-path.r#19) -------
     error$message does not match "'path_matrix' must have more than one element.".
     Actual value: "\n'path_matrix' must have more than one row"
    
    
     9. Failure: check_path detects bad path matrices (@test-check-path.r#21) -------
     error$message does not match "'path_matrix' must be a lower triangular matrix.".
     Actual value: "\n'path_matrix' must be a lower triangular matrix"
    
    
     10. Error: get_metric works (@test-get-metric.r#4) -----------------------------
     argument "x" is missing, with no default
     1: expect_that(get_metric(NULL), is_true()) at /Users/ripley/R/packages/tests-devel/plspm.Rcheck/plspm/tests/test-get-metric.r:4
     2: is_true()
     3: is_TRUE(x)
    
     11. Error: check_manifest_scaling works for right scaling (@test-manifest-scaling.r#10)
     argument "x" is missing, with no default
     1: expect_that(check_manifest_scaling(MV, good_scaling), is_true()) at /Users/ripley/R/packages/tests-devel/plspm.Rcheck/plspm/tests/test-manifest-scaling.r:10
     2: is_true()
     3: is_TRUE(x)
    
     DONE ===========================================================================
     Error: Test failures
     In addition: Warning message:
     Placing tests in `inst/tests/` is deprecated. Please use `tests/testthat/` instead
     Execution halted
Flavor: r-devel-macos-x86_64-clang

Version: 0.4.7
Check: tests
Result: ERROR
     Running 'test-that.r' [2s]
    Running the tests in 'tests/test-that.r' failed.
    Last 13 lines of output:
     1: expect_that(get_metric(NULL), is_true()) at D:/temp/RtmpY7UAaT/RLIBS_404421b65988/plspm/tests/test-get-metric.r:4
     2: is_true()
     3: is_TRUE(x)
    
     11. Error: check_manifest_scaling works for right scaling (@test-manifest-scaling.r#10)
     argument "x" is missing, with no default
     1: expect_that(check_manifest_scaling(MV, good_scaling), is_true()) at D:/temp/RtmpY7UAaT/RLIBS_404421b65988/plspm/tests/test-manifest-scaling.r:10
     2: is_true()
     3: is_TRUE(x)
    
     DONE ===========================================================================
     Error: Test failures
     In addition: Warning message:
     Placing tests in `inst/tests/` is deprecated. Please use `tests/testthat/` instead
     Execution halted
Flavor: r-devel-windows-ix86+x86_64