CRAN Package Check Results for Package plspm

Last updated on 2014-04-23 12:48:24.

Flavor Version Tinstall Tcheck Ttotal Status Flags
r-devel-linux-x86_64-debian-clang 0.4.1 1.81 32.32 34.13 NOTE
r-devel-linux-x86_64-debian-gcc 0.4.1 1.80 32.61 34.41 NOTE
r-devel-linux-x86_64-fedora-clang 0.4.1 68.86 NOTE
r-devel-linux-x86_64-fedora-gcc 0.4.1 65.65 NOTE
r-devel-osx-x86_64-clang 0.4.1 67.55 NOTE
r-devel-osx-x86_64-gcc 0.4.1 NOTE
r-devel-windows-ix86+x86_64 0.4.1 6.00 51.00 57.00 NOTE
r-patched-linux-x86_64 0.4.1 1.83 33.56 35.39 NOTE
r-patched-solaris-sparc 0.4.1 369.60 NOTE
r-patched-solaris-x86 0.4.1 84.20 NOTE
r-release-linux-ix86 0.4.1 3.00 57.00 60.00 NOTE
r-release-linux-x86_64 0.4.1 1.95 32.59 34.54 NOTE
r-release-osx-x86_64-mavericks 0.4.1 WARN
r-release-osx-x86_64-snowleopard 0.4.1 ERROR
r-release-windows-ix86+x86_64 0.4.1 6.00 49.00 55.00 NOTE
r-oldrel-windows-ix86+x86_64 0.4.1 6.00 53.00 59.00 NOTE

Check Details

Version: 0.4.1
Check: dependencies in R code
Result: NOTE
    Packages in Depends field not imported from:
     ‘amap’ ‘diagram’ ‘tester’ ‘turner’
     These packages need to be imported from (in the NAMESPACE file)
     for when this namespace is loaded but not attached.
    See the information on DESCRIPTION files in the chapter ‘Creating R
    packages’ of the ‘Writing R Extensions’ manual.
Flavors: r-devel-linux-x86_64-debian-clang, r-devel-linux-x86_64-debian-gcc, r-devel-linux-x86_64-fedora-clang, r-devel-linux-x86_64-fedora-gcc, r-devel-osx-x86_64-clang, r-devel-osx-x86_64-gcc, r-devel-windows-ix86+x86_64, r-patched-linux-x86_64, r-patched-solaris-sparc, r-patched-solaris-x86, r-release-linux-ix86, r-release-linux-x86_64, r-release-osx-x86_64-mavericks, r-release-windows-ix86+x86_64, r-oldrel-windows-ix86+x86_64

Version: 0.4.1
Check: package dependencies
Result: NOTE
    Packages suggested but not available for checking:
     ‘FactoMineR’ ‘ggplot2’ ‘knitr’
    
    Files named as vignettes but with no recognized vignette engine:
     ‘inst/doc/plspm_introduction.Rnw’
    (Is a VignetteBuilder field missing?)
Flavor: r-devel-osx-x86_64-gcc

Version: 0.4.1
Check: re-building of vignette outputs
Result: NOTE
    Error in re-building vignettes:
     ...
    Loading required package: amap
    Loading required package: diagram
    Loading required package: shape
    Loading required package: tester
    Loading required package: turner
    Loading required package: plyr
    
    Attaching package: 'reshape'
    
    The following objects are masked from 'package:plyr':
    
     rename, round_any
    
    Error in texi2dvi(file = file, pdf = TRUE, clean = clean, quiet = quiet, :
     Running 'texi2dvi' on 'plspm_introduction.tex' failed.
    LaTeX errors:
    ! LaTeX Error: File `upquote.sty' not found.
    
    Type X to quit or <RETURN> to proceed,
    or enter new name. (Default extension: sty)
    
    est/plspm/vignettes/plspm_introduction.tex:52: ==> Fatal error occurred, no ou
    tput PDF file produced!
    Calls: buildVignettes -> texi2pdf -> texi2dvi
    Execution halted
Flavor: r-release-osx-x86_64-mavericks

Version: 0.4.1
Check: PDF version of manual
Result: WARNING
    LaTeX errors when creating PDF version.
    This typically indicates Rd problems.
    LaTeX errors found:
    ! LaTeX Error: File `upquote.sty' not found.
    
    Type X to quit or <RETURN> to proceed,
    or enter new name. (Default extension: sty)
    
    21c1480b/Rd2.tex:8: ==> Fatal error occurred, no output PDF file produced!
Flavor: r-release-osx-x86_64-mavericks

Version: 0.4.1
Check: whether package can be installed
Result: ERROR
    Installation failed.
    See ‘/Volumes/XT3/Builds/R-dev-web/QA/Simon/packages/snowleopard-x86_64/results/3.1/plspm.Rcheck/00install.out’ for details.
Flavor: r-release-osx-x86_64-snowleopard