CRAN Package Check Results for Package plspm

Last updated on 2015-05-22 17:46:45.

Flavor Version Tinstall Tcheck Ttotal Status Flags
r-devel-linux-x86_64-debian-clang 0.4.2 1.40 26.73 28.14 OK
r-devel-linux-x86_64-debian-gcc 0.4.2 1.46 26.18 27.64 OK
r-devel-linux-x86_64-fedora-clang 0.4.2 51.77 OK
r-devel-linux-x86_64-fedora-gcc 0.4.2 48.50 OK
r-devel-osx-x86_64-clang 0.4.2 51.35 OK
r-devel-windows-ix86+x86_64 0.4.2 9.00 38.00 47.00 OK
r-patched-linux-x86_64 0.4.2 1.43 24.90 26.33 OK
r-patched-solaris-sparc 0.4.2 348.70 OK
r-patched-solaris-x86 0.4.2 68.00 OK
r-release-linux-x86_64 0.4.2 1.46 25.16 26.62 OK
r-release-osx-x86_64-mavericks 0.4.2 NOTE
r-release-osx-x86_64-snowleopard 0.4.2 ERROR
r-release-windows-ix86+x86_64 0.4.2 7.00 43.00 50.00 OK
r-oldrel-windows-ix86+x86_64 0.4.2 7.00 47.00 54.00 OK

Check Details

Version: 0.4.2
Check: package dependencies
Result: NOTE
    Package suggested but not available for checking: ‘FactoMineR’
Flavor: r-release-osx-x86_64-mavericks

Version: 0.4.2
Check: package dependencies
Result: ERROR
    Packages suggested but not available for checking:
     ‘FactoMineR’ ‘ggplot2’ ‘knitr’
    
    VignetteBuilder package required for checking but not installed: ‘knitr’
    
    Files named as vignettes but with no recognized vignette engine:
     ‘inst/doc/plspm_introduction.Rnw’
    (Is a VignetteBuilder field missing?)
    
    See section ‘The DESCRIPTION file’ in the ‘Writing R Extensions’
    manual.
Flavor: r-release-osx-x86_64-snowleopard