CRAN Package Check Results for Package plumberDeploy

Last updated on 2024-05-26 08:05:18 CEST.

Flavor Version Tinstall Tcheck Ttotal Status Flags
r-devel-linux-x86_64-debian-clang 0.2.1 2.63 23.32 25.95 NOTE
r-devel-linux-x86_64-debian-gcc 0.2.1 1.96 17.84 19.80 NOTE
r-devel-linux-x86_64-fedora-clang 0.2.1 31.94 NOTE
r-devel-linux-x86_64-fedora-gcc 0.2.1 29.99 NOTE
r-devel-windows-x86_64 0.2.1 4.00 41.00 45.00 NOTE
r-patched-linux-x86_64 0.2.1 2.73 21.91 24.64 NOTE
r-release-linux-x86_64 0.2.1 2.09 22.46 24.55 NOTE
r-release-macos-arm64 0.2.1 15.00 NOTE
r-release-windows-x86_64 0.2.1 3.00 41.00 44.00 NOTE
r-oldrel-macos-arm64 0.2.1 16.00 NOTE
r-oldrel-macos-x86_64 0.2.1 19.00 NOTE
r-oldrel-windows-x86_64 0.2.1 4.00 39.00 43.00 NOTE

Check Details

Version: 0.2.1
Check: LazyData
Result: NOTE 'LazyData' is specified without a 'data' directory Flavors: r-devel-linux-x86_64-debian-clang, r-devel-linux-x86_64-debian-gcc, r-devel-linux-x86_64-fedora-clang, r-devel-linux-x86_64-fedora-gcc, r-devel-windows-x86_64, r-patched-linux-x86_64, r-release-linux-x86_64, r-release-macos-arm64, r-release-windows-x86_64, r-oldrel-macos-arm64, r-oldrel-macos-x86_64, r-oldrel-windows-x86_64

Version: 0.2.1
Check: dependencies in R code
Result: NOTE Namespace in Imports field not imported from: ‘ssh’ All declared Imports should be used. Flavors: r-devel-linux-x86_64-fedora-clang, r-devel-linux-x86_64-fedora-gcc