CRAN Package Check Results for Package plyr

Last updated on 2016-05-31 17:51:44.

Flavor Version Tinstall Tcheck Ttotal Status Flags
r-devel-linux-x86_64-debian-gcc 1.8.3 9.18 35.71 44.89 NOTE
r-devel-linux-x86_64-fedora-clang 1.8.3 83.11 NOTE
r-devel-linux-x86_64-fedora-gcc 1.8.3 75.03 NOTE
r-devel-osx-x86_64-clang 1.8.3 94.88 NOTE
r-devel-windows-ix86+x86_64 1.8.3 30.00 95.00 125.00 NOTE
r-patched-linux-x86_64 1.8.3 7.88 37.43 45.31 NOTE
r-patched-solaris-sparc 1.8.3 504.60 NOTE
r-patched-solaris-x86 1.8.3 96.90 NOTE
r-release-linux-x86_64 1.8.3 7.45 35.62 43.07 NOTE
r-release-osx-x86_64-mavericks 1.8.3 NOTE
r-release-windows-ix86+x86_64 1.8.3 38.00 132.00 170.00 NOTE
r-oldrel-windows-ix86+x86_64 1.8.3 28.00 139.00 167.00 OK

Check Details

Version: 1.8.3
Check: R code for possible problems
Result: NOTE
    cat_line: no visible global function definition for ‘flush.console’
    l_ply : do.ply: no visible global function definition for
     ‘capture.output’
    llply : do.ply: no visible global function definition for
     ‘capture.output’
    print.quoted: no visible global function definition for ‘str’
    progress_text : <anonymous>: no visible global function definition for
     ‘txtProgressBar’
    progress_text : <anonymous>: no visible global function definition for
     ‘setTxtProgressBar’
    progress_time : <anonymous>: no visible global function definition for
     ‘setTxtProgressBar’
    Undefined global functions or variables:
     capture.output flush.console setTxtProgressBar str txtProgressBar
    Consider adding
     importFrom("utils", "capture.output", "flush.console",
     "setTxtProgressBar", "str", "txtProgressBar")
    to your NAMESPACE file.
Flavors: r-devel-linux-x86_64-debian-gcc, r-devel-linux-x86_64-fedora-clang, r-devel-linux-x86_64-fedora-gcc, r-devel-osx-x86_64-clang, r-patched-linux-x86_64, r-patched-solaris-sparc, r-patched-solaris-x86, r-release-linux-x86_64, r-release-osx-x86_64-mavericks

Version: 1.8.3
Check: R code for possible problems
Result: NOTE
    cat_line: no visible global function definition for 'flush.console'
    l_ply : do.ply: no visible global function definition for
     'capture.output'
    llply : do.ply: no visible global function definition for
     'capture.output'
    print.quoted: no visible global function definition for 'str'
    progress_text : <anonymous>: no visible global function definition for
     'txtProgressBar'
    progress_text : <anonymous>: no visible global function definition for
     'setTxtProgressBar'
    progress_time : <anonymous>: no visible global function definition for
     'setTxtProgressBar'
    progress_win : <anonymous>: no visible global function definition for
     'winProgressBar'
    progress_win : <anonymous>: no visible global function definition for
     'setWinProgressBar'
    Undefined global functions or variables:
     capture.output flush.console setTxtProgressBar setWinProgressBar str
     txtProgressBar winProgressBar
    Consider adding
     importFrom("utils", "capture.output", "flush.console",
     "setTxtProgressBar", "setWinProgressBar", "str",
     "txtProgressBar", "winProgressBar")
    to your NAMESPACE file.
Flavors: r-devel-windows-ix86+x86_64, r-release-windows-ix86+x86_64

Version: 1.8.3
Check: dependencies in R code
Result: NOTE
    Invalid MIT-MAGIC-COOKIE-1 key
Flavor: r-release-osx-x86_64-mavericks