CRAN Package Check Results for Package plyr

Last updated on 2014-04-23 12:48:24.

Flavor Version Tinstall Tcheck Ttotal Status Flags
r-devel-linux-x86_64-debian-clang 1.8.1 9.21 43.61 52.82 OK
r-devel-linux-x86_64-debian-gcc 1.8.1 10.44 44.98 55.42 OK
r-devel-linux-x86_64-fedora-clang 1.8.1 109.40 OK
r-devel-linux-x86_64-fedora-gcc 1.8.1 105.10 OK
r-devel-osx-x86_64-clang 1.8.1 92.69 OK
r-devel-osx-x86_64-gcc 1.8.1 NOTE
r-devel-windows-ix86+x86_64 1.8.1 35.00 106.00 141.00 NOTE
r-patched-linux-x86_64 1.8.1 10.61 45.30 55.91 OK
r-patched-solaris-sparc 1.8.1 625.80 OK
r-patched-solaris-x86 1.8.1 131.50 OK
r-release-linux-ix86 1.8.1 16.00 74.00 90.00 OK
r-release-linux-x86_64 1.8.1 10.39 45.46 55.85 OK
r-release-osx-x86_64-mavericks 1.8.1 WARN
r-release-osx-x86_64-snowleopard 1.8.1 OK
r-release-windows-ix86+x86_64 1.8.1 33.00 100.00 133.00 NOTE
r-oldrel-windows-ix86+x86_64 1.8.1 36.00 116.00 152.00 NOTE

Check Details

Version: 1.8.1
Check: package dependencies
Result: NOTE
    Packages suggested but not available for checking:
     ‘foreach’ ‘doMC’ ‘itertools’ ‘iterators’
Flavor: r-devel-osx-x86_64-gcc

Version: 1.8.1
Check: R code for possible problems
Result: NOTE
    l_ply: no visible global function definition for ‘%dopar%’
    llply: no visible global function definition for ‘%dopar%’
    setup_parallel: no visible global function definition for
     ‘getDoParWorkers’
Flavors: r-devel-osx-x86_64-gcc, r-release-osx-x86_64-mavericks

Version: 1.8.1
Check: Rd cross-references
Result: NOTE
    Package unavailable to check Rd xrefs: ‘foreach’
Flavors: r-devel-osx-x86_64-gcc, r-release-osx-x86_64-mavericks

Version: 1.8.1
Check: package dependencies
Result: NOTE
    Package suggested but not available for checking: 'doMC'
Flavors: r-devel-windows-ix86+x86_64, r-release-windows-ix86+x86_64, r-oldrel-windows-ix86+x86_64

Version: 1.8.1
Check: package dependencies
Result: NOTE
    Packages suggested but not available for checking: ‘foreach’ ‘doMC’
Flavor: r-release-osx-x86_64-mavericks

Version: 1.8.1
Check: PDF version of manual
Result: WARNING
    LaTeX errors when creating PDF version.
    This typically indicates Rd problems.
    LaTeX errors found:
    ! LaTeX Error: File `upquote.sty' not found.
    
    Type X to quit or <RETURN> to proceed,
    or enter new name. (Default extension: sty)
    
    49eef8be/Rd2.tex:8: ==> Fatal error occurred, no output PDF file produced!
Flavor: r-release-osx-x86_64-mavericks