CRAN Package Check Results for Package plyr

Last updated on 2018-06-25 00:49:44 CEST.

Flavor Version Tinstall Tcheck Ttotal Status Flags
r-devel-linux-x86_64-debian-clang 1.8.4 16.86 54.84 71.70 NOTE
r-devel-linux-x86_64-debian-gcc 1.8.4 12.94 47.82 60.76 NOTE
r-devel-linux-x86_64-fedora-clang 1.8.4 95.02 NOTE
r-devel-linux-x86_64-fedora-gcc 1.8.4 88.10 NOTE
r-devel-windows-ix86+x86_64 1.8.4 46.00 120.00 166.00 NOTE
r-patched-linux-x86_64 1.8.4 15.80 59.75 75.55 NOTE
r-patched-solaris-x86 1.8.4 111.80 NOTE
r-release-linux-x86_64 1.8.4 16.25 60.23 76.48 NOTE
r-release-windows-ix86+x86_64 1.8.4 45.00 157.00 202.00 NOTE
r-release-osx-x86_64 1.8.4 NOTE
r-oldrel-windows-ix86+x86_64 1.8.4 45.00 156.00 201.00 NOTE
r-oldrel-osx-x86_64 1.8.4 OK

Check Details

Version: 1.8.4
Check: S3 generic/method consistency
Result: NOTE
    Found the following apparent S3 methods exported but not registered:
     rbind.fill rbind.fill.matrix
    See section ‘Registering S3 methods’ in the ‘Writing R Extensions’
    manual.
Flavors: r-devel-linux-x86_64-debian-clang, r-devel-linux-x86_64-debian-gcc, r-devel-linux-x86_64-fedora-clang, r-devel-linux-x86_64-fedora-gcc, r-patched-linux-x86_64, r-patched-solaris-x86, r-release-linux-x86_64

Version: 1.8.4
Check: Rd \usage sections
Result: NOTE
    S3 methods shown with full name in documentation object 'rbind.fill':
     ‘rbind.fill’
    
    S3 methods shown with full name in documentation object 'rbind.fill.matrix':
     ‘rbind.fill.matrix’
    
    The \usage entries for S3 methods should use the \method markup and not
    their full name.
    See chapter ‘Writing R documentation files’ in the ‘Writing R
    Extensions’ manual.
Flavors: r-devel-linux-x86_64-debian-clang, r-devel-linux-x86_64-debian-gcc, r-devel-linux-x86_64-fedora-clang, r-devel-linux-x86_64-fedora-gcc, r-devel-windows-ix86+x86_64, r-patched-linux-x86_64, r-patched-solaris-x86, r-release-linux-x86_64, r-release-windows-ix86+x86_64, r-release-osx-x86_64, r-oldrel-windows-ix86+x86_64

Version: 1.8.4
Check: compiled code
Result: NOTE
    File ‘plyr/libs/plyr.so’:
     Found no calls to: ‘R_registerRoutines’, ‘R_useDynamicSymbols’
    
    It is good practice to register native routines and to disable symbol
    search.
    
    See ‘Writing portable packages’ in the ‘Writing R Extensions’ manual.
Flavors: r-devel-linux-x86_64-debian-clang, r-devel-linux-x86_64-debian-gcc, r-devel-linux-x86_64-fedora-clang, r-devel-linux-x86_64-fedora-gcc, r-patched-linux-x86_64, r-release-linux-x86_64