CRAN Package Check Results for Package plyr

Last updated on 2016-07-01 06:49:06.

Flavor Version Tinstall Tcheck Ttotal Status Flags
r-devel-linux-x86_64-debian-gcc 1.8.4 10.21 39.82 50.03 OK
r-devel-linux-x86_64-fedora-clang 1.8.4 83.35 OK
r-devel-linux-x86_64-fedora-gcc 1.8.4 75.66 OK
r-devel-osx-x86_64-clang 1.8.4 65.91 OK
r-devel-windows-ix86+x86_64 1.8.4 28.00 96.00 124.00 OK
r-patched-linux-x86_64 1.8.4 8.31 43.29 51.60 OK
r-patched-solaris-sparc 1.8.4 503.70 NOTE
r-patched-solaris-x86 1.8.4 96.50 NOTE
r-release-linux-x86_64 1.8.4 7.77 38.51 46.28 OK
r-release-osx-x86_64-mavericks 1.8.4 NOTE
r-release-windows-ix86+x86_64 1.8.4 41.00 103.00 144.00 OK
r-oldrel-windows-ix86+x86_64 1.8.4 43.00 109.00 152.00 OK

Check Details

Version: 1.8.4
Check: installed package size
Result: NOTE
     installed size is 5.9Mb
     sub-directories of 1Mb or more:
     libs 4.9Mb
Flavors: r-patched-solaris-sparc, r-patched-solaris-x86

Version: 1.8.4
Check: dependencies in R code
Result: NOTE
    Invalid MIT-MAGIC-COOKIE-1 key
Flavor: r-release-osx-x86_64-mavericks