CRAN Package Check Results for Package plyr

Last updated on 2015-05-25 10:47:18.

Flavor Version Tinstall Tcheck Ttotal Status Flags
r-devel-linux-x86_64-debian-clang 1.8.2 10.23 36.44 46.67 ERROR
r-devel-linux-x86_64-debian-gcc 1.8.2 10.36 39.67 50.03 ERROR
r-devel-linux-x86_64-fedora-clang 1.8.2 75.67 ERROR
r-devel-linux-x86_64-fedora-gcc 1.8.2 88.10 ERROR
r-devel-osx-x86_64-clang 1.8.2 82.57 ERROR
r-devel-windows-ix86+x86_64 1.8.2 35.00 92.00 127.00 ERROR
r-patched-linux-x86_64 1.8.2 10.17 36.95 47.12 OK
r-patched-solaris-sparc 1.8.2 589.80 OK
r-patched-solaris-x86 1.8.2 110.30 OK
r-release-linux-x86_64 1.8.2 10.45 37.70 48.15 OK
r-release-osx-x86_64-mavericks 1.8.2 OK
r-release-osx-x86_64-snowleopard 1.8.2 ERROR
r-release-windows-ix86+x86_64 1.8.2 40.00 105.00 145.00 OK
r-oldrel-windows-ix86+x86_64 1.8.2 38.00 93.00 131.00 OK

Check Details

Version: 1.8.2
Check: tests
Result: ERROR
    Running the tests in ‘tests/testthat.R’ failed.
    Last 13 lines of output:
     Component "obs": Attributes: < Component 1: Lengths: 1, 2 >
     Component "obs": Attributes: < Component 1: target is character, current is numeric >
     Component "obs": Attributes: < Component 2: Modes: numeric, list >
     Component "obs": Attributes: < Component 2: names for current but not for target >
     Component "obs": Attributes: < Component 2: target is numeric, current is list >
     Component "obs": target is table, current is matrix
    
     testthat results ================================================================
     OK: 752 SKIPPED: 4 FAILED: 1
     1. Failure (at test-rbind.r#151): Array column names preserved
    
     Error: testthat unit tests failed
     Execution halted
Flavors: r-devel-linux-x86_64-debian-clang, r-devel-linux-x86_64-debian-gcc, r-devel-linux-x86_64-fedora-clang, r-devel-linux-x86_64-fedora-gcc, r-devel-osx-x86_64-clang

Version: 1.8.2
Check: running tests for arch ‘i386’
Result: ERROR
    Running the tests in 'tests/testthat.R' failed.
    Last 13 lines of output:
     Component "obs": Attributes: < Component 1: Lengths: 1, 2 >
     Component "obs": Attributes: < Component 1: target is character, current is numeric >
     Component "obs": Attributes: < Component 2: Modes: numeric, list >
     Component "obs": Attributes: < Component 2: names for current but not for target >
     Component "obs": Attributes: < Component 2: target is numeric, current is list >
     Component "obs": target is table, current is matrix
    
     testthat results ================================================================
     OK: 752 SKIPPED: 4 FAILED: 1
     1. Failure (at test-rbind.r#151): Array column names preserved
    
     Error: testthat unit tests failed
     Execution halted
Flavor: r-devel-windows-ix86+x86_64

Version: 1.8.2
Check: running tests for arch ‘x64’
Result: ERROR
    Running the tests in 'tests/testthat.R' failed.
    Last 13 lines of output:
     Component "obs": Attributes: < Component 1: Lengths: 1, 2 >
     Component "obs": Attributes: < Component 1: target is character, current is numeric >
     Component "obs": Attributes: < Component 2: Modes: numeric, list >
     Component "obs": Attributes: < Component 2: names for current but not for target >
     Component "obs": Attributes: < Component 2: target is numeric, current is list >
     Component "obs": target is table, current is matrix
    
     testthat results ================================================================
     OK: 752 SKIPPED: 4 FAILED: 1
     1. Failure (at test-rbind.r#151): Array column names preserved
    
     Error: testthat unit tests failed
     Execution halted
Flavor: r-devel-windows-ix86+x86_64

Version: 1.8.2
Check: tests
Result: ERROR
    Running the tests in ‘tests/testthat.R’ failed.
    Last 13 lines of output:
    
     3. Error: llply + .parallel complains about invalid arguments ------------------
     could not find function "skip_on_cran"
     1: with_parallel({
     expect_message(llply(1:10, force, .parallel = TRUE, .progress = "text"), "Progress disabled")
     }) at test-parallel.r:32
    
     4. Error: .paropts passes options to foreach -----------------------------------
     could not find function "skip_on_cran"
     1: with_parallel(x <- llply(1:10, identity, .parallel = TRUE, .paropts = list(.combine = combine))) at test-parallel.r:41
    
     Error: Test failures
     Execution halted
Flavor: r-release-osx-x86_64-snowleopard