CRAN Package Check Results for Package plyr

Last updated on 2015-01-25 16:49:18.

Flavor Version Tinstall Tcheck Ttotal Status Flags
r-devel-linux-x86_64-debian-clang 1.8.1 9.22 41.10 50.32 NOTE
r-devel-linux-x86_64-debian-gcc 1.8.1 10.50 41.68 52.17 NOTE
r-devel-linux-x86_64-fedora-clang 1.8.1 109.53 NOTE
r-devel-linux-x86_64-fedora-gcc 1.8.1 97.41 NOTE
r-devel-osx-x86_64-clang 1.8.1 89.89 NOTE
r-devel-windows-ix86+x86_64 1.8.1 32.00 96.00 128.00 NOTE
r-patched-linux-x86_64 1.8.1 9.78 42.04 51.82 NOTE
r-patched-solaris-sparc 1.8.1 621.70 NOTE
r-patched-solaris-x86 1.8.1 126.20 NOTE
r-release-linux-ix86 1.8.1 11.80 52.76 64.56 NOTE
r-release-linux-x86_64 1.8.1 9.58 42.00 51.58 NOTE
r-release-osx-x86_64-mavericks 1.8.1 NOTE
r-release-osx-x86_64-snowleopard 1.8.1 OK
r-release-windows-ix86+x86_64 1.8.1 35.00 108.00 143.00 NOTE
r-oldrel-windows-ix86+x86_64 1.8.1 35.00 120.00 155.00 NOTE

Check Details

Version: 1.8.1
Check: dependencies in R code
Result: NOTE
    'library' or 'require' calls in package code:
     ‘foreach’ ‘tcltk’
     Please use :: or requireNamespace() instead.
     See section 'Suggested packages' in the 'Writing R Extensions' manual.
Flavors: r-devel-linux-x86_64-debian-clang, r-devel-linux-x86_64-debian-gcc, r-devel-linux-x86_64-fedora-clang, r-devel-linux-x86_64-fedora-gcc, r-devel-osx-x86_64-clang, r-devel-windows-ix86+x86_64

Version: 1.8.1
Check: R code for possible problems
Result: NOTE
    l_ply: no visible global function definition for ‘%dopar%’
    llply: no visible global function definition for ‘%dopar%’
    progress_tk : <anonymous>: no visible global function definition for
     ‘tkProgressBar’
    progress_tk : <anonymous>: no visible global function definition for
     ‘setTkProgressBar’
    setup_parallel: no visible global function definition for
     ‘getDoParWorkers’
Flavors: r-devel-linux-x86_64-debian-clang, r-devel-linux-x86_64-debian-gcc, r-devel-linux-x86_64-fedora-clang, r-devel-linux-x86_64-fedora-gcc, r-devel-osx-x86_64-clang, r-devel-windows-ix86+x86_64, r-patched-linux-x86_64, r-patched-solaris-sparc, r-patched-solaris-x86, r-release-linux-ix86, r-release-linux-x86_64, r-release-osx-x86_64-mavericks, r-release-windows-ix86+x86_64

Version: 1.8.1
Check: package dependencies
Result: NOTE
    Package suggested but not available for checking: 'doMC'
Flavors: r-devel-windows-ix86+x86_64, r-release-windows-ix86+x86_64, r-oldrel-windows-ix86+x86_64