CRAN Package Check Results for Package plyr

Last updated on 2014-10-31 11:47:29.

Flavor Version Tinstall Tcheck Ttotal Status Flags
r-devel-linux-x86_64-debian-clang 1.8.1 9.32 41.46 50.78 NOTE
r-devel-linux-x86_64-debian-gcc 1.8.1 9.70 41.71 51.41 NOTE
r-devel-linux-x86_64-fedora-clang 1.8.1 104.99 NOTE
r-devel-linux-x86_64-fedora-gcc 1.8.1 96.05 NOTE
r-devel-osx-x86_64-clang 1.8.1 88.22 NOTE
r-devel-windows-ix86+x86_64 1.8.1 33.00 88.00 121.00 NOTE
r-patched-linux-x86_64 1.8.1 10.22 44.61 54.84 NOTE
r-patched-solaris-sparc 1.8.1 613.70 NOTE
r-patched-solaris-x86 1.8.1 127.70 NOTE
r-release-linux-ix86 1.8.1 12.38 55.73 68.12 OK
r-release-linux-x86_64 1.8.1 9.86 44.44 54.30 OK
r-release-osx-x86_64-mavericks 1.8.1 OK
r-release-osx-x86_64-snowleopard 1.8.1 OK
r-release-windows-ix86+x86_64 1.8.1 32.00 108.00 140.00 NOTE
r-oldrel-windows-ix86+x86_64 1.8.1 38.00 114.00 152.00 NOTE

Check Details

Version: 1.8.1
Check: R code for possible problems
Result: NOTE
    l_ply: no visible global function definition for ‘%dopar%’
    llply: no visible global function definition for ‘%dopar%’
    progress_tk : <anonymous>: no visible global function definition for
     ‘tkProgressBar’
    progress_tk : <anonymous>: no visible global function definition for
     ‘setTkProgressBar’
    setup_parallel: no visible global function definition for
     ‘getDoParWorkers’
Flavors: r-devel-linux-x86_64-debian-clang, r-devel-linux-x86_64-debian-gcc, r-devel-linux-x86_64-fedora-clang, r-devel-linux-x86_64-fedora-gcc, r-devel-osx-x86_64-clang, r-devel-windows-ix86+x86_64, r-patched-linux-x86_64, r-patched-solaris-sparc, r-patched-solaris-x86

Version: 1.8.1
Check: package dependencies
Result: NOTE
    Package suggested but not available for checking: 'doMC'
Flavors: r-devel-windows-ix86+x86_64, r-release-windows-ix86+x86_64, r-oldrel-windows-ix86+x86_64