CRAN Package Check Results for Package plyr

Last updated on 2016-12-05 12:51:44.

Flavor Version Tinstall Tcheck Ttotal Status Flags
r-devel-linux-x86_64-debian-clang 1.8.4 8.50 41.61 50.11 OK
r-devel-linux-x86_64-debian-gcc 1.8.4 8.19 40.83 49.02 OK
r-devel-linux-x86_64-fedora-clang 1.8.4 93.58 OK --no-stop-on-test-error
r-devel-linux-x86_64-fedora-gcc 1.8.4 88.69 OK --no-stop-on-test-error
r-devel-macos-x86_64-clang 1.8.4 73.39 OK
r-devel-windows-ix86+x86_64 1.8.4 27.00 145.00 172.00 OK
r-patched-linux-x86_64 1.8.4 7.05 37.50 44.55 OK
r-patched-solaris-sparc 1.8.4 510.50 OK
r-patched-solaris-x86 1.8.4 94.60 OK
r-release-linux-x86_64 1.8.4 7.25 37.27 44.52 OK
r-release-osx-x86_64-mavericks 1.8.4 NOTE
r-release-windows-ix86+x86_64 1.8.4 42.00 100.00 142.00 OK
r-oldrel-windows-ix86+x86_64 1.8.4 39.00 105.00 144.00 OK

Check Details

Version: 1.8.4
Check: dependencies in R code
Result: NOTE
    Invalid MIT-MAGIC-COOKIE-1 key
Flavor: r-release-osx-x86_64-mavericks