CRAN Package Check Results for Package plyr

Last updated on 2014-11-28 09:50:43.

Flavor Version Tinstall Tcheck Ttotal Status Flags
r-devel-linux-x86_64-debian-clang 1.8.1 9.24 41.35 50.60 NOTE
r-devel-linux-x86_64-debian-gcc 1.8.1 9.78 39.66 49.44 NOTE
r-devel-linux-x86_64-fedora-clang 1.8.1 107.06 NOTE
r-devel-linux-x86_64-fedora-gcc 1.8.1 100.94 NOTE
r-devel-osx-x86_64-clang 1.8.1 89.63 NOTE
r-devel-windows-ix86+x86_64 1.8.1 35.00 100.00 135.00 NOTE
r-patched-linux-x86_64 1.8.1 9.72 42.56 52.28 NOTE
r-patched-solaris-sparc 1.8.1 613.70 NOTE
r-patched-solaris-x86 1.8.1 129.20 NOTE
r-release-linux-ix86 1.8.1 11.89 52.24 64.13 NOTE
r-release-linux-x86_64 1.8.1 9.68 43.00 52.68 NOTE
r-release-osx-x86_64-mavericks 1.8.1 OK
r-release-osx-x86_64-snowleopard 1.8.1 OK
r-release-windows-ix86+x86_64 1.8.1 35.00 104.00 139.00 NOTE
r-oldrel-windows-ix86+x86_64 1.8.1 35.00 117.00 152.00 NOTE

Check Details

Version: 1.8.1
Check: R code for possible problems
Result: NOTE
    l_ply: no visible global function definition for ‘%dopar%’
    llply: no visible global function definition for ‘%dopar%’
    progress_tk : <anonymous>: no visible global function definition for
     ‘tkProgressBar’
    progress_tk : <anonymous>: no visible global function definition for
     ‘setTkProgressBar’
    setup_parallel: no visible global function definition for
     ‘getDoParWorkers’
Flavors: r-devel-linux-x86_64-debian-clang, r-devel-linux-x86_64-debian-gcc, r-devel-linux-x86_64-fedora-clang, r-devel-linux-x86_64-fedora-gcc, r-devel-osx-x86_64-clang, r-devel-windows-ix86+x86_64, r-patched-linux-x86_64, r-patched-solaris-sparc, r-patched-solaris-x86, r-release-linux-ix86, r-release-linux-x86_64, r-release-windows-ix86+x86_64

Version: 1.8.1
Check: package dependencies
Result: NOTE
    Package suggested but not available for checking: 'doMC'
Flavors: r-devel-windows-ix86+x86_64, r-release-windows-ix86+x86_64, r-oldrel-windows-ix86+x86_64