CRAN Package Check Results for Package plyr

Last updated on 2016-08-27 12:47:39.

Flavor Version Tinstall Tcheck Ttotal Status Flags
r-devel-linux-x86_64-debian-clang 1.8.4 8.42 37.13 45.55 OK
r-devel-linux-x86_64-debian-gcc 1.8.4 10.20 48.28 58.48 OK
r-devel-linux-x86_64-fedora-clang 1.8.4 83.96 OK
r-devel-linux-x86_64-fedora-gcc 1.8.4 77.78 OK
r-devel-osx-x86_64-clang 1.8.4 67.10 OK
r-devel-windows-ix86+x86_64 1.8.4 38.00 91.00 129.00 OK
r-patched-linux-x86_64 1.8.4 6.92 36.81 43.73 OK
r-patched-solaris-sparc 1.8.4 521.90 OK
r-patched-solaris-x86 1.8.4 93.40 OK
r-release-linux-x86_64 1.8.4 7.62 35.95 43.57 OK
r-release-osx-x86_64-mavericks 1.8.4 NOTE
r-release-windows-ix86+x86_64 1.8.4 44.00 100.00 144.00 OK
r-oldrel-windows-ix86+x86_64 1.8.4 28.00 102.00 130.00 OK

Check Details

Version: 1.8.4
Check: dependencies in R code
Result: NOTE
    Invalid MIT-MAGIC-COOKIE-1 key
Flavor: r-release-osx-x86_64-mavericks