CRAN Package Check Results for Package plyr

Last updated on 2017-03-29 20:49:43.

Flavor Version Tinstall Tcheck Ttotal Status Flags
r-devel-linux-x86_64-debian-clang 1.8.4 9.06 41.53 50.60 NOTE
r-devel-linux-x86_64-debian-gcc 1.8.4 8.38 39.97 48.35 NOTE
r-devel-linux-x86_64-fedora-clang 1.8.4 92.25 NOTE --no-stop-on-test-error
r-devel-linux-x86_64-fedora-gcc 1.8.4 85.03 NOTE --no-stop-on-test-error
r-devel-macos-x86_64-clang 1.8.4 70.91 NOTE --no-stop-on-test-error
r-devel-windows-ix86+x86_64 1.8.4 35.00 145.00 180.00 OK
r-patched-linux-x86_64 1.8.4 7.67 39.26 46.94 NOTE
r-patched-solaris-sparc 1.8.4 526.80 OK
r-patched-solaris-x86 1.8.4 104.20 OK
r-release-linux-x86_64 1.8.4 7.32 35.74 43.07 OK
r-release-osx-x86_64-mavericks 1.8.4 NOTE
r-release-windows-ix86+x86_64 1.8.4 38.00 165.00 203.00 OK
r-oldrel-windows-ix86+x86_64 1.8.4 57.00 137.00 194.00 OK

Check Details

Version: 1.8.4
Check: compiled code
Result: NOTE
    File ‘plyr/libs/plyr.so’:
     Found no calls to: ‘R_registerRoutines’, ‘R_useDynamicSymbols’
    
    It is good practice to register native routines and to disable symbol
    search.
    
    See ‘Writing portable packages’ in the ‘Writing R Extensions’ manual.
Flavors: r-devel-linux-x86_64-debian-clang, r-devel-linux-x86_64-debian-gcc, r-patched-linux-x86_64

Version: 1.8.4
Flags: --no-stop-on-test-error
Check: compiled code
Result: NOTE
    File ‘plyr/libs/plyr.so’:
     Found no calls to: ‘R_registerRoutines’, ‘R_useDynamicSymbols’
    
    It is good practice to register native routines and to disable symbol
    search.
    
    See ‘Writing portable packages’ in the ‘Writing R Extensions’ manual.
Flavors: r-devel-linux-x86_64-fedora-clang, r-devel-linux-x86_64-fedora-gcc, r-devel-macos-x86_64-clang

Version: 1.8.4
Check: dependencies in R code
Result: NOTE
    Invalid MIT-MAGIC-COOKIE-1 key
Flavor: r-release-osx-x86_64-mavericks