CRAN Package Check Results for Package plyr

Last updated on 2015-08-30 04:48:34.

Flavor Version Tinstall Tcheck Ttotal Status Flags
r-devel-linux-x86_64-debian-clang 1.8.3 7.45 35.22 42.67 NOTE
r-devel-linux-x86_64-debian-gcc 1.8.3 7.50 34.62 42.12 NOTE
r-devel-linux-x86_64-fedora-clang 1.8.3 84.97 NOTE
r-devel-linux-x86_64-fedora-gcc 1.8.3 79.24 NOTE
r-devel-osx-x86_64-clang 1.8.3 75.26 OK
r-devel-windows-ix86+x86_64 1.8.3 39.00 104.00 143.00 NOTE
r-patched-linux-x86_64 1.8.3 7.47 35.70 43.18 OK
r-patched-solaris-sparc 1.8.3 540.60 OK
r-patched-solaris-x86 1.8.3 110.70 OK
r-release-linux-x86_64 1.8.3 7.52 36.38 43.90 OK
r-release-osx-x86_64-mavericks 1.8.3 OK
r-release-windows-ix86+x86_64 1.8.3 35.00 131.00 166.00 OK
r-oldrel-windows-ix86+x86_64 1.8.3 41.00 109.00 150.00 OK

Check Details

Version: 1.8.3
Check: R code for possible problems
Result: NOTE
    cat_line: no visible global function definition for ‘flush.console’
    l_ply : do.ply: no visible global function definition for
     ‘capture.output’
    llply : do.ply: no visible global function definition for
     ‘capture.output’
    print.quoted: no visible global function definition for ‘str’
    progress_text : <anonymous>: no visible global function definition for
     ‘txtProgressBar’
    progress_text : <anonymous>: no visible global function definition for
     ‘setTxtProgressBar’
    progress_time : <anonymous>: no visible global function definition for
     ‘setTxtProgressBar’
    Undefined global functions or variables:
     capture.output flush.console setTxtProgressBar str txtProgressBar
    Consider adding
     importFrom("utils", "capture.output", "flush.console",
     "setTxtProgressBar", "str", "txtProgressBar")
    to your NAMESPACE.
Flavors: r-devel-linux-x86_64-debian-clang, r-devel-linux-x86_64-debian-gcc, r-devel-linux-x86_64-fedora-clang, r-devel-linux-x86_64-fedora-gcc

Version: 1.8.3
Check: R code for possible problems
Result: NOTE
    cat_line: no visible global function definition for 'flush.console'
    l_ply : do.ply: no visible global function definition for
     'capture.output'
    llply : do.ply: no visible global function definition for
     'capture.output'
    print.quoted: no visible global function definition for 'str'
    progress_text : <anonymous>: no visible global function definition for
     'txtProgressBar'
    progress_text : <anonymous>: no visible global function definition for
     'setTxtProgressBar'
    progress_time : <anonymous>: no visible global function definition for
     'setTxtProgressBar'
    progress_win : <anonymous>: no visible global function definition for
     'winProgressBar'
    progress_win : <anonymous>: no visible global function definition for
     'setWinProgressBar'
    Undefined global functions or variables:
     capture.output flush.console setTxtProgressBar setWinProgressBar str
     txtProgressBar winProgressBar
    Consider adding
     importFrom("utils", "capture.output", "flush.console",
     "setTxtProgressBar", "setWinProgressBar", "str",
     "txtProgressBar", "winProgressBar")
    to your NAMESPACE.
Flavor: r-devel-windows-ix86+x86_64