CRAN Package Check Results for Package plyr

Last updated on 2015-06-30 18:47:27.

Flavor Version Tinstall Tcheck Ttotal Status Flags
r-devel-linux-x86_64-debian-clang 1.8.3 7.29 36.20 43.49 NOTE
r-devel-linux-x86_64-debian-gcc 1.8.3 7.32 36.09 43.41 NOTE
r-devel-linux-x86_64-fedora-clang 1.8.3 86.95 NOTE
r-devel-linux-x86_64-fedora-gcc 1.8.3 79.76 OK
r-devel-osx-x86_64-clang 1.8.3 80.05 OK
r-devel-windows-ix86+x86_64 1.8.3 43.00 89.00 132.00 NOTE
r-patched-linux-x86_64 1.8.3 7.46 36.32 43.78 OK
r-patched-solaris-sparc 1.8.3 483.50 OK
r-patched-solaris-x86 1.8.3 107.70 OK
r-release-linux-x86_64 1.8.3 7.54 38.38 45.92 OK
r-release-osx-x86_64-mavericks 1.8.3 OK
r-release-windows-ix86+x86_64 1.8.3 38.00 95.00 133.00 OK
r-oldrel-windows-ix86+x86_64 1.8.3 37.00 102.00 139.00 OK

Check Details

Version: 1.8.3
Check: R code for possible problems
Result: NOTE
    cat_line: no visible global function definition for ‘flush.console’
    l_ply : do.ply: no visible global function definition for
     ‘capture.output’
    llply : do.ply: no visible global function definition for
     ‘capture.output’
    print.quoted: no visible global function definition for ‘str’
    progress_text : <anonymous>: no visible global function definition for
     ‘txtProgressBar’
    progress_text : <anonymous>: no visible global function definition for
     ‘setTxtProgressBar’
    progress_time : <anonymous>: no visible global function definition for
     ‘setTxtProgressBar’
Flavors: r-devel-linux-x86_64-debian-clang, r-devel-linux-x86_64-debian-gcc, r-devel-linux-x86_64-fedora-clang

Version: 1.8.3
Check: R code for possible problems
Result: NOTE
    cat_line: no visible global function definition for 'flush.console'
    l_ply : do.ply: no visible global function definition for
     'capture.output'
    llply : do.ply: no visible global function definition for
     'capture.output'
    print.quoted: no visible global function definition for 'str'
    progress_text : <anonymous>: no visible global function definition for
     'txtProgressBar'
    progress_text : <anonymous>: no visible global function definition for
     'setTxtProgressBar'
    progress_time : <anonymous>: no visible global function definition for
     'setTxtProgressBar'
    progress_win : <anonymous>: no visible global function definition for
     'winProgressBar'
    progress_win : <anonymous>: no visible global function definition for
     'setWinProgressBar'
Flavor: r-devel-windows-ix86+x86_64