CRAN Package Check Results for Package plyr

Last updated on 2016-09-30 06:47:40.

Flavor Version Tinstall Tcheck Ttotal Status Flags
r-devel-linux-x86_64-debian-clang 1.8.4 8.51 38.54 47.05 OK
r-devel-linux-x86_64-debian-gcc 1.8.4 8.51 37.61 46.11 OK
r-devel-linux-x86_64-fedora-clang 1.8.4 86.67 OK
r-devel-linux-x86_64-fedora-gcc 1.8.4 76.41 OK
r-devel-macos-x86_64-clang 1.8.4 65.33 OK
r-devel-windows-ix86+x86_64 1.8.4 27.00 126.00 153.00 OK
r-patched-linux-x86_64 1.8.4 7.19 36.31 43.50 OK
r-patched-solaris-sparc 1.8.4 521.90 OK
r-patched-solaris-x86 1.8.4 94.30 OK
r-release-linux-x86_64 1.8.4 7.11 36.70 43.81 OK
r-release-osx-x86_64-mavericks 1.8.4 NOTE
r-release-windows-ix86+x86_64 1.8.4 29.00 89.00 118.00 OK
r-oldrel-windows-ix86+x86_64 1.8.4 44.00 135.00 179.00 OK

Check Details

Version: 1.8.4
Check: dependencies in R code
Result: NOTE
    Invalid MIT-MAGIC-COOKIE-1 key
Flavor: r-release-osx-x86_64-mavericks