CRAN Package Check Results for Package plyr

Last updated on 2014-12-21 11:46:41.

Flavor Version Tinstall Tcheck Ttotal Status Flags
r-devel-linux-x86_64-debian-clang 1.8.1 9.10 40.80 49.90 NOTE
r-devel-linux-x86_64-debian-gcc 1.8.1 10.19 40.57 50.76 NOTE
r-devel-linux-x86_64-fedora-clang 1.8.1 106.64 NOTE
r-devel-linux-x86_64-fedora-gcc 1.8.1 87.31 NOTE
r-devel-osx-x86_64-clang 1.8.1 90.92 NOTE
r-devel-windows-ix86+x86_64 1.8.1 38.00 100.00 138.00 NOTE
r-patched-linux-x86_64 1.8.1 9.77 44.00 53.77 NOTE
r-patched-solaris-sparc 1.8.1 613.70 NOTE
r-patched-solaris-x86 1.8.1 127.10 NOTE
r-release-linux-ix86 1.8.1 12.01 52.23 64.24 NOTE
r-release-linux-x86_64 1.8.1 9.63 43.72 53.35 NOTE
r-release-osx-x86_64-mavericks 1.8.1 OK
r-release-osx-x86_64-snowleopard 1.8.1 OK
r-release-windows-ix86+x86_64 1.8.1 40.00 103.00 143.00 NOTE
r-oldrel-windows-ix86+x86_64 1.8.1 38.00 106.00 144.00 NOTE

Check Details

Version: 1.8.1
Check: R code for possible problems
Result: NOTE
    l_ply: no visible global function definition for ‘%dopar%’
    llply: no visible global function definition for ‘%dopar%’
    progress_tk : <anonymous>: no visible global function definition for
     ‘tkProgressBar’
    progress_tk : <anonymous>: no visible global function definition for
     ‘setTkProgressBar’
    setup_parallel: no visible global function definition for
     ‘getDoParWorkers’
Flavors: r-devel-linux-x86_64-debian-clang, r-devel-linux-x86_64-debian-gcc, r-devel-linux-x86_64-fedora-clang, r-devel-linux-x86_64-fedora-gcc, r-devel-osx-x86_64-clang, r-devel-windows-ix86+x86_64, r-patched-linux-x86_64, r-patched-solaris-sparc, r-patched-solaris-x86, r-release-linux-ix86, r-release-linux-x86_64, r-release-windows-ix86+x86_64

Version: 1.8.1
Check: package dependencies
Result: NOTE
    Package suggested but not available for checking: 'doMC'
Flavors: r-devel-windows-ix86+x86_64, r-release-windows-ix86+x86_64, r-oldrel-windows-ix86+x86_64