CRAN Package Check Results for Package plyr

Last updated on 2017-08-17 09:47:09.

Flavor Version Tinstall Tcheck Ttotal Status Flags
r-devel-linux-x86_64-debian-clang 1.8.4 9.29 41.00 50.30 NOTE
r-devel-linux-x86_64-debian-gcc 1.8.4 8.92 39.85 48.77 NOTE
r-devel-linux-x86_64-fedora-clang 1.8.4 92.90 NOTE
r-devel-linux-x86_64-fedora-gcc 1.8.4 86.49 NOTE
r-devel-windows-ix86+x86_64 1.8.4 29.00 115.00 144.00 NOTE
r-patched-linux-x86_64 1.8.4 9.23 39.51 48.74 NOTE
r-patched-solaris-x86 1.8.4 105.40 NOTE
r-release-linux-x86_64 1.8.4 9.07 39.95 49.02 NOTE
r-release-windows-ix86+x86_64 1.8.4 31.00 115.00 146.00 NOTE
r-release-osx-x86_64 1.8.4 OK
r-oldrel-windows-ix86+x86_64 1.8.4 42.00 99.00 141.00 OK
r-oldrel-osx-x86_64 1.8.4 NOTE

Check Details

Version: 1.8.4
Check: S3 generic/method consistency
Result: NOTE
    Found the following apparent S3 methods exported but not registered:
     rbind.fill rbind.fill.matrix
    See section ‘Registering S3 methods’ in the ‘Writing R Extensions’
    manual.
Flavors: r-devel-linux-x86_64-debian-clang, r-devel-linux-x86_64-debian-gcc, r-devel-linux-x86_64-fedora-clang, r-devel-linux-x86_64-fedora-gcc, r-patched-linux-x86_64, r-patched-solaris-x86, r-release-linux-x86_64

Version: 1.8.4
Check: Rd \usage sections
Result: NOTE
    S3 methods shown with full name in documentation object 'rbind.fill':
     ‘rbind.fill’
    
    S3 methods shown with full name in documentation object 'rbind.fill.matrix':
     ‘rbind.fill.matrix’
    
    The \usage entries for S3 methods should use the \method markup and not
    their full name.
    See chapter ‘Writing R documentation files’ in the ‘Writing R
    Extensions’ manual.
Flavors: r-devel-linux-x86_64-debian-clang, r-devel-linux-x86_64-debian-gcc, r-devel-linux-x86_64-fedora-clang, r-devel-linux-x86_64-fedora-gcc, r-devel-windows-ix86+x86_64, r-patched-linux-x86_64, r-patched-solaris-x86, r-release-linux-x86_64, r-release-windows-ix86+x86_64

Version: 1.8.4
Check: compiled code
Result: NOTE
    File ‘plyr/libs/plyr.so’:
     Found no calls to: ‘R_registerRoutines’, ‘R_useDynamicSymbols’
    
    It is good practice to register native routines and to disable symbol
    search.
    
    See ‘Writing portable packages’ in the ‘Writing R Extensions’ manual.
Flavors: r-devel-linux-x86_64-debian-clang, r-devel-linux-x86_64-debian-gcc, r-devel-linux-x86_64-fedora-clang, r-devel-linux-x86_64-fedora-gcc, r-patched-linux-x86_64, r-release-linux-x86_64

Version: 1.8.4
Check: dependencies in R code
Result: NOTE
    Invalid MIT-MAGIC-COOKIE-1 key
Flavor: r-oldrel-osx-x86_64