CRAN Package Check Results for Package plyr

Last updated on 2017-01-24 23:50:03.

Flavor Version Tinstall Tcheck Ttotal Status Flags
r-devel-linux-x86_64-debian-clang 1.8.4 8.50 39.87 48.37 OK
r-devel-linux-x86_64-debian-gcc 1.8.4 8.23 39.52 47.75 OK
r-devel-linux-x86_64-fedora-clang 1.8.4 90.86 OK --no-stop-on-test-error
r-devel-linux-x86_64-fedora-gcc 1.8.4 85.73 OK --no-stop-on-test-error
r-devel-macos-x86_64-clang 1.8.4 70.57 OK --no-stop-on-test-error
r-devel-windows-ix86+x86_64 1.8.4 29.00 146.00 175.00 OK
r-patched-linux-x86_64 1.8.4 7.07 36.12 43.19 OK
r-patched-solaris-sparc 1.8.4 510.10 OK
r-patched-solaris-x86 1.8.4 95.00 OK
r-release-linux-x86_64 1.8.4 7.02 37.19 44.20 OK
r-release-osx-x86_64-mavericks 1.8.4 NOTE
r-release-windows-ix86+x86_64 1.8.4 42.00 122.00 164.00 OK
r-oldrel-windows-ix86+x86_64 1.8.4 56.00 131.00 187.00 OK

Check Details

Version: 1.8.4
Check: dependencies in R code
Result: NOTE
    Invalid MIT-MAGIC-COOKIE-1 key
Flavor: r-release-osx-x86_64-mavericks