CRAN Package Check Results for Package plyr

Last updated on 2014-08-21 10:13:28.

Flavor Version Tinstall Tcheck Ttotal Status Flags
r-devel-linux-x86_64-debian-clang 1.8.1 8.83 40.34 49.16 OK
r-devel-linux-x86_64-debian-gcc 1.8.1 9.70 40.54 50.24 OK
r-devel-linux-x86_64-fedora-clang 1.8.1 105.75 NOTE
r-devel-linux-x86_64-fedora-gcc 1.8.1 103.59 NOTE
r-devel-osx-x86_64-clang 1.8.1 84.92 NOTE
r-devel-windows-ix86+x86_64 1.8.1 32.00 98.00 130.00 NOTE
r-patched-linux-x86_64 1.8.1 9.83 45.92 55.76 OK
r-patched-solaris-sparc 1.8.1 624.60 OK
r-patched-solaris-x86 1.8.1 129.80 OK
r-release-linux-ix86 1.8.1 12.28 55.38 67.66 OK
r-release-linux-x86_64 1.8.1 9.92 46.87 56.79 OK
r-release-osx-x86_64-mavericks 1.8.1 OK
r-release-osx-x86_64-snowleopard 1.8.1 OK
r-release-windows-ix86+x86_64 1.8.1 32.00 101.00 133.00 NOTE
r-oldrel-windows-ix86+x86_64 1.8.1 37.00 107.00 144.00 NOTE

Check Details

Version: 1.8.1
Check: R code for possible problems
Result: NOTE
    l_ply: no visible global function definition for ‘%dopar%’
    llply: no visible global function definition for ‘%dopar%’
    progress_tk : <anonymous>: no visible global function definition for
     ‘tkProgressBar’
    progress_tk : <anonymous>: no visible global function definition for
     ‘setTkProgressBar’
    setup_parallel: no visible global function definition for
     ‘getDoParWorkers’
Flavors: r-devel-linux-x86_64-fedora-clang, r-devel-linux-x86_64-fedora-gcc, r-devel-osx-x86_64-clang

Version: 1.8.1
Check: package dependencies
Result: NOTE
    Package suggested but not available for checking: 'doMC'
Flavors: r-devel-windows-ix86+x86_64, r-release-windows-ix86+x86_64, r-oldrel-windows-ix86+x86_64