CRAN Package Check Results for Package plyr

Last updated on 2014-07-31 23:47:15.

Flavor Version Tinstall Tcheck Ttotal Status Flags
r-devel-linux-x86_64-debian-clang 1.8.1 9.24 44.35 53.60 OK
r-devel-linux-x86_64-debian-gcc 1.8.1 9.70 45.20 54.90 OK
r-devel-linux-x86_64-fedora-clang 1.8.1 111.83 OK
r-devel-linux-x86_64-fedora-gcc 1.8.1 104.15 OK
r-devel-osx-x86_64-clang 1.8.1 93.92 OK
r-devel-windows-ix86+x86_64 1.8.1 35.00 97.00 132.00 NOTE
r-patched-linux-x86_64 1.8.1 10.06 42.57 52.62 OK
r-patched-solaris-sparc 1.8.1 624.60 OK
r-patched-solaris-x86 1.8.1 126.50 OK
r-release-linux-ix86 1.8.1 12.12 55.76 67.88 OK
r-release-linux-x86_64 1.8.1 10.02 42.12 52.14 OK
r-release-osx-x86_64-mavericks 1.8.1 OK
r-release-osx-x86_64-snowleopard 1.8.1 OK
r-release-windows-ix86+x86_64 1.8.1 35.00 135.00 170.00 NOTE
r-oldrel-windows-ix86+x86_64 1.8.1 53.00 152.00 205.00 NOTE

Check Details

Version: 1.8.1
Check: package dependencies
Result: NOTE
    Package suggested but not available for checking: 'doMC'
Flavors: r-devel-windows-ix86+x86_64, r-release-windows-ix86+x86_64, r-oldrel-windows-ix86+x86_64