CRAN Package Check Results for Package plyr

Last updated on 2015-03-04 06:48:31.

Flavor Version Tinstall Tcheck Ttotal Status Flags
r-devel-linux-x86_64-debian-clang 1.8.1 9.23 39.90 49.13 NOTE
r-devel-linux-x86_64-debian-gcc 1.8.1 9.78 38.01 47.79 NOTE
r-devel-linux-x86_64-fedora-clang 1.8.1 99.41 NOTE
r-devel-linux-x86_64-fedora-gcc 1.8.1 89.95 NOTE
r-devel-osx-x86_64-clang 1.8.1 84.83 NOTE
r-devel-windows-ix86+x86_64 1.8.1 37.00 100.00 137.00 NOTE
r-patched-linux-x86_64 1.8.1 9.83 43.41 53.24 NOTE
r-patched-solaris-sparc 1.8.1 665.20 NOTE
r-patched-solaris-x86 1.8.1 128.20 NOTE
r-release-linux-ix86 1.8.1 12.07 53.37 65.44 NOTE
r-release-linux-x86_64 1.8.1 10.01 43.12 53.13 NOTE
r-release-osx-x86_64-mavericks 1.8.1 NOTE
r-release-osx-x86_64-snowleopard 1.8.1 OK
r-release-windows-ix86+x86_64 1.8.1 39.00 111.00 150.00 NOTE
r-oldrel-windows-ix86+x86_64 1.8.1 36.00 113.00 149.00 NOTE

Check Details

Version: 1.8.1
Check: dependencies in R code
Result: NOTE
    'library' or 'require' calls in package code:
     ‘foreach’ ‘tcltk’
     Please use :: or requireNamespace() instead.
     See section 'Suggested packages' in the 'Writing R Extensions' manual.
Flavors: r-devel-linux-x86_64-debian-clang, r-devel-linux-x86_64-debian-gcc, r-devel-linux-x86_64-fedora-clang, r-devel-linux-x86_64-fedora-gcc, r-devel-osx-x86_64-clang, r-devel-windows-ix86+x86_64, r-patched-linux-x86_64, r-patched-solaris-sparc, r-patched-solaris-x86

Version: 1.8.1
Check: R code for possible problems
Result: NOTE
    l_ply: no visible global function definition for ‘%dopar%’
    llply: no visible global function definition for ‘%dopar%’
    progress_tk : <anonymous>: no visible global function definition for
     ‘tkProgressBar’
    progress_tk : <anonymous>: no visible global function definition for
     ‘setTkProgressBar’
    setup_parallel: no visible global function definition for
     ‘getDoParWorkers’
Flavors: r-devel-linux-x86_64-debian-clang, r-devel-linux-x86_64-debian-gcc, r-devel-linux-x86_64-fedora-clang, r-devel-linux-x86_64-fedora-gcc, r-devel-osx-x86_64-clang, r-devel-windows-ix86+x86_64, r-patched-linux-x86_64, r-patched-solaris-sparc, r-patched-solaris-x86, r-release-linux-ix86, r-release-linux-x86_64, r-release-osx-x86_64-mavericks, r-release-windows-ix86+x86_64

Version: 1.8.1
Check: package dependencies
Result: NOTE
    Package suggested but not available for checking: 'doMC'
Flavors: r-devel-windows-ix86+x86_64, r-release-windows-ix86+x86_64, r-oldrel-windows-ix86+x86_64