CRAN Package Check Results for Package plyr

Last updated on 2015-04-27 06:46:45.

Flavor Version Tinstall Tcheck Ttotal Status Flags
r-devel-linux-x86_64-debian-clang 1.8.2 10.38 38.57 48.95 OK
r-devel-linux-x86_64-debian-gcc 1.8.2 10.08 36.82 46.90 OK
r-devel-linux-x86_64-fedora-clang 1.8.2 97.53 OK
r-devel-linux-x86_64-fedora-gcc 1.8.2 87.56 OK
r-devel-osx-x86_64-clang 1.8.2 83.10 OK
r-devel-windows-ix86+x86_64 1.8.2 40.00 97.00 137.00 OK
r-patched-linux-x86_64 1.8.2 10.07 37.03 47.10 OK
r-patched-solaris-sparc 1.8.2 514.50 OK
r-patched-solaris-x86 1.8.2 113.60 OK
r-release-linux-x86_64 1.8.2 10.24 37.52 47.76 OK
r-release-osx-x86_64-mavericks 1.8.2 OK
r-release-osx-x86_64-snowleopard 1.8.2 ERROR
r-release-windows-ix86+x86_64 1.8.2 43.00 94.00 137.00 OK
r-oldrel-windows-ix86+x86_64 1.8.2 28.00 88.00 116.00 OK

Check Details

Version: 1.8.2
Check: tests
Result: ERROR
    Running the tests in ‘tests/testthat.R’ failed.
    Last 13 lines of output:
    
     3. Error: llply + .parallel complains about invalid arguments ------------------
     could not find function "skip_on_cran"
     1: with_parallel({
     expect_message(llply(1:10, force, .parallel = TRUE, .progress = "text"), "Progress disabled")
     }) at test-parallel.r:32
    
     4. Error: .paropts passes options to foreach -----------------------------------
     could not find function "skip_on_cran"
     1: with_parallel(x <- llply(1:10, identity, .parallel = TRUE, .paropts = list(.combine = combine))) at test-parallel.r:41
    
     Error: Test failures
     Execution halted
Flavor: r-release-osx-x86_64-snowleopard