CRAN Package Check Results for Package plyr

Last updated on 2017-06-28 20:48:43.

Flavor Version Tinstall Tcheck Ttotal Status Flags
r-devel-linux-x86_64-debian-clang 1.8.4 9.43 40.74 50.18 NOTE
r-devel-linux-x86_64-debian-gcc 1.8.4 8.99 40.40 49.39 NOTE
r-devel-linux-x86_64-fedora-clang 1.8.4 93.28 NOTE
r-devel-linux-x86_64-fedora-gcc 1.8.4 88.70 NOTE
r-devel-windows-ix86+x86_64 1.8.4 33.00 110.00 143.00 NOTE
r-patched-linux-x86_64 1.8.4 9.32 39.29 48.61 NOTE
r-patched-solaris-sparc 1.8.4 535.20 NOTE
r-patched-solaris-x86 1.8.4 104.00 NOTE
r-release-linux-x86_64 1.8.4 9.23 40.50 49.74 NOTE
r-release-windows-ix86+x86_64 1.8.4 35.00 152.00 187.00 OK
r-release-osx-x86_64 1.8.4 OK
r-oldrel-windows-ix86+x86_64 1.8.4 39.00 141.00 180.00 OK
r-oldrel-osx-x86_64 1.8.4 NOTE

Check Details

Version: 1.8.4
Check: S3 generic/method consistency
Result: NOTE
    Found the following apparent S3 methods exported but not registered:
     rbind.fill rbind.fill.matrix
    See section ‘Registering S3 methods’ in the ‘Writing R Extensions’
    manual.
Flavors: r-devel-linux-x86_64-debian-clang, r-devel-linux-x86_64-debian-gcc, r-devel-linux-x86_64-fedora-clang, r-devel-linux-x86_64-fedora-gcc, r-patched-linux-x86_64, r-patched-solaris-sparc, r-patched-solaris-x86

Version: 1.8.4
Check: Rd \usage sections
Result: NOTE
    S3 methods shown with full name in documentation object 'rbind.fill':
     ‘rbind.fill’
    
    S3 methods shown with full name in documentation object 'rbind.fill.matrix':
     ‘rbind.fill.matrix’
    
    The \usage entries for S3 methods should use the \method markup and not
    their full name.
    See chapter ‘Writing R documentation files’ in the ‘Writing R
    Extensions’ manual.
Flavors: r-devel-linux-x86_64-debian-clang, r-devel-linux-x86_64-debian-gcc, r-devel-linux-x86_64-fedora-clang, r-devel-linux-x86_64-fedora-gcc, r-devel-windows-ix86+x86_64, r-patched-linux-x86_64, r-patched-solaris-sparc, r-patched-solaris-x86

Version: 1.8.4
Check: compiled code
Result: NOTE
    File ‘plyr/libs/plyr.so’:
     Found no calls to: ‘R_registerRoutines’, ‘R_useDynamicSymbols’
    
    It is good practice to register native routines and to disable symbol
    search.
    
    See ‘Writing portable packages’ in the ‘Writing R Extensions’ manual.
Flavors: r-devel-linux-x86_64-debian-clang, r-devel-linux-x86_64-debian-gcc, r-devel-linux-x86_64-fedora-clang, r-devel-linux-x86_64-fedora-gcc, r-patched-linux-x86_64, r-release-linux-x86_64

Version: 1.8.4
Check: dependencies in R code
Result: NOTE
    Invalid MIT-MAGIC-COOKIE-1 key
Flavor: r-oldrel-osx-x86_64