CRAN Package Check Results for Package plyr

Last updated on 2014-09-03 08:53:36.

Flavor Version Tinstall Tcheck Ttotal Status Flags
r-devel-linux-x86_64-debian-clang 1.8.1 8.87 39.72 48.59 NOTE
r-devel-linux-x86_64-debian-gcc 1.8.1 10.86 41.84 52.70 NOTE
r-devel-linux-x86_64-fedora-clang 1.8.1 106.22 NOTE
r-devel-linux-x86_64-fedora-gcc 1.8.1 68.34 NOTE
r-devel-osx-x86_64-clang 1.8.1 83.68 NOTE
r-devel-windows-ix86+x86_64 1.8.1 34.00 90.00 124.00 NOTE
r-patched-linux-x86_64 1.8.1 9.81 43.36 53.17 OK
r-patched-solaris-sparc 1.8.1 624.60 OK
r-patched-solaris-x86 1.8.1 131.20 OK
r-release-linux-ix86 1.8.1 12.43 55.04 67.47 OK
r-release-linux-x86_64 1.8.1 9.66 43.40 53.06 OK
r-release-osx-x86_64-mavericks 1.8.1 OK
r-release-osx-x86_64-snowleopard 1.8.1 OK
r-release-windows-ix86+x86_64 1.8.1 36.00 106.00 142.00 NOTE
r-oldrel-windows-ix86+x86_64 1.8.1 35.00 116.00 151.00 NOTE

Check Details

Version: 1.8.1
Check: R code for possible problems
Result: NOTE
    l_ply: no visible global function definition for ‘%dopar%’
    llply: no visible global function definition for ‘%dopar%’
    progress_tk : <anonymous>: no visible global function definition for
     ‘tkProgressBar’
    progress_tk : <anonymous>: no visible global function definition for
     ‘setTkProgressBar’
    setup_parallel: no visible global function definition for
     ‘getDoParWorkers’
Flavors: r-devel-linux-x86_64-debian-clang, r-devel-linux-x86_64-debian-gcc, r-devel-linux-x86_64-fedora-clang, r-devel-linux-x86_64-fedora-gcc, r-devel-osx-x86_64-clang, r-devel-windows-ix86+x86_64

Version: 1.8.1
Check: package dependencies
Result: NOTE
    Package suggested but not available for checking: 'doMC'
Flavors: r-devel-windows-ix86+x86_64, r-release-windows-ix86+x86_64, r-oldrel-windows-ix86+x86_64