CRAN Package Check Results for Package plyr

Last updated on 2016-02-07 23:48:22.

Flavor Version Tinstall Tcheck Ttotal Status Flags
r-devel-linux-x86_64-debian-gcc 1.8.3 7.08 35.28 42.37 NOTE
r-devel-linux-x86_64-fedora-clang 1.8.3 82.24 NOTE
r-devel-linux-x86_64-fedora-gcc 1.8.3 75.30 NOTE
r-devel-osx-x86_64-clang 1.8.3 91.16 NOTE
r-devel-windows-ix86+x86_64 1.8.3 47.00 98.00 145.00 NOTE
r-patched-linux-x86_64 1.8.3 7.17 35.79 42.96 OK
r-patched-solaris-sparc 1.8.3 506.40 OK
r-patched-solaris-x86 1.8.3 95.90 OK
r-release-linux-x86_64 1.8.3 7.22 36.21 43.43 OK
r-release-osx-x86_64-mavericks 1.8.3 OK
r-release-windows-ix86+x86_64 1.8.3 39.00 106.00 145.00 OK
r-oldrel-windows-ix86+x86_64 1.8.3 43.00 111.00 154.00 OK

Check Details

Version: 1.8.3
Check: R code for possible problems
Result: NOTE
    cat_line: no visible global function definition for ‘flush.console’
    l_ply : do.ply: no visible global function definition for
     ‘capture.output’
    llply : do.ply: no visible global function definition for
     ‘capture.output’
    print.quoted: no visible global function definition for ‘str’
    progress_text : <anonymous>: no visible global function definition for
     ‘txtProgressBar’
    progress_text : <anonymous>: no visible global function definition for
     ‘setTxtProgressBar’
    progress_time : <anonymous>: no visible global function definition for
     ‘setTxtProgressBar’
    Undefined global functions or variables:
     capture.output flush.console setTxtProgressBar str txtProgressBar
    Consider adding
     importFrom("utils", "capture.output", "flush.console",
     "setTxtProgressBar", "str", "txtProgressBar")
    to your NAMESPACE file.
Flavors: r-devel-linux-x86_64-debian-gcc, r-devel-linux-x86_64-fedora-clang, r-devel-linux-x86_64-fedora-gcc, r-devel-osx-x86_64-clang

Version: 1.8.3
Check: R code for possible problems
Result: NOTE
    cat_line: no visible global function definition for 'flush.console'
    l_ply : do.ply: no visible global function definition for
     'capture.output'
    llply : do.ply: no visible global function definition for
     'capture.output'
    print.quoted: no visible global function definition for 'str'
    progress_text : <anonymous>: no visible global function definition for
     'txtProgressBar'
    progress_text : <anonymous>: no visible global function definition for
     'setTxtProgressBar'
    progress_time : <anonymous>: no visible global function definition for
     'setTxtProgressBar'
    progress_win : <anonymous>: no visible global function definition for
     'winProgressBar'
    progress_win : <anonymous>: no visible global function definition for
     'setWinProgressBar'
    Undefined global functions or variables:
     capture.output flush.console setTxtProgressBar setWinProgressBar str
     txtProgressBar winProgressBar
    Consider adding
     importFrom("utils", "capture.output", "flush.console",
     "setTxtProgressBar", "setWinProgressBar", "str",
     "txtProgressBar", "winProgressBar")
    to your NAMESPACE file.
Flavor: r-devel-windows-ix86+x86_64