CRAN Package Check Results for Package pmc

Last updated on 2016-12-09 17:54:13.

Flavor Version Tinstall Tcheck Ttotal Status Flags
r-devel-linux-x86_64-debian-clang 1.0.2 1.82 671.48 673.30 OK
r-devel-linux-x86_64-debian-gcc 1.0.2 1.86 657.10 658.95 OK
r-devel-linux-x86_64-fedora-clang 1.0.2 1225.55 OK --no-stop-on-test-error
r-devel-linux-x86_64-fedora-gcc 1.0.2 1139.44 OK --no-stop-on-test-error
r-devel-macos-x86_64-clang 1.0.2 459.77 OK --no-build-vignettes --no-stop-on-test-error
r-devel-windows-ix86+x86_64 1.0.2 6.00 204.00 210.00 WARN --no-vignettes
r-patched-linux-x86_64 1.0.2 1.91 629.36 631.27 OK
r-patched-solaris-sparc 1.0.2 6021.10 OK
r-patched-solaris-x86 1.0.2 1198.10 OK
r-release-linux-x86_64 1.0.2 2.03 702.73 704.76 OK
r-release-osx-x86_64-mavericks 1.0.2 FAIL
r-release-windows-ix86+x86_64 1.0.2 7.00 193.00 200.00 OK --no-vignettes
r-oldrel-windows-ix86+x86_64 1.0.2 9.00 143.00 152.00 OK --no-vignettes

Check Details

Version: 1.0.2
Flags: --no-vignettes
Check: files in ‘vignettes’
Result: WARN
    Files in the 'vignettes' directory newer than all files in 'inst/doc':
     'pmc_tutorial.Rmd'
Flavor: r-devel-windows-ix86+x86_64

Version: 1.0.2
Check: re-building of vignette outputs
Result: WARN
    Error in re-building vignettes:
     ...
     Parameter estimates appear at bounds:
     lambda
    Warning in fitContinuous(phy = att$cache$phy, model = att$model, ..., ncores = 1) :
     Parameter estimates appear at bounds:
     lambda
    Warning in fitContinuous(phy = att$cache$phy, model = att$model, ..., ncores = 1) :
     Parameter estimates appear at bounds:
     lambda
    Warning in fitContinuous(phy = att$cache$phy, model = att$model, ..., ncores = 1) :
     Parameter estimates appear at bounds:
     lambda
    Warning in fitContinuous(phy = att$cache$phy, model = att$model, ..., ncores = 1) :
     Parameter estimates appear at bounds:
     lambda
    Warning in fitContinuous(phy = att$cache$phy, model = att$model, ..., ncores = 1) :
     Parameter estimates appear at bounds:
     lambda
    Warning in fitContinuous(phy = att$cache$phy, model = att$model, ..., ncores = 1) :
     Parameter estimates appear at bounds:
     lambda
    Warning in fitContinuous(phy = att$cache$phy, model = att$model, ..., ncores = 1) :
     Parameter estimates appear at bounds:
     lambda
    
    Execution halted
Flavor: r-release-osx-x86_64-mavericks

Version: 1.0.2
Check: PDF version of manual
Result: FAIL
    
Flavor: r-release-osx-x86_64-mavericks