CRAN Package Check Results for Package pmc

Last updated on 2016-02-06 11:48:25.

Flavor Version Tinstall Tcheck Ttotal Status Flags
r-devel-linux-x86_64-debian-gcc 1.0.1 1.50 611.87 613.36 OK
r-devel-linux-x86_64-fedora-clang 1.0.1 1178.67 OK
r-devel-linux-x86_64-fedora-gcc 1.0.1 1072.49 OK
r-devel-osx-x86_64-clang 1.0.1 474.43 OK --no-build-vignettes
r-devel-windows-ix86+x86_64 1.0.1 7.00 153.00 160.00 OK --no-vignettes
r-patched-linux-x86_64 1.0.1 1.68 618.01 619.69 OK
r-patched-solaris-sparc 1.0.1 6123.70 OK
r-patched-solaris-x86 1.0.1 1333.00 OK
r-release-linux-x86_64 1.0.1 1.92 602.80 604.72 OK
r-release-osx-x86_64-mavericks 1.0.1 NOTE
r-release-windows-ix86+x86_64 1.0.1 8.00 143.00 151.00 OK --no-vignettes
r-oldrel-windows-ix86+x86_64 1.0.1 21.00 276.00 297.00 OK --no-vignettes

Check Details

Version: 1.0.1
Check: re-building of vignette outputs
Result: NOTE
    Error in re-building vignettes:
     ...
     Parameter estimates appear at bounds:
     lambda
    Warning in fitContinuous(phy = att$cache$phy, model = att$model, ..., ncores = 1) :
     Parameter estimates appear at bounds:
     lambda
    Warning in fitContinuous(phy = att$cache$phy, model = att$model, ..., ncores = 1) :
     Parameter estimates appear at bounds:
     lambda
    Warning in fitContinuous(phy = att$cache$phy, model = att$model, ..., ncores = 1) :
     Parameter estimates appear at bounds:
     lambda
    Warning in fitContinuous(phy = att$cache$phy, model = att$model, ..., ncores = 1) :
     Parameter estimates appear at bounds:
     lambda
    Warning in fitContinuous(phy = att$cache$phy, model = att$model, ..., ncores = 1) :
     Parameter estimates appear at bounds:
     lambda
    Warning in fitContinuous(phy = att$cache$phy, model = att$model, ..., ncores = 1) :
     Parameter estimates appear at bounds:
     lambda
    Warning in fitContinuous(phy = att$cache$phy, model = att$model, ..., ncores = 1) :
     Parameter estimates appear at bounds:
     lambda
    
    Execution halted
    
    * checking PDF version of manual ...* elapsed time (check, wall clock): 30:04
Flavor: r-release-osx-x86_64-mavericks