CRAN Package Check Results for Package pmc

Last updated on 2016-05-24 07:47:21.

Flavor Version Tinstall Tcheck Ttotal Status Flags
r-devel-linux-x86_64-debian-gcc 1.0.1 1.68 645.28 646.96 OK
r-devel-linux-x86_64-fedora-clang 1.0.1 1227.50 OK
r-devel-linux-x86_64-fedora-gcc 1.0.1 1134.37 OK
r-devel-osx-x86_64-clang 1.0.1 484.49 OK --no-build-vignettes
r-devel-windows-ix86+x86_64 1.0.1 6.00 200.00 206.00 OK --no-vignettes
r-patched-linux-x86_64 1.0.1 1.60 623.54 625.13 OK
r-patched-solaris-sparc 1.0.1 5912.00 OK
r-patched-solaris-x86 1.0.1 1291.30 OK
r-release-linux-x86_64 1.0.1 1.54 614.56 616.10 OK
r-release-osx-x86_64-mavericks 1.0.1 WARN
r-release-windows-ix86+x86_64 1.0.1 6.00 200.00 206.00 OK --no-vignettes
r-oldrel-windows-ix86+x86_64 1.0.1 10.00 123.00 133.00 OK --no-vignettes

Check Details

Version: 1.0.1
Check: re-building of vignette outputs
Result: WARN
    Error in re-building vignettes:
     ...
     Parameter estimates appear at bounds:
     lambda
    Warning in fitContinuous(phy = att$cache$phy, model = att$model, ..., ncores = 1) :
     Parameter estimates appear at bounds:
     lambda
    Warning in fitContinuous(phy = att$cache$phy, model = att$model, ..., ncores = 1) :
     Parameter estimates appear at bounds:
     lambda
    Warning in fitContinuous(phy = att$cache$phy, model = att$model, ..., ncores = 1) :
     Parameter estimates appear at bounds:
     lambda
    Warning in fitContinuous(phy = att$cache$phy, model = att$model, ..., ncores = 1) :
     Parameter estimates appear at bounds:
     lambda
    Warning in fitContinuous(phy = att$cache$phy, model = att$model, ..., ncores = 1) :
     Parameter estimates appear at bounds:
     lambda
    Warning in fitContinuous(phy = att$cache$phy, model = att$model, ..., ncores = 1) :
     Parameter estimates appear at bounds:
     lambda
    Warning in fitContinuous(phy = att$cache$phy, model = att$model, ..., ncores = 1) :
     Parameter estimates appear at bounds:
     lambda
    
    Execution halted
    
    * checking PDF version of manual ...* elapsed time (check, wall clock): 30:02
Flavor: r-release-osx-x86_64-mavericks