CRAN Package Check Results for Package pmc

Last updated on 2016-08-30 23:47:41.

Flavor Version Tinstall Tcheck Ttotal Status Flags
r-devel-linux-x86_64-debian-clang 1.0.2 1.67 656.49 658.16 OK
r-devel-linux-x86_64-debian-gcc 1.0.2 1.66 651.72 653.38 OK
r-devel-linux-x86_64-fedora-clang 1.0.2 1241.70 OK
r-devel-linux-x86_64-fedora-gcc 1.0.2 1134.40 OK
r-devel-osx-x86_64-clang 1.0.2 381.28 OK --no-build-vignettes
r-devel-windows-ix86+x86_64 1.0.2 15.00 183.00 198.00 OK --no-vignettes
r-patched-linux-x86_64 1.0.2 1.84 669.95 671.80 OK
r-patched-solaris-sparc 1.0.2 6030.60 OK
r-patched-solaris-x86 1.0.2 1281.50 OK
r-release-linux-x86_64 1.0.2 3.92 644.07 647.99 OK
r-release-osx-x86_64-mavericks 1.0.2 FAIL
r-release-windows-ix86+x86_64 1.0.2 11.00 186.00 197.00 OK --no-vignettes
r-oldrel-windows-ix86+x86_64 1.0.2 10.00 193.00 203.00 OK --no-vignettes

Check Details

Version: 1.0.2
Check: re-building of vignette outputs
Result: WARN
    Error in re-building vignettes:
     ...
     Parameter estimates appear at bounds:
     lambda
    Warning in fitContinuous(phy = att$cache$phy, model = att$model, ..., ncores = 1) :
     Parameter estimates appear at bounds:
     lambda
    Warning in fitContinuous(phy = att$cache$phy, model = att$model, ..., ncores = 1) :
     Parameter estimates appear at bounds:
     lambda
    Warning in fitContinuous(phy = att$cache$phy, model = att$model, ..., ncores = 1) :
     Parameter estimates appear at bounds:
     lambda
    Warning in fitContinuous(phy = att$cache$phy, model = att$model, ..., ncores = 1) :
     Parameter estimates appear at bounds:
     lambda
    Warning in fitContinuous(phy = att$cache$phy, model = att$model, ..., ncores = 1) :
     Parameter estimates appear at bounds:
     lambda
    Warning in fitContinuous(phy = att$cache$phy, model = att$model, ..., ncores = 1) :
     Parameter estimates appear at bounds:
     lambda
    Warning in fitContinuous(phy = att$cache$phy, model = att$model, ..., ncores = 1) :
     Parameter estimates appear at bounds:
     lambda
    
    Execution halted
Flavor: r-release-osx-x86_64-mavericks

Version: 1.0.2
Check: PDF version of manual
Result: FAIL
    
Flavor: r-release-osx-x86_64-mavericks