CRAN Package Check Results for Package pmc

Last updated on 2019-11-19 15:48:57 CET.

Flavor Version Tinstall Tcheck Ttotal Status Flags
r-devel-linux-x86_64-debian-clang 1.0.3 5.55 176.26 181.81 OK --no-vignettes
r-devel-linux-x86_64-debian-gcc 1.0.3 4.87 140.27 145.14 OK --no-vignettes
r-devel-linux-x86_64-fedora-clang 1.0.3 980.28 OK
r-devel-linux-x86_64-fedora-gcc 1.0.3 863.34 OK
r-devel-windows-ix86+x86_64 1.0.3 28.00 205.00 233.00 OK --no-vignettes
r-devel-windows-ix86+x86_64-gcc8 1.0.3 15.00 176.00 191.00 OK --no-vignettes
r-patched-linux-x86_64 1.0.3 5.53 168.32 173.85 OK --no-vignettes
r-patched-solaris-x86 1.0.3 1267.30 OK
r-release-linux-x86_64 1.0.3 4.54 165.09 169.63 OK --no-vignettes
r-release-windows-ix86+x86_64 1.0.3 10.00 210.00 220.00 OK --no-vignettes
r-release-osx-x86_64 1.0.3 FAIL
r-oldrel-windows-ix86+x86_64 1.0.3 6.00 221.00 227.00 OK --no-vignettes
r-oldrel-osx-x86_64 1.0.3 OK

Check Details

Version: 1.0.3
Check: re-building of vignette outputs
Result: WARN
    Error(s) in re-building vignettes:
    --- re-building ‘pmc_tutorial.Rmd’ using rmarkdown
    Warning in engine$weave(file, quiet = quiet, encoding = enc) :
     Pandoc (>= 1.12.3) and/or pandoc-citeproc not available. Falling back to R Markdown v1.
    Loading required package: ape
    Loading required package: subplex
    
    Attaching package: 'dplyr'
    
    The following objects are masked from 'package:stats':
    
     filter, lag
    
    The following objects are masked from 'package:base':
    
     intersect, setdiff, setequal, union
    
    
    Attaching package: 'gridExtra'
    
    The following object is masked from 'package:dplyr':
    
     combine
    
    Warning in fitContinuous(phy = att$cache$phy, model = att$model, ..., ncores = 1) :
     Parameter estimates appear at bounds:
     lambda
    Warning in fitContinuous(phy = att$cache$phy, model = att$model, ..., ncores = 1) :
     Parameter estimates appear at bounds:
     lambda
    Warning in fitContinuous(phy = att$cache$phy, model = att$model, ..., ncores = 1) :
     Parameter estimates appear at bounds:
     lambda
    Warning in fitContinuous(phy = att$cache$phy, model = att$model, ..., ncores = 1) :
     Parameter estimates appear at bounds:
     lambda
    
    Execution halted
Flavor: r-release-osx-x86_64

Version: 1.0.3
Check: PDF version of manual
Result: FAIL
    
Flavor: r-release-osx-x86_64