CRAN Package Check Results for Package pmc

Last updated on 2015-08-29 20:48:11.

Flavor Version Tinstall Tcheck Ttotal Status Flags
r-devel-linux-x86_64-debian-clang 1.0.0 1.72 592.42 594.14 OK
r-devel-linux-x86_64-debian-gcc 1.0.0 2.06 583.24 585.30 OK
r-devel-linux-x86_64-fedora-clang 1.0.0 1193.17 OK
r-devel-linux-x86_64-fedora-gcc 1.0.0 1104.84 OK
r-devel-osx-x86_64-clang 1.0.0 2480.08 NOTE
r-devel-windows-ix86+x86_64 1.0.0 11.00 130.00 141.00 OK --no-vignettes
r-patched-linux-x86_64 1.0.0 1.75 618.79 620.54 OK
r-patched-solaris-sparc 1.0.0 6348.80 NOTE
r-patched-solaris-x86 1.0.0 1379.70 OK
r-release-linux-x86_64 1.0.0 1.94 607.08 609.02 OK
r-release-osx-x86_64-mavericks 1.0.0 NOTE
r-release-windows-ix86+x86_64 1.0.0 10.00 146.00 156.00 OK --no-vignettes
r-oldrel-windows-ix86+x86_64 1.0.0 22.00 204.00 226.00 OK --no-vignettes

Check Details

Version: 1.0.0
Check: re-building of vignette outputs
Result: NOTE
    Error in re-building vignettes:
     ...
     lambda
    Warning in fitContinuous(phy = att$cache$phy, model = att$model, ..., ncores = 1) :
     Parameter estimates appear at bounds:
     lambda
    Warning in fitContinuous(phy = att$cache$phy, model = att$model, ..., ncores = 1) :
     Parameter estimates appear at bounds:
     lambda
    Warning in fitContinuous(phy = att$cache$phy, model = att$model, ..., ncores = 1) :
     Parameter estimates appear at bounds:
     lambda
    Warning in fitContinuous(phy = att$cache$phy, model = att$model, ..., ncores = 1) :
     Parameter estimates appear at bounds:
     lambda
    Warning in fitContinuous(phy = att$cache$phy, model = att$model, ..., ncores = 1) :
     Parameter estimates appear at bounds:
     lambda
    Warning in fitContinuous(phy = att$cache$phy, model = att$model, ..., ncores = 1) :
     Parameter estimates appear at bounds:
     lambda
    Warning in fitContinuous(phy = att$cache$phy, model = att$model, ..., ncores = 1) :
     Parameter estimates appear at bounds:
     lambda
    Warning in fitContinuous(phy = att$cache$phy, model = att$model, ..., ncores = 1) :
     Parameter estimates appear at bounds:
     lambda
Flavor: r-devel-osx-x86_64-clang

Version: 1.0.0
Check: re-building of vignette outputs
Result: NOTE
    Error in re-building vignettes:
     ...
     Parameter estimates appear at bounds:
     lambda
    Warning in fitContinuous(phy = att$cache$phy, model = att$model, ..., ncores = 1) :
     Parameter estimates appear at bounds:
     lambda
    Warning in fitContinuous(phy = att$cache$phy, model = att$model, ..., ncores = 1) :
     Parameter estimates appear at bounds:
     lambda
    Warning in fitContinuous(phy = att$cache$phy, model = att$model, ..., ncores = 1) :
     Parameter estimates appear at bounds:
     lambda
    Warning in fitContinuous(phy = att$cache$phy, model = att$model, ..., ncores = 1) :
     Parameter estimates appear at bounds:
     lambda
    Warning in fitContinuous(phy = att$cache$phy, model = att$model, ..., ncores = 1) :
     Parameter estimates appear at bounds:
     lambda
    Warning in fitContinuous(phy = att$cache$phy, model = att$model, ..., ncores = 1) :
     Parameter estimates appear at bounds:
     lambda
    Warning in fitContinuous(phy = att$cache$phy, model = att$model, ..., ncores = 1) :
     Parameter estimates appear at bounds:
     lambda
    stat_bin: binwidth defaulted to range/30. Use 'binwidth = x' to adjust this.
    stat_bin: binwidth defaulted to range/30. Use 'binwidth = x' to adjust this.
Flavor: r-patched-solaris-sparc

Version: 1.0.0
Check: re-building of vignette outputs
Result: NOTE
    Error in re-building vignettes:
     ...
     Parameter estimates appear at bounds:
     lambda
    Warning in fitContinuous(phy = att$cache$phy, model = att$model, ..., ncores = 1) :
     Parameter estimates appear at bounds:
     lambda
    Warning in fitContinuous(phy = att$cache$phy, model = att$model, ..., ncores = 1) :
     Parameter estimates appear at bounds:
     lambda
    Warning in fitContinuous(phy = att$cache$phy, model = att$model, ..., ncores = 1) :
     Parameter estimates appear at bounds:
     lambda
    Warning in fitContinuous(phy = att$cache$phy, model = att$model, ..., ncores = 1) :
     Parameter estimates appear at bounds:
     lambda
    Warning in fitContinuous(phy = att$cache$phy, model = att$model, ..., ncores = 1) :
     Parameter estimates appear at bounds:
     lambda
    Warning in fitContinuous(phy = att$cache$phy, model = att$model, ..., ncores = 1) :
     Parameter estimates appear at bounds:
     lambda
    Warning in fitContinuous(phy = att$cache$phy, model = att$model, ..., ncores = 1) :
     Parameter estimates appear at bounds:
     lambda
    
    Execution halted
    
    * checking PDF version of manual ...* elapsed time (check, wall clock): 30:03
Flavor: r-release-osx-x86_64-mavericks