CRAN Package Check Results for Package pmc

Last updated on 2018-05-21 10:50:12 CEST.

Flavor Version Tinstall Tcheck Ttotal Status Flags
r-devel-linux-x86_64-debian-clang 1.0.3 3.67 144.27 147.94 OK --no-vignettes
r-devel-linux-x86_64-debian-gcc 1.0.3 2.62 122.27 124.89 OK --no-vignettes
r-devel-linux-x86_64-fedora-clang 1.0.3 724.81 OK
r-devel-linux-x86_64-fedora-gcc 1.0.3 627.95 OK
r-devel-windows-ix86+x86_64 1.0.3 8.00 208.00 216.00 OK --no-vignettes
r-patched-linux-x86_64 1.0.3 1.95 152.58 154.53 OK --no-vignettes
r-patched-solaris-x86 1.0.3 1300.20 OK
r-release-linux-x86_64 1.0.3 2.88 147.81 150.69 OK --no-vignettes
r-release-windows-ix86+x86_64 1.0.3 9.00 165.00 174.00 OK --no-vignettes
r-release-osx-x86_64 1.0.3 OK
r-oldrel-windows-ix86+x86_64 1.0.3 8.00 128.00 136.00 OK --no-vignettes
r-oldrel-osx-x86_64 1.0.2 FAIL

Check Details

Version: 1.0.2
Check: re-building of vignette outputs
Result: WARN
    Error in re-building vignettes:
     ...
    
    
    Attaching package: 'gridExtra'
    
    The following object is masked from 'package:dplyr':
    
     combine
    
    Warning in fitContinuous(phy = att$cache$phy, model = att$model, ..., ncores = 1) :
     Parameter estimates appear at bounds:
     lambda
    Warning in fitContinuous(phy = att$cache$phy, model = att$model, ..., ncores = 1) :
     Parameter estimates appear at bounds:
     lambda
    Warning in fitContinuous(phy = att$cache$phy, model = att$model, ..., ncores = 1) :
     Parameter estimates appear at bounds:
     lambda
    Warning in fitContinuous(phy = att$cache$phy, model = att$model, ..., ncores = 1) :
     Parameter estimates appear at bounds:
     lambda
    Warning in fitContinuous(phy = att$cache$phy, model = att$model, ..., ncores = 1) :
     Parameter estimates appear at bounds:
     lambda
    
    Execution halted
Flavor: r-oldrel-osx-x86_64

Version: 1.0.2
Check: PDF version of manual
Result: FAIL
    
Flavor: r-oldrel-osx-x86_64