CRAN Package Check Results for Package pmc

Last updated on 2017-02-27 11:48:41.

Flavor Version Tinstall Tcheck Ttotal Status Flags
r-devel-linux-x86_64-debian-clang 1.0.2 1.76 655.57 657.34 OK
r-devel-linux-x86_64-debian-gcc 1.0.2 1.85 667.44 669.29 OK
r-devel-linux-x86_64-fedora-clang 1.0.2 1152.41 OK --no-stop-on-test-error
r-devel-linux-x86_64-fedora-gcc 1.0.2 1174.14 OK --no-stop-on-test-error
r-devel-macos-x86_64-clang 1.0.2 443.22 OK --no-build-vignettes --no-stop-on-test-error
r-devel-windows-ix86+x86_64 1.0.2 15.00 200.00 215.00 OK --no-vignettes
r-patched-linux-x86_64 1.0.2 1.63 641.02 642.65 OK
r-patched-solaris-sparc 1.0.2 5894.50 OK
r-patched-solaris-x86 1.0.2 1335.90 OK
r-release-linux-x86_64 1.0.2 1.81 665.45 667.26 OK
r-release-osx-x86_64-mavericks 1.0.2 FAIL
r-release-windows-ix86+x86_64 1.0.2 19.00 135.00 154.00 OK --no-vignettes
r-oldrel-windows-ix86+x86_64 1.0.2 10.00 280.00 290.00 OK --no-vignettes

Check Details

Version: 1.0.2
Check: re-building of vignette outputs
Result: WARN
    Error in re-building vignettes:
     ...
     Parameter estimates appear at bounds:
     lambda
    Warning in fitContinuous(phy = att$cache$phy, model = att$model, ..., ncores = 1) :
     Parameter estimates appear at bounds:
     lambda
    Warning in fitContinuous(phy = att$cache$phy, model = att$model, ..., ncores = 1) :
     Parameter estimates appear at bounds:
     lambda
    Warning in fitContinuous(phy = att$cache$phy, model = att$model, ..., ncores = 1) :
     Parameter estimates appear at bounds:
     lambda
    Warning in fitContinuous(phy = att$cache$phy, model = att$model, ..., ncores = 1) :
     Parameter estimates appear at bounds:
     lambda
    Warning in fitContinuous(phy = att$cache$phy, model = att$model, ..., ncores = 1) :
     Parameter estimates appear at bounds:
     lambda
    Warning in treedata(phy, dat) :
     The following tips were not found in 'data' and were dropped from 'phy':
     olivacea
    Warning in treedata(phy, dat) :
     The following tips were not found in 'data' and were dropped from 'phy':
     olivacea
    
    Execution halted
Flavor: r-release-osx-x86_64-mavericks

Version: 1.0.2
Check: PDF version of manual
Result: FAIL
    
Flavor: r-release-osx-x86_64-mavericks