CRAN Package Check Results for Package pmc

Last updated on 2015-07-01 13:47:27.

Flavor Version Tinstall Tcheck Ttotal Status Flags
r-devel-linux-x86_64-debian-clang 1.0.0 1.68 641.44 643.12 OK
r-devel-linux-x86_64-debian-gcc 1.0.0 1.66 594.02 595.68 OK
r-devel-linux-x86_64-fedora-clang 1.0.0 1105.51 OK
r-devel-linux-x86_64-fedora-gcc 1.0.0 1085.01 OK
r-devel-osx-x86_64-clang 1.0.0 2686.28 NOTE
r-devel-windows-ix86+x86_64 1.0.0 7.00 811.00 818.00 OK
r-patched-linux-x86_64 1.0.0 1.97 581.78 583.75 OK
r-patched-solaris-sparc 1.0.0 5964.10 OK
r-patched-solaris-x86 1.0.0 1236.60 OK
r-release-linux-x86_64 1.0.0 1.81 620.40 622.21 OK
r-release-osx-x86_64-mavericks 1.0.0 NOTE
r-release-windows-ix86+x86_64 1.0.0 7.00 914.00 921.00 OK
r-oldrel-windows-ix86+x86_64 1.0.0 16.00 931.00 947.00 OK

Check Details

Version: 1.0.0
Check: re-building of vignette outputs
Result: NOTE
    Error in re-building vignettes:
     ...
     lambda
    Warning in fitContinuous(phy = att$cache$phy, model = att$model, ..., ncores = 1) :
     Parameter estimates appear at bounds:
     lambda
    Warning in fitContinuous(phy = att$cache$phy, model = att$model, ..., ncores = 1) :
     Parameter estimates appear at bounds:
     lambda
    Warning in fitContinuous(phy = att$cache$phy, model = att$model, ..., ncores = 1) :
     Parameter estimates appear at bounds:
     lambda
    Warning in fitContinuous(phy = att$cache$phy, model = att$model, ..., ncores = 1) :
     Parameter estimates appear at bounds:
     lambda
    Warning in fitContinuous(phy = att$cache$phy, model = att$model, ..., ncores = 1) :
     Parameter estimates appear at bounds:
     lambda
    Warning in fitContinuous(phy = att$cache$phy, model = att$model, ..., ncores = 1) :
     Parameter estimates appear at bounds:
     lambda
    Warning in fitContinuous(phy = att$cache$phy, model = att$model, ..., ncores = 1) :
     Parameter estimates appear at bounds:
     lambda
    Warning in fitContinuous(phy = att$cache$phy, model = att$model, ..., ncores = 1) :
     Parameter estimates appear at bounds:
     lambda
Flavor: r-devel-osx-x86_64-clang

Version: 1.0.0
Check: re-building of vignette outputs
Result: NOTE
    Error in re-building vignettes:
     ...
     Parameter estimates appear at bounds:
     lambda
    Warning in fitContinuous(phy = att$cache$phy, model = att$model, ..., ncores = 1) :
     Parameter estimates appear at bounds:
     lambda
    Warning in fitContinuous(phy = att$cache$phy, model = att$model, ..., ncores = 1) :
     Parameter estimates appear at bounds:
     lambda
    Warning in fitContinuous(phy = att$cache$phy, model = att$model, ..., ncores = 1) :
     Parameter estimates appear at bounds:
     lambda
    Warning in fitContinuous(phy = att$cache$phy, model = att$model, ..., ncores = 1) :
     Parameter estimates appear at bounds:
     lambda
    Warning in fitContinuous(phy = att$cache$phy, model = att$model, ..., ncores = 1) :
     Parameter estimates appear at bounds:
     lambda
    Warning in fitContinuous(phy = att$cache$phy, model = att$model, ..., ncores = 1) :
     Parameter estimates appear at bounds:
     lambda
    Warning in fitContinuous(phy = att$cache$phy, model = att$model, ..., ncores = 1) :
     Parameter estimates appear at bounds:
     lambda
    
    Execution halted
    
    * checking PDF version of manual ...* elapsed time (check, wall clock): 30:03
Flavor: r-release-osx-x86_64-mavericks