CRAN Package Check Results for Package pmcgd

Last updated on 2016-05-27 06:46:58.

Flavor Version Tinstall Tcheck Ttotal Status Flags
r-devel-linux-x86_64-debian-gcc 1.1 0.67 13.79 14.47 NOTE
r-devel-linux-x86_64-fedora-clang 1.1 24.68 NOTE
r-devel-linux-x86_64-fedora-gcc 1.1 22.11 NOTE
r-devel-osx-x86_64-clang 1.1 29.70 NOTE
r-devel-windows-ix86+x86_64 1.1 2.00 32.00 34.00 NOTE
r-patched-linux-x86_64 1.1 0.57 13.38 13.95 NOTE
r-patched-solaris-sparc 1.1 154.50 NOTE
r-patched-solaris-x86 1.1 32.20 NOTE
r-release-linux-x86_64 1.1 0.58 13.57 14.15 NOTE
r-release-osx-x86_64-mavericks 1.1 NOTE
r-release-windows-ix86+x86_64 1.1 3.00 39.00 42.00 NOTE
r-oldrel-windows-ix86+x86_64 1.1 3.00 37.00 40.00 NOTE

Check Details

Version: 1.1
Check: DESCRIPTION meta-information
Result: NOTE
    Malformed Description field: should contain one or more complete sentences.
Flavors: r-devel-linux-x86_64-debian-gcc, r-devel-linux-x86_64-fedora-clang, r-devel-linux-x86_64-fedora-gcc, r-devel-osx-x86_64-clang, r-devel-windows-ix86+x86_64, r-patched-linux-x86_64, r-patched-solaris-sparc, r-patched-solaris-x86, r-release-linux-x86_64, r-release-osx-x86_64-mavericks, r-release-windows-ix86+x86_64, r-oldrel-windows-ix86+x86_64

Version: 1.1
Check: R code for possible problems
Result: NOTE
    .MCM: no visible global function definition for ‘runif’
    .MCM: no visible global function definition for ‘rmultinom’
    .MCM: no visible global function definition for ‘mahalanobis’
    .MCM: no visible global function definition for ‘optimize’
    .MCM : f: no visible global function definition for ‘mahalanobis’
    .MCM: no visible global function definition for ‘alarm’
    .igpark: no visible global function definition for ‘kmeans’
    .loglik: no visible global function definition for ‘mahalanobis’
    .plot.gpcm: no visible global function definition for ‘plot’
    .plot.gpcm: no visible global function definition for ‘lines’
    .plot.gpcm: no visible global function definition for ‘legend’
    .rwgpar: no visible global function definition for ‘rexp’
    .weights: no visible global function definition for ‘mahalanobis’
    Undefined global functions or variables:
     alarm kmeans legend lines mahalanobis optimize plot rexp rmultinom
     runif
    Consider adding
     importFrom("graphics", "legend", "lines", "plot")
     importFrom("stats", "kmeans", "mahalanobis", "optimize", "rexp",
     "rmultinom", "runif")
     importFrom("utils", "alarm")
    to your NAMESPACE file.
Flavors: r-devel-linux-x86_64-debian-gcc, r-devel-linux-x86_64-fedora-clang, r-devel-linux-x86_64-fedora-gcc, r-devel-osx-x86_64-clang, r-devel-windows-ix86+x86_64, r-patched-linux-x86_64, r-patched-solaris-sparc, r-patched-solaris-x86, r-release-linux-x86_64, r-release-osx-x86_64-mavericks, r-release-windows-ix86+x86_64