CRAN Package Check Results for Package pmcgd

Last updated on 2015-03-27 07:48:54.

Flavor Version Tinstall Tcheck Ttotal Status Flags
r-devel-linux-x86_64-debian-clang 1.1 0.59 15.16 15.75 NOTE
r-devel-linux-x86_64-debian-gcc 1.1 0.54 14.36 14.90 NOTE
r-devel-linux-x86_64-fedora-clang 1.1 26.79 NOTE
r-devel-linux-x86_64-fedora-gcc 1.1 26.27 NOTE
r-devel-osx-x86_64-clang 1.1 31.61 NOTE
r-prerel-windows-ix86+x86_64 1.1 3.00 23.00 26.00 NOTE
r-prerel-linux-x86_64 1.1 0.54 13.10 13.64 NOTE
r-prerel-solaris-sparc 1.1 169.00 NOTE
r-prerel-solaris-x86 1.1 35.10 NOTE
r-release-linux-x86_64 1.1 0.67 15.09 15.76 OK
r-release-osx-x86_64-mavericks 1.1 OK
r-release-osx-x86_64-snowleopard 1.1 OK
r-release-windows-ix86+x86_64 1.1 3.00 33.00 36.00 OK
r-oldrel-windows-ix86+x86_64 1.1 3.00 26.00 29.00 OK

Check Details

Version: 1.1
Check: DESCRIPTION meta-information
Result: NOTE
    Malformed Description field: should contain one or more complete sentences.
Flavors: r-devel-linux-x86_64-debian-clang, r-devel-linux-x86_64-debian-gcc, r-devel-linux-x86_64-fedora-clang, r-devel-linux-x86_64-fedora-gcc, r-devel-osx-x86_64-clang, r-prerel-windows-ix86+x86_64, r-prerel-linux-x86_64, r-prerel-solaris-sparc, r-prerel-solaris-x86