CRAN Package Check Results for Package pmcgd

Last updated on 2015-05-23 05:47:58.

Flavor Version Tinstall Tcheck Ttotal Status Flags
r-devel-linux-x86_64-debian-clang 1.1 0.56 14.44 15.00 NOTE
r-devel-linux-x86_64-debian-gcc 1.1 0.56 13.07 13.62 NOTE
r-devel-linux-x86_64-fedora-clang 1.1 27.07 NOTE
r-devel-linux-x86_64-fedora-gcc 1.1 24.28 NOTE
r-devel-osx-x86_64-clang 1.1 28.04 NOTE
r-devel-windows-ix86+x86_64 1.1 4.00 21.00 25.00 NOTE
r-patched-linux-x86_64 1.1 0.55 12.95 13.50 NOTE
r-patched-solaris-sparc 1.1 168.50 NOTE
r-patched-solaris-x86 1.1 37.90 NOTE
r-release-linux-x86_64 1.1 0.58 13.77 14.35 NOTE
r-release-osx-x86_64-mavericks 1.1 NOTE
r-release-osx-x86_64-snowleopard 1.1 NOTE
r-release-windows-ix86+x86_64 1.1 2.00 26.00 28.00 NOTE
r-oldrel-windows-ix86+x86_64 1.1 3.00 25.00 28.00 OK

Check Details

Version: 1.1
Check: DESCRIPTION meta-information
Result: NOTE
    Malformed Description field: should contain one or more complete sentences.
Flavors: r-devel-linux-x86_64-debian-clang, r-devel-linux-x86_64-debian-gcc, r-devel-linux-x86_64-fedora-clang, r-devel-linux-x86_64-fedora-gcc, r-devel-osx-x86_64-clang, r-devel-windows-ix86+x86_64, r-patched-linux-x86_64, r-patched-solaris-sparc, r-patched-solaris-x86, r-release-linux-x86_64, r-release-osx-x86_64-mavericks, r-release-osx-x86_64-snowleopard, r-release-windows-ix86+x86_64