CRAN Package Check Results for Package pmcgd

Last updated on 2017-07-24 01:50:35.

Flavor Version Tinstall Tcheck Ttotal Status Flags
r-devel-linux-x86_64-debian-clang 1.1 0.67 22.47 23.14 NOTE
r-devel-linux-x86_64-debian-gcc 1.1 0.69 21.86 22.54 NOTE
r-devel-linux-x86_64-fedora-clang 1.1 28.65 NOTE
r-devel-linux-x86_64-fedora-gcc 1.1 28.02 NOTE
r-devel-windows-ix86+x86_64 1.1 3.00 33.00 36.00 NOTE
r-patched-linux-x86_64 1.1 0.62 22.03 22.65 NOTE
r-patched-solaris-x86 1.1 37.30 NOTE
r-release-linux-x86_64 1.1 0.62 21.76 22.38 NOTE
r-release-windows-ix86+x86_64 1.1 3.00 33.00 36.00 NOTE
r-release-osx-x86_64 1.1 NOTE
r-oldrel-windows-ix86+x86_64 1.1 3.00 32.00 35.00 NOTE
r-oldrel-osx-x86_64 1.1 NOTE

Check Details

Version: 1.1
Check: DESCRIPTION meta-information
Result: NOTE
    Malformed Description field: should contain one or more complete sentences.
Flavors: r-devel-linux-x86_64-debian-clang, r-devel-linux-x86_64-debian-gcc, r-devel-linux-x86_64-fedora-clang, r-devel-linux-x86_64-fedora-gcc, r-devel-windows-ix86+x86_64, r-patched-linux-x86_64, r-patched-solaris-x86, r-release-linux-x86_64, r-release-windows-ix86+x86_64, r-release-osx-x86_64, r-oldrel-windows-ix86+x86_64, r-oldrel-osx-x86_64

Version: 1.1
Check: R code for possible problems
Result: NOTE
    .MCM: no visible global function definition for ‘runif’
    .MCM: no visible global function definition for ‘rmultinom’
    .MCM: no visible global function definition for ‘mahalanobis’
    .MCM: no visible global function definition for ‘optimize’
    .MCM : f: no visible global function definition for ‘mahalanobis’
    .MCM: no visible global function definition for ‘alarm’
    .igpark: no visible global function definition for ‘kmeans’
    .loglik: no visible global function definition for ‘mahalanobis’
    .plot.gpcm: no visible global function definition for ‘plot’
    .plot.gpcm: no visible global function definition for ‘lines’
    .plot.gpcm: no visible global function definition for ‘legend’
    .rwgpar: no visible global function definition for ‘rexp’
    .weights: no visible global function definition for ‘mahalanobis’
    Undefined global functions or variables:
     alarm kmeans legend lines mahalanobis optimize plot rexp rmultinom
     runif
    Consider adding
     importFrom("graphics", "legend", "lines", "plot")
     importFrom("stats", "kmeans", "mahalanobis", "optimize", "rexp",
     "rmultinom", "runif")
     importFrom("utils", "alarm")
    to your NAMESPACE file.
Flavors: r-devel-linux-x86_64-debian-clang, r-devel-linux-x86_64-debian-gcc, r-devel-linux-x86_64-fedora-clang, r-devel-linux-x86_64-fedora-gcc, r-devel-windows-ix86+x86_64, r-patched-linux-x86_64, r-patched-solaris-x86, r-release-linux-x86_64, r-release-windows-ix86+x86_64, r-release-osx-x86_64, r-oldrel-windows-ix86+x86_64, r-oldrel-osx-x86_64