CRAN Package Check Results for Package pmcgd

Last updated on 2016-07-29 08:48:20.

Flavor Version Tinstall Tcheck Ttotal Status Flags
r-devel-linux-x86_64-debian-clang 1.1 0.58 13.79 14.37 NOTE
r-devel-linux-x86_64-debian-gcc 1.1 0.67 13.56 14.23 NOTE
r-devel-linux-x86_64-fedora-clang 1.1 24.40 NOTE
r-devel-linux-x86_64-fedora-gcc 1.1 21.66 NOTE
r-devel-osx-x86_64-clang 1.1 21.01 NOTE
r-devel-windows-ix86+x86_64 1.1 2.00 32.00 34.00 NOTE
r-patched-linux-x86_64 1.1 0.65 16.46 17.11 NOTE
r-patched-solaris-sparc 1.1 155.90 NOTE
r-patched-solaris-x86 1.1 32.10 NOTE
r-release-linux-x86_64 1.1 0.76 16.65 17.41 NOTE
r-release-osx-x86_64-mavericks 1.1 NOTE
r-release-windows-ix86+x86_64 1.1 3.00 39.00 42.00 NOTE
r-oldrel-windows-ix86+x86_64 1.1 3.00 37.00 40.00 NOTE

Check Details

Version: 1.1
Check: DESCRIPTION meta-information
Result: NOTE
    Malformed Description field: should contain one or more complete sentences.
Flavors: r-devel-linux-x86_64-debian-clang, r-devel-linux-x86_64-debian-gcc, r-devel-linux-x86_64-fedora-clang, r-devel-linux-x86_64-fedora-gcc, r-devel-osx-x86_64-clang, r-devel-windows-ix86+x86_64, r-patched-linux-x86_64, r-patched-solaris-sparc, r-patched-solaris-x86, r-release-linux-x86_64, r-release-osx-x86_64-mavericks, r-release-windows-ix86+x86_64, r-oldrel-windows-ix86+x86_64

Version: 1.1
Check: R code for possible problems
Result: NOTE
    .MCM: no visible global function definition for ‘runif’
    .MCM: no visible global function definition for ‘rmultinom’
    .MCM: no visible global function definition for ‘mahalanobis’
    .MCM: no visible global function definition for ‘optimize’
    .MCM : f: no visible global function definition for ‘mahalanobis’
    .MCM: no visible global function definition for ‘alarm’
    .igpark: no visible global function definition for ‘kmeans’
    .loglik: no visible global function definition for ‘mahalanobis’
    .plot.gpcm: no visible global function definition for ‘plot’
    .plot.gpcm: no visible global function definition for ‘lines’
    .plot.gpcm: no visible global function definition for ‘legend’
    .rwgpar: no visible global function definition for ‘rexp’
    .weights: no visible global function definition for ‘mahalanobis’
    Undefined global functions or variables:
     alarm kmeans legend lines mahalanobis optimize plot rexp rmultinom
     runif
    Consider adding
     importFrom("graphics", "legend", "lines", "plot")
     importFrom("stats", "kmeans", "mahalanobis", "optimize", "rexp",
     "rmultinom", "runif")
     importFrom("utils", "alarm")
    to your NAMESPACE file.
Flavors: r-devel-linux-x86_64-debian-clang, r-devel-linux-x86_64-debian-gcc, r-devel-linux-x86_64-fedora-clang, r-devel-linux-x86_64-fedora-gcc, r-devel-osx-x86_64-clang, r-devel-windows-ix86+x86_64, r-patched-linux-x86_64, r-patched-solaris-sparc, r-patched-solaris-x86, r-release-linux-x86_64, r-release-osx-x86_64-mavericks, r-release-windows-ix86+x86_64