CRAN Package Check Results for Package pmclust

Last updated on 2017-04-29 15:48:13.

Flavor Version Tinstall Tcheck Ttotal Status Flags
r-devel-linux-x86_64-debian-clang 0.1-9 2.70 39.30 42.00 NOTE
r-devel-linux-x86_64-debian-gcc 0.1-9 3.02 37.93 40.94 NOTE
r-devel-linux-x86_64-fedora-clang 0.1-9 67.23 NOTE --no-stop-on-test-error
r-devel-linux-x86_64-fedora-gcc 0.1-9 63.54 NOTE --no-stop-on-test-error
r-devel-windows-ix86+x86_64 0.1-9 21.00 109.00 130.00 OK
r-patched-linux-x86_64 0.1-9 2.79 38.22 41.01 NOTE
r-patched-solaris-sparc 0.1-9 387.50 OK
r-patched-solaris-x86 0.1-9 82.90 OK
r-release-linux-x86_64 0.1-9 2.73 37.80 40.53 NOTE
r-release-windows-ix86+x86_64 0.1-9 22.00 105.00 127.00 OK
r-release-osx-x86_64 0.1-9 ERROR
r-oldrel-windows-ix86+x86_64 0.1-9 23.00 99.00 122.00 OK
r-oldrel-osx-x86_64 0.1-9 ERROR

Check Details

Version: 0.1-9
Check: compiled code
Result: NOTE
    File ‘pmclust/libs/pmclust.so’:
     Found no calls to: ‘R_registerRoutines’, ‘R_useDynamicSymbols’
    
    It is good practice to register native routines and to disable symbol
    search.
    
    See ‘Writing portable packages’ in the ‘Writing R Extensions’ manual.
Flavors: r-devel-linux-x86_64-debian-clang, r-devel-linux-x86_64-debian-gcc, r-patched-linux-x86_64, r-release-linux-x86_64

Version: 0.1-9
Flags: --no-stop-on-test-error
Check: compiled code
Result: NOTE
    File ‘pmclust/libs/pmclust.so’:
     Found no calls to: ‘R_registerRoutines’, ‘R_useDynamicSymbols’
    
    It is good practice to register native routines and to disable symbol
    search.
    
    See ‘Writing portable packages’ in the ‘Writing R Extensions’ manual.
Flavors: r-devel-linux-x86_64-fedora-clang, r-devel-linux-x86_64-fedora-gcc

Version: 0.1-9
Check: package dependencies
Result: ERROR
    Packages required but not available: ‘pbdMPI’ ‘pbdBASE’ ‘pbdDMAT’
    
    See section ‘The DESCRIPTION file’ in the ‘Writing R Extensions’
    manual.
Flavors: r-release-osx-x86_64, r-oldrel-osx-x86_64