CRAN Package Check Results for Package pmclust

Last updated on 2017-01-20 19:47:15.

Flavor Version Tinstall Tcheck Ttotal Status Flags
r-devel-linux-x86_64-debian-clang 0.1-9 2.94 38.77 41.71 OK
r-devel-linux-x86_64-debian-gcc 0.1-9 3.15 38.87 42.02 OK
r-devel-linux-x86_64-fedora-clang 0.1-9 65.50 OK --no-stop-on-test-error
r-devel-linux-x86_64-fedora-gcc 0.1-9 65.98 OK --no-stop-on-test-error
r-devel-macos-x86_64-clang 0.1-9 53.34 OK --no-stop-on-test-error
r-devel-windows-ix86+x86_64 0.1-9 19.00 109.00 128.00 OK
r-patched-linux-x86_64 0.1-9 2.87 36.14 39.01 OK
r-patched-solaris-sparc 0.1-9 348.90 OK
r-patched-solaris-x86 0.1-9 73.50 OK
r-release-linux-x86_64 0.1-9 2.65 36.09 38.75 OK
r-release-osx-x86_64-mavericks 0.1-9 ERROR
r-release-windows-ix86+x86_64 0.1-9 11.00 91.00 102.00 OK

Check Details

Version: 0.1-9
Check: package dependencies
Result: ERROR
    Packages required but not available: ‘pbdMPI’ ‘pbdBASE’ ‘pbdDMAT’
    
    See section ‘The DESCRIPTION file’ in the ‘Writing R Extensions’
    manual.
Flavor: r-release-osx-x86_64-mavericks