CRAN Package Check Results for Package pmclust

Last updated on 2017-02-20 13:51:07.

Flavor Version Tinstall Tcheck Ttotal Status Flags
r-devel-linux-x86_64-debian-clang 0.1-9 2.92 40.38 43.30 NOTE
r-devel-linux-x86_64-debian-gcc 0.1-9 3.12 39.61 42.73 NOTE
r-devel-linux-x86_64-fedora-clang 0.1-9 64.24 NOTE --no-stop-on-test-error
r-devel-linux-x86_64-fedora-gcc 0.1-9 63.57 NOTE --no-stop-on-test-error
r-devel-macos-x86_64-clang 0.1-9 54.31 NOTE --no-stop-on-test-error
r-devel-windows-ix86+x86_64 0.1-9 18.00 104.00 122.00 OK
r-patched-linux-x86_64 0.1-9 2.70 37.71 40.40 OK
r-patched-solaris-sparc 0.1-9 348.90 OK
r-patched-solaris-x86 0.1-9 74.00 OK
r-release-linux-x86_64 0.1-9 3.02 37.55 40.58 OK
r-release-osx-x86_64-mavericks 0.1-9 ERROR
r-release-windows-ix86+x86_64 0.1-9 9.00 72.00 81.00 OK

Check Details

Version: 0.1-9
Check: compiled code
Result: NOTE
    File ‘pmclust/libs/pmclust.so’:
     Found no calls to: ‘R_registerRoutines’, ‘R_useDynamicSymbols’
    
    It is good practice to register native routines and to disable symbol
    search.
    
    See ‘Writing portable packages’ in the ‘Writing R Extensions’ manual.
Flavors: r-devel-linux-x86_64-debian-clang, r-devel-linux-x86_64-debian-gcc

Version: 0.1-9
Flags: --no-stop-on-test-error
Check: compiled code
Result: NOTE
    File ‘pmclust/libs/pmclust.so’:
     Found no calls to: ‘R_registerRoutines’, ‘R_useDynamicSymbols’
    
    It is good practice to register native routines and to disable symbol
    search.
    
    See ‘Writing portable packages’ in the ‘Writing R Extensions’ manual.
Flavors: r-devel-linux-x86_64-fedora-clang, r-devel-linux-x86_64-fedora-gcc, r-devel-macos-x86_64-clang

Version: 0.1-9
Check: package dependencies
Result: ERROR
    Packages required but not available: ‘pbdMPI’ ‘pbdBASE’ ‘pbdDMAT’
    
    See section ‘The DESCRIPTION file’ in the ‘Writing R Extensions’
    manual.
Flavor: r-release-osx-x86_64-mavericks