CRAN Package Check Results for Package pmclust

Last updated on 2014-07-24 01:47:59.

Flavor Version Tinstall Tcheck Ttotal Status Flags
r-devel-linux-x86_64-debian-clang 0.1-6 1.79 28.73 30.52 OK
r-devel-linux-x86_64-debian-gcc 0.1-6 1.80 27.93 29.73 OK
r-devel-linux-x86_64-fedora-clang 0.1-6 58.66 OK
r-devel-linux-x86_64-fedora-gcc 0.1-6 55.61 OK
r-devel-osx-x86_64-clang 0.1-6 56.33 OK
r-patched-linux-x86_64 0.1-6 1.88 27.80 29.68 OK
r-patched-solaris-sparc 0.1-6 309.40 OK
r-patched-solaris-x86 0.1-6 75.10 OK
r-release-linux-ix86 0.1-6 2.26 37.76 40.02 OK
r-release-linux-x86_64 0.1-6 1.78 29.67 31.45 OK
r-release-osx-x86_64-mavericks 0.1-6 ERROR
r-release-osx-x86_64-snowleopard 0.1-6 NOTE

Check Details

Version: 0.1-6
Check: package dependencies
Result: ERROR
    Package required but not available: ‘pbdMPI’
    
    Packages which this enhances but not available for checking:
     ‘pbdSLAP’ ‘pbdBASE’ ‘pbdDMAT’
    
    See the information on DESCRIPTION files in the chapter ‘Creating R
    packages’ of the ‘Writing R Extensions’ manual.
Flavor: r-release-osx-x86_64-mavericks

Version: 0.1-6
Check: package dependencies
Result: NOTE
    Package which this enhances but not available for checking: ‘pbdBASE’
Flavor: r-release-osx-x86_64-snowleopard