CRAN Package Check Results for Package pmclust

Last updated on 2017-08-24 02:48:23.

Flavor Version Tinstall Tcheck Ttotal Status Flags
r-devel-linux-x86_64-debian-clang 0.1-9 2.77 39.39 42.17 NOTE
r-devel-linux-x86_64-debian-gcc 0.1-9 2.81 38.07 40.88 NOTE
r-devel-linux-x86_64-fedora-clang 0.1-9 66.65 NOTE
r-devel-linux-x86_64-fedora-gcc 0.1-9 63.90 NOTE
r-devel-windows-ix86+x86_64 0.1-9 18.00 79.00 97.00 OK
r-patched-linux-x86_64 0.1-9 2.76 38.58 41.34 NOTE
r-patched-solaris-x86 0.1-9 83.80 OK
r-release-linux-x86_64 0.1-9 3.02 38.56 41.59 NOTE
r-release-windows-ix86+x86_64 0.1-9 12.00 105.00 117.00 OK
r-release-osx-x86_64 0.1-9 ERROR
r-oldrel-windows-ix86+x86_64 0.1-9 15.00 100.00 115.00 OK
r-oldrel-osx-x86_64 0.1-9 ERROR

Check Details

Version: 0.1-9
Check: compiled code
Result: NOTE
    File ‘pmclust/libs/pmclust.so’:
     Found no calls to: ‘R_registerRoutines’, ‘R_useDynamicSymbols’
    
    It is good practice to register native routines and to disable symbol
    search.
    
    See ‘Writing portable packages’ in the ‘Writing R Extensions’ manual.
Flavors: r-devel-linux-x86_64-debian-clang, r-devel-linux-x86_64-debian-gcc, r-devel-linux-x86_64-fedora-clang, r-devel-linux-x86_64-fedora-gcc, r-patched-linux-x86_64, r-release-linux-x86_64

Version: 0.1-9
Check: package dependencies
Result: ERROR
    Packages required but not available: ‘pbdMPI’ ‘pbdBASE’ ‘pbdDMAT’
    
    See section ‘The DESCRIPTION file’ in the ‘Writing R Extensions’
    manual.
Flavors: r-release-osx-x86_64, r-oldrel-osx-x86_64