CRAN Package Check Results for Package pmclust

Last updated on 2016-09-25 10:47:02.

Flavor Version Tinstall Tcheck Ttotal Status Flags
r-devel-linux-x86_64-debian-clang 0.1-8 2.58 33.04 35.62 OK
r-devel-linux-x86_64-debian-gcc 0.1-8 2.51 32.89 35.40 OK
r-devel-linux-x86_64-fedora-clang 0.1-8 57.99 OK
r-devel-linux-x86_64-fedora-gcc 0.1-8 55.52 OK
r-devel-macos-x86_64-clang 0.1-8 47.62 OK
r-devel-windows-ix86+x86_64 0.1-8 10.00 90.00 100.00 OK
r-patched-linux-x86_64 0.1-8 2.42 32.91 35.33 OK
r-patched-solaris-sparc 0.1-8 325.00 OK
r-patched-solaris-x86 0.1-8 71.30 OK
r-release-linux-x86_64 0.1-8 2.38 33.38 35.75 OK
r-release-osx-x86_64-mavericks 0.1-8 ERROR
r-release-windows-ix86+x86_64 0.1-8 10.00 69.00 79.00 OK

Check Details

Version: 0.1-8
Check: package dependencies
Result: ERROR
    Packages required but not available: ‘pbdMPI’ ‘pbdBASE’ ‘pbdDMAT’
    
    See section ‘The DESCRIPTION file’ in the ‘Writing R Extensions’
    manual.
Flavor: r-release-osx-x86_64-mavericks