CRAN Package Check Results for Package pmclust

Last updated on 2016-12-04 16:47:22.

Flavor Version Tinstall Tcheck Ttotal Status Flags
r-devel-linux-x86_64-debian-clang 0.1-8 2.95 39.41 42.36 OK
r-devel-linux-x86_64-debian-gcc 0.1-8 2.72 39.35 42.07 OK
r-devel-linux-x86_64-fedora-clang 0.1-8 68.12 OK --no-stop-on-test-error
r-devel-linux-x86_64-fedora-gcc 0.1-8 66.60 OK
r-devel-macos-x86_64-clang 0.1-8 54.93 OK
r-devel-windows-ix86+x86_64 0.1-8 11.00 124.00 135.00 OK
r-patched-linux-x86_64 0.1-8 2.42 35.98 38.40 OK
r-patched-solaris-sparc 0.1-8 325.00 OK
r-patched-solaris-x86 0.1-8 71.90 OK
r-release-linux-x86_64 0.1-8 2.62 35.81 38.43 OK
r-release-osx-x86_64-mavericks 0.1-8 ERROR
r-release-windows-ix86+x86_64 0.1-8 18.00 73.00 91.00 OK

Check Details

Version: 0.1-8
Check: package dependencies
Result: ERROR
    Packages required but not available: ‘pbdMPI’ ‘pbdBASE’ ‘pbdDMAT’
    
    See section ‘The DESCRIPTION file’ in the ‘Writing R Extensions’
    manual.
Flavor: r-release-osx-x86_64-mavericks