CRAN Package Check Results for Package pmclust

Last updated on 2014-10-31 17:49:18.

Flavor Version Tinstall Tcheck Ttotal Status Flags
r-devel-linux-x86_64-debian-clang 0.1-6 1.80 30.96 32.76 NOTE
r-devel-linux-x86_64-debian-gcc 0.1-6 1.72 29.93 31.65 NOTE
r-devel-linux-x86_64-fedora-clang 0.1-6 53.72 NOTE
r-devel-linux-x86_64-fedora-gcc 0.1-6 52.17 NOTE
r-devel-osx-x86_64-clang 0.1-6 57.65 NOTE
r-patched-linux-x86_64 0.1-6 1.86 28.94 30.80 NOTE
r-patched-solaris-sparc 0.1-6 315.50 NOTE
r-patched-solaris-x86 0.1-6 74.90 NOTE
r-release-linux-ix86 0.1-6 2.30 36.99 39.28 OK
r-release-linux-x86_64 0.1-6 1.90 28.82 30.72 OK
r-release-osx-x86_64-mavericks 0.1-6 ERROR
r-release-osx-x86_64-snowleopard 0.1-6 NOTE

Check Details

Version: 0.1-6
Check: R code for possible problems
Result: NOTE
    aecm.onestep.spmd: no visible binding for global variable ‘.pmclustEnv’
    apecm.onestep.spmd: no visible binding for global variable
     ‘.pmclustEnv’
    apecma.onestep.spmd: no visible binding for global variable
     ‘.pmclustEnv’
    as.dmat: no visible binding for global variable ‘.SPMD.CT’
    as.gbd: no visible binding for global variable ‘.SPMD.CT’
    as.spmd: no visible binding for global variable ‘.SPMD.CT’
    balance.info: no visible binding for global variable ‘.SPMD.CT’
    check.em.convergence: no visible binding for global variable
     ‘.pmclustEnv’
    check.kmeans.convergence: no visible binding for global variable
     ‘.pmclustEnv’
    cm.step.spmd.ETA: no visible binding for global variable ‘.pmclustEnv’
    cm.step.spmd.ETA.MU.SIGMA.k: no visible binding for global variable
     ‘.pmclustEnv’
    cm.step.spmd.MU: no visible binding for global variable ‘.pmclustEnv’
    cm.step.spmd.MU.SIGMA.k: no visible binding for global variable
     ‘.pmclustEnv’
    cm.step.spmd.SIGMA: no visible binding for global variable
     ‘.pmclustEnv’
    convert.data: no visible binding for global variable ‘.PMC.CT’
    convert.data: no visible binding for global variable ‘.SPMD.CT’
    decompsigma: no visible binding for global variable ‘.pmclustEnv’
    em.onestep: no visible binding for global variable ‘.pmclustEnv’
    em.onestep.dmat: no visible binding for global variable ‘.pmclustEnv’
    em.onestep.spmd: no visible binding for global variable ‘.pmclustEnv’
    get.CLASS: no visible binding for global variable ‘.pmclustEnv’
    get.N.CLASS: no visible binding for global variable ‘.pmclustEnv’
    get.N.CLASS.dmat: no visible binding for global variable ‘.pmclustEnv’
    indep.logL: no visible binding for global variable ‘.pmclustEnv’
    indep.logL.dmat: no visible binding for global variable ‘.pmclustEnv’
    initial.RndEM: no visible binding for global variable ‘.pmclustEnv’
    initial.RndEM.dmat: no visible binding for global variable
     ‘.pmclustEnv’
    initial.RndEM.spmd: no visible binding for global variable
     ‘.pmclustEnv’
    initial.em: no visible binding for global variable ‘.pmclustEnv’
    initial.em.dmat: no visible binding for global variable ‘.pmclustEnv’
    initial.em.spmd: no visible binding for global variable ‘.pmclustEnv’
    kmeans.m.step.dmat: no visible binding for global variable
     ‘.pmclustEnv’
    kmeans.m.step.spmd: no visible binding for global variable
     ‘.pmclustEnv’
    kmeans.onestep.dmat: no visible binding for global variable
     ‘.pmclustEnv’
    kmeans.onestep.spmd: no visible binding for global variable
     ‘.pmclustEnv’
    load.balance: no visible binding for global variable ‘.SPMD.CT’
    logL.step.dmat: no visible binding for global variable ‘.pmclustEnv’
    logL.step.spmd: no visible binding for global variable ‘.pmclustEnv’
    m.step: no visible binding for global variable ‘.pmclustEnv’
    m.step.dmat: no visible binding for global variable ‘.pmclustEnv’
    m.step.spmd: no visible binding for global variable ‘.pmclustEnv’
    mb.print: no visible binding for global variable ‘.PMC.CT’
    mb.print: no visible binding for global variable ‘.pmclustEnv’
    pkmeans: no visible binding for global variable ‘.PMC.CT’
    pkmeans: no visible binding for global variable ‘.SPMD.CT’
    pmclust: no visible binding for global variable ‘.PMC.CT’
    pmclust: no visible binding for global variable ‘.SPMD.CT’
    pmclust.internal: no visible binding for global variable ‘.PMC.CT’
    pmclust.internal: no visible binding for global variable ‘.SPMD.CT’
    pmclust.internal.dmat: no visible binding for global variable ‘.PMC.CT’
    pmclust.internal.dmat: no visible binding for global variable
     ‘.SPMD.CT’
    set.global: no visible binding for global variable ‘.PMC.CT’
    set.global.dmat: no visible binding for global variable ‘.PMC.CT’
    set.global.gbd: no visible binding for global variable ‘.PMC.CT’
    unload.balance: no visible binding for global variable ‘.SPMD.CT’
Flavors: r-devel-linux-x86_64-debian-clang, r-devel-linux-x86_64-debian-gcc, r-devel-linux-x86_64-fedora-clang, r-devel-linux-x86_64-fedora-gcc, r-devel-osx-x86_64-clang, r-patched-linux-x86_64, r-patched-solaris-sparc, r-patched-solaris-x86

Version: 0.1-6
Check: package dependencies
Result: ERROR
    Package required but not available: ‘pbdMPI’
    
    Packages which this enhances but not available for checking:
     ‘pbdSLAP’ ‘pbdBASE’ ‘pbdDMAT’
    
    See the information on DESCRIPTION files in the chapter ‘Creating R
    packages’ of the ‘Writing R Extensions’ manual.
Flavor: r-release-osx-x86_64-mavericks

Version: 0.1-6
Check: package dependencies
Result: NOTE
    Package which this enhances but not available for checking: ‘pbdBASE’
Flavor: r-release-osx-x86_64-snowleopard