CRAN Package Check Results for Package pmclust

Last updated on 2015-08-31 08:47:00.

Flavor Version Tinstall Tcheck Ttotal Status Flags
r-devel-linux-x86_64-debian-clang 0.1-6 1.72 26.81 28.53 NOTE
r-devel-linux-x86_64-debian-gcc 0.1-6 1.71 25.74 27.46 NOTE
r-devel-linux-x86_64-fedora-clang 0.1-6 48.00 NOTE
r-devel-linux-x86_64-fedora-gcc 0.1-6 45.29 NOTE
r-devel-osx-x86_64-clang 0.1-6 46.23 NOTE
r-patched-linux-x86_64 0.1-6 1.69 26.76 28.45 NOTE
r-patched-solaris-sparc 0.1-6 314.10 NOTE
r-patched-solaris-x86 0.1-6 72.50 NOTE
r-release-linux-x86_64 0.1-6 1.90 26.48 28.37 NOTE
r-release-osx-x86_64-mavericks 0.1-6 ERROR

Check Details

Version: 0.1-6
Check: R code for possible problems
Result: NOTE
    aecm.onestep.spmd: no visible binding for global variable ‘.pmclustEnv’
    apecm.onestep.spmd: no visible binding for global variable
     ‘.pmclustEnv’
    apecma.onestep.spmd: no visible binding for global variable
     ‘.pmclustEnv’
    as.dmat: no visible binding for global variable ‘.SPMD.CT’
    as.gbd: no visible binding for global variable ‘.SPMD.CT’
    as.spmd: no visible binding for global variable ‘.SPMD.CT’
    balance.info: no visible binding for global variable ‘.SPMD.CT’
    check.em.convergence: no visible binding for global variable
     ‘.pmclustEnv’
    check.kmeans.convergence: no visible binding for global variable
     ‘.pmclustEnv’
    cm.step.spmd.ETA: no visible binding for global variable ‘.pmclustEnv’
    cm.step.spmd.ETA.MU.SIGMA.k: no visible binding for global variable
     ‘.pmclustEnv’
    cm.step.spmd.MU: no visible binding for global variable ‘.pmclustEnv’
    cm.step.spmd.MU.SIGMA.k: no visible binding for global variable
     ‘.pmclustEnv’
    cm.step.spmd.SIGMA: no visible binding for global variable
     ‘.pmclustEnv’
    convert.data: no visible binding for global variable ‘.PMC.CT’
    convert.data: no visible binding for global variable ‘.SPMD.CT’
    decompsigma: no visible binding for global variable ‘.pmclustEnv’
    em.onestep: no visible binding for global variable ‘.pmclustEnv’
    em.onestep.dmat: no visible binding for global variable ‘.pmclustEnv’
    em.onestep.spmd: no visible binding for global variable ‘.pmclustEnv’
    generate.basic: no visible global function definition for ‘rnorm’
    generate.basic.spmd: no visible global function definition for ‘rnorm’
    get.CLASS: no visible binding for global variable ‘.pmclustEnv’
    get.N.CLASS: no visible binding for global variable ‘.pmclustEnv’
    get.N.CLASS.dmat: no visible binding for global variable ‘.pmclustEnv’
    indep.logL: no visible binding for global variable ‘.pmclustEnv’
    indep.logL.dmat: no visible binding for global variable ‘.pmclustEnv’
    initial.RndEM: no visible binding for global variable ‘.pmclustEnv’
    initial.RndEM.dmat: no visible binding for global variable
     ‘.pmclustEnv’
    initial.RndEM.spmd: no visible binding for global variable
     ‘.pmclustEnv’
    initial.em: no visible binding for global variable ‘.pmclustEnv’
    initial.em.dmat: no visible binding for global variable ‘.pmclustEnv’
    initial.em.spmd: no visible binding for global variable ‘.pmclustEnv’
    kmeans.m.step.dmat: no visible binding for global variable
     ‘.pmclustEnv’
    kmeans.m.step.spmd: no visible binding for global variable
     ‘.pmclustEnv’
    kmeans.onestep.dmat: no visible binding for global variable
     ‘.pmclustEnv’
    kmeans.onestep.spmd: no visible binding for global variable
     ‘.pmclustEnv’
    load.balance: no visible binding for global variable ‘.SPMD.CT’
    logL.step.dmat: no visible binding for global variable ‘.pmclustEnv’
    logL.step.spmd: no visible binding for global variable ‘.pmclustEnv’
    m.step: no visible binding for global variable ‘.pmclustEnv’
    m.step.dmat: no visible binding for global variable ‘.pmclustEnv’
    m.step.spmd: no visible binding for global variable ‘.pmclustEnv’
    mb.print: no visible binding for global variable ‘.PMC.CT’
    mb.print: no visible binding for global variable ‘.pmclustEnv’
    pkmeans: no visible binding for global variable ‘.PMC.CT’
    pkmeans: no visible binding for global variable ‘.SPMD.CT’
    pmclust: no visible binding for global variable ‘.PMC.CT’
    pmclust: no visible binding for global variable ‘.SPMD.CT’
    pmclust.internal: no visible binding for global variable ‘.PMC.CT’
    pmclust.internal: no visible binding for global variable ‘.SPMD.CT’
    pmclust.internal.dmat: no visible binding for global variable ‘.PMC.CT’
    pmclust.internal.dmat: no visible binding for global variable
     ‘.SPMD.CT’
    set.global: no visible binding for global variable ‘.PMC.CT’
    set.global.dmat: no visible binding for global variable ‘.PMC.CT’
    set.global.gbd: no visible binding for global variable ‘.PMC.CT’
    unload.balance: no visible binding for global variable ‘.SPMD.CT’
    Undefined global functions or variables:
     .PMC.CT .SPMD.CT .pmclustEnv rnorm
    Consider adding
     importFrom("stats", "rnorm")
    to your NAMESPACE.
Flavors: r-devel-linux-x86_64-debian-clang, r-devel-linux-x86_64-debian-gcc, r-devel-linux-x86_64-fedora-clang, r-devel-linux-x86_64-fedora-gcc

Version: 0.1-6
Check: R code for possible problems
Result: NOTE
    aecm.onestep.spmd: no visible binding for global variable ‘.pmclustEnv’
    apecm.onestep.spmd: no visible binding for global variable
     ‘.pmclustEnv’
    apecma.onestep.spmd: no visible binding for global variable
     ‘.pmclustEnv’
    as.dmat: no visible binding for global variable ‘.SPMD.CT’
    as.gbd: no visible binding for global variable ‘.SPMD.CT’
    as.spmd: no visible binding for global variable ‘.SPMD.CT’
    balance.info: no visible binding for global variable ‘.SPMD.CT’
    check.em.convergence: no visible binding for global variable
     ‘.pmclustEnv’
    check.kmeans.convergence: no visible binding for global variable
     ‘.pmclustEnv’
    cm.step.spmd.ETA: no visible binding for global variable ‘.pmclustEnv’
    cm.step.spmd.ETA.MU.SIGMA.k: no visible binding for global variable
     ‘.pmclustEnv’
    cm.step.spmd.MU: no visible binding for global variable ‘.pmclustEnv’
    cm.step.spmd.MU.SIGMA.k: no visible binding for global variable
     ‘.pmclustEnv’
    cm.step.spmd.SIGMA: no visible binding for global variable
     ‘.pmclustEnv’
    convert.data: no visible binding for global variable ‘.PMC.CT’
    convert.data: no visible binding for global variable ‘.SPMD.CT’
    decompsigma: no visible binding for global variable ‘.pmclustEnv’
    em.onestep: no visible binding for global variable ‘.pmclustEnv’
    em.onestep.dmat: no visible binding for global variable ‘.pmclustEnv’
    em.onestep.spmd: no visible binding for global variable ‘.pmclustEnv’
    get.CLASS: no visible binding for global variable ‘.pmclustEnv’
    get.N.CLASS: no visible binding for global variable ‘.pmclustEnv’
    get.N.CLASS.dmat: no visible binding for global variable ‘.pmclustEnv’
    indep.logL: no visible binding for global variable ‘.pmclustEnv’
    indep.logL.dmat: no visible binding for global variable ‘.pmclustEnv’
    initial.RndEM: no visible binding for global variable ‘.pmclustEnv’
    initial.RndEM.dmat: no visible binding for global variable
     ‘.pmclustEnv’
    initial.RndEM.spmd: no visible binding for global variable
     ‘.pmclustEnv’
    initial.em: no visible binding for global variable ‘.pmclustEnv’
    initial.em.dmat: no visible binding for global variable ‘.pmclustEnv’
    initial.em.spmd: no visible binding for global variable ‘.pmclustEnv’
    kmeans.m.step.dmat: no visible binding for global variable
     ‘.pmclustEnv’
    kmeans.m.step.spmd: no visible binding for global variable
     ‘.pmclustEnv’
    kmeans.onestep.dmat: no visible binding for global variable
     ‘.pmclustEnv’
    kmeans.onestep.spmd: no visible binding for global variable
     ‘.pmclustEnv’
    load.balance: no visible binding for global variable ‘.SPMD.CT’
    logL.step.dmat: no visible binding for global variable ‘.pmclustEnv’
    logL.step.spmd: no visible binding for global variable ‘.pmclustEnv’
    m.step: no visible binding for global variable ‘.pmclustEnv’
    m.step.dmat: no visible binding for global variable ‘.pmclustEnv’
    m.step.spmd: no visible binding for global variable ‘.pmclustEnv’
    mb.print: no visible binding for global variable ‘.PMC.CT’
    mb.print: no visible binding for global variable ‘.pmclustEnv’
    pkmeans: no visible binding for global variable ‘.PMC.CT’
    pkmeans: no visible binding for global variable ‘.SPMD.CT’
    pmclust: no visible binding for global variable ‘.PMC.CT’
    pmclust: no visible binding for global variable ‘.SPMD.CT’
    pmclust.internal: no visible binding for global variable ‘.PMC.CT’
    pmclust.internal: no visible binding for global variable ‘.SPMD.CT’
    pmclust.internal.dmat: no visible binding for global variable ‘.PMC.CT’
    pmclust.internal.dmat: no visible binding for global variable
     ‘.SPMD.CT’
    set.global: no visible binding for global variable ‘.PMC.CT’
    set.global.dmat: no visible binding for global variable ‘.PMC.CT’
    set.global.gbd: no visible binding for global variable ‘.PMC.CT’
    unload.balance: no visible binding for global variable ‘.SPMD.CT’
    Undefined global functions or variables:
     .PMC.CT .SPMD.CT .pmclustEnv
Flavor: r-devel-osx-x86_64-clang

Version: 0.1-6
Check: R code for possible problems
Result: NOTE
    aecm.onestep.spmd: no visible binding for global variable ‘.pmclustEnv’
    apecm.onestep.spmd: no visible binding for global variable
     ‘.pmclustEnv’
    apecma.onestep.spmd: no visible binding for global variable
     ‘.pmclustEnv’
    as.dmat: no visible binding for global variable ‘.SPMD.CT’
    as.gbd: no visible binding for global variable ‘.SPMD.CT’
    as.spmd: no visible binding for global variable ‘.SPMD.CT’
    balance.info: no visible binding for global variable ‘.SPMD.CT’
    check.em.convergence: no visible binding for global variable
     ‘.pmclustEnv’
    check.kmeans.convergence: no visible binding for global variable
     ‘.pmclustEnv’
    cm.step.spmd.ETA: no visible binding for global variable ‘.pmclustEnv’
    cm.step.spmd.ETA.MU.SIGMA.k: no visible binding for global variable
     ‘.pmclustEnv’
    cm.step.spmd.MU: no visible binding for global variable ‘.pmclustEnv’
    cm.step.spmd.MU.SIGMA.k: no visible binding for global variable
     ‘.pmclustEnv’
    cm.step.spmd.SIGMA: no visible binding for global variable
     ‘.pmclustEnv’
    convert.data: no visible binding for global variable ‘.PMC.CT’
    convert.data: no visible binding for global variable ‘.SPMD.CT’
    decompsigma: no visible binding for global variable ‘.pmclustEnv’
    em.onestep: no visible binding for global variable ‘.pmclustEnv’
    em.onestep.dmat: no visible binding for global variable ‘.pmclustEnv’
    em.onestep.spmd: no visible binding for global variable ‘.pmclustEnv’
    get.CLASS: no visible binding for global variable ‘.pmclustEnv’
    get.N.CLASS: no visible binding for global variable ‘.pmclustEnv’
    get.N.CLASS.dmat: no visible binding for global variable ‘.pmclustEnv’
    indep.logL: no visible binding for global variable ‘.pmclustEnv’
    indep.logL.dmat: no visible binding for global variable ‘.pmclustEnv’
    initial.RndEM: no visible binding for global variable ‘.pmclustEnv’
    initial.RndEM.dmat: no visible binding for global variable
     ‘.pmclustEnv’
    initial.RndEM.spmd: no visible binding for global variable
     ‘.pmclustEnv’
    initial.em: no visible binding for global variable ‘.pmclustEnv’
    initial.em.dmat: no visible binding for global variable ‘.pmclustEnv’
    initial.em.spmd: no visible binding for global variable ‘.pmclustEnv’
    kmeans.m.step.dmat: no visible binding for global variable
     ‘.pmclustEnv’
    kmeans.m.step.spmd: no visible binding for global variable
     ‘.pmclustEnv’
    kmeans.onestep.dmat: no visible binding for global variable
     ‘.pmclustEnv’
    kmeans.onestep.spmd: no visible binding for global variable
     ‘.pmclustEnv’
    load.balance: no visible binding for global variable ‘.SPMD.CT’
    logL.step.dmat: no visible binding for global variable ‘.pmclustEnv’
    logL.step.spmd: no visible binding for global variable ‘.pmclustEnv’
    m.step: no visible binding for global variable ‘.pmclustEnv’
    m.step.dmat: no visible binding for global variable ‘.pmclustEnv’
    m.step.spmd: no visible binding for global variable ‘.pmclustEnv’
    mb.print: no visible binding for global variable ‘.PMC.CT’
    mb.print: no visible binding for global variable ‘.pmclustEnv’
    pkmeans: no visible binding for global variable ‘.PMC.CT’
    pkmeans: no visible binding for global variable ‘.SPMD.CT’
    pmclust: no visible binding for global variable ‘.PMC.CT’
    pmclust: no visible binding for global variable ‘.SPMD.CT’
    pmclust.internal: no visible binding for global variable ‘.PMC.CT’
    pmclust.internal: no visible binding for global variable ‘.SPMD.CT’
    pmclust.internal.dmat: no visible binding for global variable ‘.PMC.CT’
    pmclust.internal.dmat: no visible binding for global variable
     ‘.SPMD.CT’
    set.global: no visible binding for global variable ‘.PMC.CT’
    set.global.dmat: no visible binding for global variable ‘.PMC.CT’
    set.global.gbd: no visible binding for global variable ‘.PMC.CT’
    unload.balance: no visible binding for global variable ‘.SPMD.CT’
Flavors: r-patched-linux-x86_64, r-patched-solaris-sparc, r-patched-solaris-x86, r-release-linux-x86_64

Version: 0.1-6
Check: package dependencies
Result: ERROR
    Package required but not available: ‘pbdMPI’
    
    Packages which this enhances but not available for checking:
     ‘pbdSLAP’ ‘pbdBASE’ ‘pbdDMAT’
    
    See section ‘The DESCRIPTION file’ in the ‘Writing R Extensions’
    manual.
Flavor: r-release-osx-x86_64-mavericks