CRAN Package Check Results for Package pmclust

Last updated on 2014-08-01 01:48:24.

Flavor Version Tinstall Tcheck Ttotal Status Flags
r-devel-linux-x86_64-debian-clang 0.1-6 1.85 29.02 30.86 OK
r-devel-linux-x86_64-debian-gcc 0.1-6 1.88 28.47 30.35 OK
r-devel-linux-x86_64-fedora-clang 0.1-6 56.63 OK
r-devel-linux-x86_64-fedora-gcc 0.1-6 53.40 OK
r-devel-osx-x86_64-clang 0.1-6 57.81 OK
r-patched-linux-x86_64 0.1-6 2.05 28.04 30.09 OK
r-patched-solaris-sparc 0.1-6 321.00 OK
r-patched-solaris-x86 0.1-6 76.40 OK
r-release-linux-ix86 0.1-6 2.27 38.99 41.26 OK
r-release-linux-x86_64 0.1-6 1.80 28.46 30.26 OK
r-release-osx-x86_64-mavericks 0.1-6 ERROR
r-release-osx-x86_64-snowleopard 0.1-6 NOTE

Check Details

Version: 0.1-6
Check: package dependencies
Result: ERROR
    Package required but not available: pbdMPI
    
    Packages which this enhances but not available for checking:
     pbdSLAP pbdBASE pbdDMAT
    
    See the information on DESCRIPTION files in the chapter Creating R
    packages of the Writing R Extensions manual.
Flavor: r-release-osx-x86_64-mavericks

Version: 0.1-6
Check: package dependencies
Result: NOTE
    Package which this enhances but not available for checking: pbdBASE
Flavor: r-release-osx-x86_64-snowleopard