CRAN Package Check Results for Package pmclust

Last updated on 2014-04-24 03:47:50.

Flavor Version Tinstall Tcheck Ttotal Status Flags
r-devel-linux-x86_64-debian-clang 0.1-6 2.15 31.12 33.27 OK
r-devel-linux-x86_64-debian-gcc 0.1-6 2.06 30.49 32.55 OK
r-devel-linux-x86_64-fedora-clang 0.1-6 55.91 OK
r-devel-linux-x86_64-fedora-gcc 0.1-6 55.29 OK
r-devel-osx-x86_64-clang 0.1-6 58.87 OK
r-devel-osx-x86_64-gcc 0.1-6 OK
r-patched-linux-x86_64 0.1-6 1.96 31.72 33.68 OK
r-patched-solaris-sparc 0.1-6 309.40 OK
r-patched-solaris-x86 0.1-6 77.80 OK
r-release-linux-ix86 0.1-6 4.00 51.00 55.00 OK
r-release-linux-x86_64 0.1-6 2.19 31.83 34.02 OK
r-release-osx-x86_64-mavericks 0.1-6 ERROR
r-release-osx-x86_64-snowleopard 0.1-6 NOTE

Check Details

Version: 0.1-6
Check: package dependencies
Result: ERROR
    Package required but not available: ‘pbdMPI’
    
    Packages which this enhances but not available for checking:
     ‘pbdSLAP’ ‘pbdBASE’ ‘pbdDMAT’
    
    See the information on DESCRIPTION files in the chapter ‘Creating R
    packages’ of the ‘Writing R Extensions’ manual.
Flavor: r-release-osx-x86_64-mavericks

Version: 0.1-6
Check: package dependencies
Result: NOTE
    Package which this enhances but not available for checking: ‘pbdBASE’
Flavor: r-release-osx-x86_64-snowleopard