CRAN Package Check Results for Package pmclust

Last updated on 2017-03-23 23:51:00.

Flavor Version Tinstall Tcheck Ttotal Status Flags
r-devel-linux-x86_64-debian-clang 0.1-9 2.88 37.72 40.60 NOTE
r-devel-linux-x86_64-debian-gcc 0.1-9 2.90 37.34 40.24 NOTE
r-devel-linux-x86_64-fedora-clang 0.1-9 66.68 NOTE --no-stop-on-test-error
r-devel-linux-x86_64-fedora-gcc 0.1-9 64.78 NOTE --no-stop-on-test-error
r-devel-macos-x86_64-clang 0.1-9 53.27 NOTE --no-stop-on-test-error
r-devel-windows-ix86+x86_64 0.1-9 10.00 109.00 119.00 OK
r-patched-linux-x86_64 0.1-9 2.92 35.40 38.32 OK
r-patched-solaris-sparc 0.1-9 387.50 OK
r-patched-solaris-x86 0.1-9 84.30 OK
r-release-linux-x86_64 0.1-9 2.65 35.31 37.96 OK
r-release-osx-x86_64-mavericks 0.1-9 ERROR
r-release-windows-ix86+x86_64 0.1-9 21.00 73.00 94.00 OK

Check Details

Version: 0.1-9
Check: compiled code
Result: NOTE
    File ‘pmclust/libs/pmclust.so’:
     Found no calls to: ‘R_registerRoutines’, ‘R_useDynamicSymbols’
    
    It is good practice to register native routines and to disable symbol
    search.
    
    See ‘Writing portable packages’ in the ‘Writing R Extensions’ manual.
Flavors: r-devel-linux-x86_64-debian-clang, r-devel-linux-x86_64-debian-gcc

Version: 0.1-9
Flags: --no-stop-on-test-error
Check: compiled code
Result: NOTE
    File ‘pmclust/libs/pmclust.so’:
     Found no calls to: ‘R_registerRoutines’, ‘R_useDynamicSymbols’
    
    It is good practice to register native routines and to disable symbol
    search.
    
    See ‘Writing portable packages’ in the ‘Writing R Extensions’ manual.
Flavors: r-devel-linux-x86_64-fedora-clang, r-devel-linux-x86_64-fedora-gcc, r-devel-macos-x86_64-clang

Version: 0.1-9
Check: package dependencies
Result: ERROR
    Packages required but not available: ‘pbdMPI’ ‘pbdBASE’ ‘pbdDMAT’
    
    See section ‘The DESCRIPTION file’ in the ‘Writing R Extensions’
    manual.
Flavor: r-release-osx-x86_64-mavericks