CRAN Package Check Results for Package pmclust

Last updated on 2016-05-04 23:47:03.

Flavor Version Tinstall Tcheck Ttotal Status Flags
r-devel-linux-x86_64-debian-gcc 0.1-7 2.70 33.43 36.13 OK
r-devel-linux-x86_64-fedora-clang 0.1-7 59.79 OK
r-devel-linux-x86_64-fedora-gcc 0.1-7 55.40 OK
r-devel-osx-x86_64-clang 0.1-7 69.52 OK
r-devel-windows-ix86+x86_64 0.1-7 17.00 75.00 92.00 OK
r-patched-linux-x86_64 0.1-7 2.51 33.19 35.70 OK
r-patched-solaris-sparc 0.1-7 343.20 OK
r-patched-solaris-x86 0.1-7 74.60 OK
r-release-linux-x86_64 0.1-7 2.46 32.82 35.28 OK
r-release-osx-x86_64-mavericks 0.1-7 ERROR
r-release-windows-ix86+x86_64 0.1-7 17.00 75.00 92.00 OK

Check Details

Version: 0.1-7
Check: package dependencies
Result: ERROR
    Packages required but not available: ‘pbdMPI’ ‘pbdBASE’ ‘pbdDMAT’
    
    See section ‘The DESCRIPTION file’ in the ‘Writing R Extensions’
    manual.
Flavor: r-release-osx-x86_64-mavericks