CRAN Package Check Results for Package pmclust

Last updated on 2017-06-24 01:47:23.

Flavor Version Tinstall Tcheck Ttotal Status Flags
r-devel-linux-x86_64-debian-clang 0.1-9 2.89 37.96 40.85 NOTE
r-devel-linux-x86_64-debian-gcc 0.1-9 2.78 37.93 40.71 NOTE
r-devel-linux-x86_64-fedora-clang 0.1-9 66.31 NOTE
r-devel-linux-x86_64-fedora-gcc 0.1-9 63.04 NOTE
r-devel-windows-ix86+x86_64 0.1-9 11.00 109.00 120.00 OK
r-patched-linux-x86_64 0.1-9 2.72 37.64 40.36 NOTE
r-patched-solaris-sparc 0.1-9 387.50 OK
r-patched-solaris-x86 0.1-9 83.30 OK
r-release-linux-x86_64 0.1-9 2.65 38.68 41.33 NOTE
r-release-windows-ix86+x86_64 0.1-9 13.00 116.00 129.00 OK
r-release-osx-x86_64 0.1-9 ERROR
r-oldrel-windows-ix86+x86_64 0.1-9 20.00 99.00 119.00 OK
r-oldrel-osx-x86_64 0.1-9 ERROR

Check Details

Version: 0.1-9
Check: compiled code
Result: NOTE
    File ‘pmclust/libs/pmclust.so’:
     Found no calls to: ‘R_registerRoutines’, ‘R_useDynamicSymbols’
    
    It is good practice to register native routines and to disable symbol
    search.
    
    See ‘Writing portable packages’ in the ‘Writing R Extensions’ manual.
Flavors: r-devel-linux-x86_64-debian-clang, r-devel-linux-x86_64-debian-gcc, r-devel-linux-x86_64-fedora-clang, r-devel-linux-x86_64-fedora-gcc, r-patched-linux-x86_64, r-release-linux-x86_64

Version: 0.1-9
Check: package dependencies
Result: ERROR
    Packages required but not available: ‘pbdMPI’ ‘pbdBASE’ ‘pbdDMAT’
    
    See section ‘The DESCRIPTION file’ in the ‘Writing R Extensions’
    manual.
Flavors: r-release-osx-x86_64, r-oldrel-osx-x86_64