CRAN Package Check Results for Package pmclust

Last updated on 2017-10-22 20:47:25.

Flavor Version Tinstall Tcheck Ttotal Status Flags
r-devel-linux-x86_64-debian-clang 0.1-9 2.64 38.20 40.85 NOTE
r-devel-linux-x86_64-debian-gcc 0.1-9 3.23 46.12 49.35 NOTE
r-devel-linux-x86_64-fedora-clang 0.1-9 67.08 NOTE
r-devel-linux-x86_64-fedora-gcc 0.1-9 66.43 NOTE
r-devel-windows-ix86+x86_64 0.1-9 13.00 100.00 113.00 OK
r-patched-linux-x86_64 0.1-9 2.87 37.99 40.86 NOTE
r-patched-solaris-x86 0.1-9 85.40 OK
r-release-linux-x86_64 0.1-9 2.75 38.42 41.17 NOTE
r-release-windows-ix86+x86_64 0.1-9 13.00 113.00 126.00 OK
r-release-osx-x86_64 0.1-9 ERROR
r-oldrel-windows-ix86+x86_64 0.1-9 10.00 96.00 106.00 OK
r-oldrel-osx-x86_64 0.1-9 ERROR

Check Details

Version: 0.1-9
Check: compiled code
Result: NOTE
    File ‘pmclust/libs/pmclust.so’:
     Found no calls to: ‘R_registerRoutines’, ‘R_useDynamicSymbols’
    
    It is good practice to register native routines and to disable symbol
    search.
    
    See ‘Writing portable packages’ in the ‘Writing R Extensions’ manual.
Flavors: r-devel-linux-x86_64-debian-clang, r-devel-linux-x86_64-debian-gcc, r-devel-linux-x86_64-fedora-clang, r-devel-linux-x86_64-fedora-gcc, r-patched-linux-x86_64, r-release-linux-x86_64

Version: 0.1-9
Check: package dependencies
Result: ERROR
    Packages required but not available: ‘pbdMPI’ ‘pbdBASE’ ‘pbdDMAT’
    
    See section ‘The DESCRIPTION file’ in the ‘Writing R Extensions’
    manual.
Flavors: r-release-osx-x86_64, r-oldrel-osx-x86_64