CRAN Package Check Results for Package pmclust

Last updated on 2016-02-06 18:50:38.

Flavor Version Tinstall Tcheck Ttotal Status Flags
r-devel-linux-x86_64-debian-gcc 0.1-7 2.56 31.99 34.55 OK
r-devel-linux-x86_64-fedora-clang 0.1-7 59.59 OK
r-devel-linux-x86_64-fedora-gcc 0.1-7 56.21 OK
r-devel-osx-x86_64-clang 0.1-7 67.95 OK
r-patched-linux-x86_64 0.1-7 2.86 33.50 36.36 OK
r-patched-solaris-sparc 0.1-7 360.70 OK
r-patched-solaris-x86 0.1-7 78.20 OK
r-release-linux-x86_64 0.1-7 2.62 34.14 36.76 OK
r-release-osx-x86_64-mavericks 0.1-7 ERROR

Check Details

Version: 0.1-7
Check: package dependencies
Result: ERROR
    Packages required but not available: ‘pbdMPI’ ‘pbdBASE’ ‘pbdDMAT’
    
    See section ‘The DESCRIPTION file’ in the ‘Writing R Extensions’
    manual.
Flavor: r-release-osx-x86_64-mavericks