CRAN Package Check Results for Package pmclust

Last updated on 2016-07-27 15:47:53.

Flavor Version Tinstall Tcheck Ttotal Status Flags
r-devel-linux-x86_64-debian-clang 0.1-7 2.98 40.46 43.43 OK
r-devel-linux-x86_64-debian-gcc 0.1-7 2.85 40.75 43.59 OK
r-devel-linux-x86_64-fedora-clang 0.1-7 59.67 OK
r-devel-linux-x86_64-fedora-gcc 0.1-7 55.65 OK
r-devel-osx-x86_64-clang 0.1-7 49.46 OK
r-devel-windows-ix86+x86_64 0.1-7 15.00 100.00 115.00 OK
r-patched-linux-x86_64 0.1-7 3.00 39.73 42.73 OK
r-patched-solaris-sparc 0.1-7 345.30 OK
r-patched-solaris-x86 0.1-7 72.70 OK
r-release-linux-x86_64 0.1-7 3.17 41.18 44.35 OK
r-release-osx-x86_64-mavericks 0.1-7 ERROR
r-release-windows-ix86+x86_64 0.1-7 13.00 93.00 106.00 OK

Check Details

Version: 0.1-7
Check: package dependencies
Result: ERROR
    Packages required but not available: ‘pbdMPI’ ‘pbdBASE’ ‘pbdDMAT’
    
    See section ‘The DESCRIPTION file’ in the ‘Writing R Extensions’
    manual.
Flavor: r-release-osx-x86_64-mavericks