CRAN Package Check Results for Package pmclust

Last updated on 2016-08-27 21:46:53.

Flavor Version Tinstall Tcheck Ttotal Status Flags
r-devel-linux-x86_64-debian-clang 0.1-7 2.48 34.44 36.92 OK
r-devel-linux-x86_64-debian-gcc 0.1-7 2.42 32.74 35.16 OK
r-devel-linux-x86_64-fedora-clang 0.1-7 59.65 OK
r-devel-linux-x86_64-fedora-gcc 0.1-7 57.20 OK
r-devel-osx-x86_64-clang 0.1-7 49.82 OK
r-devel-windows-ix86+x86_64 0.1-7 19.00 67.00 86.00 OK
r-patched-linux-x86_64 0.1-7 2.52 32.54 35.06 OK
r-patched-solaris-sparc 0.1-7 345.30 OK
r-patched-solaris-x86 0.1-7 72.30 OK
r-release-linux-x86_64 0.1-7 2.32 33.15 35.47 OK
r-release-osx-x86_64-mavericks 0.1-7 ERROR
r-release-windows-ix86+x86_64 0.1-7 14.00 101.00 115.00 OK

Check Details

Version: 0.1-7
Check: package dependencies
Result: ERROR
    Packages required but not available: ‘pbdMPI’ ‘pbdBASE’ ‘pbdDMAT’
    
    See section ‘The DESCRIPTION file’ in the ‘Writing R Extensions’
    manual.
Flavor: r-release-osx-x86_64-mavericks