CRAN Package Check Results for Package pmclust

Last updated on 2016-06-01 06:49:09.

Flavor Version Tinstall Tcheck Ttotal Status Flags
r-devel-linux-x86_64-debian-gcc 0.1-7 2.89 35.24 38.13 OK
r-devel-linux-x86_64-fedora-clang 0.1-7 59.94 OK
r-devel-linux-x86_64-fedora-gcc 0.1-7 55.92 OK
r-devel-osx-x86_64-clang 0.1-7 70.09 OK
r-devel-windows-ix86+x86_64 0.1-7 15.00 100.00 115.00 OK
r-patched-linux-x86_64 0.1-7 2.82 36.03 38.85 OK
r-patched-solaris-sparc 0.1-7 343.00 OK
r-patched-solaris-x86 0.1-7 74.20 OK
r-release-linux-x86_64 0.1-7 2.37 32.62 34.99 OK
r-release-osx-x86_64-mavericks 0.1-7 ERROR
r-release-windows-ix86+x86_64 0.1-7 20.00 73.00 93.00 OK

Check Details

Version: 0.1-7
Check: package dependencies
Result: ERROR
    Packages required but not available: ‘pbdMPI’ ‘pbdBASE’ ‘pbdDMAT’
    
    See section ‘The DESCRIPTION file’ in the ‘Writing R Extensions’
    manual.
Flavor: r-release-osx-x86_64-mavericks