CRAN Package Check Results for Package pmg

Last updated on 2015-03-01 03:48:42.

Flavor Version Tinstall Tcheck Ttotal Status Flags
r-devel-linux-x86_64-debian-clang 0.9-43 3.20 44.87 48.06 OK
r-devel-linux-x86_64-debian-gcc 0.9-43 3.04 43.23 46.27 OK
r-devel-linux-x86_64-fedora-clang 0.9-43 96.43 OK
r-devel-linux-x86_64-fedora-gcc 0.9-43 91.29 OK
r-devel-osx-x86_64-clang 0.9-43 84.33 OK
r-devel-windows-ix86+x86_64 0.9-43 17.00 68.00 85.00 OK
r-patched-linux-x86_64 0.9-43 4.42 55.36 59.78 OK
r-patched-solaris-sparc 0.9-43 676.10 OK
r-patched-solaris-x86 0.9-43 175.50 OK
r-release-linux-ix86 0.9-43 4.54 72.37 76.91 OK
r-release-linux-x86_64 0.9-43 4.37 56.09 60.46 OK
r-release-osx-x86_64-mavericks 0.9-43 ERROR
r-release-osx-x86_64-snowleopard 0.9-43 OK
r-release-windows-ix86+x86_64 0.9-43 18.00 91.00 109.00 OK
r-oldrel-windows-ix86+x86_64 0.9-43 18.00 101.00 119.00 OK

Check Details

Version: 0.9-43
Check: package dependencies
Result: ERROR
    Package required but not available: ‘gWidgetsRGtk2’
    
    Package which this enhances but not available for checking: ‘cairoDevice’
    
    See section ‘The DESCRIPTION file’ in the ‘Writing R Extensions’
    manual.
Flavor: r-release-osx-x86_64-mavericks