CRAN Package Check Results for Package pmg

Last updated on 2015-04-27 15:46:40.

Flavor Version Tinstall Tcheck Ttotal Status Flags
r-devel-linux-x86_64-debian-clang 0.9-43 3.31 43.60 46.90 OK
r-devel-linux-x86_64-debian-gcc 0.9-43 3.20 44.26 47.46 OK
r-devel-linux-x86_64-fedora-clang 0.9-43 98.47 OK
r-devel-linux-x86_64-fedora-gcc 0.9-43 90.04 OK
r-devel-osx-x86_64-clang 0.9-43 81.79 OK
r-devel-windows-ix86+x86_64 0.9-43 11.00 93.00 104.00 OK
r-patched-linux-x86_64 0.9-43 3.01 43.26 46.27 OK
r-patched-solaris-sparc 0.9-43 536.10 OK
r-patched-solaris-x86 0.9-43 136.60 OK
r-release-linux-x86_64 0.9-43 3.00 44.72 47.73 OK
r-release-osx-x86_64-mavericks 0.9-43 ERROR
r-release-osx-x86_64-snowleopard 0.9-43 OK
r-release-windows-ix86+x86_64 0.9-43 14.00 84.00 98.00 OK
r-oldrel-windows-ix86+x86_64 0.9-43 14.00 93.00 107.00 OK

Check Details

Version: 0.9-43
Check: package dependencies
Result: ERROR
    Package required but not available: ‘gWidgetsRGtk2’
    
    Package which this enhances but not available for checking: ‘cairoDevice’
    
    See section ‘The DESCRIPTION file’ in the ‘Writing R Extensions’
    manual.
Flavor: r-release-osx-x86_64-mavericks