CRAN Package Check Results for Package pmg

Last updated on 2014-09-19 00:47:02.

Flavor Version Tinstall Tcheck Ttotal Status Flags
r-devel-linux-x86_64-debian-clang 0.9-43 3.48 52.67 56.15 OK
r-devel-linux-x86_64-debian-gcc 0.9-43 3.40 50.50 53.89 OK
r-devel-linux-x86_64-fedora-clang 0.9-43 122.95 OK
r-devel-linux-x86_64-fedora-gcc 0.9-43 115.46 OK
r-devel-osx-x86_64-clang 0.9-43 102.49 OK
r-devel-windows-ix86+x86_64 0.9-43 15.00 73.00 88.00 OK
r-patched-linux-x86_64 0.9-43 3.78 55.81 59.60 OK
r-patched-solaris-sparc 0.9-43 616.80 OK
r-patched-solaris-x86 0.9-43 165.90 OK
r-release-linux-ix86 0.9-43 5.12 70.49 75.61 OK
r-release-linux-x86_64 0.9-43 4.02 56.58 60.59 OK
r-release-osx-x86_64-mavericks 0.9-43 ERROR
r-release-osx-x86_64-snowleopard 0.9-43 OK
r-release-windows-ix86+x86_64 0.9-43 14.00 82.00 96.00 OK
r-oldrel-windows-ix86+x86_64 0.9-43 18.00 85.00 103.00 OK

Check Details

Version: 0.9-43
Check: package dependencies
Result: ERROR
    Package required but not available: ‘gWidgetsRGtk2’
    
    Package which this enhances but not available for checking: ‘cairoDevice’
    
    See the information on DESCRIPTION files in the chapter ‘Creating R
    packages’ of the ‘Writing R Extensions’ manual.
Flavor: r-release-osx-x86_64-mavericks