CRAN Package Check Results for Package pmg

Last updated on 2015-01-30 11:49:19.

Flavor Version Tinstall Tcheck Ttotal Status Flags
r-devel-linux-x86_64-debian-clang 0.9-43 3.56 45.12 48.68 OK
r-devel-linux-x86_64-debian-gcc 0.9-43 3.31 44.75 48.06 OK
r-devel-linux-x86_64-fedora-clang 0.9-43 114.31 OK
r-devel-linux-x86_64-fedora-gcc 0.9-43 110.92 OK
r-devel-osx-x86_64-clang 0.9-43 120.38 OK
r-devel-windows-ix86+x86_64 0.9-43 16.00 69.00 85.00 OK
r-patched-linux-x86_64 0.9-43 3.81 54.45 58.26 OK
r-patched-solaris-sparc 0.9-43 676.10 OK
r-patched-solaris-x86 0.9-43 173.80 OK
r-release-linux-ix86 0.9-43 4.58 65.14 69.72 OK
r-release-linux-x86_64 0.9-43 4.10 54.59 58.68 OK
r-release-osx-x86_64-mavericks 0.9-43 ERROR
r-release-osx-x86_64-snowleopard 0.9-43 OK
r-release-windows-ix86+x86_64 0.9-43 16.00 85.00 101.00 OK
r-oldrel-windows-ix86+x86_64 0.9-43 17.00 123.00 140.00 OK

Check Details

Version: 0.9-43
Check: package dependencies
Result: ERROR
    Package required but not available: ‘gWidgetsRGtk2’
    
    Package which this enhances but not available for checking: ‘cairoDevice’
    
    See the information on DESCRIPTION files in the chapter ‘Creating R
    packages’ of the ‘Writing R Extensions’ manual.
Flavor: r-release-osx-x86_64-mavericks