CRAN Package Check Results for Package pmg

Last updated on 2017-06-22 13:46:57.

Flavor Version Tinstall Tcheck Ttotal Status Flags
r-release-osx-x86_64 0.9-43 ERROR

Check Details

Version: 0.9-43
Check: package dependencies
Result: ERROR
    Package required but not available: ‘gWidgetsRGtk2’
    
    Package which this enhances but not available for checking: ‘cairoDevice’
    
    See section ‘The DESCRIPTION file’ in the ‘Writing R Extensions’
    manual.
Flavor: r-release-osx-x86_64