CRAN Package Check Results for Package pmg

Last updated on 2014-04-20 03:47:33.

Flavor Version Tinstall Tcheck Ttotal Status Flags
r-devel-linux-x86_64-debian-clang 0.9-42 4.00 56.32 60.32 NOTE
r-devel-linux-x86_64-debian-gcc 0.9-42 3.98 56.47 60.44 NOTE
r-devel-linux-x86_64-fedora-clang 0.9-42 133.28 NOTE
r-devel-linux-x86_64-fedora-gcc 0.9-42 125.54 NOTE
r-devel-macosx-x86_64-clang 0.9-42 116.68 NOTE
r-devel-macosx-x86_64-gcc 0.9-42 NOTE
r-devel-windows-ix86+x86_64 0.9-42 14.00 79.00 93.00 NOTE
r-patched-linux-x86_64 0.9-42 3.94 57.01 60.95 NOTE
r-patched-solaris-sparc 0.9-42 687.80 NOTE
r-patched-solaris-x86 0.9-42 178.20 NOTE
r-release-linux-ix86 NOTE
r-release-linux-x86_64 0.9-42 3.90 56.46 60.36 NOTE
r-release-windows-ix86+x86_64 0.9-42 20.00 85.00 105.00 NOTE
r-oldrel-windows-ix86+x86_64 0.9-42 16.00 78.00 94.00 NOTE

Check Details

Version: 0.9-42
Check: package dependencies
Result: NOTE
    Depends: includes the non-default packages:
     ‘lattice’ ‘MASS’ ‘proto’ ‘foreign’ ‘gWidgets’ ‘gWidgetsRGtk2’
    Adding so many packages to the search path is excessive and importing
    selectively is preferable.
Flavors: r-devel-linux-x86_64-debian-clang, r-devel-linux-x86_64-debian-gcc, r-devel-linux-x86_64-fedora-clang, r-devel-linux-x86_64-fedora-gcc, r-devel-macosx-x86_64-clang, r-devel-windows-ix86+x86_64, r-patched-linux-x86_64, r-patched-solaris-sparc, r-patched-solaris-x86, r-release-linux-ix86, r-release-linux-x86_64, r-release-windows-ix86+x86_64

Version: 0.9-42
Check: dependencies in R code
Result: NOTE
    'library' or 'require' calls to packages already attached by Depends:
     ‘MASS’ ‘gWidgets’ ‘gWidgetsRGtk2’ ‘lattice’
     Please remove these calls from your code.
    Packages in Depends field not imported from:
     ‘MASS’ ‘foreign’ ‘gWidgets’ ‘gWidgetsRGtk2’ ‘lattice’ ‘proto’
     These packages need to be imported from (in the NAMESPACE file)
     for when this namespace is loaded but not attached.
    ':::' calls which should be '::':
     ‘gWidgets:::editFormulaDialog’ ‘utils:::getCRANmirrors’
     See the note in ?`:::` about the use of this operator.
    See the information on DESCRIPTION files in the chapter ‘Creating R
    packages’ of the ‘Writing R Extensions’ manual.
Flavors: r-devel-linux-x86_64-debian-clang, r-devel-linux-x86_64-debian-gcc, r-devel-linux-x86_64-fedora-clang, r-devel-linux-x86_64-fedora-gcc, r-devel-macosx-x86_64-clang, r-devel-macosx-x86_64-gcc, r-devel-windows-ix86+x86_64, r-patched-linux-x86_64, r-patched-solaris-sparc, r-patched-solaris-x86, r-release-linux-ix86, r-release-linux-x86_64, r-release-windows-ix86+x86_64, r-oldrel-windows-ix86+x86_64

Version: 0.9-42
Check: R code for possible problems
Result: NOTE
    File ‘pmg/R/zzz.R’:
     .onLoad calls:
     cat("Loading pmg()\n")
    
    Package startup functions should use ‘packageStartupMessage’ to
     generate messages.
    See section ‘Good practice’ in '?.onAttach'.
    
    .editDFProperties : <anonymous>: warning in ggroup(horizontal = FALSE,
     cont = container, expand = TRUE): partial argument match of 'cont' to
     'container'
    .editDFProperties : <anonymous>: warning in glabel(gettext("Edit names
     and column types"), cont = g): partial argument match of 'cont' to
     'container'
    .editDFProperties : <anonymous>: warning in glayout(cont = g, expand =
     TRUE): partial argument match of 'cont' to 'container'
    .editDFProperties : <anonymous>: warning in ggroup(cont = tbl): partial
     argument match of 'cont' to 'container'
    .editDFProperties : <anonymous>: warning in gdroplist(names(.$df), cont
     = .$columnDroplistGroup): partial argument match of 'cont' to
     'container'
    .editDFProperties : <anonymous>: warning in gdroplist(.$allTypes, cont
     = tbl): partial argument match of 'cont' to 'container'
    .editDFProperties : <anonymous>: warning in gedit(names(.$df)[1], cont
     = tbl): partial argument match of 'cont' to 'container'
    .editDFProperties : <anonymous>: warning in gseparator(cont = g):
     partial argument match of 'cont' to 'container'
    .editDFProperties : <anonymous>: warning in ggroup(cont = g, expand =
     TRUE): partial argument match of 'cont' to 'container'
    .editDFProperties : <anonymous>: warning in gdf(head(.$df), cont =
     .$dfGroup, expand = TRUE): partial argument match of 'cont' to
     'container'
    .editDFProperties : <anonymous>: warning in ggroup(cont = g): partial
     argument match of 'cont' to 'container'
    .editDFProperties : <anonymous>: warning in glabel("Save data frame
     as", cont = bg): partial argument match of 'cont' to 'container'
    .editDFProperties : <anonymous>: warning in gedit(.$dfname, cont = bg):
     partial argument match of 'cont' to 'container'
    .editDFProperties : <anonymous> : updateDF: warning in gdf(head(.$df),
     cont = .$dfGroup, expand = TRUE): partial argument match of 'cont' to
     'container'
    .newSet: warning in gimage("rarrow", dir = "stock"): partial argument
     match of 'dir' to 'dirname'
    .newSet: warning in gimage("uarrow", dir = "stock"): partial argument
     match of 'dir' to 'dirname'
    .newSet: warning in gimage("larrow", dir = "stock"): partial argument
     match of 'dir' to 'dirname'
    .newSet: warning in gpanedgroup(lgroup, rgroup, cont = container):
     partial argument match of 'cont' to 'container'
    .newSet: warning in ggroup(horizontal = FALSE, cont = plotGroup):
     partial argument match of 'cont' to 'container'
    .newSet: warning in ggroup(cont = selGroup): partial argument match of
     'cont' to 'container'
    .newSet : <anonymous>: warning in ggroup(horizontal = FALSE, cont =
     win, raise.on.dragmotion = TRUE): partial argument match of 'cont' to
     'container'
    .newSet : <anonymous>: warning in gframe("Add trend line", horizontal =
     FALSE, cont = gp): partial argument match of 'cont' to 'container'
    .newSet : <anonymous>: warning in glabel("x=", cont = varGroup):
     partial argument match of 'cont' to 'container'
    .newSet : <anonymous>: warning in glabel("x-variable", cont = varGroup,
     editable = TRUE): partial argument match of 'cont' to 'container'
    .newSet : <anonymous>: warning in glabel(", ", cont = varGroup):
     partial argument match of 'cont' to 'container'
    .newSet : <anonymous>: warning in glabel("y=", cont = varGroup):
     partial argument match of 'cont' to 'container'
    .newSet : <anonymous>: warning in glabel("y-variable", cont = varGroup,
     editable = TRUE): partial argument match of 'cont' to 'container'
    .newSet : <anonymous>: warning in gcheckbox("consider selected values
     only", cont = spframe): partial argument match of 'cont' to
     'container'
    .newSet : <anonymous>: warning in ggroup(cont = gp): partial argument
     match of 'cont' to 'container'
    .newSet : <anonymous>: warning in gbutton("Add regression line", cont =
     bgroup, handler = function(h, ...) {: partial argument match of
     'cont' to 'container'
    .newSet : <anonymous>: warning in addTrendLine("lm"): partial argument
     match of 'cont' to 'container'
    .newSet : <anonymous>: warning in }): partial argument match of 'cont'
     to 'container'
    .newSet : <anonymous>: warning in gbutton("Add lowess line", cont =
     bgroup, handler = function(h, ...) {: partial argument match of
     'cont' to 'container'
    .newSet : <anonymous>: warning in addTrendLine("lowess"): partial
     argument match of 'cont' to 'container'
    .newSet : <anonymous>: warning in gframe("Specify line to add", cont =
     gp): partial argument match of 'cont' to 'container'
    .newSet : <anonymous>: warning in gedit("", cont = slgp): partial
     argument match of 'cont' to 'container'
    .newSet : <anonymous>: warning in gbutton("add", cont = slgp, handler =
     function(h, ...) {: partial argument match of 'cont' to 'container'
    .newSet : <anonymous>: warning in eval(parse(text = paste("ilines(",
     svalue(addThese), ")")), envir = df): partial argument match of
     'cont' to 'container'
    .newSet : <anonymous>: warning in gbutton("cancel", cont = delGroup,
     handler = function(h, ...) dispose(win)): partial argument match of
     'cont' to 'container'
    checkForUpdatesGUI: warning in ggroup(horizontal = FALSE, cont = win):
     partial argument match of 'cont' to 'container'
    checkForUpdatesGUI: warning in glabel(".-.-.-", cont = g, expand =
     TRUE): partial argument match of 'cont' to 'container'
    checkForUpdatesGUI: warning in gstatusbar("Checking for updates", cont
     = g): partial argument match of 'cont' to 'container'
    constructionOfNormal: warning in ggroup(cont = container): partial
     argument match of 'cont' to 'container'
    dLatticeExplorer: warning in glabel("aspect=", cont =
     latticeOptionsGroup): partial argument match of 'cont' to 'container'
    dLatticeExplorer: warning in gdroplist(c("fill", "xy", "iso"), editable
     = TRUE, cont = latticeOptionsGroup, handler = function(...)
     updatedLatticeExplorer(obj)): partial argument match of 'cont' to
     'container'
    dLatticeExplorer: warning in gseparator(horizontal = FALSE, cont =
     latticeOptionsGroup): partial argument match of 'cont' to 'container'
    dLatticeExplorer: warning in glabel("type=", cont =
     latticeOptionsGroup): partial argument match of 'cont' to 'container'
    dLatticeExplorer: warning in gcheckboxgroup(c("p", "l", "a", "o"),
     horizontal = TRUE, cont = latticeOptionsGroup, handler =
     function(...) updatedLatticeExplorer(obj)): partial argument match of
     'cont' to 'container'
    dLatticeExplorer: warning in glabel("col=", cont =
     latticeOptionsGroup): partial argument match of 'cont' to 'container'
    dLatticeExplorer: warning in gdroplist(c("", "black", "red", "blue",
     "green", "brown", "yellow"), cont = latticeOptionsGroup, handler =
     function(...) updatedLatticeExplorer(obj)): partial argument match of
     'cont' to 'container'
    dpqrfuncs: warning in ggroup(cont = gp): partial argument match of
     'cont' to 'container'
    dpqrfuncs: warning in gbutton("ok", cont = bgp): partial argument match
     of 'cont' to 'container'
    dpqrfuncs: warning in gbutton("help", cont = bgp): partial argument
     match of 'cont' to 'container'
    getAllPackages: warning in .packages(all = TRUE): partial argument
     match of 'all' to 'all.available'
    getCranSiteIfNeeded: warning in ggroup(horizontal = FALSE, cont =
     NULL): partial argument match of 'cont' to 'container'
    getCranSiteIfNeeded: warning in glabel("Select a site\nthen click
     'OK'", cont = g): partial argument match of 'cont' to 'container'
    histogramAndDensity: warning in ggroup(cont = container): partial
     argument match of 'cont' to 'container'
    importFile : <anonymous>: warning in ggroup(horizontal = FALSE, cont =
     .$container): partial argument match of 'cont' to 'container'
    importFile : <anonymous>: warning in glabel(sprintf("Read %s",
     basename(.$filename)), cont = g): partial argument match of 'cont' to
     'container'
    importFile : <anonymous>: warning in glayout(cont = g): partial
     argument match of 'cont' to 'container'
    importFile : <anonymous>: warning in gedit("X", cont = tbl): partial
     argument match of 'cont' to 'container'
    importFile : <anonymous>: warning in gframe(gettext("Import"), cont =
     g): partial argument match of 'cont' to 'container'
    importFile : <anonymous>: warning in glayout(cont = f): partial
     argument match of 'cont' to 'container'
    importFile : <anonymous>: warning in gdroplist(c(TRUE, FALSE), cont =
     tbl): partial argument match of 'cont' to 'container'
    importFile : <anonymous>: warning in gspinbutton(0, 1000, cont = tbl):
     partial argument match of 'cont' to 'container'
    importFile : <anonymous>: warning in gdroplist(c(FALSE, TRUE), cont =
     tbl): partial argument match of 'cont' to 'container'
    importFile : <anonymous>: warning in gframe(gettext("Attributes"), cont
     = g): partial argument match of 'cont' to 'container'
    importFile : <anonymous>: warning in gedit(sep, cont = tbl): partial
     argument match of 'cont' to 'container'
    importFile : <anonymous>: warning in gedit("\"", cont = tbl): partial
     argument match of 'cont' to 'container'
    importFile : <anonymous>: warning in gdroplist(c(".", ","), cont =
     tbl): partial argument match of 'cont' to 'container'
    importFile : <anonymous>: warning in gedit("#", cont = tbl): partial
     argument match of 'cont' to 'container'
    importFile : <anonymous>: warning in gedit("NA", cont = tbl): partial
     argument match of 'cont' to 'container'
    importFile : <anonymous> : makePreview: warning in ggroup(horizontal =
     FALSE, cont = .$og, expand = TRUE): partial argument match of 'cont'
     to 'container'
    importFile : <anonymous> : makePreview: warning in gdf(df, cont =
     .$ig): partial argument match of 'cont' to 'container'
    importFile : <anonymous>: warning in gframe(gettext("preview"), cont =
     g, expand = TRUE): partial argument match of 'cont' to 'container'
    importFile : <anonymous>: warning in ggroup(cont = f, expand = TRUE):
     partial argument match of 'cont' to 'container'
    importFile : <anonymous>: warning in ggroup(cont = .$og, expand =
     TRUE): partial argument match of 'cont' to 'container'
    importFile : <anonymous>: warning in glabel(paste(gettext("Read"),
     basename(.$filename), collapse = " "), cont = g): partial argument
     match of 'cont' to 'container'
    importFile : <anonymous>: warning in gframe(gettext("Field widths"),
     cont = g): partial argument match of 'cont' to 'container'
    importFile : <anonymous>: warning in gedit(paste("c(",
     nchar(readLines(.$filename, n = 1)), ")", collapse = ""), coerce.with
     = svalue, cont = tbl): partial argument match of 'cont' to
     'container'
    importFile : <anonymous>: warning in glabel(paste(gettext("Read"),
     basename(.$filename), gettext("as"), popchar(fileType), collapse = "
     "), cont = g): partial argument match of 'cont' to 'container'
    importFile : <anonymous>: warning in gedit(fmls[[i]], cont = tbl,
     coerce.with = paste("as.", class(fmls[[i]]), sep = "", collapse =
     "")): partial argument match of 'cont' to 'container'
    pmg.castGUI: warning in ggroup(horizontal = FALSE, cont = container,
     raise.on.dragmotion = TRUE): partial argument match of 'cont' to
     'container'
    pmg.castGUI: warning in glabel("Cast a melted data set", cont = g):
     partial argument match of 'cont' to 'container'
    pmg.castGUI: warning in glayout(cont = g): partial argument match of
     'cont' to 'container'
    pmg.castGUI: warning in gexpandgroup("Preview", cont = g): partial
     argument match of 'cont' to 'container'
    pmg.castGUI: warning in ggroup(cont = g): partial argument match of
     'cont' to 'container'
    pmg.castGUI: warning in gbutton("Save output as:", cont = saveAsGroup):
     partial argument match of 'cont' to 'container'
    pmg.castGUI: warning in gedit("", cont = saveAsGroup): partial argument
     match of 'cont' to 'container'
    pmg.edit.dataframe.properties.dialog: warning in ggroup(horizontal =
     FALSE, cont = container): partial argument match of 'cont' to
     'container'
    pmg.edit.dataframe.properties.dialog: warning in glayout(cont = g):
     partial argument match of 'cont' to 'container'
    pmg.iplots: warning in gtoolbar(tbl, cont = group): partial argument
     match of 'cont' to 'container'
    pmg.iplots : addNewDF: warning in ggroup(horizontal = FALSE, cont =
     win): partial argument match of 'cont' to 'container'
    pmg.meltGUI: warning in ggroup(horizontal = FALSE, cont = container,
     raise.on.dragmotion = TRUE): partial argument match of 'cont' to
     'container'
    pmg.meltGUI: warning in glabel("Melt a data frame", cont = g): partial
     argument match of 'cont' to 'container'
    pmg.meltGUI: warning in glayout(cont = g): partial argument match of
     'cont' to 'container'
    pmg.meltGUI: warning in gexpandgroup("Preview", cont = g): partial
     argument match of 'cont' to 'container'
    pmg.meltGUI: warning in ggroup(cont = g): partial argument match of
     'cont' to 'container'
    pmg.meltGUI: warning in gbutton("Save output as:", cont = saveAsGroup):
     partial argument match of 'cont' to 'container'
    pmg.meltGUI: warning in gedit("", cont = saveAsGroup): partial argument
     match of 'cont' to 'container'
    pmg.specifyFileForImport : <anonymous>: warning in ggroup(horizontal =
     FALSE, cont = container): partial argument match of 'cont' to
     'container'
    pmg.specifyFileForImport : <anonymous>: warning in glayout(cont = g):
     partial argument match of 'cont' to 'container'
    pmg.specifyFileForImport : <anonymous>: warning in
     glabel(gettext("or"), cont = tbl): partial argument match of 'cont'
     to 'container'
    pmg.specifyFileForImport : <anonymous>: warning in gseparator(cont =
     tbl): partial argument match of 'cont' to 'container'
    pmg.specifyFileForImport : <anonymous>: warning in
     gdroplist(c(.$useDefaultText, sapply(names(filterList), popchar)),
     cont = tbl): partial argument match of 'cont' to 'container'
    pmg.teachingDemos: warning in gstatusbar(gettext("Select a demo from
     the menubar above"), cont = group): partial argument match of 'cont'
     to 'container'
    probabilityCalculator: warning in ggroup(cont = container): partial
     argument match of 'cont' to 'container'
    qplotGUI: warning in gnotebook(cont = container, tab.pos = 1, ...):
     partial argument match of 'cont' to 'container'
    qplotGUI: warning in ggroup(horizontal = FALSE, cont = nb, label =
     "qplot"): partial argument match of 'cont' to 'container'
    qplotGUI: warning in ggroup(horizontal = FALSE, cont = nb, label =
     "plot args"): partial argument match of 'cont' to 'container'
    qplotGUI: warning in glayout(cont = qpg): partial argument match of
     'cont' to 'container'
    qplotGUI: warning in gdroplist(c(), editable = TRUE, cont = tbl):
     partial argument match of 'cont' to 'container'
    qplotGUI: warning in gedit("", cont = tbl): partial argument match of
     'cont' to 'container'
    qplotGUI: warning in gseparator(cont = tbl): partial argument match of
     'cont' to 'container'
    qplotGUI: warning in gtable(geomVals1d, multiple = TRUE, cont = tbl):
     partial argument match of 'cont' to 'container'
    qplotGUI: warning in gnotebook(tab.pos = 3, cont = tbl): partial
     argument match of 'cont' to 'container'
    qplotGUI: warning in ggroup(horizontal = TRUE, cont = tbl): partial
     argument match of 'cont' to 'container'
    qplotGUI: warning in gdroplist(".", editable = TRUE, cont = fgp):
     partial argument match of 'cont' to 'container'
    qplotGUI: warning in glabel("~", cont = fgp): partial argument match of
     'cont' to 'container'
    qplotGUI: warning in gbutton("edit", cont = fgp, handler = function(h,
     ...) {: partial argument match of 'cont' to 'container'
    qplotGUI: warning in if (svalue(widgets[["data"]]) != "") {: partial
     argument match of 'cont' to 'container'
    qplotGUI: warning in gWidgets:::editFormulaDialog(data =
     widgets[["data"]], responsewidget = widgets[["fresp"]],
     predictorwidget = widgets[["fpred"]]): partial argument match of
     'cont' to 'container'
    qplotGUI: warning in }: partial argument match of 'cont' to 'container'
    qplotGUI: warning in else {: partial argument match of 'cont' to
     'container'
    qplotGUI: warning in cat("Data is empty, facet needs to have a data
     frame set\n"): partial argument match of 'cont' to 'container'
    qplotGUI: warning in }): partial argument match of 'cont' to
     'container'
    qplotGUI: warning in glayout(cont = parg): partial argument match of
     'cont' to 'container'
    qplotGUI: warning in gdroplist(c("", "x", "y", "xy"), cont = tbl):
     partial argument match of 'cont' to 'container'
    qplotGUI: warning in gdroplist(c("", TRUE, "'grand_row'",
     "'grand_col'"), editable = TRUE, cont = tbl): partial argument match
     of 'cont' to 'container'
    qplotGUI : updateExtraArgs: warning in ggroup(horizontal = FALSE, cont
     = anb, label = i): partial argument match of 'cont' to 'container'
    qplotGUI : updateExtraArgs: warning in glabel("Using lm method", cont =
     eg): partial argument match of 'cont' to 'container'
    qplotGUI : updateExtraArgs: warning in ggroup(cont = eg): partial
     argument match of 'cont' to 'container'
    qplotGUI : updateExtraArgs: warning in glabel("formula", cont = tmp):
     partial argument match of 'cont' to 'container'
    qplotGUI : updateExtraArgs: warning in gdroplist(c("", "y ~ ns(x,1)",
     "y ~ ns(x,2)", "y ~ ns(x,3)"), coerce.with = function(str) {: partial
     argument match of 'cont' to 'container'
    qplotGUI : updateExtraArgs: warning in if (str == "") : partial
     argument match of 'cont' to 'container'
    qplotGUI : updateExtraArgs: warning in return(str): partial argument
     match of 'cont' to 'container'
    qplotGUI : updateExtraArgs: warning in else return(formula(str)):
     partial argument match of 'cont' to 'container'
    qplotGUI : updateExtraArgs: warning in }, handler = updateGraphic,
     editable = TRUE, cont = tmp): partial argument match of 'cont' to
     'container'
    qplotGUI : updateExtraArgs: warning in glabel("quantile", cont = tmp):
     partial argument match of 'cont' to 'container'
    qplotGUI : updateExtraArgs: warning in gdroplist(c("",
     "seq(.05,.95,by=.05)", "seq(.10,.90,by=.10)", "seq(.25,.75,by=.25)"),
     coerce.with = function(str) {: partial argument match of 'cont' to
     'container'
    qplotGUI : updateExtraArgs: warning in ifelse(str == "", "",
     try(eval(parse(text = str)), silent = TRUE)): partial argument match
     of 'cont' to 'container'
    qplotGUI : updateExtraArgs: warning in glabel("binwidth", cont = tmp):
     partial argument match of 'cont' to 'container'
    qplotGUI : updateExtraArgs: warning in gedit("", cont = tmp,
     coerce.with = as.numeric, handler = updateGraphic): partial argument
     match of 'cont' to 'container'
    qplotGUI : updateExtraArgs: warning in ifelse(str == "", "",
     formula(str)): partial argument match of 'cont' to 'container'
    repeatTrialsGUI: warning in gframe("Repeat trials", cont = container):
     partial argument match of 'cont' to 'container'
    repeatTrialsGUI: warning in glayout(cont = g): partial argument match
     of 'cont' to 'container'
    repeatTrialsGUI: warning in gedit("", cont = tbl): partial argument
     match of 'cont' to 'container'
    repeatTrialsGUI: warning in gedit(10, cont = tbl, coerce.with =
     as.numeric): partial argument match of 'cont' to 'container'
    repeatTrialsGUI: warning in gseparator(cont = tbl): partial argument
     match of 'cont' to 'container'
    repeatTrialsGUI: warning in gdroplist(actions, editable = TRUE, cont =
     tbl): partial argument match of 'cont' to 'container'
    repeatTrialsGUI: warning in ggroup(cont = tbl): partial argument match
     of 'cont' to 'container'
    repeatTrialsGUI: warning in gbutton("Repeat trials", cont = bg):
     partial argument match of 'cont' to 'container'
    repeatTrialsGUI: warning in gbutton("help", cont = bg, handler =
     function(h, ...) {: partial argument match of 'cont' to 'container'
    repeatTrialsGUI: warning in ghelp("repeatTrials", package = "pmg",
     container = pmgWC$new("repeatTrials", width = 400, height = 250)):
     partial argument match of 'cont' to 'container'
    repeatTrialsGUI: warning in }): partial argument match of 'cont' to
     'container'
    summarized.t.test: warning in pt(tstat, df, lower = FALSE): partial
     argument match of 'lower' to 'lower.tail'
    .editDFProperties : <anonymous>: no visible binding for global variable
     ‘getType’
    .newSet : setISetByName: no visible global function definition for
     ‘iset.list’
    .newSet : setISetByName: no visible global function definition for
     ‘iset.set’
    .newSet: no visible global function definition for ‘iset.list’
    .newSet: no visible global function definition for ‘iset.set’
    .newSet: no visible global function definition for ‘iset.new’
    .newSet: no visible global function definition for ‘iset.df’
    .newSet : <anonymous>: no visible global function definition for ‘ibox’
    .newSet : <anonymous>: no visible global function definition for
     ‘imosaic’
    .newSet : <anonymous>: no visible global function definition for ‘ipcp’
    .newSet : <anonymous>: no visible global function definition for
     ‘iset.selected’
    .newSet : <anonymous>: no visible global function definition for
     ‘iset.select’
    .newSet : <anonymous>: no visible global function definition for
     ‘iplot.cur’
    .newSet : <anonymous>: no visible global function definition for
     ‘iplot.list’
    .newSet : <anonymous>: no visible global function definition for
     ‘iplot.set’
    .newSet : <anonymous> : addTrendLine: no visible global function
     definition for ‘iset.selected’
    .newSet : <anonymous> : addTrendLine: no visible global function
     definition for ‘iabline’
    .newSet : <anonymous> : addTrendLine: no visible global function
     definition for ‘ilines’
    .newSet : <anonymous>: no visible global function definition for
     ‘iobj.rm’
    .newSet : <anonymous>: no visible global function definition for
     ‘iobj.cur’
    .newSet : <anonymous>: no visible global function definition for
     ‘.jstrVal’
    .newSet : getCurrentPlotNameType: no visible global function definition
     for ‘iplot.list’
    .newSet : getCurrentPlotNameType: no visible global function definition
     for ‘iplot.cur’
    constructionOfNormal : updatePlot: no visible binding for global
     variable ‘x’
    histogramAndDensity : addDensity: no visible binding for global
     variable ‘x’
    lsDatasets: no visible global function definition for ‘.GlobalEnv’
    lsFunctions: no visible global function definition for ‘.GlobalEnv’
    lsModels: no visible global function definition for ‘.GlobalEnv’
    lsTs: no visible global function definition for ‘.GlobalEnv’
    pmg: no visible binding for global variable ‘pmg.user.menu’
    pmg: no visible binding for global variable ‘pmg.menubar’
    pmg.teachingDemos : <anonymous>: no visible binding for global variable
     ‘x’
    pmg.teachingDemos : <anonymous>: no visible binding for '<<-'
     assignment to ‘.binomialDemo.results’
    pmg.teachingDemos : <anonymous>: no visible binding for global variable
     ‘.binomialDemo.results’
    probabilityCalculator : updatePlot: no visible binding for global
     variable ‘x’
    
    Found the following assignments to the global environment:
    File ‘pmg/R/dModelsDialog.R’:
     assign(varName, tag(obj$ref, "res"), envir = .GlobalEnv)
    File ‘pmg/R/iw.R’:
     assign(make.names(varName), out, envir = .GlobalEnv)
    File ‘pmg/R/pmg.datamanipulation.R’:
     assign(outputName, df, envir = .GlobalEnv)
    File ‘pmg/R/pmg.teachingDemos.R’:
     assign(".binomialDemo.results", c(), envir = .GlobalEnv)
     assign(".binomialDemo.results", c(), envir = .GlobalEnv)
    File ‘pmg/R/repeatTrials.R’:
     assign(saveAs, res, envir = .GlobalEnv)
    File ‘pmg/R/reshape.R’:
     assign(varName, newMelt, envir = .GlobalEnv)
     assign(varName, theVals$value, envir = .GlobalEnv)
Flavors: r-devel-linux-x86_64-debian-clang, r-devel-linux-x86_64-debian-gcc, r-devel-linux-x86_64-fedora-clang, r-devel-macosx-x86_64-clang, r-patched-linux-x86_64, r-release-linux-ix86, r-release-linux-x86_64

Version: 0.9-42
Check: for old-style vignette sources
Result: NOTE
    Vignette sources only in ‘inst/doc’:
     ‘pmg.Rtex’
    A ‘vignettes’ directory is required as from R 3.1.0
    and these will not be indexed nor checked
Flavors: r-devel-linux-x86_64-debian-clang, r-devel-linux-x86_64-debian-gcc, r-devel-linux-x86_64-fedora-clang, r-devel-linux-x86_64-fedora-gcc, r-devel-macosx-x86_64-clang, r-devel-macosx-x86_64-gcc, r-devel-windows-ix86+x86_64, r-patched-linux-x86_64, r-patched-solaris-sparc, r-patched-solaris-x86, r-release-linux-ix86, r-release-linux-x86_64, r-release-windows-ix86+x86_64

Version: 0.9-42
Check: top-level files
Result: NOTE
    Non-standard files/directories found at top level:
     ‘DESCRIPTION.gWidgetsRGtk’ ‘TODO.txt’ ‘changes.txt’ ‘quincunx.R’
     ‘readme’
Flavors: r-devel-linux-x86_64-fedora-clang, r-devel-linux-x86_64-fedora-gcc

Version: 0.9-42
Check: R code for possible problems
Result: NOTE
    File ‘pmg/R/zzz.R’:
     .onLoad calls:
     cat("Loading pmg()\n")
    
    Package startup functions should use ‘packageStartupMessage’ to
     generate messages.
    See section ‘Good practice’ in '?.onAttach'.
    
    .editDFProperties : <anonymous>: warning in ggroup(horizontal = FALSE,
     cont = container, expand = TRUE): partial argument match of 'cont' to
     'container'
    .editDFProperties : <anonymous>: warning in glabel(gettext("Edit names
     and column types"), cont = g): partial argument match of 'cont' to
     'container'
    .editDFProperties : <anonymous>: warning in glayout(cont = g, expand =
     TRUE): partial argument match of 'cont' to 'container'
    .editDFProperties : <anonymous>: warning in ggroup(cont = tbl): partial
     argument match of 'cont' to 'container'
    .editDFProperties : <anonymous>: warning in gdroplist(names(.$df), cont
     = .$columnDroplistGroup): partial argument match of 'cont' to
     'container'
    .editDFProperties : <anonymous>: warning in gdroplist(.$allTypes, cont
     = tbl): partial argument match of 'cont' to 'container'
    .editDFProperties : <anonymous>: warning in gedit(names(.$df)[1], cont
     = tbl): partial argument match of 'cont' to 'container'
    .editDFProperties : <anonymous>: warning in gseparator(cont = g):
     partial argument match of 'cont' to 'container'
    .editDFProperties : <anonymous>: warning in ggroup(cont = g, expand =
     TRUE): partial argument match of 'cont' to 'container'
    .editDFProperties : <anonymous>: warning in gdf(head(.$df), cont =
     .$dfGroup, expand = TRUE): partial argument match of 'cont' to
     'container'
    .editDFProperties : <anonymous>: warning in ggroup(cont = g): partial
     argument match of 'cont' to 'container'
    .editDFProperties : <anonymous>: warning in glabel("Save data frame
     as", cont = bg): partial argument match of 'cont' to 'container'
    .editDFProperties : <anonymous>: warning in gedit(.$dfname, cont = bg):
     partial argument match of 'cont' to 'container'
    .editDFProperties : <anonymous> : updateDF: warning in gdf(head(.$df),
     cont = .$dfGroup, expand = TRUE): partial argument match of 'cont' to
     'container'
    .newSet: warning in gimage("rarrow", dir = "stock"): partial argument
     match of 'dir' to 'dirname'
    .newSet: warning in gimage("uarrow", dir = "stock"): partial argument
     match of 'dir' to 'dirname'
    .newSet: warning in gimage("larrow", dir = "stock"): partial argument
     match of 'dir' to 'dirname'
    .newSet: warning in gpanedgroup(lgroup, rgroup, cont = container):
     partial argument match of 'cont' to 'container'
    .newSet: warning in ggroup(horizontal = FALSE, cont = plotGroup):
     partial argument match of 'cont' to 'container'
    .newSet: warning in ggroup(cont = selGroup): partial argument match of
     'cont' to 'container'
    .newSet : <anonymous>: warning in ggroup(horizontal = FALSE, cont =
     win, raise.on.dragmotion = TRUE): partial argument match of 'cont' to
     'container'
    .newSet : <anonymous>: warning in gframe("Add trend line", horizontal =
     FALSE, cont = gp): partial argument match of 'cont' to 'container'
    .newSet : <anonymous>: warning in glabel("x=", cont = varGroup):
     partial argument match of 'cont' to 'container'
    .newSet : <anonymous>: warning in glabel("x-variable", cont = varGroup,
     editable = TRUE): partial argument match of 'cont' to 'container'
    .newSet : <anonymous>: warning in glabel(", ", cont = varGroup):
     partial argument match of 'cont' to 'container'
    .newSet : <anonymous>: warning in glabel("y=", cont = varGroup):
     partial argument match of 'cont' to 'container'
    .newSet : <anonymous>: warning in glabel("y-variable", cont = varGroup,
     editable = TRUE): partial argument match of 'cont' to 'container'
    .newSet : <anonymous>: warning in gcheckbox("consider selected values
     only", cont = spframe): partial argument match of 'cont' to
     'container'
    .newSet : <anonymous>: warning in ggroup(cont = gp): partial argument
     match of 'cont' to 'container'
    .newSet : <anonymous>: warning in gbutton("Add regression line", cont =
     bgroup, handler = function(h, ...) {: partial argument match of
     'cont' to 'container'
    .newSet : <anonymous>: warning in addTrendLine("lm"): partial argument
     match of 'cont' to 'container'
    .newSet : <anonymous>: warning in }): partial argument match of 'cont'
     to 'container'
    .newSet : <anonymous>: warning in gbutton("Add lowess line", cont =
     bgroup, handler = function(h, ...) {: partial argument match of
     'cont' to 'container'
    .newSet : <anonymous>: warning in addTrendLine("lowess"): partial
     argument match of 'cont' to 'container'
    .newSet : <anonymous>: warning in gframe("Specify line to add", cont =
     gp): partial argument match of 'cont' to 'container'
    .newSet : <anonymous>: warning in gedit("", cont = slgp): partial
     argument match of 'cont' to 'container'
    .newSet : <anonymous>: warning in gbutton("add", cont = slgp, handler =
     function(h, ...) {: partial argument match of 'cont' to 'container'
    .newSet : <anonymous>: warning in eval(parse(text = paste("ilines(",
     svalue(addThese), ")")), envir = df): partial argument match of
     'cont' to 'container'
    .newSet : <anonymous>: warning in gbutton("cancel", cont = delGroup,
     handler = function(h, ...) dispose(win)): partial argument match of
     'cont' to 'container'
    checkForUpdatesGUI: warning in ggroup(horizontal = FALSE, cont = win):
     partial argument match of 'cont' to 'container'
    checkForUpdatesGUI: warning in glabel(".-.-.-", cont = g, expand =
     TRUE): partial argument match of 'cont' to 'container'
    checkForUpdatesGUI: warning in gstatusbar("Checking for updates", cont
     = g): partial argument match of 'cont' to 'container'
    constructionOfNormal: warning in ggroup(cont = container): partial
     argument match of 'cont' to 'container'
    dLatticeExplorer: warning in glabel("aspect=", cont =
     latticeOptionsGroup): partial argument match of 'cont' to 'container'
    dLatticeExplorer: warning in gdroplist(c("fill", "xy", "iso"), editable
     = TRUE, cont = latticeOptionsGroup, handler = function(...)
     updatedLatticeExplorer(obj)): partial argument match of 'cont' to
     'container'
    dLatticeExplorer: warning in gseparator(horizontal = FALSE, cont =
     latticeOptionsGroup): partial argument match of 'cont' to 'container'
    dLatticeExplorer: warning in glabel("type=", cont =
     latticeOptionsGroup): partial argument match of 'cont' to 'container'
    dLatticeExplorer: warning in gcheckboxgroup(c("p", "l", "a", "o"),
     horizontal = TRUE, cont = latticeOptionsGroup, handler =
     function(...) updatedLatticeExplorer(obj)): partial argument match of
     'cont' to 'container'
    dLatticeExplorer: warning in glabel("col=", cont =
     latticeOptionsGroup): partial argument match of 'cont' to 'container'
    dLatticeExplorer: warning in gdroplist(c("", "black", "red", "blue",
     "green", "brown", "yellow"), cont = latticeOptionsGroup, handler =
     function(...) updatedLatticeExplorer(obj)): partial argument match of
     'cont' to 'container'
    dpqrfuncs: warning in ggroup(cont = gp): partial argument match of
     'cont' to 'container'
    dpqrfuncs: warning in gbutton("ok", cont = bgp): partial argument match
     of 'cont' to 'container'
    dpqrfuncs: warning in gbutton("help", cont = bgp): partial argument
     match of 'cont' to 'container'
    getAllPackages: warning in .packages(all = TRUE): partial argument
     match of 'all' to 'all.available'
    getCranSiteIfNeeded: warning in ggroup(horizontal = FALSE, cont =
     NULL): partial argument match of 'cont' to 'container'
    getCranSiteIfNeeded: warning in glabel("Select a site\nthen click
     'OK'", cont = g): partial argument match of 'cont' to 'container'
    histogramAndDensity: warning in ggroup(cont = container): partial
     argument match of 'cont' to 'container'
    importFile : <anonymous>: warning in ggroup(horizontal = FALSE, cont =
     .$container): partial argument match of 'cont' to 'container'
    importFile : <anonymous>: warning in glabel(sprintf("Read %s",
     basename(.$filename)), cont = g): partial argument match of 'cont' to
     'container'
    importFile : <anonymous>: warning in glayout(cont = g): partial
     argument match of 'cont' to 'container'
    importFile : <anonymous>: warning in gedit("X", cont = tbl): partial
     argument match of 'cont' to 'container'
    importFile : <anonymous>: warning in gframe(gettext("Import"), cont =
     g): partial argument match of 'cont' to 'container'
    importFile : <anonymous>: warning in glayout(cont = f): partial
     argument match of 'cont' to 'container'
    importFile : <anonymous>: warning in gdroplist(c(TRUE, FALSE), cont =
     tbl): partial argument match of 'cont' to 'container'
    importFile : <anonymous>: warning in gspinbutton(0, 1000, cont = tbl):
     partial argument match of 'cont' to 'container'
    importFile : <anonymous>: warning in gdroplist(c(FALSE, TRUE), cont =
     tbl): partial argument match of 'cont' to 'container'
    importFile : <anonymous>: warning in gframe(gettext("Attributes"), cont
     = g): partial argument match of 'cont' to 'container'
    importFile : <anonymous>: warning in gedit(sep, cont = tbl): partial
     argument match of 'cont' to 'container'
    importFile : <anonymous>: warning in gedit("\"", cont = tbl): partial
     argument match of 'cont' to 'container'
    importFile : <anonymous>: warning in gdroplist(c(".", ","), cont =
     tbl): partial argument match of 'cont' to 'container'
    importFile : <anonymous>: warning in gedit("#", cont = tbl): partial
     argument match of 'cont' to 'container'
    importFile : <anonymous>: warning in gedit("NA", cont = tbl): partial
     argument match of 'cont' to 'container'
    importFile : <anonymous> : makePreview: warning in ggroup(horizontal =
     FALSE, cont = .$og, expand = TRUE): partial argument match of 'cont'
     to 'container'
    importFile : <anonymous> : makePreview: warning in gdf(df, cont =
     .$ig): partial argument match of 'cont' to 'container'
    importFile : <anonymous>: warning in gframe(gettext("preview"), cont =
     g, expand = TRUE): partial argument match of 'cont' to 'container'
    importFile : <anonymous>: warning in ggroup(cont = f, expand = TRUE):
     partial argument match of 'cont' to 'container'
    importFile : <anonymous>: warning in ggroup(cont = .$og, expand =
     TRUE): partial argument match of 'cont' to 'container'
    importFile : <anonymous>: warning in glabel(paste(gettext("Read"),
     basename(.$filename), collapse = " "), cont = g): partial argument
     match of 'cont' to 'container'
    importFile : <anonymous>: warning in gframe(gettext("Field widths"),
     cont = g): partial argument match of 'cont' to 'container'
    importFile : <anonymous>: warning in gedit(paste("c(",
     nchar(readLines(.$filename, n = 1)), ")", collapse = ""), coerce.with
     = svalue, cont = tbl): partial argument match of 'cont' to
     'container'
    importFile : <anonymous>: warning in glabel(paste(gettext("Read"),
     basename(.$filename), gettext("as"), popchar(fileType), collapse = "
     "), cont = g): partial argument match of 'cont' to 'container'
    importFile : <anonymous>: warning in gedit(fmls[[i]], cont = tbl,
     coerce.with = paste("as.", class(fmls[[i]]), sep = "", collapse =
     "")): partial argument match of 'cont' to 'container'
    pmg.castGUI: warning in ggroup(horizontal = FALSE, cont = container,
     raise.on.dragmotion = TRUE): partial argument match of 'cont' to
     'container'
    pmg.castGUI: warning in glabel("Cast a melted data set", cont = g):
     partial argument match of 'cont' to 'container'
    pmg.castGUI: warning in glayout(cont = g): partial argument match of
     'cont' to 'container'
    pmg.castGUI: warning in gexpandgroup("Preview", cont = g): partial
     argument match of 'cont' to 'container'
    pmg.castGUI: warning in ggroup(cont = g): partial argument match of
     'cont' to 'container'
    pmg.castGUI: warning in gbutton("Save output as:", cont = saveAsGroup):
     partial argument match of 'cont' to 'container'
    pmg.castGUI: warning in gedit("", cont = saveAsGroup): partial argument
     match of 'cont' to 'container'
    pmg.edit.dataframe.properties.dialog: warning in ggroup(horizontal =
     FALSE, cont = container): partial argument match of 'cont' to
     'container'
    pmg.edit.dataframe.properties.dialog: warning in glayout(cont = g):
     partial argument match of 'cont' to 'container'
    pmg.iplots: warning in gtoolbar(tbl, cont = group): partial argument
     match of 'cont' to 'container'
    pmg.iplots : addNewDF: warning in ggroup(horizontal = FALSE, cont =
     win): partial argument match of 'cont' to 'container'
    pmg.meltGUI: warning in ggroup(horizontal = FALSE, cont = container,
     raise.on.dragmotion = TRUE): partial argument match of 'cont' to
     'container'
    pmg.meltGUI: warning in glabel("Melt a data frame", cont = g): partial
     argument match of 'cont' to 'container'
    pmg.meltGUI: warning in glayout(cont = g): partial argument match of
     'cont' to 'container'
    pmg.meltGUI: warning in gexpandgroup("Preview", cont = g): partial
     argument match of 'cont' to 'container'
    pmg.meltGUI: warning in ggroup(cont = g): partial argument match of
     'cont' to 'container'
    pmg.meltGUI: warning in gbutton("Save output as:", cont = saveAsGroup):
     partial argument match of 'cont' to 'container'
    pmg.meltGUI: warning in gedit("", cont = saveAsGroup): partial argument
     match of 'cont' to 'container'
    pmg.specifyFileForImport : <anonymous>: warning in ggroup(horizontal =
     FALSE, cont = container): partial argument match of 'cont' to
     'container'
    pmg.specifyFileForImport : <anonymous>: warning in glayout(cont = g):
     partial argument match of 'cont' to 'container'
    pmg.specifyFileForImport : <anonymous>: warning in
     glabel(gettext("or"), cont = tbl): partial argument match of 'cont'
     to 'container'
    pmg.specifyFileForImport : <anonymous>: warning in gseparator(cont =
     tbl): partial argument match of 'cont' to 'container'
    pmg.specifyFileForImport : <anonymous>: warning in
     gdroplist(c(.$useDefaultText, sapply(names(filterList), popchar)),
     cont = tbl): partial argument match of 'cont' to 'container'
    pmg.teachingDemos: warning in gstatusbar(gettext("Select a demo from
     the menubar above"), cont = group): partial argument match of 'cont'
     to 'container'
    probabilityCalculator: warning in ggroup(cont = container): partial
     argument match of 'cont' to 'container'
    qplotGUI: warning in gnotebook(cont = container, tab.pos = 1, ...):
     partial argument match of 'cont' to 'container'
    qplotGUI: warning in ggroup(horizontal = FALSE, cont = nb, label =
     "qplot"): partial argument match of 'cont' to 'container'
    qplotGUI: warning in ggroup(horizontal = FALSE, cont = nb, label =
     "plot args"): partial argument match of 'cont' to 'container'
    qplotGUI: warning in glayout(cont = qpg): partial argument match of
     'cont' to 'container'
    qplotGUI: warning in gdroplist(c(), editable = TRUE, cont = tbl):
     partial argument match of 'cont' to 'container'
    qplotGUI: warning in gedit("", cont = tbl): partial argument match of
     'cont' to 'container'
    qplotGUI: warning in gseparator(cont = tbl): partial argument match of
     'cont' to 'container'
    qplotGUI: warning in gtable(geomVals1d, multiple = TRUE, cont = tbl):
     partial argument match of 'cont' to 'container'
    qplotGUI: warning in gnotebook(tab.pos = 3, cont = tbl): partial
     argument match of 'cont' to 'container'
    qplotGUI: warning in ggroup(horizontal = TRUE, cont = tbl): partial
     argument match of 'cont' to 'container'
    qplotGUI: warning in gdroplist(".", editable = TRUE, cont = fgp):
     partial argument match of 'cont' to 'container'
    qplotGUI: warning in glabel("~", cont = fgp): partial argument match of
     'cont' to 'container'
    qplotGUI: warning in gbutton("edit", cont = fgp, handler = function(h,
     ...) {: partial argument match of 'cont' to 'container'
    qplotGUI: warning in if (svalue(widgets[["data"]]) != "") {: partial
     argument match of 'cont' to 'container'
    qplotGUI: warning in gWidgets:::editFormulaDialog(data =
     widgets[["data"]], responsewidget = widgets[["fresp"]],
     predictorwidget = widgets[["fpred"]]): partial argument match of
     'cont' to 'container'
    qplotGUI: warning in }: partial argument match of 'cont' to 'container'
    qplotGUI: warning in else {: partial argument match of 'cont' to
     'container'
    qplotGUI: warning in cat("Data is empty, facet needs to have a data
     frame set\n"): partial argument match of 'cont' to 'container'
    qplotGUI: warning in }): partial argument match of 'cont' to
     'container'
    qplotGUI: warning in glayout(cont = parg): partial argument match of
     'cont' to 'container'
    qplotGUI: warning in gdroplist(c("", "x", "y", "xy"), cont = tbl):
     partial argument match of 'cont' to 'container'
    qplotGUI: warning in gdroplist(c("", TRUE, "'grand_row'",
     "'grand_col'"), editable = TRUE, cont = tbl): partial argument match
     of 'cont' to 'container'
    qplotGUI : updateExtraArgs: warning in ggroup(horizontal = FALSE, cont
     = anb, label = i): partial argument match of 'cont' to 'container'
    qplotGUI : updateExtraArgs: warning in glabel("Using lm method", cont =
     eg): partial argument match of 'cont' to 'container'
    qplotGUI : updateExtraArgs: warning in ggroup(cont = eg): partial
     argument match of 'cont' to 'container'
    qplotGUI : updateExtraArgs: warning in glabel("formula", cont = tmp):
     partial argument match of 'cont' to 'container'
    qplotGUI : updateExtraArgs: warning in gdroplist(c("", "y ~ ns(x,1)",
     "y ~ ns(x,2)", "y ~ ns(x,3)"), coerce.with = function(str) {: partial
     argument match of 'cont' to 'container'
    qplotGUI : updateExtraArgs: warning in if (str == "") : partial
     argument match of 'cont' to 'container'
    qplotGUI : updateExtraArgs: warning in return(str): partial argument
     match of 'cont' to 'container'
    qplotGUI : updateExtraArgs: warning in else return(formula(str)):
     partial argument match of 'cont' to 'container'
    qplotGUI : updateExtraArgs: warning in }, handler = updateGraphic,
     editable = TRUE, cont = tmp): partial argument match of 'cont' to
     'container'
    qplotGUI : updateExtraArgs: warning in glabel("quantile", cont = tmp):
     partial argument match of 'cont' to 'container'
    qplotGUI : updateExtraArgs: warning in gdroplist(c("",
     "seq(.05,.95,by=.05)", "seq(.10,.90,by=.10)", "seq(.25,.75,by=.25)"),
     coerce.with = function(str) {: partial argument match of 'cont' to
     'container'
    qplotGUI : updateExtraArgs: warning in ifelse(str == "", "",
     try(eval(parse(text = str)), silent = TRUE)): partial argument match
     of 'cont' to 'container'
    qplotGUI : updateExtraArgs: warning in glabel("binwidth", cont = tmp):
     partial argument match of 'cont' to 'container'
    qplotGUI : updateExtraArgs: warning in gedit("", cont = tmp,
     coerce.with = as.numeric, handler = updateGraphic): partial argument
     match of 'cont' to 'container'
    qplotGUI : updateExtraArgs: warning in ifelse(str == "", "",
     formula(str)): partial argument match of 'cont' to 'container'
    repeatTrialsGUI: warning in gframe("Repeat trials", cont = container):
     partial argument match of 'cont' to 'container'
    repeatTrialsGUI: warning in glayout(cont = g): partial argument match
     of 'cont' to 'container'
    repeatTrialsGUI: warning in gedit("", cont = tbl): partial argument
     match of 'cont' to 'container'
    repeatTrialsGUI: warning in gedit(10, cont = tbl, coerce.with =
     as.numeric): partial argument match of 'cont' to 'container'
    repeatTrialsGUI: warning in gseparator(cont = tbl): partial argument
     match of 'cont' to 'container'
    repeatTrialsGUI: warning in gdroplist(actions, editable = TRUE, cont =
     tbl): partial argument match of 'cont' to 'container'
    repeatTrialsGUI: warning in ggroup(cont = tbl): partial argument match
     of 'cont' to 'container'
    repeatTrialsGUI: warning in gbutton("Repeat trials", cont = bg):
     partial argument match of 'cont' to 'container'
    repeatTrialsGUI: warning in gbutton("help", cont = bg, handler =
     function(h, ...) {: partial argument match of 'cont' to 'container'
    repeatTrialsGUI: warning in ghelp("repeatTrials", package = "pmg",
     container = pmgWC$new("repeatTrials", width = 400, height = 250)):
     partial argument match of 'cont' to 'container'
    repeatTrialsGUI: warning in }): partial argument match of 'cont' to
     'container'
    summarized.t.test: warning in pt(tstat, df, lower = FALSE): partial
     argument match of 'lower' to 'lower.tail'
    .editDFProperties : <anonymous>: no visible binding for global variable
     ‘getType’
    .newSet : setISetByName: no visible global function definition for
     ‘iset.list’
    .newSet : setISetByName: no visible global function definition for
     ‘iset.set’
    .newSet: no visible global function definition for ‘iset.list’
    .newSet: no visible global function definition for ‘iset.set’
    .newSet: no visible global function definition for ‘iset.new’
    .newSet: no visible global function definition for ‘iset.df’
    .newSet : <anonymous>: no visible global function definition for ‘ibox’
    .newSet : <anonymous>: no visible global function definition for
     ‘imosaic’
    .newSet : <anonymous>: no visible global function definition for ‘ipcp’
    .newSet : <anonymous>: no visible global function definition for
     ‘iset.selected’
    .newSet : <anonymous>: no visible global function definition for
     ‘iset.select’
    .newSet : <anonymous>: no visible global function definition for
     ‘iplot.cur’
    .newSet : <anonymous>: no visible global function definition for
     ‘iplot.list’
    .newSet : <anonymous>: no visible global function definition for
     ‘iplot.set’
    .newSet : <anonymous> : addTrendLine: no visible global function
     definition for ‘iset.selected’
    .newSet : <anonymous> : addTrendLine: no visible global function
     definition for ‘iabline’
    .newSet : <anonymous> : addTrendLine: no visible global function
     definition for ‘ilines’
    .newSet : <anonymous>: no visible global function definition for
     ‘iobj.rm’
    .newSet : <anonymous>: no visible global function definition for
     ‘iobj.cur’
    .newSet : <anonymous>: no visible global function definition for
     ‘.jstrVal’
    .newSet : getCurrentPlotNameType: no visible global function definition
     for ‘iplot.list’
    .newSet : getCurrentPlotNameType: no visible global function definition
     for ‘iplot.cur’
    constructionOfNormal : updatePlot: no visible binding for global
     variable ‘x’
    histogramAndDensity : addDensity: no visible binding for global
     variable ‘x’
    lsDatasets: no visible global function definition for ‘.GlobalEnv’
    lsFunctions: no visible global function definition for ‘.GlobalEnv’
    lsModels: no visible global function definition for ‘.GlobalEnv’
    lsTs: no visible global function definition for ‘.GlobalEnv’
    pmg: no visible binding for global variable ‘pmg.user.menu’
    pmg: no visible binding for global variable ‘pmg.menubar’
    pmg.teachingDemos : <anonymous>: no visible binding for global variable
     ‘x’
    pmg.teachingDemos : <anonymous>: no visible binding for '<<-'
     assignment to ‘.binomialDemo.results’
    pmg.teachingDemos : <anonymous>: no visible binding for global variable
     ‘.binomialDemo.results’
    probabilityCalculator : updatePlot: no visible binding for global
     variable ‘x’
Flavors: r-devel-linux-x86_64-fedora-gcc, r-devel-macosx-x86_64-gcc, r-devel-windows-ix86+x86_64, r-patched-solaris-sparc, r-patched-solaris-x86, r-release-windows-ix86+x86_64, r-oldrel-windows-ix86+x86_64

Version: 0.9-42
Check: package dependencies
Result: NOTE
    Package which this enhances but not available for checking: ‘ggplot2’
    
    Depends: includes the non-default packages:
     ‘lattice’ ‘MASS’ ‘proto’ ‘foreign’ ‘gWidgets’ ‘gWidgetsRGtk2’
    Adding so many packages to the search path is excessive and importing
    selectively is preferable.
Flavor: r-devel-macosx-x86_64-gcc

Version: 0.9-42
Check: for old-style vignette sources
Result: NOTE
    Vignette sources only in 'inst/doc':
     'pmg.Rtex'
    A 'vignettes' directory will be required as from R 3.1.0
Flavor: r-oldrel-windows-ix86+x86_64