CRAN Package Check Results for Package pmg

Last updated on 2014-12-19 03:47:40.

Flavor Version Tinstall Tcheck Ttotal Status Flags
r-devel-linux-x86_64-debian-clang 0.9-43 3.62 54.18 57.80 OK
r-devel-linux-x86_64-debian-gcc 0.9-43 3.42 51.64 55.06 OK
r-devel-linux-x86_64-fedora-clang 0.9-43 128.79 OK
r-devel-linux-x86_64-fedora-gcc 0.9-43 115.10 OK
r-devel-osx-x86_64-clang 0.9-43 107.41 OK
r-devel-windows-ix86+x86_64 0.9-43 15.00 85.00 100.00 OK
r-patched-linux-x86_64 0.9-43 3.82 57.33 61.14 OK
r-patched-solaris-sparc 0.9-43 616.80 OK
r-patched-solaris-x86 0.9-43 168.10 OK
r-release-linux-ix86 0.9-43 4.54 64.80 69.34 OK
r-release-linux-x86_64 0.9-43 3.73 54.67 58.40 OK
r-release-osx-x86_64-mavericks 0.9-43 ERROR
r-release-osx-x86_64-snowleopard 0.9-43 OK
r-release-windows-ix86+x86_64 0.9-43 17.00 88.00 105.00 OK
r-oldrel-windows-ix86+x86_64 0.9-43 17.00 94.00 111.00 OK

Check Details

Version: 0.9-43
Check: package dependencies
Result: ERROR
    Package required but not available: ‘gWidgetsRGtk2’
    
    Package which this enhances but not available for checking: ‘cairoDevice’
    
    See the information on DESCRIPTION files in the chapter ‘Creating R
    packages’ of the ‘Writing R Extensions’ manual.
Flavor: r-release-osx-x86_64-mavericks