CRAN Package Check Results for Package pmg

Last updated on 2014-10-21 21:46:56.

Flavor Version Tinstall Tcheck Ttotal Status Flags
r-devel-linux-x86_64-debian-clang 0.9-43 4.37 52.20 56.57 OK
r-devel-linux-x86_64-debian-gcc 0.9-43 3.50 51.18 54.68 OK
r-devel-linux-x86_64-fedora-clang 0.9-43 121.85 OK
r-devel-linux-x86_64-fedora-gcc 0.9-43 117.57 OK
r-devel-osx-x86_64-clang 0.9-43 106.77 OK
r-devel-windows-ix86+x86_64 0.9-43 16.00 70.00 86.00 OK
r-patched-linux-x86_64 0.9-43 3.72 54.61 58.33 OK
r-patched-solaris-sparc 0.9-43 616.80 OK
r-patched-solaris-x86 0.9-43 165.60 OK
r-release-linux-ix86 0.9-43 4.88 70.46 75.34 OK
r-release-linux-x86_64 0.9-43 4.02 56.44 60.46 OK
r-release-osx-x86_64-mavericks 0.9-43 ERROR
r-release-osx-x86_64-snowleopard 0.9-43 OK
r-release-windows-ix86+x86_64 0.9-43 16.00 83.00 99.00 OK
r-oldrel-windows-ix86+x86_64 0.9-43 19.00 89.00 108.00 OK

Check Details

Version: 0.9-43
Check: package dependencies
Result: ERROR
    Package required but not available: ‘gWidgetsRGtk2’
    
    Package which this enhances but not available for checking: ‘cairoDevice’
    
    See the information on DESCRIPTION files in the chapter ‘Creating R
    packages’ of the ‘Writing R Extensions’ manual.
Flavor: r-release-osx-x86_64-mavericks