CRAN Package Check Results for Package pmml

Last updated on 2017-03-23 23:51:00.

Flavor Version Tinstall Tcheck Ttotal Status Flags
r-devel-linux-x86_64-debian-clang 1.5.2 1.44 47.80 49.25 OK
r-devel-linux-x86_64-debian-gcc 1.5.2 1.42 46.00 47.42 OK
r-devel-linux-x86_64-fedora-clang 1.5.2 92.61 OK --no-stop-on-test-error
r-devel-linux-x86_64-fedora-gcc 1.5.2 88.11 OK --no-stop-on-test-error
r-devel-macos-x86_64-clang 1.5.2 72.05 OK --no-stop-on-test-error
r-devel-windows-ix86+x86_64 1.5.2 5.00 82.00 87.00 OK
r-patched-linux-x86_64 1.5.2 1.41 44.14 45.55 OK
r-patched-solaris-sparc 1.5.2 545.50 OK
r-patched-solaris-x86 1.5.2 108.40 OK
r-release-linux-x86_64 1.5.2 1.36 44.00 45.36 OK
r-release-osx-x86_64-mavericks 1.5.2 OK
r-release-windows-ix86+x86_64 1.5.2 6.00 71.00 77.00 OK
r-oldrel-windows-ix86+x86_64 1.5.2 8.00 128.00 136.00 ERROR

Check Details

Version: 1.5.2
Check: package dependencies
Result: NOTE
    Package suggested but not available for checking: 'neighbr'
Flavor: r-oldrel-windows-ix86+x86_64

Version: 1.5.2
Check: examples
Result: ERROR
    Running examples in 'pmml-Ex.R' failed
    The error most likely occurred in:
    
    > ### Name: pmml.neighbr
    > ### Title: Generate PMML for a neighbr object from the *neighbr* package.
    > ### Aliases: pmml.neighbr
    >
    > ### ** Examples
    >
    > # continuous features with continuous target, categorical target,
    > # and neighbor ranking
    >
    > library(neighbr)
    Error in library(neighbr) : there is no package called 'neighbr'
    Execution halted
Flavor: r-oldrel-windows-ix86+x86_64