CRAN Package Check Results for Package pmml

Last updated on 2015-07-31 10:47:37.

Flavor Version Tinstall Tcheck Ttotal Status Flags
r-devel-linux-x86_64-debian-clang 1.4.2 1.16 32.11 33.26 NOTE
r-devel-linux-x86_64-debian-gcc 1.4.2 1.67 34.58 36.25 NOTE
r-devel-linux-x86_64-fedora-clang 1.4.2 62.53 NOTE
r-devel-linux-x86_64-fedora-gcc 1.4.2 58.08 NOTE
r-devel-osx-x86_64-clang 1.4.2 55.03 NOTE
r-devel-windows-ix86+x86_64 1.4.2 7.00 48.00 55.00 NOTE
r-patched-linux-x86_64 1.4.2 1.16 31.23 32.40 NOTE
r-patched-solaris-sparc 1.4.2 398.50 NOTE
r-patched-solaris-x86 1.4.2 81.20 NOTE
r-release-linux-x86_64 1.4.2 1.16 30.77 31.94 NOTE
r-release-osx-x86_64-mavericks 1.4.2 NOTE
r-release-windows-ix86+x86_64 1.4.2 5.00 49.00 54.00 NOTE
r-oldrel-windows-ix86+x86_64 1.4.2 4.00 56.00 60.00 NOTE

Check Details

Version: 1.4.2
Check: dependencies in R code
Result: NOTE
    'library' or 'require' calls in package code:
     ‘arules’ ‘e1071’ ‘nnet’ ‘randomForest’ ‘randomForestSRC’ ‘rpart’
     Please use :: or requireNamespace() instead.
     See section 'Suggested packages' in the 'Writing R Extensions' manual.
Flavors: r-devel-linux-x86_64-debian-clang, r-devel-linux-x86_64-debian-gcc, r-devel-linux-x86_64-fedora-clang, r-devel-linux-x86_64-fedora-gcc, r-devel-osx-x86_64-clang, r-devel-windows-ix86+x86_64, r-patched-linux-x86_64, r-patched-solaris-sparc, r-patched-solaris-x86, r-release-linux-x86_64, r-release-osx-x86_64-mavericks, r-release-windows-ix86+x86_64, r-oldrel-windows-ix86+x86_64

Version: 1.4.2
Check: S3 generic/method consistency
Result: NOTE
    Found the following apparent S3 methods exported but not registered:
     pmml.ada pmml.coxph pmml.cv.glmnet pmml.glm pmml.hclust pmml.kmeans
     pmml.ksvm pmml.lm pmml.multinom pmml.naiveBayes pmml.nnet
     pmml.randomForest pmml.rfsrc pmml.rpart pmml.svm
    See section ‘Registering S3 methods’ in the ‘Writing R Extensions’
    manual.
Flavors: r-devel-linux-x86_64-debian-clang, r-devel-linux-x86_64-debian-gcc, r-devel-linux-x86_64-fedora-clang, r-devel-linux-x86_64-fedora-gcc, r-devel-osx-x86_64-clang, r-patched-linux-x86_64, r-patched-solaris-sparc, r-patched-solaris-x86, r-release-linux-x86_64

Version: 1.4.2
Check: R code for possible problems
Result: NOTE
    .as.rules.rpart: no visible global function definition for ‘path.rpart’
    .genBinaryRFTreeNodes: no visible global function definition for
     ‘getTree’
    .pmml.survreg: no visible global function definition for ‘coef’
    .pmml.survreg: no visible global function definition for ‘coefficients’
    .treeset.randomForest: no visible global function definition for
     ‘getTree’
    addLT: no visible global function definition for ‘flush.console’
    addMSAttributes: no visible global function definition for
     ‘flush.console’
    pmml.coxph: no visible global function definition for ‘coefficients’
    pmml.coxph: no visible global function definition for ‘coef’
    pmml.glm: no visible global function definition for ‘coef’
    pmml.glm: no visible global function definition for ‘coefficients’
    pmml.itemsets: no visible global function definition for ‘itemLabels’
    pmml.itemsets: no visible global function definition for ‘size’
    pmml.itemsets: no visible global function definition for ‘LIST’
    pmml.ksvm: no visible global function definition for ‘coef’
    pmml.lm: no visible global function definition for ‘coef’
    pmml.lm: no visible global function definition for ‘coefficients’
    pmml.multinom: no visible global function definition for ‘coefficients’
    pmml.rpart: no visible global function definition for ‘capture.output’
    pmml.rules: no visible global function definition for ‘lhs’
    pmml.rules: no visible global function definition for ‘rhs’
    pmml.rules: no visible global function definition for ‘getMethod’
    pmml.rules: no visible global function definition for ‘info’
    pmml.rules: no visible global function definition for ‘itemLabels’
    pmml.rules: no visible global function definition for ‘size’
    pmml.rules: no visible global function definition for ‘LIST’
    Undefined global functions or variables:
     LIST capture.output coef coefficients flush.console getMethod getTree
     info itemLabels lhs path.rpart rhs size
    Consider adding
     importFrom("methods", "getMethod")
     importFrom("stats", "coef", "coefficients")
     importFrom("utils", "capture.output", "flush.console")
    to your NAMESPACE.
Flavors: r-devel-linux-x86_64-debian-clang, r-devel-linux-x86_64-debian-gcc, r-devel-linux-x86_64-fedora-clang, r-devel-linux-x86_64-fedora-gcc, r-devel-windows-ix86+x86_64

Version: 1.4.2
Check: R code for possible problems
Result: NOTE
    .as.rules.rpart: no visible global function definition for ‘path.rpart’
    .genBinaryRFTreeNodes: no visible global function definition for
     ‘getTree’
    .treeset.randomForest: no visible global function definition for
     ‘getTree’
    pmml.itemsets: no visible global function definition for ‘itemLabels’
    pmml.itemsets: no visible global function definition for ‘size’
    pmml.itemsets: no visible global function definition for ‘LIST’
    pmml.rules: no visible global function definition for ‘lhs’
    pmml.rules: no visible global function definition for ‘rhs’
    pmml.rules: no visible global function definition for ‘info’
    pmml.rules: no visible global function definition for ‘itemLabels’
    pmml.rules: no visible global function definition for ‘size’
    pmml.rules: no visible global function definition for ‘LIST’
    Undefined global functions or variables:
     LIST getTree info itemLabels lhs path.rpart rhs size
Flavor: r-devel-osx-x86_64-clang

Version: 1.4.2
Check: R code for possible problems
Result: NOTE
    .as.rules.rpart: no visible global function definition for ‘path.rpart’
    .genBinaryRFTreeNodes: no visible global function definition for
     ‘getTree’
    .treeset.randomForest: no visible global function definition for
     ‘getTree’
    pmml.itemsets: no visible global function definition for ‘itemLabels’
    pmml.itemsets: no visible global function definition for ‘size’
    pmml.itemsets: no visible global function definition for ‘LIST’
    pmml.rules: no visible global function definition for ‘lhs’
    pmml.rules: no visible global function definition for ‘rhs’
    pmml.rules: no visible global function definition for ‘info’
    pmml.rules: no visible global function definition for ‘itemLabels’
    pmml.rules: no visible global function definition for ‘size’
    pmml.rules: no visible global function definition for ‘LIST’
Flavors: r-patched-linux-x86_64, r-patched-solaris-sparc, r-patched-solaris-x86, r-release-linux-x86_64, r-release-osx-x86_64-mavericks, r-release-windows-ix86+x86_64, r-oldrel-windows-ix86+x86_64