CRAN Package Check Results for Package pmml

Last updated on 2014-09-21 08:48:46.

Flavor Version Tinstall Tcheck Ttotal Status Flags
r-devel-linux-x86_64-debian-clang 1.4.2 1.90 32.69 34.60 NOTE
r-devel-linux-x86_64-debian-gcc 1.4.2 1.49 33.91 35.40 NOTE
r-devel-linux-x86_64-fedora-clang 1.4.2 69.47 NOTE
r-devel-linux-x86_64-fedora-gcc 1.4.2 64.78 NOTE
r-devel-osx-x86_64-clang 1.4.2 60.09 NOTE
r-devel-windows-ix86+x86_64 1.4.2 4.00 42.00 46.00 NOTE
r-patched-linux-x86_64 1.4.2 1.37 40.91 42.28 OK
r-patched-solaris-sparc 1.4.2 446.30 OK
r-patched-solaris-x86 1.4.2 93.40 OK
r-release-linux-ix86 1.4.2 1.84 48.26 50.10 OK
r-release-linux-x86_64 1.4.2 1.40 41.21 42.61 OK
r-release-osx-x86_64-mavericks 1.4.2 OK
r-release-osx-x86_64-snowleopard 1.4.2 OK
r-release-windows-ix86+x86_64 1.4.2 3.00 59.00 62.00 OK
r-oldrel-windows-ix86+x86_64 1.4.2 5.00 47.00 52.00 OK

Check Details

Version: 1.4.2
Check: R code for possible problems
Result: NOTE
    .as.rules.rpart: no visible global function definition for ‘path.rpart’
    .genBinaryRFTreeNodes: no visible global function definition for
     ‘getTree’
    .treeset.randomForest: no visible global function definition for
     ‘getTree’
    pmml.itemsets: no visible global function definition for ‘itemLabels’
    pmml.itemsets: no visible global function definition for ‘size’
    pmml.itemsets: no visible global function definition for ‘LIST’
    pmml.rules: no visible global function definition for ‘lhs’
    pmml.rules: no visible global function definition for ‘rhs’
    pmml.rules: no visible global function definition for ‘info’
    pmml.rules: no visible global function definition for ‘itemLabels’
    pmml.rules: no visible global function definition for ‘size’
    pmml.rules: no visible global function definition for ‘LIST’
Flavors: r-devel-linux-x86_64-debian-clang, r-devel-linux-x86_64-debian-gcc, r-devel-linux-x86_64-fedora-clang, r-devel-linux-x86_64-fedora-gcc, r-devel-osx-x86_64-clang, r-devel-windows-ix86+x86_64