CRAN Package Check Results for Package pmml

Last updated on 2015-05-28 11:48:37.

Flavor Version Tinstall Tcheck Ttotal Status Flags
r-devel-linux-x86_64-debian-clang 1.4.2 1.26 31.37 32.63 NOTE
r-devel-linux-x86_64-debian-gcc 1.4.2 1.24 30.61 31.85 NOTE
r-devel-linux-x86_64-fedora-clang 1.4.2 63.13 NOTE
r-devel-linux-x86_64-fedora-gcc 1.4.2 59.01 NOTE
r-devel-osx-x86_64-clang 1.4.2 58.73 NOTE
r-devel-windows-ix86+x86_64 1.4.2 4.00 43.00 47.00 NOTE
r-patched-linux-x86_64 1.4.2 1.16 31.01 32.16 NOTE
r-patched-solaris-sparc 1.4.2 378.00 NOTE
r-patched-solaris-x86 1.4.2 81.80 NOTE
r-release-linux-x86_64 1.4.2 1.38 30.70 32.07 NOTE
r-release-osx-x86_64-mavericks 1.4.2 NOTE
r-release-osx-x86_64-snowleopard 1.4.2 ERROR
r-release-windows-ix86+x86_64 1.4.2 5.00 44.00 49.00 NOTE
r-oldrel-windows-ix86+x86_64 1.4.2 5.00 46.00 51.00 NOTE

Check Details

Version: 1.4.2
Check: dependencies in R code
Result: NOTE
    'library' or 'require' calls in package code:
     ‘arules’ ‘e1071’ ‘nnet’ ‘randomForest’ ‘randomForestSRC’ ‘rpart’
     Please use :: or requireNamespace() instead.
     See section 'Suggested packages' in the 'Writing R Extensions' manual.
Flavors: r-devel-linux-x86_64-debian-clang, r-devel-linux-x86_64-debian-gcc, r-devel-linux-x86_64-fedora-clang, r-devel-linux-x86_64-fedora-gcc, r-devel-osx-x86_64-clang, r-devel-windows-ix86+x86_64, r-patched-linux-x86_64, r-patched-solaris-sparc, r-patched-solaris-x86, r-release-linux-x86_64, r-release-osx-x86_64-mavericks, r-release-windows-ix86+x86_64, r-oldrel-windows-ix86+x86_64

Version: 1.4.2
Check: S3 generic/method consistency
Result: NOTE
    Found the following apparent S3 methods exported but not registered:
     pmml.ada pmml.coxph pmml.cv.glmnet pmml.glm pmml.hclust pmml.kmeans
     pmml.ksvm pmml.lm pmml.multinom pmml.naiveBayes pmml.nnet
     pmml.randomForest pmml.rfsrc pmml.rpart pmml.svm
    See section ‘Registering S3 methods’ in the ‘Writing R Extensions’
    manual.
Flavors: r-devel-linux-x86_64-debian-clang, r-devel-linux-x86_64-debian-gcc, r-devel-linux-x86_64-fedora-clang, r-devel-linux-x86_64-fedora-gcc, r-devel-osx-x86_64-clang, r-patched-linux-x86_64, r-patched-solaris-sparc, r-patched-solaris-x86, r-release-linux-x86_64

Version: 1.4.2
Check: R code for possible problems
Result: NOTE
    .as.rules.rpart: no visible global function definition for ‘path.rpart’
    .genBinaryRFTreeNodes: no visible global function definition for
     ‘getTree’
    .treeset.randomForest: no visible global function definition for
     ‘getTree’
    pmml.itemsets: no visible global function definition for ‘itemLabels’
    pmml.itemsets: no visible global function definition for ‘size’
    pmml.itemsets: no visible global function definition for ‘LIST’
    pmml.rules: no visible global function definition for ‘lhs’
    pmml.rules: no visible global function definition for ‘rhs’
    pmml.rules: no visible global function definition for ‘info’
    pmml.rules: no visible global function definition for ‘itemLabels’
    pmml.rules: no visible global function definition for ‘size’
    pmml.rules: no visible global function definition for ‘LIST’
Flavors: r-devel-linux-x86_64-debian-clang, r-devel-linux-x86_64-debian-gcc, r-devel-linux-x86_64-fedora-clang, r-devel-linux-x86_64-fedora-gcc, r-devel-osx-x86_64-clang, r-devel-windows-ix86+x86_64, r-patched-linux-x86_64, r-patched-solaris-sparc, r-patched-solaris-x86, r-release-linux-x86_64, r-release-osx-x86_64-mavericks, r-release-windows-ix86+x86_64, r-oldrel-windows-ix86+x86_64

Version: 1.4.2
Check: package dependencies
Result: ERROR
    Package required but not available: ‘XML’
    
    Packages suggested but not available for checking:
     ‘arules’ ‘rattle’ ‘pmmlTransformations’
    
    See section ‘The DESCRIPTION file’ in the ‘Writing R Extensions’
    manual.
Flavor: r-release-osx-x86_64-snowleopard