CRAN Package Check Results for Package pmml

Last updated on 2014-12-22 05:48:37.

Flavor Version Tinstall Tcheck Ttotal Status Flags
r-devel-linux-x86_64-debian-clang 1.4.2 1.47 34.48 35.95 NOTE
r-devel-linux-x86_64-debian-gcc 1.4.2 1.28 33.45 34.73 NOTE
r-devel-linux-x86_64-fedora-clang 1.4.2 72.74 NOTE
r-devel-linux-x86_64-fedora-gcc 1.4.2 68.38 NOTE
r-devel-osx-x86_64-clang 1.4.2 67.66 NOTE
r-devel-windows-ix86+x86_64 1.4.2 7.00 46.00 53.00 NOTE
r-patched-linux-x86_64 1.4.2 1.36 35.70 37.06 NOTE
r-patched-solaris-sparc 1.4.2 416.10 NOTE
r-patched-solaris-x86 1.4.2 89.60 NOTE
r-release-linux-ix86 1.4.2 1.74 42.55 44.29 NOTE
r-release-linux-x86_64 1.4.2 1.35 36.13 37.48 NOTE
r-release-osx-x86_64-mavericks 1.4.2 OK
r-release-osx-x86_64-snowleopard 1.4.2 OK
r-release-windows-ix86+x86_64 1.4.2 5.00 50.00 55.00 NOTE
r-oldrel-windows-ix86+x86_64 1.4.2 6.00 52.00 58.00 OK

Check Details

Version: 1.4.2
Check: R code for possible problems
Result: NOTE
    .as.rules.rpart: no visible global function definition for ‘path.rpart’
    .genBinaryRFTreeNodes: no visible global function definition for
     ‘getTree’
    .treeset.randomForest: no visible global function definition for
     ‘getTree’
    pmml.itemsets: no visible global function definition for ‘itemLabels’
    pmml.itemsets: no visible global function definition for ‘size’
    pmml.itemsets: no visible global function definition for ‘LIST’
    pmml.rules: no visible global function definition for ‘lhs’
    pmml.rules: no visible global function definition for ‘rhs’
    pmml.rules: no visible global function definition for ‘info’
    pmml.rules: no visible global function definition for ‘itemLabels’
    pmml.rules: no visible global function definition for ‘size’
    pmml.rules: no visible global function definition for ‘LIST’
Flavors: r-devel-linux-x86_64-debian-clang, r-devel-linux-x86_64-debian-gcc, r-devel-linux-x86_64-fedora-clang, r-devel-linux-x86_64-fedora-gcc, r-devel-osx-x86_64-clang, r-devel-windows-ix86+x86_64, r-patched-linux-x86_64, r-patched-solaris-sparc, r-patched-solaris-x86, r-release-linux-ix86, r-release-linux-x86_64, r-release-windows-ix86+x86_64