CRAN Package Check Results for Package pmml

Last updated on 2014-10-22 21:47:31.

Flavor Version Tinstall Tcheck Ttotal Status Flags
r-devel-linux-x86_64-debian-clang 1.4.2 1.51 34.62 36.12 NOTE
r-devel-linux-x86_64-debian-gcc 1.4.2 1.70 33.35 35.04 NOTE
r-devel-linux-x86_64-fedora-clang 1.4.2 70.77 NOTE
r-devel-linux-x86_64-fedora-gcc 1.4.2 65.08 NOTE
r-devel-osx-x86_64-clang 1.4.2 68.28 NOTE
r-devel-windows-ix86+x86_64 1.4.2 4.00 46.00 50.00 NOTE
r-patched-linux-x86_64 1.4.2 1.34 35.44 36.79 NOTE
r-patched-solaris-sparc 1.4.2 416.10 NOTE
r-patched-solaris-x86 1.4.2 87.40 NOTE
r-release-linux-ix86 1.4.2 1.86 47.94 49.80 OK
r-release-linux-x86_64 1.4.2 1.47 40.09 41.56 OK
r-release-osx-x86_64-mavericks 1.4.2 OK
r-release-osx-x86_64-snowleopard 1.4.2 OK
r-release-windows-ix86+x86_64 1.4.2 5.00 53.00 58.00 OK
r-oldrel-windows-ix86+x86_64 1.4.2 4.00 54.00 58.00 OK

Check Details

Version: 1.4.2
Check: R code for possible problems
Result: NOTE
    .as.rules.rpart: no visible global function definition for ‘path.rpart’
    .genBinaryRFTreeNodes: no visible global function definition for
     ‘getTree’
    .treeset.randomForest: no visible global function definition for
     ‘getTree’
    pmml.itemsets: no visible global function definition for ‘itemLabels’
    pmml.itemsets: no visible global function definition for ‘size’
    pmml.itemsets: no visible global function definition for ‘LIST’
    pmml.rules: no visible global function definition for ‘lhs’
    pmml.rules: no visible global function definition for ‘rhs’
    pmml.rules: no visible global function definition for ‘info’
    pmml.rules: no visible global function definition for ‘itemLabels’
    pmml.rules: no visible global function definition for ‘size’
    pmml.rules: no visible global function definition for ‘LIST’
Flavors: r-devel-linux-x86_64-debian-clang, r-devel-linux-x86_64-debian-gcc, r-devel-linux-x86_64-fedora-clang, r-devel-linux-x86_64-fedora-gcc, r-devel-osx-x86_64-clang, r-devel-windows-ix86+x86_64, r-patched-linux-x86_64, r-patched-solaris-sparc, r-patched-solaris-x86