CRAN Package Check Results for Package pmml

Last updated on 2015-03-27 07:48:54.

Flavor Version Tinstall Tcheck Ttotal Status Flags
r-devel-linux-x86_64-debian-clang 1.4.2 1.55 31.32 32.86 NOTE
r-devel-linux-x86_64-debian-gcc 1.4.2 3.15 31.28 34.43 NOTE
r-devel-linux-x86_64-fedora-clang 1.4.2 63.63 NOTE
r-devel-linux-x86_64-fedora-gcc 1.4.2 59.89 NOTE
r-devel-osx-x86_64-clang 1.4.2 65.58 NOTE
r-prerel-windows-ix86+x86_64 1.4.2 7.00 44.00 51.00 NOTE
r-prerel-linux-x86_64 1.4.2 1.15 30.64 31.79 NOTE
r-prerel-solaris-sparc 1.4.2 382.20 NOTE
r-prerel-solaris-x86 1.4.2 76.50 NOTE
r-release-linux-x86_64 1.4.2 1.36 34.34 35.70 NOTE
r-release-osx-x86_64-mavericks 1.4.2 NOTE
r-release-osx-x86_64-snowleopard 1.4.2 OK
r-release-windows-ix86+x86_64 1.4.2 5.00 49.00 54.00 NOTE
r-oldrel-windows-ix86+x86_64 1.4.2 5.00 53.00 58.00 OK

Check Details

Version: 1.4.2
Check: dependencies in R code
Result: NOTE
    'library' or 'require' calls in package code:
     ‘arules’ ‘e1071’ ‘nnet’ ‘randomForest’ ‘randomForestSRC’ ‘rpart’
     Please use :: or requireNamespace() instead.
     See section 'Suggested packages' in the 'Writing R Extensions' manual.
Flavors: r-devel-linux-x86_64-debian-clang, r-devel-linux-x86_64-debian-gcc, r-devel-linux-x86_64-fedora-clang, r-devel-linux-x86_64-fedora-gcc, r-devel-osx-x86_64-clang, r-prerel-windows-ix86+x86_64, r-prerel-linux-x86_64, r-prerel-solaris-sparc, r-prerel-solaris-x86, r-release-linux-x86_64, r-release-windows-ix86+x86_64

Version: 1.4.2
Check: S3 generic/method consistency
Result: NOTE
    Found the following apparent S3 methods exported but not registered:
     pmml.ada pmml.coxph pmml.cv.glmnet pmml.glm pmml.hclust pmml.kmeans
     pmml.ksvm pmml.lm pmml.multinom pmml.naiveBayes pmml.nnet
     pmml.randomForest pmml.rfsrc pmml.rpart pmml.svm
    See section ‘Registering S3 methods’ in the ‘Writing R Extensions’
    manual.
Flavors: r-devel-linux-x86_64-debian-clang, r-devel-linux-x86_64-debian-gcc, r-devel-linux-x86_64-fedora-clang, r-devel-linux-x86_64-fedora-gcc, r-devel-osx-x86_64-clang, r-prerel-linux-x86_64

Version: 1.4.2
Check: R code for possible problems
Result: NOTE
    .as.rules.rpart: no visible global function definition for ‘path.rpart’
    .genBinaryRFTreeNodes: no visible global function definition for
     ‘getTree’
    .treeset.randomForest: no visible global function definition for
     ‘getTree’
    pmml.itemsets: no visible global function definition for ‘itemLabels’
    pmml.itemsets: no visible global function definition for ‘size’
    pmml.itemsets: no visible global function definition for ‘LIST’
    pmml.rules: no visible global function definition for ‘lhs’
    pmml.rules: no visible global function definition for ‘rhs’
    pmml.rules: no visible global function definition for ‘info’
    pmml.rules: no visible global function definition for ‘itemLabels’
    pmml.rules: no visible global function definition for ‘size’
    pmml.rules: no visible global function definition for ‘LIST’
Flavors: r-devel-linux-x86_64-debian-clang, r-devel-linux-x86_64-debian-gcc, r-devel-linux-x86_64-fedora-clang, r-devel-linux-x86_64-fedora-gcc, r-devel-osx-x86_64-clang, r-prerel-windows-ix86+x86_64, r-prerel-linux-x86_64, r-prerel-solaris-sparc, r-prerel-solaris-x86, r-release-linux-x86_64, r-release-osx-x86_64-mavericks, r-release-windows-ix86+x86_64