CRAN Package Check Results for Package pmml

Last updated on 2014-04-24 17:49:50.

Flavor Version Tinstall Tcheck Ttotal Status Flags
r-devel-linux-x86_64-debian-clang 1.4.1 1.44 37.36 38.80 NOTE
r-devel-linux-x86_64-debian-gcc 1.4.1 1.40 37.23 38.63 NOTE
r-devel-linux-x86_64-fedora-clang 1.4.1 78.17 NOTE
r-devel-linux-x86_64-fedora-gcc 1.4.1 75.85 NOTE
r-devel-osx-x86_64-clang 1.4.1 66.98 NOTE
r-devel-osx-x86_64-gcc 1.4.1 ERROR
r-devel-windows-ix86+x86_64 1.4.1 4.00 49.00 53.00 NOTE
r-patched-linux-x86_64 1.4.1 1.38 37.14 38.52 NOTE
r-patched-solaris-sparc 1.4.1 433.40 NOTE
r-patched-solaris-x86 1.4.1 93.80 NOTE
r-release-linux-ix86 1.4.1 2.00 62.00 64.00 NOTE
r-release-linux-x86_64 1.4.1 1.41 38.77 40.18 NOTE
r-release-osx-x86_64-mavericks 1.4.1 WARN
r-release-osx-x86_64-snowleopard 1.4.1 OK
r-release-windows-ix86+x86_64 1.4.1 4.00 47.00 51.00 NOTE
r-oldrel-windows-ix86+x86_64 1.4.1 5.00 52.00 57.00 NOTE

Check Details

Version: 1.4.1
Check: dependencies in R code
Result: NOTE
    Package in Depends field not imported from: ‘XML’
     These packages need to be imported from (in the NAMESPACE file)
     for when this namespace is loaded but not attached.
    See the information on DESCRIPTION files in the chapter ‘Creating R
    packages’ of the ‘Writing R Extensions’ manual.
Flavors: r-devel-linux-x86_64-debian-clang, r-devel-linux-x86_64-debian-gcc, r-devel-linux-x86_64-fedora-clang, r-devel-linux-x86_64-fedora-gcc, r-devel-osx-x86_64-clang, r-devel-windows-ix86+x86_64, r-patched-linux-x86_64, r-patched-solaris-sparc, r-patched-solaris-x86, r-release-linux-ix86, r-release-linux-x86_64, r-release-osx-x86_64-mavericks, r-release-windows-ix86+x86_64, r-oldrel-windows-ix86+x86_64

Version: 1.4.1
Check: package dependencies
Result: ERROR
    Package required but not available: ‘XML’
    
    Packages suggested but not available for checking:
     ‘arules’ ‘pmmlTransformations’
    
    See the information on DESCRIPTION files in the chapter ‘Creating R
    packages’ of the ‘Writing R Extensions’ manual.
Flavor: r-devel-osx-x86_64-gcc

Version: 1.4.1
Check: PDF version of manual
Result: WARNING
    LaTeX errors when creating PDF version.
    This typically indicates Rd problems.
    LaTeX errors found:
    ! LaTeX Error: File `upquote.sty' not found.
    
    Type X to quit or <RETURN> to proceed,
    or enter new name. (Default extension: sty)
    
    7e45d276/Rd2.tex:8: ==> Fatal error occurred, no output PDF file produced!
Flavor: r-release-osx-x86_64-mavericks