CRAN Package Check Results for Package pmml

Last updated on 2014-11-27 16:48:17.

Flavor Version Tinstall Tcheck Ttotal Status Flags
r-devel-linux-x86_64-debian-clang 1.4.2 1.32 33.92 35.24 NOTE
r-devel-linux-x86_64-debian-gcc 1.4.2 1.36 33.92 35.28 NOTE
r-devel-linux-x86_64-fedora-clang 1.4.2 74.32 NOTE
r-devel-linux-x86_64-fedora-gcc 1.4.2 70.07 NOTE
r-devel-osx-x86_64-clang 1.4.2 67.02 NOTE
r-devel-windows-ix86+x86_64 1.4.2 4.00 48.00 52.00 NOTE
r-patched-linux-x86_64 1.4.2 1.35 34.81 36.16 NOTE
r-patched-solaris-sparc 1.4.2 416.10 NOTE
r-patched-solaris-x86 1.4.2 88.60 NOTE
r-release-linux-ix86 1.4.2 1.70 42.27 43.96 NOTE
r-release-linux-x86_64 1.4.2 1.54 34.74 36.28 NOTE
r-release-osx-x86_64-mavericks 1.4.2 OK
r-release-osx-x86_64-snowleopard 1.4.2 OK
r-release-windows-ix86+x86_64 1.4.2 4.00 50.00 54.00 NOTE
r-oldrel-windows-ix86+x86_64 1.4.2 4.00 52.00 56.00 OK

Check Details

Version: 1.4.2
Check: R code for possible problems
Result: NOTE
    .as.rules.rpart: no visible global function definition for ‘path.rpart’
    .genBinaryRFTreeNodes: no visible global function definition for
     ‘getTree’
    .treeset.randomForest: no visible global function definition for
     ‘getTree’
    pmml.itemsets: no visible global function definition for ‘itemLabels’
    pmml.itemsets: no visible global function definition for ‘size’
    pmml.itemsets: no visible global function definition for ‘LIST’
    pmml.rules: no visible global function definition for ‘lhs’
    pmml.rules: no visible global function definition for ‘rhs’
    pmml.rules: no visible global function definition for ‘info’
    pmml.rules: no visible global function definition for ‘itemLabels’
    pmml.rules: no visible global function definition for ‘size’
    pmml.rules: no visible global function definition for ‘LIST’
Flavors: r-devel-linux-x86_64-debian-clang, r-devel-linux-x86_64-debian-gcc, r-devel-linux-x86_64-fedora-clang, r-devel-linux-x86_64-fedora-gcc, r-devel-osx-x86_64-clang, r-devel-windows-ix86+x86_64, r-patched-linux-x86_64, r-patched-solaris-sparc, r-patched-solaris-x86, r-release-linux-ix86, r-release-linux-x86_64, r-release-windows-ix86+x86_64