CRAN Package Check Results for Package pmml

Last updated on 2017-11-21 06:47:56 CET.

Flavor Version Tinstall Tcheck Ttotal Status Flags
r-devel-linux-x86_64-debian-clang 1.5.2 1.37 46.24 47.61 ERROR
r-devel-linux-x86_64-debian-gcc 1.5.2 1.47 47.53 49.00 ERROR
r-devel-linux-x86_64-fedora-clang 1.5.2 87.71 OK
r-devel-linux-x86_64-fedora-gcc 1.5.2 109.40 ERROR
r-devel-windows-ix86+x86_64 1.5.2 6.00 79.00 85.00 ERROR
r-patched-linux-x86_64 1.5.2 1.39 45.99 47.38 ERROR
r-patched-solaris-x86 1.5.2 106.90 OK
r-release-linux-x86_64 1.5.2 1.45 46.41 47.86 ERROR
r-release-windows-ix86+x86_64 1.5.2 5.00 70.00 75.00 ERROR
r-release-osx-x86_64 1.5.2 OK
r-oldrel-windows-ix86+x86_64 1.5.2 5.00 95.00 100.00 ERROR
r-oldrel-osx-x86_64 1.5.2 OK

Check Details

Version: 1.5.2
Check: examples
Result: ERROR
    Running examples in ‘pmml-Ex.R’ failed
    The error most likely occurred in:
    
    > base::assign(".ptime", proc.time(), pos = "CheckExEnv")
    > ### Name: pmml.rfsrc
    > ### Title: Generate PMML for rsf objects
    > ### Aliases: pmml.rfsrc
    >
    > ### ** Examples
    >
    > library(randomForestSRC)
    
     randomForestSRC 2.5.1
    
     Type rfsrc.news() to see new features, changes, and bug fixes.
    
    
    > data(veteran)
    > veteran.out <- rfsrc(Surv(time, status)~., data = veteran, ntree = 5,
    + forest = TRUE, membership = TRUE)
    > pmml(veteran.out)
    [1] "Converting Tree1 to PMML"
    [1] "Converting Tree2 to PMML"
    [1] "Converting Tree3 to PMML"
    Error in .rsfMakeTree(recursiveOutput, nativeArray, field$name, b, -1, :
     Invalid nativeArray input record (treeID) at 182. Please contact Technical Support.
    Calls: pmml -> pmml.rfsrc -> .rsfMakeTree
    Execution halted
Flavor: r-devel-linux-x86_64-debian-clang

Version: 1.5.2
Check: examples
Result: ERROR
    Running examples in ‘pmml-Ex.R’ failed
    The error most likely occurred in:
    
    > base::assign(".ptime", proc.time(), pos = "CheckExEnv")
    > ### Name: pmml.rfsrc
    > ### Title: Generate PMML for rsf objects
    > ### Aliases: pmml.rfsrc
    >
    > ### ** Examples
    >
    > library(randomForestSRC)
    
     randomForestSRC 2.5.1
    
     Type rfsrc.news() to see new features, changes, and bug fixes.
    
    
    > data(veteran)
    > veteran.out <- rfsrc(Surv(time, status)~., data = veteran, ntree = 5,
    + forest = TRUE, membership = TRUE)
    > pmml(veteran.out)
    [1] "Converting Tree1 to PMML"
    [1] "Converting Tree2 to PMML"
    Error in .rsfMakeTree(recursiveOutput, nativeArray, field$name, b, -1, :
     Invalid nativeArray input record (treeID) at 95. Please contact Technical Support.
    Calls: pmml -> pmml.rfsrc -> .rsfMakeTree
    Execution halted
Flavors: r-devel-linux-x86_64-debian-gcc, r-release-linux-x86_64

Version: 1.5.2
Check: examples
Result: ERROR
    Running examples in ‘pmml-Ex.R’ failed
    The error most likely occurred in:
    
    > ### Name: pmml.rfsrc
    > ### Title: Generate PMML for rsf objects
    > ### Aliases: pmml.rfsrc
    >
    > ### ** Examples
    >
    > library(randomForestSRC)
    
     randomForestSRC 2.5.1
    
     Type rfsrc.news() to see new features, changes, and bug fixes.
    
    
    > data(veteran)
    > veteran.out <- rfsrc(Surv(time, status)~., data = veteran, ntree = 5,
    + forest = TRUE, membership = TRUE)
    > pmml(veteran.out)
    [1] "Converting Tree1 to PMML"
    [1] "Converting Tree2 to PMML"
    Error in .rsfMakeTree(recursiveOutput, nativeArray, field$name, b, -1, :
     Invalid nativeArray input record (treeID) at 95. Please contact Technical Support.
    Calls: pmml -> pmml.rfsrc -> .rsfMakeTree
    Execution halted
Flavors: r-devel-linux-x86_64-fedora-gcc, r-oldrel-windows-ix86+x86_64

Version: 1.5.2
Check: examples
Result: ERROR
    Running examples in 'pmml-Ex.R' failed
    The error most likely occurred in:
    
    > ### Name: pmml.rfsrc
    > ### Title: Generate PMML for rsf objects
    > ### Aliases: pmml.rfsrc
    >
    > ### ** Examples
    >
    > library(randomForestSRC)
    
     randomForestSRC 2.5.1
    
     Type rfsrc.news() to see new features, changes, and bug fixes.
    
    
    > data(veteran)
    > veteran.out <- rfsrc(Surv(time, status)~., data = veteran, ntree = 5,
    + forest = TRUE, membership = TRUE)
    > pmml(veteran.out)
    [1] "Converting Tree1 to PMML"
    Error in .rsfMakeTree(recursiveOutput, nativeArray, field$name, b, -1, :
     Invalid nativeArray input record (treeID) at 2. Please contact Technical Support.
    Calls: pmml -> pmml.rfsrc -> .rsfMakeTree
    Execution halted
Flavors: r-devel-windows-ix86+x86_64, r-release-windows-ix86+x86_64

Version: 1.5.2
Check: examples
Result: ERROR
    Running examples in ‘pmml-Ex.R’ failed
    The error most likely occurred in:
    
    > base::assign(".ptime", proc.time(), pos = "CheckExEnv")
    > ### Name: pmml.rfsrc
    > ### Title: Generate PMML for rsf objects
    > ### Aliases: pmml.rfsrc
    >
    > ### ** Examples
    >
    > library(randomForestSRC)
    
     randomForestSRC 2.5.1
    
     Type rfsrc.news() to see new features, changes, and bug fixes.
    
    
    > data(veteran)
    > veteran.out <- rfsrc(Surv(time, status)~., data = veteran, ntree = 5,
    + forest = TRUE, membership = TRUE)
    > pmml(veteran.out)
    [1] "Converting Tree1 to PMML"
    Error in .rsfMakeTree(recursiveOutput, nativeArray, field$name, b, -1, :
     Invalid nativeArray input record (treeID) at 2. Please contact Technical Support.
    Calls: pmml -> pmml.rfsrc -> .rsfMakeTree
    Execution halted
Flavor: r-patched-linux-x86_64