CRAN Package Check Results for Package pmmlTransformations

Last updated on 2015-07-06 10:47:13.

Flavor Version Tinstall Tcheck Ttotal Status Flags
r-devel-linux-x86_64-debian-clang 1.2.2 0.56 12.84 13.40 NOTE
r-devel-linux-x86_64-debian-gcc 1.2.2 0.56 12.26 12.83 NOTE
r-devel-linux-x86_64-fedora-clang 1.2.2 23.96 NOTE
r-devel-linux-x86_64-fedora-gcc 1.2.2 21.76 NOTE
r-devel-osx-x86_64-clang 1.2.2 23.36 OK
r-devel-windows-ix86+x86_64 1.2.2 4.00 21.00 25.00 NOTE
r-patched-linux-x86_64 1.2.2 0.58 12.12 12.70 OK
r-patched-solaris-sparc 1.2.2 156.00 OK
r-patched-solaris-x86 1.2.2 35.80 OK
r-release-linux-x86_64 1.2.2 0.58 12.53 13.11 OK
r-release-osx-x86_64-mavericks 1.2.2 OK
r-release-windows-ix86+x86_64 1.2.2 3.00 22.00 25.00 OK
r-oldrel-windows-ix86+x86_64 1.2.2 4.00 24.00 28.00 OK

Check Details

Version: 1.2.2
Check: R code for possible problems
Result: NOTE
    MinMaxXform: no visible global function definition for ‘na.omit’
    Undefined global functions or variables:
     na.omit
Flavors: r-devel-linux-x86_64-debian-clang, r-devel-linux-x86_64-debian-gcc, r-devel-linux-x86_64-fedora-clang, r-devel-linux-x86_64-fedora-gcc, r-devel-windows-ix86+x86_64