CRAN Package Check Results for Package pmmlTransformations

Last updated on 2015-08-04 19:50:42.

Flavor Version Tinstall Tcheck Ttotal Status Flags
r-devel-linux-x86_64-debian-clang 1.2.2 0.59 11.94 12.53 NOTE
r-devel-linux-x86_64-debian-gcc 1.2.2 0.56 11.84 12.41 NOTE
r-devel-linux-x86_64-fedora-clang 1.2.2 23.43 NOTE
r-devel-linux-x86_64-fedora-gcc 1.2.2 22.08 NOTE
r-devel-osx-x86_64-clang 1.2.2 23.62 OK
r-devel-windows-ix86+x86_64 1.2.2 3.00 20.00 23.00 NOTE
r-patched-linux-x86_64 1.2.2 0.59 12.26 12.85 OK
r-patched-solaris-sparc 1.2.2 165.10 OK
r-patched-solaris-x86 1.2.2 35.40 OK
r-release-linux-x86_64 1.2.2 0.60 13.33 13.93 OK
r-release-osx-x86_64-mavericks 1.2.2 OK
r-release-windows-ix86+x86_64 1.2.2 4.00 38.00 42.00 OK
r-oldrel-windows-ix86+x86_64 1.2.2 5.00 22.00 27.00 OK

Check Details

Version: 1.2.2
Check: R code for possible problems
Result: NOTE
    MinMaxXform: no visible global function definition for ‘na.omit’
    Undefined global functions or variables:
     na.omit
    Consider adding
     importFrom("stats", "na.omit")
    to your NAMESPACE.
Flavors: r-devel-linux-x86_64-debian-clang, r-devel-linux-x86_64-debian-gcc, r-devel-linux-x86_64-fedora-clang, r-devel-linux-x86_64-fedora-gcc, r-devel-windows-ix86+x86_64