CRAN Package Check Results for Package pmmlTransformations

Last updated on 2014-04-23 12:48:24.

Flavor Version Tinstall Tcheck Ttotal Status Flags
r-devel-linux-x86_64-debian-clang 1.2.1 0.69 12.72 13.41 OK
r-devel-linux-x86_64-debian-gcc 1.2.1 0.64 12.46 13.10 OK
r-devel-linux-x86_64-fedora-clang 1.2.1 25.57 OK
r-devel-linux-x86_64-fedora-gcc 1.2.1 24.23 OK
r-devel-osx-x86_64-clang 1.2.1 27.16 OK
r-devel-osx-x86_64-gcc 1.2.1 ERROR
r-devel-windows-ix86+x86_64 1.2.1 2.00 19.00 21.00 OK
r-patched-linux-x86_64 1.2.1 0.65 13.29 13.94 OK
r-patched-solaris-sparc 1.2.1 147.40 OK
r-patched-solaris-x86 1.2.1 36.60 OK
r-release-linux-ix86 1.2.1 1.00 25.00 26.00 OK
r-release-linux-x86_64 1.2.1 0.64 12.59 13.23 OK
r-release-osx-x86_64-mavericks 1.2.1 OK
r-release-windows-ix86+x86_64 1.2.1 3.00 22.00 25.00 OK
r-oldrel-windows-ix86+x86_64 1.2.1 2.00 19.00 21.00 OK

Check Details

Version: 1.2.1
Check: package dependencies
Result: NOTE
    Package suggested but not available for checking: ‘pmml’
Flavor: r-devel-osx-x86_64-gcc

Version: 1.2.1
Check: Rd cross-references
Result: NOTE
    Package unavailable to check Rd xrefs: ‘pmml’
Flavor: r-devel-osx-x86_64-gcc

Version: 1.2.1
Check: examples
Result: ERROR
    Running examples in ‘pmmlTransformations-Ex.R’ failed
    The error most likely occurred in:
    
    > ### Name: pmmlTransformations-package
    > ### Title: Data Transformations for PMML output
    > ### Aliases: pmmlTransformations-package pmmlTransformations
    > ### Keywords: pmml
    >
    > ### ** Examples
    >
    > # Load the standard iris dataset, already available in the base R package
    > data(iris)
    >
    > # First create the wrapper object
    > irisBox <- WrapData(iris)
    >
    > # Perform a simple z-transformation on the first variable of the dataset: Sepal.Length
    > # By default, the name of the transformed variable is "derived_Sepal.Length"
    > # The information of the transformation is added back to the wrapped data object.
    > irisBox <- ZScoreXform(irisBox,"1")
    >
    > # Build a simple lm model
    > fit <- lm(Sepal.Width ~ derived_Sepal.Length + Petal.Length, data=irisBox$data)
    >
    > # One may now output the model in PMML format using the command below. The PMML file will
    > # now include the data transformations as well as the model.
    > library(pmml)
    Error in library(pmml) : there is no package called ‘pmml’
    Execution halted
Flavor: r-devel-osx-x86_64-gcc