CRAN Package Check Results for Package pmr

Last updated on 2024-05-29 01:49:22 CEST.

Flavor Version Tinstall Tcheck Ttotal Status Flags
r-devel-linux-x86_64-debian-clang 1.2.5.1 5.67 39.42 45.09 NOTE
r-devel-linux-x86_64-debian-gcc 1.2.5.1 3.73 29.48 33.21 NOTE
r-devel-linux-x86_64-fedora-clang 1.2.5.1 54.99 NOTE
r-devel-linux-x86_64-fedora-gcc 1.2.5.1 51.12 NOTE
r-devel-windows-x86_64 1.2.5.1 6.00 52.00 58.00 NOTE
r-patched-linux-x86_64 1.2.5.1 4.43 37.98 42.41 NOTE
r-release-linux-x86_64 1.2.5.1 4.12 37.36 41.48 NOTE
r-release-macos-arm64 1.2.5.1 24.00 NOTE
r-release-windows-x86_64 1.2.5.1 4.00 51.00 55.00 NOTE
r-oldrel-macos-arm64 1.2.5.1 20.00 OK
r-oldrel-macos-x86_64 1.2.5.1 30.00 OK
r-oldrel-windows-x86_64 1.2.5.1 5.00 56.00 61.00 OK

Check Details

Version: 1.2.5.1
Check: Rd files
Result: NOTE checkRd: (-1) ahp.Rd:16: Lost braces; missing escapes or markup? 16 | an ``A'' matrix. It should be a square matrix with diagonal values equal 1 and $a_{ij} = 1/a_{ij}$. | ^ checkRd: (-1) ahp.Rd:16: Lost braces; missing escapes or markup? 16 | an ``A'' matrix. It should be a square matrix with diagonal values equal 1 and $a_{ij} = 1/a_{ij}$. | ^ Flavors: r-devel-linux-x86_64-debian-clang, r-devel-linux-x86_64-debian-gcc, r-devel-linux-x86_64-fedora-clang, r-devel-linux-x86_64-fedora-gcc, r-devel-windows-x86_64, r-patched-linux-x86_64, r-release-linux-x86_64, r-release-macos-arm64, r-release-windows-x86_64