CRAN Package Check Results for Package png

Last updated on 2017-06-27 20:48:46.

Flavor Version Tinstall Tcheck Ttotal Status Flags
r-devel-linux-x86_64-debian-clang 0.1-7 1.32 10.12 11.43 NOTE
r-devel-linux-x86_64-debian-gcc 0.1-7 1.36 10.18 11.54 NOTE
r-devel-linux-x86_64-fedora-clang 0.1-7 18.47 NOTE
r-devel-linux-x86_64-fedora-gcc 0.1-7 18.13 NOTE
r-devel-windows-ix86+x86_64 0.1-7 17.00 27.00 44.00 OK
r-patched-linux-x86_64 0.1-7 1.42 9.96 11.38 NOTE
r-patched-solaris-sparc 0.1-7 108.80 OK
r-patched-solaris-x86 0.1-7 26.30 OK
r-release-linux-x86_64 0.1-7 1.40 10.05 11.45 NOTE
r-release-windows-ix86+x86_64 0.1-7 11.00 26.00 37.00 OK
r-release-osx-x86_64 0.1-7 OK
r-oldrel-windows-ix86+x86_64 0.1-7 20.00 24.00 44.00 OK
r-oldrel-osx-x86_64 0.1-7 OK

Additional issues

rchk

Check Details

Version: 0.1-7
Check: compiled code
Result: NOTE
    File ‘png/libs/png.so’:
     Found no calls to: ‘R_registerRoutines’, ‘R_useDynamicSymbols’
    
    It is good practice to register native routines and to disable symbol
    search.
    
    See ‘Writing portable packages’ in the ‘Writing R Extensions’ manual.
Flavors: r-devel-linux-x86_64-debian-clang, r-devel-linux-x86_64-debian-gcc, r-devel-linux-x86_64-fedora-clang, r-devel-linux-x86_64-fedora-gcc, r-patched-linux-x86_64, r-release-linux-x86_64