CRAN Package Check Results for Package png

Last updated on 2017-01-17 05:49:04.

Flavor Version Tinstall Tcheck Ttotal Status Flags
r-devel-linux-x86_64-debian-clang 0.1-7 1.37 9.71 11.08 OK
r-devel-linux-x86_64-debian-gcc 0.1-7 1.38 9.61 10.99 OK
r-devel-linux-x86_64-fedora-clang 0.1-7 17.64 OK --no-stop-on-test-error
r-devel-linux-x86_64-fedora-gcc 0.1-7 17.05 NOTE --no-stop-on-test-error
r-devel-macos-x86_64-clang 0.1-7 16.07 OK --no-stop-on-test-error
r-devel-windows-ix86+x86_64 0.1-7 23.00 39.00 62.00 OK
r-patched-linux-x86_64 0.1-7 1.14 7.94 9.07 OK
r-patched-solaris-sparc 0.1-7 90.40 OK
r-patched-solaris-x86 0.1-7 20.90 OK
r-release-linux-x86_64 0.1-7 1.21 8.11 9.33 OK
r-release-osx-x86_64-mavericks 0.1-7 OK
r-release-windows-ix86+x86_64 0.1-7 20.00 24.00 44.00 OK
r-oldrel-windows-ix86+x86_64 0.1-7 25.00 23.00 48.00 OK

Check Details

Version: 0.1-7
Flags: --no-stop-on-test-error
Check: compiled code
Result: NOTE
    File ‘png/libs/png.so’:
     Found no calls to: ‘R_registerRoutines’, ‘R_useDynamicSymbols’
    
    It is good practice to use registered native symbols and disable symbol
    search.
    
    See ‘Writing portable packages’ in the ‘Writing R Extensions’ manual.
Flavor: r-devel-linux-x86_64-fedora-gcc