CRAN Package Check Results for Package png

Last updated on 2018-04-21 09:50:10 CEST.

Flavor Version Tinstall Tcheck Ttotal Status Flags
r-devel-linux-x86_64-debian-clang 0.1-7 1.59 15.59 17.18 NOTE
r-devel-linux-x86_64-debian-gcc 0.1-7 1.22 12.39 13.61 NOTE
r-devel-linux-x86_64-fedora-clang 0.1-7 20.25 NOTE
r-devel-linux-x86_64-fedora-gcc 0.1-7 19.06 NOTE
r-devel-windows-ix86+x86_64 0.1-7 11.00 40.00 51.00 OK
r-devel-osx-x86_64 0.1-7 OK
r-patched-linux-x86_64 0.1-7 1.62 15.11 16.73 NOTE
r-patched-solaris-x86 0.1-7 32.40 OK
r-release-linux-x86_64 0.1-7 1.75 14.39 16.14 NOTE
r-release-windows-ix86+x86_64 0.1-7 10.00 28.00 38.00 OK
r-release-osx-x86_64 0.1-7 OK
r-oldrel-windows-ix86+x86_64 0.1-7 20.00 24.00 44.00 OK

Additional issues

rchk

Check Details

Version: 0.1-7
Check: compiled code
Result: NOTE
    File ‘png/libs/png.so’:
     Found no calls to: ‘R_registerRoutines’, ‘R_useDynamicSymbols’
    
    It is good practice to register native routines and to disable symbol
    search.
    
    See ‘Writing portable packages’ in the ‘Writing R Extensions’ manual.
Flavors: r-devel-linux-x86_64-debian-clang, r-devel-linux-x86_64-debian-gcc, r-devel-linux-x86_64-fedora-clang, r-devel-linux-x86_64-fedora-gcc, r-patched-linux-x86_64, r-release-linux-x86_64