CRAN Package Check Results for Package png

Last updated on 2017-04-27 11:53:50.

Flavor Version Tinstall Tcheck Ttotal Status Flags
r-devel-linux-x86_64-debian-clang 0.1-7 1.33 10.11 11.44 NOTE
r-devel-linux-x86_64-debian-gcc 0.1-7 1.37 10.01 11.38 NOTE
r-devel-linux-x86_64-fedora-clang 0.1-7 18.59 NOTE --no-stop-on-test-error
r-devel-linux-x86_64-fedora-gcc 0.1-7 17.30 NOTE --no-stop-on-test-error
r-devel-windows-ix86+x86_64 0.1-7 17.00 29.00 46.00 OK
r-patched-linux-x86_64 0.1-7 1.27 9.85 11.12 NOTE
r-patched-solaris-sparc 0.1-7 108.80 OK
r-patched-solaris-x86 0.1-7 26.30 OK
r-release-linux-x86_64 0.1-7 1.26 10.19 11.45 NOTE
r-release-windows-ix86+x86_64 0.1-7 11.00 26.00 37.00 OK
r-release-osx-x86_64 0.1-7 OK
r-oldrel-windows-ix86+x86_64 0.1-7 20.00 24.00 44.00 OK
r-oldrel-osx-x86_64 0.1-7 OK

Check Details

Version: 0.1-7
Check: compiled code
Result: NOTE
    File ‘png/libs/png.so’:
     Found no calls to: ‘R_registerRoutines’, ‘R_useDynamicSymbols’
    
    It is good practice to register native routines and to disable symbol
    search.
    
    See ‘Writing portable packages’ in the ‘Writing R Extensions’ manual.
Flavors: r-devel-linux-x86_64-debian-clang, r-devel-linux-x86_64-debian-gcc, r-patched-linux-x86_64, r-release-linux-x86_64

Version: 0.1-7
Flags: --no-stop-on-test-error
Check: compiled code
Result: NOTE
    File ‘png/libs/png.so’:
     Found no calls to: ‘R_registerRoutines’, ‘R_useDynamicSymbols’
    
    It is good practice to register native routines and to disable symbol
    search.
    
    See ‘Writing portable packages’ in the ‘Writing R Extensions’ manual.
Flavors: r-devel-linux-x86_64-fedora-clang, r-devel-linux-x86_64-fedora-gcc