CRAN Package Check Results for Package png

Last updated on 2017-03-27 03:49:58.

Flavor Version Tinstall Tcheck Ttotal Status Flags
r-devel-linux-x86_64-debian-clang 0.1-7 1.36 10.02 11.39 NOTE
r-devel-linux-x86_64-debian-gcc 0.1-7 1.34 9.73 11.07 NOTE
r-devel-linux-x86_64-fedora-clang 0.1-7 18.40 NOTE --no-stop-on-test-error
r-devel-linux-x86_64-fedora-gcc 0.1-7 17.38 NOTE --no-stop-on-test-error
r-devel-macos-x86_64-clang 0.1-7 16.37 NOTE --no-stop-on-test-error
r-devel-windows-ix86+x86_64 0.1-7 11.00 27.00 38.00 OK
r-patched-linux-x86_64 0.1-7 1.24 10.06 11.30 NOTE
r-patched-solaris-sparc 0.1-7 108.80 OK
r-patched-solaris-x86 0.1-7 26.40 OK
r-release-linux-x86_64 0.1-7 1.29 7.95 9.24 OK
r-release-osx-x86_64-mavericks 0.1-7 OK
r-release-windows-ix86+x86_64 0.1-7 20.00 24.00 44.00 OK
r-oldrel-windows-ix86+x86_64 0.1-7 25.00 23.00 48.00 OK

Check Details

Version: 0.1-7
Check: compiled code
Result: NOTE
    File ‘png/libs/png.so’:
     Found no calls to: ‘R_registerRoutines’, ‘R_useDynamicSymbols’
    
    It is good practice to register native routines and to disable symbol
    search.
    
    See ‘Writing portable packages’ in the ‘Writing R Extensions’ manual.
Flavors: r-devel-linux-x86_64-debian-clang, r-devel-linux-x86_64-debian-gcc, r-patched-linux-x86_64

Version: 0.1-7
Flags: --no-stop-on-test-error
Check: compiled code
Result: NOTE
    File ‘png/libs/png.so’:
     Found no calls to: ‘R_registerRoutines’, ‘R_useDynamicSymbols’
    
    It is good practice to register native routines and to disable symbol
    search.
    
    See ‘Writing portable packages’ in the ‘Writing R Extensions’ manual.
Flavors: r-devel-linux-x86_64-fedora-clang, r-devel-linux-x86_64-fedora-gcc, r-devel-macos-x86_64-clang