CRAN Package Check Results for Package pnn

Last updated on 2016-08-27 12:47:39.

Flavor Version Tinstall Tcheck Ttotal Status Flags
r-devel-linux-x86_64-debian-clang 1.0.1 0.55 12.14 12.69 NOTE
r-devel-linux-x86_64-debian-gcc 1.0.1 0.79 16.12 16.91 NOTE
r-devel-linux-x86_64-fedora-clang 1.0.1 22.41 NOTE
r-devel-linux-x86_64-fedora-gcc 1.0.1 21.03 NOTE
r-devel-osx-x86_64-clang 1.0.1 19.60 NOTE
r-devel-windows-ix86+x86_64 1.0.1 4.00 31.00 35.00 NOTE
r-patched-linux-x86_64 1.0.1 0.59 12.08 12.67 NOTE
r-patched-solaris-sparc 1.0.1 138.50 NOTE
r-patched-solaris-x86 1.0.1 28.80 NOTE
r-release-linux-x86_64 1.0.1 0.55 12.01 12.55 NOTE
r-release-osx-x86_64-mavericks 1.0.1 NOTE
r-release-windows-ix86+x86_64 1.0.1 5.00 33.00 38.00 NOTE
r-oldrel-windows-ix86+x86_64 1.0.1 3.00 43.00 46.00 NOTE

Check Details

Version: 1.0.1
Check: top-level files
Result: NOTE
    Non-standard file/directory found at top level:
     ‘TODO.md’
Flavors: r-devel-linux-x86_64-debian-clang, r-devel-linux-x86_64-debian-gcc, r-devel-linux-x86_64-fedora-clang, r-devel-linux-x86_64-fedora-gcc, r-patched-linux-x86_64, r-release-linux-x86_64

Version: 1.0.1
Check: dependencies in R code
Result: NOTE
    'library' or 'require' call to ‘rgenoud’ in package code.
     Please use :: or requireNamespace() instead.
     See section 'Suggested packages' in the 'Writing R Extensions' manual.
Flavors: r-devel-linux-x86_64-debian-clang, r-devel-linux-x86_64-debian-gcc, r-devel-linux-x86_64-fedora-clang, r-devel-linux-x86_64-fedora-gcc, r-devel-osx-x86_64-clang, r-devel-windows-ix86+x86_64, r-patched-linux-x86_64, r-patched-solaris-sparc, r-patched-solaris-x86, r-release-linux-x86_64, r-release-osx-x86_64-mavericks, r-release-windows-ix86+x86_64, r-oldrel-windows-ix86+x86_64

Version: 1.0.1
Check: R code for possible problems
Result: NOTE
    plot.sigma: no visible global function definition for ‘plot’
    smooth: no visible global function definition for ‘genoud’
    Undefined global functions or variables:
     genoud plot
    Consider adding
     importFrom("graphics", "plot")
    to your NAMESPACE file.
Flavors: r-devel-linux-x86_64-debian-clang, r-devel-linux-x86_64-debian-gcc, r-devel-linux-x86_64-fedora-clang, r-devel-linux-x86_64-fedora-gcc, r-devel-osx-x86_64-clang, r-devel-windows-ix86+x86_64, r-patched-linux-x86_64, r-patched-solaris-sparc, r-patched-solaris-x86, r-release-linux-x86_64, r-release-osx-x86_64-mavericks, r-release-windows-ix86+x86_64

Version: 1.0.1
Check: R code for possible problems
Result: NOTE
    smooth: no visible global function definition for 'genoud'
Flavor: r-oldrel-windows-ix86+x86_64