CRAN Package Check Results for Package pnn

Last updated on 2015-09-02 05:47:18.

Flavor Version Tinstall Tcheck Ttotal Status Flags
r-devel-linux-x86_64-debian-clang 1.0.1 0.51 11.32 11.82 NOTE
r-devel-linux-x86_64-debian-gcc 1.0.1 0.51 11.26 11.76 NOTE
r-devel-linux-x86_64-fedora-clang 1.0.1 23.45 NOTE
r-devel-linux-x86_64-fedora-gcc 1.0.1 21.75 NOTE
r-devel-osx-x86_64-clang 1.0.1 22.28 NOTE
r-devel-windows-ix86+x86_64 1.0.1 5.00 38.00 43.00 NOTE
r-patched-linux-x86_64 1.0.1 0.71 11.61 12.32 NOTE
r-patched-solaris-sparc 1.0.1 158.80 NOTE
r-patched-solaris-x86 1.0.1 36.90 NOTE
r-release-linux-x86_64 1.0.1 0.55 11.68 12.23 NOTE
r-release-osx-x86_64-mavericks 1.0.1 NOTE
r-release-windows-ix86+x86_64 1.0.1 3.00 39.00 42.00 NOTE
r-oldrel-windows-ix86+x86_64 1.0.1 4.00 41.00 45.00 NOTE

Check Details

Version: 1.0.1
Check: top-level files
Result: NOTE
    Non-standard file/directory found at top level:
     ‘TODO.md’
Flavors: r-devel-linux-x86_64-debian-clang, r-devel-linux-x86_64-debian-gcc, r-devel-linux-x86_64-fedora-clang, r-devel-linux-x86_64-fedora-gcc, r-patched-linux-x86_64, r-release-linux-x86_64

Version: 1.0.1
Check: dependencies in R code
Result: NOTE
    'library' or 'require' call to ‘rgenoud’ in package code.
     Please use :: or requireNamespace() instead.
     See section 'Suggested packages' in the 'Writing R Extensions' manual.
Flavors: r-devel-linux-x86_64-debian-clang, r-devel-linux-x86_64-debian-gcc, r-devel-linux-x86_64-fedora-clang, r-devel-linux-x86_64-fedora-gcc, r-devel-osx-x86_64-clang, r-devel-windows-ix86+x86_64, r-patched-linux-x86_64, r-patched-solaris-sparc, r-patched-solaris-x86, r-release-linux-x86_64, r-release-osx-x86_64-mavericks, r-release-windows-ix86+x86_64, r-oldrel-windows-ix86+x86_64

Version: 1.0.1
Check: R code for possible problems
Result: NOTE
    plot.sigma: no visible global function definition for ‘plot’
    smooth: no visible global function definition for ‘genoud’
    Undefined global functions or variables:
     genoud plot
    Consider adding
     importFrom("graphics", "plot")
    to your NAMESPACE.
Flavors: r-devel-linux-x86_64-debian-clang, r-devel-linux-x86_64-debian-gcc, r-devel-linux-x86_64-fedora-clang, r-devel-linux-x86_64-fedora-gcc, r-devel-windows-ix86+x86_64

Version: 1.0.1
Check: R code for possible problems
Result: NOTE
    smooth: no visible global function definition for ‘genoud’
    Undefined global functions or variables:
     genoud
Flavor: r-devel-osx-x86_64-clang

Version: 1.0.1
Check: R code for possible problems
Result: NOTE
    smooth: no visible global function definition for ‘genoud’
Flavors: r-patched-linux-x86_64, r-patched-solaris-sparc, r-patched-solaris-x86, r-release-linux-x86_64, r-release-osx-x86_64-mavericks, r-release-windows-ix86+x86_64, r-oldrel-windows-ix86+x86_64