CRAN Package Check Results for Package pnn

Last updated on 2015-04-28 03:47:27.

Flavor Version Tinstall Tcheck Ttotal Status Flags
r-devel-linux-x86_64-debian-clang 1.0.1 0.56 11.94 12.50 NOTE
r-devel-linux-x86_64-debian-gcc 1.0.1 0.55 11.81 12.36 NOTE
r-devel-linux-x86_64-fedora-clang 1.0.1 25.43 NOTE
r-devel-linux-x86_64-fedora-gcc 1.0.1 23.39 NOTE
r-devel-osx-x86_64-clang 1.0.1 26.68 NOTE
r-devel-windows-ix86+x86_64 1.0.1 2.00 22.00 24.00 NOTE
r-patched-linux-x86_64 1.0.1 0.67 11.90 12.57 NOTE
r-patched-solaris-sparc 1.0.1 172.10 NOTE
r-patched-solaris-x86 1.0.1 33.70 NOTE
r-release-linux-x86_64 1.0.1 0.56 12.25 12.81 NOTE
r-release-osx-x86_64-mavericks 1.0.1 NOTE
r-release-osx-x86_64-snowleopard 1.0.1 NOTE
r-release-windows-ix86+x86_64 1.0.1 4.00 29.00 33.00 NOTE
r-oldrel-windows-ix86+x86_64 1.0.1 2.00 21.00 23.00 NOTE

Check Details

Version: 1.0.1
Check: top-level files
Result: NOTE
    Non-standard file/directory found at top level:
     ‘TODO.md’
Flavors: r-devel-linux-x86_64-debian-clang, r-devel-linux-x86_64-debian-gcc, r-devel-linux-x86_64-fedora-clang, r-devel-linux-x86_64-fedora-gcc, r-release-linux-x86_64

Version: 1.0.1
Check: dependencies in R code
Result: NOTE
    'library' or 'require' call to ‘rgenoud’ in package code.
     Please use :: or requireNamespace() instead.
     See section 'Suggested packages' in the 'Writing R Extensions' manual.
Flavors: r-devel-linux-x86_64-debian-clang, r-devel-linux-x86_64-debian-gcc, r-devel-linux-x86_64-fedora-clang, r-devel-linux-x86_64-fedora-gcc, r-devel-osx-x86_64-clang, r-devel-windows-ix86+x86_64, r-patched-solaris-sparc, r-patched-solaris-x86, r-release-linux-x86_64, r-release-osx-x86_64-mavericks, r-release-osx-x86_64-snowleopard, r-release-windows-ix86+x86_64, r-oldrel-windows-ix86+x86_64

Version: 1.0.1
Check: R code for possible problems
Result: NOTE
    smooth: no visible global function definition for ‘genoud’
Flavors: r-devel-linux-x86_64-debian-clang, r-devel-linux-x86_64-debian-gcc, r-devel-linux-x86_64-fedora-clang, r-devel-linux-x86_64-fedora-gcc, r-devel-osx-x86_64-clang, r-devel-windows-ix86+x86_64, r-patched-solaris-sparc, r-patched-solaris-x86, r-release-linux-x86_64, r-release-osx-x86_64-mavericks, r-release-osx-x86_64-snowleopard, r-release-windows-ix86+x86_64, r-oldrel-windows-ix86+x86_64