CRAN Package Check Results for Package pnn

Last updated on 2014-04-23 07:55:05.

Flavor Version Tinstall Tcheck Ttotal Status Flags
r-devel-linux-x86_64-debian-clang 1.0.1 0.62 14.42 15.04 OK
r-devel-linux-x86_64-debian-gcc 1.0.1 0.62 13.61 14.24 OK
r-devel-linux-x86_64-fedora-clang 1.0.1 27.98 NOTE
r-devel-linux-x86_64-fedora-gcc 1.0.1 26.74 NOTE
r-devel-osx-x86_64-clang 1.0.1 29.06 OK
r-devel-osx-x86_64-gcc 1.0.1 OK
r-devel-windows-ix86+x86_64 1.0.1 2.00 22.00 24.00 OK
r-patched-linux-x86_64 1.0.1 0.60 13.50 14.10 OK
r-patched-solaris-sparc 1.0.1 163.70 OK
r-patched-solaris-x86 1.0.1 37.50 OK
r-release-linux-ix86 1.0.1 1.00 27.00 28.00 OK
r-release-linux-x86_64 1.0.1 0.60 13.92 14.51 OK
r-release-osx-x86_64-mavericks 1.0.1 OK
r-release-windows-ix86+x86_64 1.0.1 5.00 31.00 36.00 OK
r-oldrel-windows-ix86+x86_64 1.0.1 2.00 27.00 29.00 OK

Check Details

Version: 1.0.1
Check: top-level files
Result: NOTE
    Non-standard file/directory found at top level:
     ‘TODO.md’
Flavors: r-devel-linux-x86_64-fedora-clang, r-devel-linux-x86_64-fedora-gcc