CRAN Package Check Results for Package pnn

Last updated on 2014-07-23 19:49:20.

Flavor Version Tinstall Tcheck Ttotal Status Flags
r-devel-linux-x86_64-debian-clang 1.0.1 0.72 12.74 13.46 OK
r-devel-linux-x86_64-debian-gcc 1.0.1 0.54 12.52 13.06 OK
r-devel-linux-x86_64-fedora-clang 1.0.1 28.14 NOTE
r-devel-linux-x86_64-fedora-gcc 1.0.1 27.14 NOTE
r-devel-osx-x86_64-clang 1.0.1 28.55 OK
r-devel-windows-ix86+x86_64 1.0.1 2.00 20.00 22.00 OK
r-patched-linux-x86_64 1.0.1 0.56 12.78 13.34 OK
r-patched-solaris-sparc 1.0.1 163.70 OK
r-patched-solaris-x86 1.0.1 37.10 OK
r-release-linux-ix86 1.0.1 0.86 19.61 20.47 OK
r-release-linux-x86_64 1.0.1 0.57 13.05 13.62 OK
r-release-osx-x86_64-mavericks 1.0.1 OK
r-release-windows-ix86+x86_64 1.0.1 2.00 23.00 25.00 OK
r-oldrel-windows-ix86+x86_64 1.0.1 2.00 21.00 23.00 OK

Check Details

Version: 1.0.1
Check: top-level files
Result: NOTE
    Non-standard file/directory found at top level:
     ‘TODO.md’
Flavors: r-devel-linux-x86_64-fedora-clang, r-devel-linux-x86_64-fedora-gcc