CRAN Package Check Results for Package pnn

Last updated on 2017-08-16 16:46:46.

Flavor Version Tinstall Tcheck Ttotal Status Flags
r-devel-linux-x86_64-debian-clang 1.0.1 0.60 14.23 14.83 NOTE
r-devel-linux-x86_64-debian-gcc 1.0.1 0.66 13.83 14.49 NOTE
r-devel-linux-x86_64-fedora-clang 1.0.1 25.62 NOTE
r-devel-linux-x86_64-fedora-gcc 1.0.1 24.31 NOTE
r-devel-windows-ix86+x86_64 1.0.1 2.00 31.00 33.00 NOTE
r-patched-linux-x86_64 1.0.1 0.62 14.16 14.77 NOTE
r-patched-solaris-x86 1.0.1 33.90 NOTE
r-release-linux-x86_64 1.0.1 0.60 14.15 14.75 NOTE
r-release-windows-ix86+x86_64 1.0.1 2.00 43.00 45.00 NOTE
r-release-osx-x86_64 1.0.1 NOTE
r-oldrel-windows-ix86+x86_64 1.0.1 4.00 30.00 34.00 NOTE
r-oldrel-osx-x86_64 1.0.1 NOTE

Check Details

Version: 1.0.1
Check: top-level files
Result: NOTE
    Non-standard file/directory found at top level:
     ‘TODO.md’
Flavors: r-devel-linux-x86_64-debian-clang, r-devel-linux-x86_64-debian-gcc, r-devel-linux-x86_64-fedora-clang, r-devel-linux-x86_64-fedora-gcc, r-patched-linux-x86_64, r-release-linux-x86_64

Version: 1.0.1
Check: dependencies in R code
Result: NOTE
    'library' or 'require' call to ‘rgenoud’ in package code.
     Please use :: or requireNamespace() instead.
     See section 'Suggested packages' in the 'Writing R Extensions' manual.
Flavors: r-devel-linux-x86_64-debian-clang, r-devel-linux-x86_64-debian-gcc, r-devel-linux-x86_64-fedora-clang, r-devel-linux-x86_64-fedora-gcc, r-devel-windows-ix86+x86_64, r-patched-linux-x86_64, r-patched-solaris-x86, r-release-linux-x86_64, r-release-windows-ix86+x86_64, r-release-osx-x86_64, r-oldrel-windows-ix86+x86_64, r-oldrel-osx-x86_64

Version: 1.0.1
Check: R code for possible problems
Result: NOTE
    plot.sigma: no visible global function definition for ‘plot’
    smooth: no visible global function definition for ‘genoud’
    Undefined global functions or variables:
     genoud plot
    Consider adding
     importFrom("graphics", "plot")
    to your NAMESPACE file.
Flavors: r-devel-linux-x86_64-debian-clang, r-devel-linux-x86_64-debian-gcc, r-devel-linux-x86_64-fedora-clang, r-devel-linux-x86_64-fedora-gcc, r-devel-windows-ix86+x86_64, r-patched-linux-x86_64, r-patched-solaris-x86, r-release-linux-x86_64, r-release-windows-ix86+x86_64, r-release-osx-x86_64, r-oldrel-windows-ix86+x86_64, r-oldrel-osx-x86_64