CRAN Package Check Results for Package pnn

Last updated on 2015-03-04 19:50:25.

Flavor Version Tinstall Tcheck Ttotal Status Flags
r-devel-linux-x86_64-debian-clang 1.0.1 0.56 11.95 12.52 NOTE
r-devel-linux-x86_64-debian-gcc 1.0.1 0.55 11.56 12.11 NOTE
r-devel-linux-x86_64-fedora-clang 1.0.1 24.35 NOTE
r-devel-linux-x86_64-fedora-gcc 1.0.1 23.49 NOTE
r-devel-osx-x86_64-clang 1.0.1 26.74 NOTE
r-devel-windows-ix86+x86_64 1.0.1 3.00 25.00 28.00 NOTE
r-patched-linux-x86_64 1.0.1 0.62 13.90 14.52 NOTE
r-patched-solaris-sparc 1.0.1 195.40 NOTE
r-patched-solaris-x86 1.0.1 38.90 NOTE
r-release-linux-ix86 1.0.1 0.87 19.64 20.51 NOTE
r-release-linux-x86_64 1.0.1 0.60 13.63 14.23 NOTE
r-release-osx-x86_64-mavericks 1.0.1 NOTE
r-release-windows-ix86+x86_64 1.0.1 3.00 24.00 27.00 NOTE
r-oldrel-windows-ix86+x86_64 1.0.1 2.00 23.00 25.00 OK

Check Details

Version: 1.0.1
Check: top-level files
Result: NOTE
    Non-standard file/directory found at top level:
     ‘TODO.md’
Flavors: r-devel-linux-x86_64-debian-clang, r-devel-linux-x86_64-debian-gcc, r-devel-linux-x86_64-fedora-clang, r-devel-linux-x86_64-fedora-gcc, r-patched-linux-x86_64, r-release-linux-ix86, r-release-linux-x86_64

Version: 1.0.1
Check: dependencies in R code
Result: NOTE
    'library' or 'require' call to ‘rgenoud’ in package code.
     Please use :: or requireNamespace() instead.
     See section 'Suggested packages' in the 'Writing R Extensions' manual.
Flavors: r-devel-linux-x86_64-debian-clang, r-devel-linux-x86_64-debian-gcc, r-devel-linux-x86_64-fedora-clang, r-devel-linux-x86_64-fedora-gcc, r-devel-osx-x86_64-clang, r-devel-windows-ix86+x86_64, r-patched-linux-x86_64, r-patched-solaris-sparc, r-patched-solaris-x86

Version: 1.0.1
Check: R code for possible problems
Result: NOTE
    smooth: no visible global function definition for ‘genoud’
Flavors: r-devel-linux-x86_64-debian-clang, r-devel-linux-x86_64-debian-gcc, r-devel-linux-x86_64-fedora-clang, r-devel-linux-x86_64-fedora-gcc, r-devel-osx-x86_64-clang, r-devel-windows-ix86+x86_64, r-patched-linux-x86_64, r-patched-solaris-sparc, r-patched-solaris-x86, r-release-linux-ix86, r-release-linux-x86_64, r-release-osx-x86_64-mavericks, r-release-windows-ix86+x86_64