CRAN Package Check Results for Package pnn

Last updated on 2014-12-19 12:48:24.

Flavor Version Tinstall Tcheck Ttotal Status Flags
r-devel-linux-x86_64-debian-clang 1.0.1 0.62 13.06 13.68 NOTE
r-devel-linux-x86_64-debian-gcc 1.0.1 0.58 12.09 12.68 NOTE
r-devel-linux-x86_64-fedora-clang 1.0.1 28.79 NOTE
r-devel-linux-x86_64-fedora-gcc 1.0.1 25.06 NOTE
r-devel-osx-x86_64-clang 1.0.1 28.45 NOTE
r-devel-windows-ix86+x86_64 1.0.1 2.00 25.00 27.00 NOTE
r-patched-linux-x86_64 1.0.1 0.62 13.15 13.77 NOTE
r-patched-solaris-sparc 1.0.1 166.00 NOTE
r-patched-solaris-x86 1.0.1 37.40 NOTE
r-release-linux-ix86 1.0.1 0.87 18.81 19.68 NOTE
r-release-linux-x86_64 1.0.1 0.62 12.98 13.60 NOTE
r-release-osx-x86_64-mavericks 1.0.1 OK
r-release-windows-ix86+x86_64 1.0.1 2.00 23.00 25.00 NOTE
r-oldrel-windows-ix86+x86_64 1.0.1 2.00 24.00 26.00 OK

Check Details

Version: 1.0.1
Check: top-level files
Result: NOTE
    Non-standard file/directory found at top level:
     ‘TODO.md’
Flavors: r-devel-linux-x86_64-debian-clang, r-devel-linux-x86_64-debian-gcc, r-devel-linux-x86_64-fedora-clang, r-devel-linux-x86_64-fedora-gcc, r-patched-linux-x86_64, r-release-linux-x86_64

Version: 1.0.1
Check: R code for possible problems
Result: NOTE
    smooth: no visible global function definition for ‘genoud’
Flavors: r-devel-linux-x86_64-debian-clang, r-devel-linux-x86_64-debian-gcc, r-devel-linux-x86_64-fedora-clang, r-devel-linux-x86_64-fedora-gcc, r-devel-osx-x86_64-clang, r-devel-windows-ix86+x86_64, r-patched-linux-x86_64, r-patched-solaris-sparc, r-patched-solaris-x86, r-release-linux-ix86, r-release-linux-x86_64, r-release-windows-ix86+x86_64