CRAN Package Check Results for Package pnn

Last updated on 2014-10-24 14:47:29.

Flavor Version Tinstall Tcheck Ttotal Status Flags
r-devel-linux-x86_64-debian-clang 1.0.1 0.60 12.73 13.33 NOTE
r-devel-linux-x86_64-debian-gcc 1.0.1 0.62 12.80 13.42 NOTE
r-devel-linux-x86_64-fedora-clang 1.0.1 26.56 NOTE
r-devel-linux-x86_64-fedora-gcc 1.0.1 25.25 NOTE
r-devel-osx-x86_64-clang 1.0.1 27.88 NOTE
r-devel-windows-ix86+x86_64 1.0.1 2.00 21.00 23.00 NOTE
r-patched-linux-x86_64 1.0.1 0.66 13.10 13.76 NOTE
r-patched-solaris-sparc 1.0.1 166.00 NOTE
r-patched-solaris-x86 1.0.1 37.60 NOTE
r-release-linux-ix86 1.0.1 0.86 19.85 20.71 OK
r-release-linux-x86_64 1.0.1 0.58 13.45 14.03 NOTE
r-release-osx-x86_64-mavericks 1.0.1 OK
r-release-windows-ix86+x86_64 1.0.1 2.00 23.00 25.00 OK
r-oldrel-windows-ix86+x86_64 1.0.1 2.00 23.00 25.00 OK

Check Details

Version: 1.0.1
Check: top-level files
Result: NOTE
    Non-standard file/directory found at top level:
     ‘TODO.md’
Flavors: r-devel-linux-x86_64-debian-clang, r-devel-linux-x86_64-debian-gcc, r-devel-linux-x86_64-fedora-clang, r-devel-linux-x86_64-fedora-gcc, r-patched-linux-x86_64, r-release-linux-x86_64

Version: 1.0.1
Check: R code for possible problems
Result: NOTE
    smooth: no visible global function definition for ‘genoud’
Flavors: r-devel-linux-x86_64-debian-clang, r-devel-linux-x86_64-debian-gcc, r-devel-linux-x86_64-fedora-clang, r-devel-linux-x86_64-fedora-gcc, r-devel-osx-x86_64-clang, r-devel-windows-ix86+x86_64, r-patched-linux-x86_64, r-patched-solaris-sparc, r-patched-solaris-x86