CRAN Package Check Results for Package poLCA

Last updated on 2016-08-30 16:47:26.

Flavor Version Tinstall Tcheck Ttotal Status Flags
r-devel-linux-x86_64-debian-clang 1.4.1 1.24 26.96 28.19 NOTE
r-devel-linux-x86_64-debian-gcc 1.4.1 1.08 27.82 28.90 NOTE
r-devel-linux-x86_64-fedora-clang 1.4.1 51.41 NOTE
r-devel-linux-x86_64-fedora-gcc 1.4.1 47.45 NOTE
r-devel-osx-x86_64-clang 1.4.1 37.48 NOTE
r-devel-windows-ix86+x86_64 1.4.1 11.00 104.00 115.00 NOTE
r-patched-linux-x86_64 1.4.1 1.09 26.15 27.24 NOTE
r-patched-solaris-sparc 1.4.1 347.90 NOTE
r-patched-solaris-x86 1.4.1 62.60 NOTE
r-release-linux-x86_64 1.4.1 1.14 26.04 27.17 NOTE
r-release-osx-x86_64-mavericks 1.4.1 NOTE
r-release-windows-ix86+x86_64 1.4.1 6.00 104.00 110.00 NOTE
r-oldrel-windows-ix86+x86_64 1.4.1 9.00 99.00 108.00 NOTE

Check Details

Version: 1.4.1
Check: dependencies in R code
Result: NOTE
    Packages in Depends field not imported from:
     ‘MASS’ ‘scatterplot3d’
     These packages need to be imported from (in the NAMESPACE file)
     for when this namespace is loaded but not attached.
Flavors: r-devel-linux-x86_64-debian-clang, r-devel-linux-x86_64-debian-gcc, r-devel-linux-x86_64-fedora-clang, r-devel-linux-x86_64-fedora-gcc, r-devel-osx-x86_64-clang, r-devel-windows-ix86+x86_64, r-patched-linux-x86_64, r-patched-solaris-sparc, r-patched-solaris-x86, r-release-linux-x86_64, r-release-osx-x86_64-mavericks, r-release-windows-ix86+x86_64, r-oldrel-windows-ix86+x86_64

Version: 1.4.1
Check: R code for possible problems
Result: NOTE
    plot.poLCA: no visible global function definition for ‘layout’
    plot.poLCA: no visible global function definition for ‘par’
    poLCA: no visible global function definition for ‘model.frame’
    poLCA: no visible global function definition for ‘model.response’
    poLCA: no visible global function definition for ‘model.matrix’
    poLCA: no visible global function definition for ‘runif’
    poLCA: no visible global function definition for ‘ginv’
    poLCA: no visible global function definition for ‘flush.console’
    poLCA.makeplot.dich: no visible global function definition for
     ‘scatterplot3d’
    poLCA.makeplot.poly: no visible global function definition for
     ‘scatterplot3d’
    poLCA.se: no visible global function definition for ‘ginv’
    poLCA.simdata: no visible global function definition for ‘runif’
    poLCA.simdata: no visible global function definition for ‘rnorm’
    poLCA.table: no visible global function definition for ‘model.frame’
    print.poLCA: no visible global function definition for ‘pt’
    print.poLCA: no visible global function definition for ‘flush.console’
    rmulti: no visible global function definition for ‘runif’
    Undefined global functions or variables:
     flush.console ginv layout model.frame model.matrix model.response par
     pt rnorm runif scatterplot3d
    Consider adding
     importFrom("graphics", "layout", "par")
     importFrom("stats", "model.frame", "model.matrix", "model.response",
     "pt", "rnorm", "runif")
     importFrom("utils", "flush.console")
    to your NAMESPACE file.
Flavors: r-devel-linux-x86_64-debian-clang, r-devel-linux-x86_64-debian-gcc, r-devel-linux-x86_64-fedora-clang, r-devel-linux-x86_64-fedora-gcc, r-devel-osx-x86_64-clang, r-devel-windows-ix86+x86_64, r-patched-linux-x86_64, r-patched-solaris-sparc, r-patched-solaris-x86, r-release-linux-x86_64, r-release-osx-x86_64-mavericks, r-release-windows-ix86+x86_64

Version: 1.4.1
Check: R code for possible problems
Result: NOTE
    poLCA: no visible global function definition for 'ginv'
    poLCA.makeplot.dich: no visible global function definition for
     'scatterplot3d'
    poLCA.makeplot.poly: no visible global function definition for
     'scatterplot3d'
    poLCA.se: no visible global function definition for 'ginv'
Flavor: r-oldrel-windows-ix86+x86_64