CRAN Package Check Results for Package poLCA

Last updated on 2015-04-02 02:48:20.

Flavor Version Tinstall Tcheck Ttotal Status Flags
r-devel-linux-x86_64-debian-clang 1.4.1 1.12 26.88 28.00 NOTE
r-devel-linux-x86_64-debian-gcc 1.4.1 1.06 27.70 28.77 NOTE
r-devel-linux-x86_64-fedora-clang 1.4.1 57.83 NOTE
r-devel-linux-x86_64-fedora-gcc 1.4.1 55.79 NOTE
r-devel-osx-x86_64-clang 1.4.1 53.49 NOTE
r-prerel-windows-ix86+x86_64 1.4.1 9.00 70.00 79.00 NOTE
r-prerel-linux-x86_64 1.4.1 1.08 27.04 28.13 NOTE
r-prerel-solaris-sparc 1.4.1 369.70 NOTE
r-prerel-solaris-x86 1.4.1 68.30 NOTE
r-release-linux-x86_64 1.4.1 1.14 29.76 30.91 NOTE
r-release-osx-x86_64-mavericks 1.4.1 NOTE
r-release-osx-x86_64-snowleopard 1.4.1 OK
r-release-windows-ix86+x86_64 1.4.1 6.00 66.00 72.00 NOTE
r-oldrel-windows-ix86+x86_64 1.4.1 7.00 73.00 80.00 NOTE

Check Details

Version: 1.4.1
Check: dependencies in R code
Result: NOTE
    Packages in Depends field not imported from:
     ‘MASS’ ‘scatterplot3d’
     These packages need to be imported from (in the NAMESPACE file)
     for when this namespace is loaded but not attached.
Flavors: r-devel-linux-x86_64-debian-clang, r-devel-linux-x86_64-debian-gcc, r-devel-linux-x86_64-fedora-clang, r-devel-linux-x86_64-fedora-gcc, r-devel-osx-x86_64-clang, r-prerel-windows-ix86+x86_64, r-prerel-linux-x86_64, r-prerel-solaris-sparc, r-prerel-solaris-x86, r-release-linux-x86_64, r-release-windows-ix86+x86_64

Version: 1.4.1
Check: R code for possible problems
Result: NOTE
    poLCA: no visible global function definition for ‘ginv’
    poLCA.makeplot.dich: no visible global function definition for
     ‘scatterplot3d’
    poLCA.makeplot.poly: no visible global function definition for
     ‘scatterplot3d’
    poLCA.se: no visible global function definition for ‘ginv’
Flavors: r-devel-linux-x86_64-debian-clang, r-devel-linux-x86_64-debian-gcc, r-devel-linux-x86_64-fedora-clang, r-devel-linux-x86_64-fedora-gcc, r-devel-osx-x86_64-clang, r-prerel-windows-ix86+x86_64, r-prerel-linux-x86_64, r-prerel-solaris-sparc, r-prerel-solaris-x86, r-release-linux-x86_64, r-release-osx-x86_64-mavericks, r-release-windows-ix86+x86_64

Version: 1.4.1
Check: dependencies in R code
Result: NOTE
    Packages in Depends field not imported from:
     ‘MASS’ ‘scatterplot3d’
     These packages need to be imported from (in the NAMESPACE file)
     for when this namespace is loaded but not attached.
    See the information on DESCRIPTION files in the chapter ‘Creating R
    packages’ of the ‘Writing R Extensions’ manual.
Flavors: r-release-osx-x86_64-mavericks, r-oldrel-windows-ix86+x86_64