CRAN Package Check Results for Package poLCA

Last updated on 2015-01-26 11:48:58.

Flavor Version Tinstall Tcheck Ttotal Status Flags
r-devel-linux-x86_64-debian-clang 1.4.1 1.09 28.07 29.16 NOTE
r-devel-linux-x86_64-debian-gcc 1.4.1 1.11 26.96 28.07 NOTE
r-devel-linux-x86_64-fedora-clang 1.4.1 61.98 NOTE
r-devel-linux-x86_64-fedora-gcc 1.4.1 58.57 NOTE
r-devel-osx-x86_64-clang 1.4.1 56.56 NOTE
r-devel-windows-ix86+x86_64 1.4.1 9.00 79.00 88.00 NOTE
r-patched-linux-x86_64 1.4.1 1.15 30.03 31.18 NOTE
r-patched-solaris-sparc 1.4.1 379.50 NOTE
r-patched-solaris-x86 1.4.1 75.30 NOTE
r-release-linux-ix86 1.4.1 1.64 38.11 39.75 NOTE
r-release-linux-x86_64 1.4.1 1.15 30.14 31.30 NOTE
r-release-osx-x86_64-mavericks 1.4.1 NOTE
r-release-osx-x86_64-snowleopard 1.4.1 OK
r-release-windows-ix86+x86_64 1.4.1 9.00 68.00 77.00 NOTE
r-oldrel-windows-ix86+x86_64 1.4.1 12.00 67.00 79.00 NOTE

Check Details

Version: 1.4.1
Check: dependencies in R code
Result: NOTE
    Packages in Depends field not imported from:
     ‘MASS’ ‘scatterplot3d’
     These packages need to be imported from (in the NAMESPACE file)
     for when this namespace is loaded but not attached.
Flavors: r-devel-linux-x86_64-debian-clang, r-devel-linux-x86_64-debian-gcc, r-devel-linux-x86_64-fedora-clang, r-devel-linux-x86_64-fedora-gcc, r-devel-osx-x86_64-clang, r-devel-windows-ix86+x86_64

Version: 1.4.1
Check: R code for possible problems
Result: NOTE
    poLCA: no visible global function definition for ‘ginv’
    poLCA.makeplot.dich: no visible global function definition for
     ‘scatterplot3d’
    poLCA.makeplot.poly: no visible global function definition for
     ‘scatterplot3d’
    poLCA.se: no visible global function definition for ‘ginv’
Flavors: r-devel-linux-x86_64-debian-clang, r-devel-linux-x86_64-debian-gcc, r-devel-linux-x86_64-fedora-clang, r-devel-linux-x86_64-fedora-gcc, r-devel-osx-x86_64-clang, r-devel-windows-ix86+x86_64, r-patched-linux-x86_64, r-patched-solaris-sparc, r-patched-solaris-x86, r-release-linux-ix86, r-release-linux-x86_64, r-release-osx-x86_64-mavericks, r-release-windows-ix86+x86_64

Version: 1.4.1
Check: dependencies in R code
Result: NOTE
    Packages in Depends field not imported from:
     ‘MASS’ ‘scatterplot3d’
     These packages need to be imported from (in the NAMESPACE file)
     for when this namespace is loaded but not attached.
    See the information on DESCRIPTION files in the chapter ‘Creating R
    packages’ of the ‘Writing R Extensions’ manual.
Flavors: r-patched-linux-x86_64, r-patched-solaris-sparc, r-patched-solaris-x86, r-release-linux-ix86, r-release-linux-x86_64, r-release-osx-x86_64-mavericks, r-release-windows-ix86+x86_64, r-oldrel-windows-ix86+x86_64