CRAN Package Check Results for Package poLCA

Last updated on 2015-05-27 19:47:16.

Flavor Version Tinstall Tcheck Ttotal Status Flags
r-devel-linux-x86_64-debian-clang 1.4.1 1.12 27.40 28.52 NOTE
r-devel-linux-x86_64-debian-gcc 1.4.1 1.07 27.27 28.34 NOTE
r-devel-linux-x86_64-fedora-clang 1.4.1 55.68 NOTE
r-devel-linux-x86_64-fedora-gcc 1.4.1 53.55 NOTE
r-devel-osx-x86_64-clang 1.4.1 48.60 NOTE
r-devel-windows-ix86+x86_64 1.4.1 6.00 62.00 68.00 NOTE
r-patched-linux-x86_64 1.4.1 1.06 27.30 28.36 NOTE
r-patched-solaris-sparc 1.4.1 372.70 NOTE
r-patched-solaris-x86 1.4.1 73.00 NOTE
r-release-linux-x86_64 1.4.1 1.24 27.22 28.46 NOTE
r-release-osx-x86_64-mavericks 1.4.1 NOTE
r-release-osx-x86_64-snowleopard 1.4.1 NOTE
r-release-windows-ix86+x86_64 1.4.1 7.00 67.00 74.00 NOTE
r-oldrel-windows-ix86+x86_64 1.4.1 7.00 103.00 110.00 NOTE

Check Details

Version: 1.4.1
Check: dependencies in R code
Result: NOTE
    Packages in Depends field not imported from:
     ‘MASS’ ‘scatterplot3d’
     These packages need to be imported from (in the NAMESPACE file)
     for when this namespace is loaded but not attached.
Flavors: r-devel-linux-x86_64-debian-clang, r-devel-linux-x86_64-debian-gcc, r-devel-linux-x86_64-fedora-clang, r-devel-linux-x86_64-fedora-gcc, r-devel-osx-x86_64-clang, r-devel-windows-ix86+x86_64, r-patched-linux-x86_64, r-patched-solaris-sparc, r-patched-solaris-x86, r-release-linux-x86_64, r-release-osx-x86_64-mavericks, r-release-osx-x86_64-snowleopard, r-release-windows-ix86+x86_64, r-oldrel-windows-ix86+x86_64

Version: 1.4.1
Check: R code for possible problems
Result: NOTE
    poLCA: no visible global function definition for ‘ginv’
    poLCA.makeplot.dich: no visible global function definition for
     ‘scatterplot3d’
    poLCA.makeplot.poly: no visible global function definition for
     ‘scatterplot3d’
    poLCA.se: no visible global function definition for ‘ginv’
Flavors: r-devel-linux-x86_64-debian-clang, r-devel-linux-x86_64-debian-gcc, r-devel-linux-x86_64-fedora-clang, r-devel-linux-x86_64-fedora-gcc, r-devel-osx-x86_64-clang, r-devel-windows-ix86+x86_64, r-patched-linux-x86_64, r-patched-solaris-sparc, r-patched-solaris-x86, r-release-linux-x86_64, r-release-osx-x86_64-mavericks, r-release-osx-x86_64-snowleopard, r-release-windows-ix86+x86_64, r-oldrel-windows-ix86+x86_64