CRAN Package Check Results for Package poLCA

Last updated on 2014-04-23 12:48:24.

Flavor Version Tinstall Tcheck Ttotal Status Flags
r-devel-linux-x86_64-debian-clang 1.4.1 1.11 28.58 29.69 NOTE
r-devel-linux-x86_64-debian-gcc 1.4.1 1.15 28.36 29.51 NOTE
r-devel-linux-x86_64-fedora-clang 1.4.1 61.73 NOTE
r-devel-linux-x86_64-fedora-gcc 1.4.1 61.17 NOTE
r-devel-osx-x86_64-clang 1.4.1 50.57 NOTE
r-devel-osx-x86_64-gcc 1.4.1 NOTE
r-devel-windows-ix86+x86_64 1.4.1 6.00 64.00 70.00 NOTE
r-patched-linux-x86_64 1.4.1 1.22 29.20 30.42 NOTE
r-patched-solaris-sparc 1.4.1 368.20 NOTE
r-patched-solaris-x86 1.4.1 74.70 NOTE
r-release-linux-ix86 1.4.1 2.00 51.00 53.00 NOTE
r-release-linux-x86_64 1.4.1 1.19 28.62 29.82 NOTE
r-release-osx-x86_64-mavericks 1.4.1 NOTE
r-release-osx-x86_64-snowleopard 1.4.1 OK
r-release-windows-ix86+x86_64 1.4.1 6.00 68.00 74.00 NOTE
r-oldrel-windows-ix86+x86_64 1.4.1 7.00 70.00 77.00 NOTE

Check Details

Version: 1.4.1
Check: dependencies in R code
Result: NOTE
    Packages in Depends field not imported from:
     ‘MASS’ ‘scatterplot3d’
     These packages need to be imported from (in the NAMESPACE file)
     for when this namespace is loaded but not attached.
    See the information on DESCRIPTION files in the chapter ‘Creating R
    packages’ of the ‘Writing R Extensions’ manual.
Flavors: r-devel-linux-x86_64-debian-clang, r-devel-linux-x86_64-debian-gcc, r-devel-linux-x86_64-fedora-clang, r-devel-linux-x86_64-fedora-gcc, r-devel-osx-x86_64-clang, r-devel-osx-x86_64-gcc, r-devel-windows-ix86+x86_64, r-patched-linux-x86_64, r-patched-solaris-sparc, r-patched-solaris-x86, r-release-linux-ix86, r-release-linux-x86_64, r-release-osx-x86_64-mavericks, r-release-windows-ix86+x86_64, r-oldrel-windows-ix86+x86_64