CRAN Package Check Results for Package poLCA

Last updated on 2016-12-07 16:47:18.

Flavor Version Tinstall Tcheck Ttotal Status Flags
r-devel-linux-x86_64-debian-clang 1.4.1 1.38 29.50 30.88 NOTE
r-devel-linux-x86_64-debian-gcc 1.4.1 1.24 27.54 28.78 NOTE
r-devel-linux-x86_64-fedora-clang 1.4.1 54.74 NOTE --no-stop-on-test-error
r-devel-linux-x86_64-fedora-gcc 1.4.1 52.67 NOTE --no-stop-on-test-error
r-devel-macos-x86_64-clang 1.4.1 39.89 NOTE
r-devel-windows-ix86+x86_64 1.4.1 8.00 91.00 99.00 NOTE
r-patched-linux-x86_64 1.4.1 1.14 26.28 27.42 NOTE
r-patched-solaris-sparc 1.4.1 347.90 NOTE
r-patched-solaris-x86 1.4.1 63.00 NOTE
r-release-linux-x86_64 1.4.1 1.14 26.32 27.46 NOTE
r-release-osx-x86_64-mavericks 1.4.1 NOTE
r-release-windows-ix86+x86_64 1.4.1 5.00 107.00 112.00 NOTE
r-oldrel-windows-ix86+x86_64 1.4.1 7.00 77.00 84.00 NOTE

Check Details

Version: 1.4.1
Check: dependencies in R code
Result: NOTE
    Packages in Depends field not imported from:
     ‘MASS’ ‘scatterplot3d’
     These packages need to be imported from (in the NAMESPACE file)
     for when this namespace is loaded but not attached.
Flavors: r-devel-linux-x86_64-debian-clang, r-devel-linux-x86_64-debian-gcc, r-devel-macos-x86_64-clang, r-devel-windows-ix86+x86_64, r-patched-linux-x86_64, r-patched-solaris-sparc, r-patched-solaris-x86, r-release-linux-x86_64, r-release-osx-x86_64-mavericks, r-release-windows-ix86+x86_64, r-oldrel-windows-ix86+x86_64

Version: 1.4.1
Check: R code for possible problems
Result: NOTE
    plot.poLCA: no visible global function definition for ‘layout’
    plot.poLCA: no visible global function definition for ‘par’
    poLCA: no visible global function definition for ‘model.frame’
    poLCA: no visible global function definition for ‘model.response’
    poLCA: no visible global function definition for ‘model.matrix’
    poLCA: no visible global function definition for ‘runif’
    poLCA: no visible global function definition for ‘ginv’
    poLCA: no visible global function definition for ‘flush.console’
    poLCA.makeplot.dich: no visible global function definition for
     ‘scatterplot3d’
    poLCA.makeplot.poly: no visible global function definition for
     ‘scatterplot3d’
    poLCA.se: no visible global function definition for ‘ginv’
    poLCA.simdata: no visible global function definition for ‘runif’
    poLCA.simdata: no visible global function definition for ‘rnorm’
    poLCA.table: no visible global function definition for ‘model.frame’
    print.poLCA: no visible global function definition for ‘pt’
    print.poLCA: no visible global function definition for ‘flush.console’
    rmulti: no visible global function definition for ‘runif’
    Undefined global functions or variables:
     flush.console ginv layout model.frame model.matrix model.response par
     pt rnorm runif scatterplot3d
    Consider adding
     importFrom("graphics", "layout", "par")
     importFrom("stats", "model.frame", "model.matrix", "model.response",
     "pt", "rnorm", "runif")
     importFrom("utils", "flush.console")
    to your NAMESPACE file.
Flavors: r-devel-linux-x86_64-debian-clang, r-devel-linux-x86_64-debian-gcc, r-devel-macos-x86_64-clang, r-devel-windows-ix86+x86_64, r-patched-linux-x86_64, r-patched-solaris-sparc, r-patched-solaris-x86, r-release-linux-x86_64, r-release-osx-x86_64-mavericks, r-release-windows-ix86+x86_64

Version: 1.4.1
Flags: --no-stop-on-test-error
Check: dependencies in R code
Result: NOTE
    Packages in Depends field not imported from:
     ‘MASS’ ‘scatterplot3d’
     These packages need to be imported from (in the NAMESPACE file)
     for when this namespace is loaded but not attached.
Flavors: r-devel-linux-x86_64-fedora-clang, r-devel-linux-x86_64-fedora-gcc

Version: 1.4.1
Flags: --no-stop-on-test-error
Check: R code for possible problems
Result: NOTE
    plot.poLCA: no visible global function definition for ‘layout’
    plot.poLCA: no visible global function definition for ‘par’
    poLCA: no visible global function definition for ‘model.frame’
    poLCA: no visible global function definition for ‘model.response’
    poLCA: no visible global function definition for ‘model.matrix’
    poLCA: no visible global function definition for ‘runif’
    poLCA: no visible global function definition for ‘ginv’
    poLCA: no visible global function definition for ‘flush.console’
    poLCA.makeplot.dich: no visible global function definition for
     ‘scatterplot3d’
    poLCA.makeplot.poly: no visible global function definition for
     ‘scatterplot3d’
    poLCA.se: no visible global function definition for ‘ginv’
    poLCA.simdata: no visible global function definition for ‘runif’
    poLCA.simdata: no visible global function definition for ‘rnorm’
    poLCA.table: no visible global function definition for ‘model.frame’
    print.poLCA: no visible global function definition for ‘pt’
    print.poLCA: no visible global function definition for ‘flush.console’
    rmulti: no visible global function definition for ‘runif’
    Undefined global functions or variables:
     flush.console ginv layout model.frame model.matrix model.response par
     pt rnorm runif scatterplot3d
    Consider adding
     importFrom("graphics", "layout", "par")
     importFrom("stats", "model.frame", "model.matrix", "model.response",
     "pt", "rnorm", "runif")
     importFrom("utils", "flush.console")
    to your NAMESPACE file.
Flavors: r-devel-linux-x86_64-fedora-clang, r-devel-linux-x86_64-fedora-gcc

Version: 1.4.1
Check: R code for possible problems
Result: NOTE
    poLCA: no visible global function definition for 'ginv'
    poLCA.makeplot.dich: no visible global function definition for
     'scatterplot3d'
    poLCA.makeplot.poly: no visible global function definition for
     'scatterplot3d'
    poLCA.se: no visible global function definition for 'ginv'
Flavor: r-oldrel-windows-ix86+x86_64