CRAN Package Check Results for Package poLCA

Last updated on 2016-02-06 22:47:13.

Flavor Version Tinstall Tcheck Ttotal Status Flags
r-devel-linux-x86_64-debian-gcc 1.4.1 1.12 24.50 25.61 NOTE
r-devel-linux-x86_64-fedora-clang 1.4.1 49.38 NOTE
r-devel-linux-x86_64-fedora-gcc 1.4.1 47.59 NOTE
r-devel-osx-x86_64-clang 1.4.1 49.39 NOTE
r-devel-windows-ix86+x86_64 1.4.1 11.00 72.00 83.00 NOTE
r-patched-linux-x86_64 1.4.1 1.15 27.35 28.50 NOTE
r-patched-solaris-sparc 1.4.1 347.90 NOTE
r-patched-solaris-x86 1.4.1 61.40 NOTE
r-release-linux-x86_64 1.4.1 1.22 27.32 28.54 NOTE
r-release-osx-x86_64-mavericks 1.4.1 NOTE
r-release-windows-ix86+x86_64 1.4.1 6.00 97.00 103.00 NOTE
r-oldrel-windows-ix86+x86_64 1.4.1 8.00 82.00 90.00 NOTE

Check Details

Version: 1.4.1
Check: dependencies in R code
Result: NOTE
    Packages in Depends field not imported from:
     ‘MASS’ ‘scatterplot3d’
     These packages need to be imported from (in the NAMESPACE file)
     for when this namespace is loaded but not attached.
Flavors: r-devel-linux-x86_64-debian-gcc, r-devel-linux-x86_64-fedora-clang, r-devel-linux-x86_64-fedora-gcc, r-devel-osx-x86_64-clang, r-devel-windows-ix86+x86_64, r-patched-linux-x86_64, r-patched-solaris-sparc, r-patched-solaris-x86, r-release-linux-x86_64, r-release-osx-x86_64-mavericks, r-release-windows-ix86+x86_64, r-oldrel-windows-ix86+x86_64

Version: 1.4.1
Check: R code for possible problems
Result: NOTE
    plot.poLCA: no visible global function definition for ‘layout’
    plot.poLCA: no visible global function definition for ‘par’
    poLCA: no visible global function definition for ‘model.frame’
    poLCA: no visible global function definition for ‘model.response’
    poLCA: no visible global function definition for ‘model.matrix’
    poLCA: no visible global function definition for ‘runif’
    poLCA: no visible global function definition for ‘ginv’
    poLCA: no visible global function definition for ‘flush.console’
    poLCA.makeplot.dich: no visible global function definition for
     ‘scatterplot3d’
    poLCA.makeplot.poly: no visible global function definition for
     ‘scatterplot3d’
    poLCA.se: no visible global function definition for ‘ginv’
    poLCA.simdata: no visible global function definition for ‘runif’
    poLCA.simdata: no visible global function definition for ‘rnorm’
    poLCA.table: no visible global function definition for ‘model.frame’
    print.poLCA: no visible global function definition for ‘pt’
    print.poLCA: no visible global function definition for ‘flush.console’
    rmulti: no visible global function definition for ‘runif’
    Undefined global functions or variables:
     flush.console ginv layout model.frame model.matrix model.response par
     pt rnorm runif scatterplot3d
    Consider adding
     importFrom("graphics", "layout", "par")
     importFrom("stats", "model.frame", "model.matrix", "model.response",
     "pt", "rnorm", "runif")
     importFrom("utils", "flush.console")
    to your NAMESPACE file.
Flavors: r-devel-linux-x86_64-debian-gcc, r-devel-linux-x86_64-fedora-clang, r-devel-osx-x86_64-clang

Version: 1.4.1
Check: R code for possible problems
Result: NOTE
    plot.poLCA: no visible global function definition for ‘layout’
    plot.poLCA: no visible global function definition for ‘par’
    poLCA: no visible global function definition for ‘model.frame’
    poLCA: no visible global function definition for ‘model.response’
    poLCA: no visible global function definition for ‘model.matrix’
    poLCA: no visible global function definition for ‘runif’
    poLCA: no visible global function definition for ‘ginv’
    poLCA: no visible global function definition for ‘flush.console’
    poLCA.makeplot.dich: no visible global function definition for
     ‘scatterplot3d’
    poLCA.makeplot.poly: no visible global function definition for
     ‘scatterplot3d’
    poLCA.se: no visible global function definition for ‘ginv’
    poLCA.simdata: no visible global function definition for ‘runif’
    poLCA.simdata: no visible global function definition for ‘rnorm’
    poLCA.table: no visible global function definition for ‘model.frame’
    print.poLCA: no visible global function definition for ‘pt’
    print.poLCA: no visible global function definition for ‘flush.console’
    rmulti: no visible global function definition for ‘runif’
    Undefined global functions or variables:
     flush.console ginv layout model.frame model.matrix model.response par
     pt rnorm runif scatterplot3d
    Consider adding
     importFrom("graphics", "layout", "par")
     importFrom("stats", "model.frame", "model.matrix", "model.response",
     "pt", "rnorm", "runif")
     importFrom("utils", "flush.console")
    to your NAMESPACE.
Flavors: r-devel-linux-x86_64-fedora-gcc, r-devel-windows-ix86+x86_64

Version: 1.4.1
Check: R code for possible problems
Result: NOTE
    poLCA: no visible global function definition for ‘ginv’
    poLCA.makeplot.dich: no visible global function definition for
     ‘scatterplot3d’
    poLCA.makeplot.poly: no visible global function definition for
     ‘scatterplot3d’
    poLCA.se: no visible global function definition for ‘ginv’
Flavors: r-patched-linux-x86_64, r-patched-solaris-sparc, r-patched-solaris-x86, r-release-linux-x86_64, r-release-osx-x86_64-mavericks, r-release-windows-ix86+x86_64, r-oldrel-windows-ix86+x86_64