CRAN Package Check Results for Package poLCA

Last updated on 2017-03-27 17:47:42.

Flavor Version Tinstall Tcheck Ttotal Status Flags
r-devel-linux-x86_64-debian-clang 1.4.1 1.26 28.66 29.92 NOTE
r-devel-linux-x86_64-debian-gcc 1.4.1 1.20 26.88 28.08 NOTE
r-devel-linux-x86_64-fedora-clang 1.4.1 53.42 NOTE --no-stop-on-test-error
r-devel-linux-x86_64-fedora-gcc 1.4.1 51.19 NOTE --no-stop-on-test-error
r-devel-macos-x86_64-clang 1.4.1 39.26 NOTE --no-stop-on-test-error
r-devel-windows-ix86+x86_64 1.4.1 8.00 97.00 105.00 NOTE
r-patched-linux-x86_64 1.4.1 1.14 27.71 28.84 NOTE
r-patched-solaris-sparc 1.4.1 357.20 NOTE
r-patched-solaris-x86 1.4.1 67.50 NOTE
r-release-linux-x86_64 1.4.1 1.18 25.50 26.68 NOTE
r-release-osx-x86_64-mavericks 1.4.1 NOTE
r-release-windows-ix86+x86_64 1.4.1 10.00 70.00 80.00 NOTE
r-oldrel-windows-ix86+x86_64 1.4.1 9.00 69.00 78.00 NOTE

Check Details

Version: 1.4.1
Check: dependencies in R code
Result: NOTE
    Packages in Depends field not imported from:
     ‘MASS’ ‘scatterplot3d’
     These packages need to be imported from (in the NAMESPACE file)
     for when this namespace is loaded but not attached.
Flavors: r-devel-linux-x86_64-debian-clang, r-devel-linux-x86_64-debian-gcc, r-devel-windows-ix86+x86_64, r-patched-linux-x86_64, r-patched-solaris-sparc, r-patched-solaris-x86, r-release-linux-x86_64, r-release-osx-x86_64-mavericks, r-release-windows-ix86+x86_64, r-oldrel-windows-ix86+x86_64

Version: 1.4.1
Check: R code for possible problems
Result: NOTE
    plot.poLCA: no visible global function definition for ‘layout’
    plot.poLCA: no visible global function definition for ‘par’
    poLCA: no visible global function definition for ‘model.frame’
    poLCA: no visible global function definition for ‘model.response’
    poLCA: no visible global function definition for ‘model.matrix’
    poLCA: no visible global function definition for ‘runif’
    poLCA: no visible global function definition for ‘ginv’
    poLCA: no visible global function definition for ‘flush.console’
    poLCA.makeplot.dich: no visible global function definition for
     ‘scatterplot3d’
    poLCA.makeplot.poly: no visible global function definition for
     ‘scatterplot3d’
    poLCA.se: no visible global function definition for ‘ginv’
    poLCA.simdata: no visible global function definition for ‘runif’
    poLCA.simdata: no visible global function definition for ‘rnorm’
    poLCA.table: no visible global function definition for ‘model.frame’
    print.poLCA: no visible global function definition for ‘pt’
    print.poLCA: no visible global function definition for ‘flush.console’
    rmulti: no visible global function definition for ‘runif’
    Undefined global functions or variables:
     flush.console ginv layout model.frame model.matrix model.response par
     pt rnorm runif scatterplot3d
    Consider adding
     importFrom("graphics", "layout", "par")
     importFrom("stats", "model.frame", "model.matrix", "model.response",
     "pt", "rnorm", "runif")
     importFrom("utils", "flush.console")
    to your NAMESPACE file.
Flavors: r-devel-linux-x86_64-debian-clang, r-devel-linux-x86_64-debian-gcc, r-devel-windows-ix86+x86_64, r-patched-linux-x86_64, r-patched-solaris-sparc, r-patched-solaris-x86, r-release-linux-x86_64, r-release-osx-x86_64-mavericks, r-release-windows-ix86+x86_64

Version: 1.4.1
Check: compiled code
Result: NOTE
    File ‘poLCA/libs/poLCA.so’:
     Found no calls to: ‘R_registerRoutines’, ‘R_useDynamicSymbols’
    
    It is good practice to register native routines and to disable symbol
    search.
    
    See ‘Writing portable packages’ in the ‘Writing R Extensions’ manual.
Flavors: r-devel-linux-x86_64-debian-clang, r-devel-linux-x86_64-debian-gcc, r-patched-linux-x86_64

Version: 1.4.1
Flags: --no-stop-on-test-error
Check: dependencies in R code
Result: NOTE
    Packages in Depends field not imported from:
     ‘MASS’ ‘scatterplot3d’
     These packages need to be imported from (in the NAMESPACE file)
     for when this namespace is loaded but not attached.
Flavors: r-devel-linux-x86_64-fedora-clang, r-devel-linux-x86_64-fedora-gcc, r-devel-macos-x86_64-clang

Version: 1.4.1
Flags: --no-stop-on-test-error
Check: R code for possible problems
Result: NOTE
    plot.poLCA: no visible global function definition for ‘layout’
    plot.poLCA: no visible global function definition for ‘par’
    poLCA: no visible global function definition for ‘model.frame’
    poLCA: no visible global function definition for ‘model.response’
    poLCA: no visible global function definition for ‘model.matrix’
    poLCA: no visible global function definition for ‘runif’
    poLCA: no visible global function definition for ‘ginv’
    poLCA: no visible global function definition for ‘flush.console’
    poLCA.makeplot.dich: no visible global function definition for
     ‘scatterplot3d’
    poLCA.makeplot.poly: no visible global function definition for
     ‘scatterplot3d’
    poLCA.se: no visible global function definition for ‘ginv’
    poLCA.simdata: no visible global function definition for ‘runif’
    poLCA.simdata: no visible global function definition for ‘rnorm’
    poLCA.table: no visible global function definition for ‘model.frame’
    print.poLCA: no visible global function definition for ‘pt’
    print.poLCA: no visible global function definition for ‘flush.console’
    rmulti: no visible global function definition for ‘runif’
    Undefined global functions or variables:
     flush.console ginv layout model.frame model.matrix model.response par
     pt rnorm runif scatterplot3d
    Consider adding
     importFrom("graphics", "layout", "par")
     importFrom("stats", "model.frame", "model.matrix", "model.response",
     "pt", "rnorm", "runif")
     importFrom("utils", "flush.console")
    to your NAMESPACE file.
Flavors: r-devel-linux-x86_64-fedora-clang, r-devel-linux-x86_64-fedora-gcc, r-devel-macos-x86_64-clang

Version: 1.4.1
Flags: --no-stop-on-test-error
Check: compiled code
Result: NOTE
    File ‘poLCA/libs/poLCA.so’:
     Found no calls to: ‘R_registerRoutines’, ‘R_useDynamicSymbols’
    
    It is good practice to register native routines and to disable symbol
    search.
    
    See ‘Writing portable packages’ in the ‘Writing R Extensions’ manual.
Flavors: r-devel-linux-x86_64-fedora-clang, r-devel-linux-x86_64-fedora-gcc, r-devel-macos-x86_64-clang

Version: 1.4.1
Check: R code for possible problems
Result: NOTE
    poLCA: no visible global function definition for 'ginv'
    poLCA.makeplot.dich: no visible global function definition for
     'scatterplot3d'
    poLCA.makeplot.poly: no visible global function definition for
     'scatterplot3d'
    poLCA.se: no visible global function definition for 'ginv'
Flavor: r-oldrel-windows-ix86+x86_64