CRAN Package Check Results for Package poLCA

Last updated on 2014-07-24 01:47:59.

Flavor Version Tinstall Tcheck Ttotal Status Flags
r-devel-linux-x86_64-debian-clang 1.4.1 1.03 27.36 28.39 NOTE
r-devel-linux-x86_64-debian-gcc 1.4.1 1.08 26.96 28.04 NOTE
r-devel-linux-x86_64-fedora-clang 1.4.1 63.36 NOTE
r-devel-linux-x86_64-fedora-gcc 1.4.1 61.98 NOTE
r-devel-osx-x86_64-clang 1.4.1 49.01 NOTE
r-devel-windows-ix86+x86_64 1.4.1 6.00 64.00 70.00 NOTE
r-patched-linux-x86_64 1.4.1 1.14 27.28 28.42 NOTE
r-patched-solaris-sparc 1.4.1 368.20 NOTE
r-patched-solaris-x86 1.4.1 78.60 NOTE
r-release-linux-ix86 1.4.1 1.62 39.36 40.98 NOTE
r-release-linux-x86_64 1.4.1 1.13 27.50 28.63 NOTE
r-release-osx-x86_64-mavericks 1.4.1 NOTE
r-release-osx-x86_64-snowleopard 1.4.1 OK
r-release-windows-ix86+x86_64 1.4.1 5.00 71.00 76.00 NOTE
r-oldrel-windows-ix86+x86_64 1.4.1 7.00 65.00 72.00 NOTE

Check Details

Version: 1.4.1
Check: dependencies in R code
Result: NOTE
    Packages in Depends field not imported from:
     ‘MASS’ ‘scatterplot3d’
     These packages need to be imported from (in the NAMESPACE file)
     for when this namespace is loaded but not attached.
    See the information on DESCRIPTION files in the chapter ‘Creating R
    packages’ of the ‘Writing R Extensions’ manual.
Flavors: r-devel-linux-x86_64-debian-clang, r-devel-linux-x86_64-debian-gcc, r-devel-linux-x86_64-fedora-clang, r-devel-linux-x86_64-fedora-gcc, r-devel-osx-x86_64-clang, r-devel-windows-ix86+x86_64, r-patched-linux-x86_64, r-patched-solaris-sparc, r-patched-solaris-x86, r-release-linux-ix86, r-release-linux-x86_64, r-release-osx-x86_64-mavericks, r-release-windows-ix86+x86_64, r-oldrel-windows-ix86+x86_64