CRAN Package Check Results for Package poibin

Last updated on 2017-11-24 09:48:05 CET.

Flavor Version Tinstall Tcheck Ttotal Status Flags
r-devel-linux-x86_64-debian-clang 1.2 1.18 15.64 16.81 NOTE
r-devel-linux-x86_64-debian-gcc 1.2 1.58 28.63 30.21 NOTE
r-devel-linux-x86_64-fedora-clang 1.2 17.90 NOTE
r-devel-linux-x86_64-fedora-gcc 1.2 17.01 NOTE
r-devel-windows-ix86+x86_64 1.2 11.00 28.00 39.00 NOTE
r-patched-linux-x86_64 1.2 1.85 30.56 32.41 NOTE
r-patched-solaris-x86 1.2 30.40 NOTE
r-release-linux-x86_64 1.2 1.72 30.27 31.99 NOTE
r-release-windows-ix86+x86_64 1.2 6.00 27.00 33.00 NOTE
r-release-osx-x86_64 1.2 NOTE
r-oldrel-windows-ix86+x86_64 1.2 11.00 24.00 35.00 NOTE
r-oldrel-osx-x86_64 1.2 NOTE

Check Details

Version: 1.2
Check: R code for possible problems
Result: NOTE
    ppoibin: no visible global function definition for ‘pnorm’
    ppoibin: no visible global function definition for ‘dnorm’
    rpoibin: no visible global function definition for ‘runif’
    Undefined global functions or variables:
     dnorm pnorm runif
    Consider adding
     importFrom("stats", "dnorm", "pnorm", "runif")
    to your NAMESPACE file.
Flavors: r-devel-linux-x86_64-debian-clang, r-devel-linux-x86_64-debian-gcc, r-devel-linux-x86_64-fedora-clang, r-devel-linux-x86_64-fedora-gcc, r-devel-windows-ix86+x86_64, r-patched-linux-x86_64, r-patched-solaris-x86, r-release-linux-x86_64, r-release-windows-ix86+x86_64, r-release-osx-x86_64, r-oldrel-windows-ix86+x86_64, r-oldrel-osx-x86_64

Version: 1.2
Check: compiled code
Result: NOTE
    File ‘poibin/libs/poibin.so’:
     Found no calls to: ‘R_registerRoutines’, ‘R_useDynamicSymbols’
    
    It is good practice to register native routines and to disable symbol
    search.
    
    See ‘Writing portable packages’ in the ‘Writing R Extensions’ manual.
Flavors: r-devel-linux-x86_64-debian-clang, r-devel-linux-x86_64-debian-gcc, r-devel-linux-x86_64-fedora-clang, r-devel-linux-x86_64-fedora-gcc, r-patched-linux-x86_64, r-release-linux-x86_64