CRAN Package Check Results for Package poibin

Last updated on 2016-12-02 18:47:45.

Flavor Version Tinstall Tcheck Ttotal Status Flags
r-devel-linux-x86_64-debian-clang 1.2 1.28 10.07 11.35 NOTE
r-devel-linux-x86_64-debian-gcc 1.2 1.22 9.93 11.15 NOTE
r-devel-linux-x86_64-fedora-clang 1.2 19.33 NOTE
r-devel-linux-x86_64-fedora-gcc 1.2 18.17 NOTE
r-devel-macos-x86_64-clang 1.2 16.90 NOTE
r-devel-windows-ix86+x86_64 1.2 11.00 26.00 37.00 NOTE
r-patched-linux-x86_64 1.2 1.20 8.36 9.56 NOTE
r-patched-solaris-sparc 1.2 91.50 NOTE
r-patched-solaris-x86 1.2 20.80 NOTE
r-release-linux-x86_64 1.2 1.14 8.47 9.61 NOTE
r-release-osx-x86_64-mavericks 1.2 NOTE
r-release-windows-ix86+x86_64 1.2 11.00 24.00 35.00 NOTE
r-oldrel-windows-ix86+x86_64 1.2 12.00 22.00 34.00 OK

Check Details

Version: 1.2
Check: R code for possible problems
Result: NOTE
    ppoibin: no visible global function definition for ‘pnorm’
    ppoibin: no visible global function definition for ‘dnorm’
    rpoibin: no visible global function definition for ‘runif’
    Undefined global functions or variables:
     dnorm pnorm runif
    Consider adding
     importFrom("stats", "dnorm", "pnorm", "runif")
    to your NAMESPACE file.
Flavors: r-devel-linux-x86_64-debian-clang, r-devel-linux-x86_64-debian-gcc, r-devel-linux-x86_64-fedora-clang, r-devel-linux-x86_64-fedora-gcc, r-devel-macos-x86_64-clang, r-devel-windows-ix86+x86_64, r-patched-linux-x86_64, r-patched-solaris-sparc, r-patched-solaris-x86, r-release-linux-x86_64, r-release-osx-x86_64-mavericks, r-release-windows-ix86+x86_64