CRAN Package Check Results for Package poibin

Last updated on 2017-01-23 12:50:36.

Flavor Version Tinstall Tcheck Ttotal Status Flags
r-devel-linux-x86_64-debian-clang 1.2 1.25 10.19 11.44 NOTE
r-devel-linux-x86_64-debian-gcc 1.2 1.27 10.00 11.27 NOTE
r-devel-linux-x86_64-fedora-clang 1.2 18.50 NOTE --no-stop-on-test-error
r-devel-linux-x86_64-fedora-gcc 1.2 17.58 NOTE --no-stop-on-test-error
r-devel-macos-x86_64-clang 1.2 16.45 NOTE --no-stop-on-test-error
r-devel-windows-ix86+x86_64 1.2 12.00 27.00 39.00 NOTE
r-patched-linux-x86_64 1.2 1.22 8.41 9.63 NOTE
r-patched-solaris-sparc 1.2 93.30 NOTE
r-patched-solaris-x86 1.2 22.50 NOTE
r-release-linux-x86_64 1.2 1.12 8.53 9.66 NOTE
r-release-osx-x86_64-mavericks 1.2 NOTE
r-release-windows-ix86+x86_64 1.2 11.00 24.00 35.00 NOTE
r-oldrel-windows-ix86+x86_64 1.2 12.00 22.00 34.00 OK

Check Details

Version: 1.2
Check: R code for possible problems
Result: NOTE
    ppoibin: no visible global function definition for ‘pnorm’
    ppoibin: no visible global function definition for ‘dnorm’
    rpoibin: no visible global function definition for ‘runif’
    Undefined global functions or variables:
     dnorm pnorm runif
    Consider adding
     importFrom("stats", "dnorm", "pnorm", "runif")
    to your NAMESPACE file.
Flavors: r-devel-linux-x86_64-debian-clang, r-devel-linux-x86_64-debian-gcc, r-devel-windows-ix86+x86_64, r-patched-linux-x86_64, r-patched-solaris-sparc, r-patched-solaris-x86, r-release-linux-x86_64, r-release-osx-x86_64-mavericks, r-release-windows-ix86+x86_64

Version: 1.2
Flags: --no-stop-on-test-error
Check: R code for possible problems
Result: NOTE
    ppoibin: no visible global function definition for ‘pnorm’
    ppoibin: no visible global function definition for ‘dnorm’
    rpoibin: no visible global function definition for ‘runif’
    Undefined global functions or variables:
     dnorm pnorm runif
    Consider adding
     importFrom("stats", "dnorm", "pnorm", "runif")
    to your NAMESPACE file.
Flavors: r-devel-linux-x86_64-fedora-clang, r-devel-linux-x86_64-fedora-gcc, r-devel-macos-x86_64-clang