CRAN Package Check Results for Package poibin

Last updated on 2015-08-05 03:48:14.

Flavor Version Tinstall Tcheck Ttotal Status Flags
r-devel-linux-x86_64-debian-clang 1.2 0.97 7.93 8.90 NOTE
r-devel-linux-x86_64-debian-gcc 1.2 1.06 7.88 8.94 NOTE
r-devel-linux-x86_64-fedora-clang 1.2 16.82 NOTE
r-devel-linux-x86_64-fedora-gcc 1.2 15.60 NOTE
r-devel-osx-x86_64-clang 1.2 17.54 OK
r-devel-windows-ix86+x86_64 1.2 6.00 19.00 25.00 NOTE
r-patched-linux-x86_64 1.2 1.13 8.05 9.18 OK
r-patched-solaris-sparc 1.2 110.30 OK
r-patched-solaris-x86 1.2 27.60 OK
r-release-linux-x86_64 1.2 1.12 8.20 9.32 OK
r-release-osx-x86_64-mavericks 1.2 OK
r-release-windows-ix86+x86_64 1.2 5.00 19.00 24.00 OK
r-oldrel-windows-ix86+x86_64 1.2 9.00 19.00 28.00 OK

Check Details

Version: 1.2
Check: R code for possible problems
Result: NOTE
    ppoibin: no visible global function definition for ‘pnorm’
    ppoibin: no visible global function definition for ‘dnorm’
    rpoibin: no visible global function definition for ‘runif’
    Undefined global functions or variables:
     dnorm pnorm runif
    Consider adding
     importFrom("stats", "dnorm", "pnorm", "runif")
    to your NAMESPACE.
Flavors: r-devel-linux-x86_64-debian-clang, r-devel-linux-x86_64-debian-gcc, r-devel-linux-x86_64-fedora-clang, r-devel-linux-x86_64-fedora-gcc, r-devel-windows-ix86+x86_64