CRAN Package Check Results for Package poibin

Last updated on 2017-09-22 10:47:30.

Flavor Version Tinstall Tcheck Ttotal Status Flags
r-devel-linux-x86_64-debian-clang 1.2 1.30 10.66 11.96 NOTE
r-devel-linux-x86_64-debian-gcc 1.2 1.26 10.22 11.48 NOTE
r-devel-linux-x86_64-fedora-clang 1.2 18.98 NOTE
r-devel-linux-x86_64-fedora-gcc 1.2 18.23 NOTE
r-devel-windows-ix86+x86_64 1.2 13.00 29.00 42.00 NOTE
r-patched-linux-x86_64 1.2 1.24 10.54 11.78 NOTE
r-patched-solaris-x86 1.2 27.10 NOTE
r-release-linux-x86_64 1.2 1.27 10.32 11.59 NOTE
r-release-windows-ix86+x86_64 1.2 6.00 27.00 33.00 NOTE
r-release-osx-x86_64 1.2 NOTE
r-oldrel-windows-ix86+x86_64 1.2 11.00 24.00 35.00 NOTE
r-oldrel-osx-x86_64 1.2 NOTE

Check Details

Version: 1.2
Check: R code for possible problems
Result: NOTE
    ppoibin: no visible global function definition for ‘pnorm’
    ppoibin: no visible global function definition for ‘dnorm’
    rpoibin: no visible global function definition for ‘runif’
    Undefined global functions or variables:
     dnorm pnorm runif
    Consider adding
     importFrom("stats", "dnorm", "pnorm", "runif")
    to your NAMESPACE file.
Flavors: r-devel-linux-x86_64-debian-clang, r-devel-linux-x86_64-debian-gcc, r-devel-linux-x86_64-fedora-clang, r-devel-linux-x86_64-fedora-gcc, r-devel-windows-ix86+x86_64, r-patched-linux-x86_64, r-patched-solaris-x86, r-release-linux-x86_64, r-release-windows-ix86+x86_64, r-release-osx-x86_64, r-oldrel-windows-ix86+x86_64, r-oldrel-osx-x86_64

Version: 1.2
Check: compiled code
Result: NOTE
    File ‘poibin/libs/poibin.so’:
     Found no calls to: ‘R_registerRoutines’, ‘R_useDynamicSymbols’
    
    It is good practice to register native routines and to disable symbol
    search.
    
    See ‘Writing portable packages’ in the ‘Writing R Extensions’ manual.
Flavors: r-devel-linux-x86_64-debian-clang, r-devel-linux-x86_64-debian-gcc, r-devel-linux-x86_64-fedora-clang, r-devel-linux-x86_64-fedora-gcc, r-patched-linux-x86_64, r-release-linux-x86_64