CRAN Package Check Results for Package poibin

Last updated on 2016-05-26 21:49:36.

Flavor Version Tinstall Tcheck Ttotal Status Flags
r-devel-linux-x86_64-debian-gcc 1.2 1.16 8.31 9.47 NOTE
r-devel-linux-x86_64-fedora-clang 1.2 15.88 NOTE
r-devel-linux-x86_64-fedora-gcc 1.2 14.19 NOTE
r-devel-osx-x86_64-clang 1.2 18.66 NOTE
r-devel-windows-ix86+x86_64 1.2 5.00 24.00 29.00 NOTE
r-patched-linux-x86_64 1.2 1.13 8.44 9.57 NOTE
r-patched-solaris-sparc 1.2 91.90 NOTE
r-patched-solaris-x86 1.2 21.00 NOTE
r-release-linux-x86_64 1.2 1.23 8.47 9.71 NOTE
r-release-osx-x86_64-mavericks 1.2 NOTE
r-release-windows-ix86+x86_64 1.2 7.00 33.00 40.00 NOTE
r-oldrel-windows-ix86+x86_64 1.2 6.00 17.00 23.00 OK

Check Details

Version: 1.2
Check: R code for possible problems
Result: NOTE
    ppoibin: no visible global function definition for ‘pnorm’
    ppoibin: no visible global function definition for ‘dnorm’
    rpoibin: no visible global function definition for ‘runif’
    Undefined global functions or variables:
     dnorm pnorm runif
    Consider adding
     importFrom("stats", "dnorm", "pnorm", "runif")
    to your NAMESPACE file.
Flavors: r-devel-linux-x86_64-debian-gcc, r-devel-linux-x86_64-fedora-clang, r-devel-linux-x86_64-fedora-gcc, r-devel-osx-x86_64-clang, r-devel-windows-ix86+x86_64, r-patched-linux-x86_64, r-patched-solaris-sparc, r-patched-solaris-x86, r-release-linux-x86_64, r-release-osx-x86_64-mavericks, r-release-windows-ix86+x86_64