CRAN Package Check Results for Package poibin

Last updated on 2016-07-30 08:48:24.

Flavor Version Tinstall Tcheck Ttotal Status Flags
r-devel-linux-x86_64-debian-clang 1.2 1.10 8.34 9.44 NOTE
r-devel-linux-x86_64-debian-gcc 1.2 1.18 8.07 9.26 NOTE
r-devel-linux-x86_64-fedora-clang 1.2 15.33 NOTE
r-devel-linux-x86_64-fedora-gcc 1.2 13.88 NOTE
r-devel-osx-x86_64-clang 1.2 14.15 NOTE
r-devel-windows-ix86+x86_64 1.2 5.00 25.00 30.00 NOTE
r-patched-linux-x86_64 1.2 1.62 9.86 11.47 NOTE
r-patched-solaris-sparc 1.2 91.50 NOTE
r-patched-solaris-x86 1.2 20.70 NOTE
r-release-linux-x86_64 1.2 1.34 9.85 11.19 NOTE
r-release-osx-x86_64-mavericks 1.2 NOTE
r-release-windows-ix86+x86_64 1.2 7.00 33.00 40.00 NOTE
r-oldrel-windows-ix86+x86_64 1.2 6.00 17.00 23.00 OK

Check Details

Version: 1.2
Check: R code for possible problems
Result: NOTE
    ppoibin: no visible global function definition for ‘pnorm’
    ppoibin: no visible global function definition for ‘dnorm’
    rpoibin: no visible global function definition for ‘runif’
    Undefined global functions or variables:
     dnorm pnorm runif
    Consider adding
     importFrom("stats", "dnorm", "pnorm", "runif")
    to your NAMESPACE file.
Flavors: r-devel-linux-x86_64-debian-clang, r-devel-linux-x86_64-debian-gcc, r-devel-linux-x86_64-fedora-clang, r-devel-linux-x86_64-fedora-gcc, r-devel-osx-x86_64-clang, r-devel-windows-ix86+x86_64, r-patched-linux-x86_64, r-patched-solaris-sparc, r-patched-solaris-x86, r-release-linux-x86_64, r-release-osx-x86_64-mavericks, r-release-windows-ix86+x86_64