CRAN Package Check Results for Package poibin

Last updated on 2016-09-28 23:49:29.

Flavor Version Tinstall Tcheck Ttotal Status Flags
r-devel-linux-x86_64-debian-clang 1.2 1.14 8.42 9.56 NOTE
r-devel-linux-x86_64-debian-gcc 1.2 1.19 8.26 9.45 NOTE
r-devel-linux-x86_64-fedora-clang 1.2 15.74 NOTE
r-devel-linux-x86_64-fedora-gcc 1.2 14.59 NOTE
r-devel-macos-x86_64-clang 1.2 14.40 NOTE
r-devel-windows-ix86+x86_64 1.2 9.00 31.00 40.00 NOTE
r-patched-linux-x86_64 1.2 1.11 8.36 9.47 NOTE
r-patched-solaris-sparc 1.2 91.50 NOTE
r-patched-solaris-x86 1.2 20.40 NOTE
r-release-linux-x86_64 1.2 1.20 8.43 9.64 NOTE
r-release-osx-x86_64-mavericks 1.2 NOTE
r-release-windows-ix86+x86_64 1.2 5.00 24.00 29.00 NOTE
r-oldrel-windows-ix86+x86_64 1.2 6.00 17.00 23.00 OK

Check Details

Version: 1.2
Check: R code for possible problems
Result: NOTE
    ppoibin: no visible global function definition for ‘pnorm’
    ppoibin: no visible global function definition for ‘dnorm’
    rpoibin: no visible global function definition for ‘runif’
    Undefined global functions or variables:
     dnorm pnorm runif
    Consider adding
     importFrom("stats", "dnorm", "pnorm", "runif")
    to your NAMESPACE file.
Flavors: r-devel-linux-x86_64-debian-clang, r-devel-linux-x86_64-debian-gcc, r-devel-linux-x86_64-fedora-clang, r-devel-linux-x86_64-fedora-gcc, r-devel-macos-x86_64-clang, r-devel-windows-ix86+x86_64, r-patched-linux-x86_64, r-patched-solaris-sparc, r-patched-solaris-x86, r-release-linux-x86_64, r-release-osx-x86_64-mavericks, r-release-windows-ix86+x86_64