CRAN Package Check Results for Package poilog

Last updated on 2015-09-04 19:47:35.

Flavor Version Tinstall Tcheck Ttotal Status Flags
r-devel-linux-x86_64-debian-clang 0.4 0.83 16.80 17.63 NOTE
r-devel-linux-x86_64-debian-gcc 0.4 0.83 17.18 18.01 NOTE
r-devel-linux-x86_64-fedora-clang 0.4 32.74 NOTE
r-devel-linux-x86_64-fedora-gcc 0.4 31.94 NOTE
r-devel-osx-x86_64-clang 0.4 25.35 OK
r-devel-windows-ix86+x86_64 0.4 6.00 61.00 67.00 NOTE
r-patched-linux-x86_64 0.4 0.86 17.74 18.60 OK
r-patched-solaris-sparc 0.4 242.80 OK
r-patched-solaris-x86 0.4 48.00 OK
r-release-linux-x86_64 0.4 0.86 17.61 18.47 OK
r-release-osx-x86_64-mavericks 0.4 OK
r-release-windows-ix86+x86_64 0.4 13.00 58.00 71.00 OK
r-oldrel-windows-ix86+x86_64 0.4 8.00 53.00 61.00 OK

Check Details

Version: 0.4
Check: R code for possible problems
Result: NOTE
    bipoilogMLE: no visible global function definition for ‘optim’
    bipoilogMLE: no visible global function definition for ‘write.table’
    poilogMLE: no visible global function definition for ‘optim’
    rbipoilog : sim: no visible global function definition for ‘rnorm’
    rbipoilog : sim: no visible global function definition for ‘rpois’
    rpoilog : sim: no visible global function definition for ‘rnorm’
    rpoilog : sim: no visible global function definition for ‘rpois’
    Undefined global functions or variables:
     optim rnorm rpois write.table
    Consider adding
     importFrom("stats", "optim", "rnorm", "rpois")
     importFrom("utils", "write.table")
    to your NAMESPACE.
Flavors: r-devel-linux-x86_64-debian-clang, r-devel-linux-x86_64-debian-gcc, r-devel-linux-x86_64-fedora-clang, r-devel-linux-x86_64-fedora-gcc, r-devel-windows-ix86+x86_64