CRAN Package Check Results for Package poilog

Last updated on 2016-08-25 09:48:22.

Flavor Version Tinstall Tcheck Ttotal Status Flags
r-devel-linux-x86_64-debian-clang 0.4 0.90 31.64 32.54 NOTE
r-devel-linux-x86_64-debian-gcc 0.4 0.91 32.34 33.25 NOTE
r-devel-linux-x86_64-fedora-clang 0.4 50.42 NOTE
r-devel-linux-x86_64-fedora-gcc 0.4 49.87 NOTE
r-devel-osx-x86_64-clang 0.4 21.66 NOTE
r-devel-windows-ix86+x86_64 0.4 8.00 74.00 82.00 NOTE
r-patched-linux-x86_64 0.4 0.82 32.46 33.28 NOTE
r-patched-solaris-sparc 0.4 231.20 NOTE
r-patched-solaris-x86 0.4 43.10 NOTE
r-release-linux-x86_64 0.4 0.96 32.22 33.18 NOTE
r-release-osx-x86_64-mavericks 0.4 NOTE
r-release-windows-ix86+x86_64 0.4 6.00 73.00 79.00 NOTE
r-oldrel-windows-ix86+x86_64 0.4 6.00 52.00 58.00 OK

Check Details

Version: 0.4
Check: R code for possible problems
Result: NOTE
    bipoilogMLE: no visible global function definition for ‘optim’
    bipoilogMLE: no visible global function definition for ‘write.table’
    poilogMLE: no visible global function definition for ‘optim’
    rbipoilog : sim: no visible global function definition for ‘rnorm’
    rbipoilog : sim: no visible global function definition for ‘rpois’
    rpoilog : sim: no visible global function definition for ‘rnorm’
    rpoilog : sim: no visible global function definition for ‘rpois’
    Undefined global functions or variables:
     optim rnorm rpois write.table
    Consider adding
     importFrom("stats", "optim", "rnorm", "rpois")
     importFrom("utils", "write.table")
    to your NAMESPACE file.
Flavors: r-devel-linux-x86_64-debian-clang, r-devel-linux-x86_64-debian-gcc, r-devel-linux-x86_64-fedora-clang, r-devel-linux-x86_64-fedora-gcc, r-devel-osx-x86_64-clang, r-devel-windows-ix86+x86_64, r-patched-linux-x86_64, r-patched-solaris-sparc, r-patched-solaris-x86, r-release-linux-x86_64, r-release-osx-x86_64-mavericks, r-release-windows-ix86+x86_64