CRAN Package Check Results for Package poilog

Last updated on 2017-06-27 15:48:56.

Flavor Version Tinstall Tcheck Ttotal Status Flags
r-devel-linux-x86_64-debian-clang 0.4 1.04 19.68 20.71 NOTE
r-devel-linux-x86_64-debian-gcc 0.4 0.93 19.66 20.59 NOTE
r-devel-linux-x86_64-fedora-clang 0.4 54.05 NOTE
r-devel-linux-x86_64-fedora-gcc 0.4 54.62 NOTE
r-devel-windows-ix86+x86_64 0.4 8.00 60.00 68.00 NOTE
r-patched-linux-x86_64 0.4 1.09 19.85 20.95 NOTE
r-patched-solaris-sparc 0.4 241.80 NOTE
r-patched-solaris-x86 0.4 46.80 NOTE
r-release-linux-x86_64 0.4 0.93 19.55 20.48 NOTE
r-release-windows-ix86+x86_64 0.4 5.00 65.00 70.00 NOTE
r-release-osx-x86_64 0.4 NOTE
r-oldrel-windows-ix86+x86_64 0.4 4.00 63.00 67.00 NOTE
r-oldrel-osx-x86_64 0.4 NOTE

Check Details

Version: 0.4
Check: R code for possible problems
Result: NOTE
    bipoilogMLE: no visible global function definition for ‘optim’
    bipoilogMLE: no visible global function definition for ‘write.table’
    poilogMLE: no visible global function definition for ‘optim’
    rbipoilog : sim: no visible global function definition for ‘rnorm’
    rbipoilog : sim: no visible global function definition for ‘rpois’
    rpoilog : sim: no visible global function definition for ‘rnorm’
    rpoilog : sim: no visible global function definition for ‘rpois’
    Undefined global functions or variables:
     optim rnorm rpois write.table
    Consider adding
     importFrom("stats", "optim", "rnorm", "rpois")
     importFrom("utils", "write.table")
    to your NAMESPACE file.
Flavors: r-devel-linux-x86_64-debian-clang, r-devel-linux-x86_64-debian-gcc, r-devel-linux-x86_64-fedora-clang, r-devel-linux-x86_64-fedora-gcc, r-devel-windows-ix86+x86_64, r-patched-linux-x86_64, r-patched-solaris-sparc, r-patched-solaris-x86, r-release-linux-x86_64, r-release-windows-ix86+x86_64, r-release-osx-x86_64, r-oldrel-windows-ix86+x86_64, r-oldrel-osx-x86_64

Version: 0.4
Check: compiled code
Result: NOTE
    File ‘poilog/libs/poilog.so’:
     Found no calls to: ‘R_registerRoutines’, ‘R_useDynamicSymbols’
    
    It is good practice to register native routines and to disable symbol
    search.
    
    See ‘Writing portable packages’ in the ‘Writing R Extensions’ manual.
Flavors: r-devel-linux-x86_64-debian-clang, r-devel-linux-x86_64-debian-gcc, r-devel-linux-x86_64-fedora-clang, r-devel-linux-x86_64-fedora-gcc, r-patched-linux-x86_64, r-release-linux-x86_64