CRAN Package Check Results for Package poilog

Last updated on 2015-07-05 22:47:39.

Flavor Version Tinstall Tcheck Ttotal Status Flags
r-devel-linux-x86_64-debian-clang 0.4 0.90 18.18 19.09 NOTE
r-devel-linux-x86_64-debian-gcc 0.4 0.87 17.29 18.16 NOTE
r-devel-linux-x86_64-fedora-clang 0.4 33.16 NOTE
r-devel-linux-x86_64-fedora-gcc 0.4 31.65 NOTE
r-devel-osx-x86_64-clang 0.4 26.62 OK
r-devel-windows-ix86+x86_64 0.4 6.00 51.00 57.00 NOTE
r-patched-linux-x86_64 0.4 0.90 17.56 18.46 OK
r-patched-solaris-sparc 0.4 235.60 OK
r-patched-solaris-x86 0.4 49.10 OK
r-release-linux-x86_64 0.4 0.92 17.55 18.47 OK
r-release-osx-x86_64-mavericks 0.4 OK
r-release-windows-ix86+x86_64 0.4 6.00 58.00 64.00 OK
r-oldrel-windows-ix86+x86_64 0.4 8.00 53.00 61.00 OK

Check Details

Version: 0.4
Check: R code for possible problems
Result: NOTE
    bipoilogMLE: no visible global function definition for ‘optim’
    bipoilogMLE: no visible global function definition for ‘write.table’
    poilogMLE: no visible global function definition for ‘optim’
    rbipoilog : sim: no visible global function definition for ‘rnorm’
    rbipoilog : sim: no visible global function definition for ‘rpois’
    rpoilog : sim: no visible global function definition for ‘rnorm’
    rpoilog : sim: no visible global function definition for ‘rpois’
    Undefined global functions or variables:
     optim rnorm rpois write.table
Flavors: r-devel-linux-x86_64-debian-clang, r-devel-linux-x86_64-debian-gcc, r-devel-linux-x86_64-fedora-clang, r-devel-linux-x86_64-fedora-gcc, r-devel-windows-ix86+x86_64