CRAN Package Check Results for Package poilog

Last updated on 2016-12-09 23:49:49.

Flavor Version Tinstall Tcheck Ttotal Status Flags
r-devel-linux-x86_64-debian-clang 0.4 0.98 38.69 39.66 NOTE
r-devel-linux-x86_64-debian-gcc 0.4 1.05 34.07 35.12 NOTE
r-devel-linux-x86_64-fedora-clang 0.4 60.22 NOTE --no-stop-on-test-error
r-devel-linux-x86_64-fedora-gcc 0.4 54.10 NOTE --no-stop-on-test-error
r-devel-macos-x86_64-clang 0.4 24.73 NOTE --no-stop-on-test-error
r-devel-windows-ix86+x86_64 0.4 12.00 67.00 79.00 NOTE
r-patched-linux-x86_64 0.4 0.90 32.62 33.52 NOTE
r-patched-solaris-sparc 0.4 231.20 NOTE
r-patched-solaris-x86 0.4 43.40 NOTE
r-release-linux-x86_64 0.4 0.88 32.45 33.32 NOTE
r-release-osx-x86_64-mavericks 0.4 NOTE
r-release-windows-ix86+x86_64 0.4 4.00 63.00 67.00 NOTE
r-oldrel-windows-ix86+x86_64 0.4 5.00 59.00 64.00 OK

Check Details

Version: 0.4
Check: R code for possible problems
Result: NOTE
    bipoilogMLE: no visible global function definition for ‘optim’
    bipoilogMLE: no visible global function definition for ‘write.table’
    poilogMLE: no visible global function definition for ‘optim’
    rbipoilog : sim: no visible global function definition for ‘rnorm’
    rbipoilog : sim: no visible global function definition for ‘rpois’
    rpoilog : sim: no visible global function definition for ‘rnorm’
    rpoilog : sim: no visible global function definition for ‘rpois’
    Undefined global functions or variables:
     optim rnorm rpois write.table
    Consider adding
     importFrom("stats", "optim", "rnorm", "rpois")
     importFrom("utils", "write.table")
    to your NAMESPACE file.
Flavors: r-devel-linux-x86_64-debian-clang, r-devel-linux-x86_64-debian-gcc, r-devel-windows-ix86+x86_64, r-patched-linux-x86_64, r-patched-solaris-sparc, r-patched-solaris-x86, r-release-linux-x86_64, r-release-osx-x86_64-mavericks, r-release-windows-ix86+x86_64

Version: 0.4
Flags: --no-stop-on-test-error
Check: R code for possible problems
Result: NOTE
    bipoilogMLE: no visible global function definition for ‘optim’
    bipoilogMLE: no visible global function definition for ‘write.table’
    poilogMLE: no visible global function definition for ‘optim’
    rbipoilog : sim: no visible global function definition for ‘rnorm’
    rbipoilog : sim: no visible global function definition for ‘rpois’
    rpoilog : sim: no visible global function definition for ‘rnorm’
    rpoilog : sim: no visible global function definition for ‘rpois’
    Undefined global functions or variables:
     optim rnorm rpois write.table
    Consider adding
     importFrom("stats", "optim", "rnorm", "rpois")
     importFrom("utils", "write.table")
    to your NAMESPACE file.
Flavors: r-devel-linux-x86_64-fedora-clang, r-devel-linux-x86_64-fedora-gcc, r-devel-macos-x86_64-clang