CRAN Package Check Results for Package poilog

Last updated on 2016-02-11 02:48:14.

Flavor Version Tinstall Tcheck Ttotal Status Flags
r-devel-linux-x86_64-debian-gcc 0.4 0.84 16.94 17.79 NOTE
r-devel-linux-x86_64-fedora-clang 0.4 31.79 NOTE
r-devel-linux-x86_64-fedora-gcc 0.4 30.76 NOTE
r-devel-osx-x86_64-clang 0.4 27.90 NOTE
r-devel-windows-ix86+x86_64 0.4 9.00 59.00 68.00 NOTE
r-patched-linux-x86_64 0.4 0.94 17.55 18.50 OK
r-patched-solaris-sparc 0.4 226.80 OK
r-patched-solaris-x86 0.4 42.40 OK
r-release-linux-x86_64 0.4 1.00 17.48 18.48 OK
r-release-osx-x86_64-mavericks 0.4 OK
r-release-windows-ix86+x86_64 0.4 6.00 52.00 58.00 OK
r-oldrel-windows-ix86+x86_64 0.4 8.00 53.00 61.00 OK

Check Details

Version: 0.4
Check: R code for possible problems
Result: NOTE
    bipoilogMLE: no visible global function definition for ‘optim’
    bipoilogMLE: no visible global function definition for ‘write.table’
    poilogMLE: no visible global function definition for ‘optim’
    rbipoilog : sim: no visible global function definition for ‘rnorm’
    rbipoilog : sim: no visible global function definition for ‘rpois’
    rpoilog : sim: no visible global function definition for ‘rnorm’
    rpoilog : sim: no visible global function definition for ‘rpois’
    Undefined global functions or variables:
     optim rnorm rpois write.table
    Consider adding
     importFrom("stats", "optim", "rnorm", "rpois")
     importFrom("utils", "write.table")
    to your NAMESPACE file.
Flavors: r-devel-linux-x86_64-debian-gcc, r-devel-linux-x86_64-fedora-clang, r-devel-linux-x86_64-fedora-gcc, r-devel-osx-x86_64-clang, r-devel-windows-ix86+x86_64