CRAN Package Check Results for Package poilog

Last updated on 2016-07-31 08:46:54.

Flavor Version Tinstall Tcheck Ttotal Status Flags
r-devel-linux-x86_64-debian-clang 0.4 0.92 31.52 32.44 NOTE
r-devel-linux-x86_64-debian-gcc 0.4 0.98 31.87 32.85 NOTE
r-devel-linux-x86_64-fedora-clang 0.4 31.13 NOTE
r-devel-linux-x86_64-fedora-gcc 0.4 30.65 NOTE
r-devel-osx-x86_64-clang 0.4 21.69 NOTE
r-devel-windows-ix86+x86_64 0.4 5.00 65.00 70.00 NOTE
r-patched-linux-x86_64 0.4 0.90 32.11 33.01 NOTE
r-patched-solaris-sparc 0.4 231.20 NOTE
r-patched-solaris-x86 0.4 43.00 NOTE
r-release-linux-x86_64 0.4 1.06 35.02 36.09 NOTE
r-release-osx-x86_64-mavericks 0.4 NOTE
r-release-windows-ix86+x86_64 0.4 6.00 73.00 79.00 NOTE
r-oldrel-windows-ix86+x86_64 0.4 6.00 52.00 58.00 OK

Check Details

Version: 0.4
Check: R code for possible problems
Result: NOTE
    bipoilogMLE: no visible global function definition for ‘optim’
    bipoilogMLE: no visible global function definition for ‘write.table’
    poilogMLE: no visible global function definition for ‘optim’
    rbipoilog : sim: no visible global function definition for ‘rnorm’
    rbipoilog : sim: no visible global function definition for ‘rpois’
    rpoilog : sim: no visible global function definition for ‘rnorm’
    rpoilog : sim: no visible global function definition for ‘rpois’
    Undefined global functions or variables:
     optim rnorm rpois write.table
    Consider adding
     importFrom("stats", "optim", "rnorm", "rpois")
     importFrom("utils", "write.table")
    to your NAMESPACE file.
Flavors: r-devel-linux-x86_64-debian-clang, r-devel-linux-x86_64-debian-gcc, r-devel-linux-x86_64-fedora-clang, r-devel-linux-x86_64-fedora-gcc, r-devel-osx-x86_64-clang, r-devel-windows-ix86+x86_64, r-patched-linux-x86_64, r-patched-solaris-sparc, r-patched-solaris-x86, r-release-linux-x86_64, r-release-osx-x86_64-mavericks, r-release-windows-ix86+x86_64