CRAN Package Check Results for Package poilog

Last updated on 2017-01-20 19:47:15.

Flavor Version Tinstall Tcheck Ttotal Status Flags
r-devel-linux-x86_64-debian-clang 0.4 1.00 38.36 39.36 NOTE
r-devel-linux-x86_64-debian-gcc 0.4 0.96 34.34 35.30 NOTE
r-devel-linux-x86_64-fedora-clang 0.4 59.24 NOTE --no-stop-on-test-error
r-devel-linux-x86_64-fedora-gcc 0.4 54.37 NOTE --no-stop-on-test-error
r-devel-macos-x86_64-clang 0.4 24.25 NOTE --no-stop-on-test-error
r-devel-windows-ix86+x86_64 0.4 9.00 84.00 93.00 NOTE
r-patched-linux-x86_64 0.4 0.94 32.89 33.83 NOTE
r-patched-solaris-sparc 0.4 233.90 NOTE
r-patched-solaris-x86 0.4 42.80 NOTE
r-release-linux-x86_64 0.4 0.92 32.91 33.82 NOTE
r-release-osx-x86_64-mavericks 0.4 NOTE
r-release-windows-ix86+x86_64 0.4 4.00 63.00 67.00 NOTE
r-oldrel-windows-ix86+x86_64 0.4 5.00 59.00 64.00 OK

Check Details

Version: 0.4
Check: R code for possible problems
Result: NOTE
    bipoilogMLE: no visible global function definition for ‘optim’
    bipoilogMLE: no visible global function definition for ‘write.table’
    poilogMLE: no visible global function definition for ‘optim’
    rbipoilog : sim: no visible global function definition for ‘rnorm’
    rbipoilog : sim: no visible global function definition for ‘rpois’
    rpoilog : sim: no visible global function definition for ‘rnorm’
    rpoilog : sim: no visible global function definition for ‘rpois’
    Undefined global functions or variables:
     optim rnorm rpois write.table
    Consider adding
     importFrom("stats", "optim", "rnorm", "rpois")
     importFrom("utils", "write.table")
    to your NAMESPACE file.
Flavors: r-devel-linux-x86_64-debian-clang, r-devel-linux-x86_64-debian-gcc, r-devel-windows-ix86+x86_64, r-patched-linux-x86_64, r-patched-solaris-sparc, r-patched-solaris-x86, r-release-linux-x86_64, r-release-osx-x86_64-mavericks, r-release-windows-ix86+x86_64

Version: 0.4
Flags: --no-stop-on-test-error
Check: R code for possible problems
Result: NOTE
    bipoilogMLE: no visible global function definition for ‘optim’
    bipoilogMLE: no visible global function definition for ‘write.table’
    poilogMLE: no visible global function definition for ‘optim’
    rbipoilog : sim: no visible global function definition for ‘rnorm’
    rbipoilog : sim: no visible global function definition for ‘rpois’
    rpoilog : sim: no visible global function definition for ‘rnorm’
    rpoilog : sim: no visible global function definition for ‘rpois’
    Undefined global functions or variables:
     optim rnorm rpois write.table
    Consider adding
     importFrom("stats", "optim", "rnorm", "rpois")
     importFrom("utils", "write.table")
    to your NAMESPACE file.
Flavors: r-devel-linux-x86_64-fedora-clang, r-devel-linux-x86_64-fedora-gcc, r-devel-macos-x86_64-clang