CRAN Package Check Results for Package pointblank

Last updated on 2019-11-14 22:49:24 CET.

Flavor Version Tinstall Tcheck Ttotal Status Flags
r-devel-linux-x86_64-debian-clang 0.2.1 6.95 53.59 60.54 OK
r-devel-linux-x86_64-debian-gcc 0.2.1 6.03 41.08 47.11 OK
r-devel-linux-x86_64-fedora-clang 0.2.1 72.50 NOTE
r-devel-linux-x86_64-fedora-gcc 0.2.1 71.36 NOTE
r-devel-windows-ix86+x86_64 0.2.1 24.00 69.00 93.00 OK
r-patched-linux-x86_64 0.2.1 7.52 50.81 58.33 OK
r-patched-solaris-x86 0.2.1 101.20 NOTE
r-release-linux-x86_64 0.2.1 7.02 51.84 58.86 OK
r-release-windows-ix86+x86_64 0.2.1 11.00 95.00 106.00 OK
r-release-osx-x86_64 0.2.1 NOTE
r-oldrel-windows-ix86+x86_64 0.2.1 10.00 104.00 114.00 OK
r-oldrel-osx-x86_64 0.2.1 NOTE

Check Details

Version: 0.2.1
Check: dependencies in R code
Result: NOTE
    Namespaces in Imports field not imported from:
     ‘htmltools’ ‘lubridate’ ‘tibble’
     All declared Imports should be used.
Flavors: r-devel-linux-x86_64-fedora-clang, r-devel-linux-x86_64-fedora-gcc, r-patched-solaris-x86, r-release-osx-x86_64, r-oldrel-osx-x86_64