CRAN Package Check Results for Package poistweedie

Last updated on 2015-07-03 13:46:42.

Flavor Version Tinstall Tcheck Ttotal Status Flags
r-devel-linux-x86_64-debian-clang 1.0 0.62 11.91 12.53 NOTE
r-devel-linux-x86_64-debian-gcc 1.0 0.55 12.01 12.56 NOTE
r-devel-linux-x86_64-fedora-clang 1.0 24.17 NOTE
r-devel-linux-x86_64-fedora-gcc 1.0 21.96 NOTE
r-devel-osx-x86_64-clang 1.0 25.21 NOTE
r-devel-windows-ix86+x86_64 1.0 2.00 28.00 30.00 NOTE
r-patched-linux-x86_64 1.0 0.64 12.32 12.96 NOTE
r-patched-solaris-sparc 1.0 163.50 NOTE
r-patched-solaris-x86 1.0 35.00 NOTE
r-release-linux-x86_64 1.0 0.65 12.28 12.93 NOTE
r-release-osx-x86_64-mavericks 1.0 NOTE
r-release-windows-ix86+x86_64 1.0 3.00 22.00 25.00 NOTE
r-oldrel-windows-ix86+x86_64 1.0 4.00 20.00 24.00 NOTE

Check Details

Version: 1.0
Check: R code for possible problems
Result: NOTE
    rpoistweedie: no visible global function definition for ‘runif’
    testOmegaPT: no visible global function definition for ‘runif’
    Undefined global functions or variables:
     runif
Flavors: r-devel-linux-x86_64-debian-clang, r-devel-linux-x86_64-debian-gcc, r-devel-linux-x86_64-fedora-clang, r-devel-linux-x86_64-fedora-gcc

Version: 1.0
Check: Rd files
Result: NOTE
    prepare_Rd: poistweedie.Rd:51: Dropping empty section \references
    prepare_Rd: ppoistweedie.Rd:37: Dropping empty section \references
    prepare_Rd: qpoistweedie.Rd:40: Dropping empty section \references
    prepare_Rd: rpoistweedie.Rd:36: Dropping empty section \references
    prepare_Rd: varpt.Rd:31: Dropping empty section \references
Flavors: r-devel-linux-x86_64-debian-clang, r-devel-linux-x86_64-debian-gcc, r-devel-linux-x86_64-fedora-clang, r-devel-linux-x86_64-fedora-gcc, r-devel-osx-x86_64-clang, r-devel-windows-ix86+x86_64, r-patched-linux-x86_64, r-patched-solaris-sparc, r-patched-solaris-x86, r-release-linux-x86_64, r-release-osx-x86_64-mavericks, r-release-windows-ix86+x86_64, r-oldrel-windows-ix86+x86_64

Version: 1.0
Check: Rd line widths
Result: NOTE
    Rd file 'ppoistweedie.Rd':
     \examples lines wider than 100 characters:
     layout.show(1) ... [TRUNCATED]
    
    These lines will be truncated in the PDF manual.
Flavors: r-devel-linux-x86_64-debian-clang, r-devel-linux-x86_64-debian-gcc, r-devel-linux-x86_64-fedora-clang, r-devel-linux-x86_64-fedora-gcc, r-patched-linux-x86_64, r-release-linux-x86_64