CRAN Package Check Results for Package poistweedie

Last updated on 2014-12-20 12:47:33.

Flavor Version Tinstall Tcheck Ttotal Status Flags
r-devel-linux-x86_64-debian-clang 1.0 0.61 13.00 13.60 NOTE
r-devel-linux-x86_64-debian-gcc 1.0 0.58 13.19 13.77 NOTE
r-devel-linux-x86_64-fedora-clang 1.0 29.28 NOTE
r-devel-linux-x86_64-fedora-gcc 1.0 26.28 NOTE
r-devel-osx-x86_64-clang 1.0 28.81 NOTE
r-devel-windows-ix86+x86_64 1.0 2.00 20.00 22.00 NOTE
r-patched-linux-x86_64 1.0 0.67 14.06 14.72 NOTE
r-patched-solaris-sparc 1.0 160.10 NOTE
r-patched-solaris-x86 1.0 36.70 NOTE
r-release-linux-ix86 1.0 0.86 18.50 19.35 NOTE
r-release-linux-x86_64 1.0 0.62 13.04 13.66 NOTE
r-release-osx-x86_64-mavericks 1.0 NOTE
r-release-windows-ix86+x86_64 1.0 2.00 21.00 23.00 NOTE
r-oldrel-windows-ix86+x86_64 1.0 2.00 35.00 37.00 NOTE

Check Details

Version: 1.0
Check: Rd files
Result: NOTE
    prepare_Rd: poistweedie.Rd:51: Dropping empty section \references
    prepare_Rd: ppoistweedie.Rd:37: Dropping empty section \references
    prepare_Rd: qpoistweedie.Rd:40: Dropping empty section \references
    prepare_Rd: rpoistweedie.Rd:36: Dropping empty section \references
    prepare_Rd: varpt.Rd:31: Dropping empty section \references
Flavors: r-devel-linux-x86_64-debian-clang, r-devel-linux-x86_64-debian-gcc, r-devel-linux-x86_64-fedora-clang, r-devel-linux-x86_64-fedora-gcc, r-devel-osx-x86_64-clang, r-devel-windows-ix86+x86_64, r-patched-linux-x86_64, r-patched-solaris-sparc, r-patched-solaris-x86, r-release-linux-ix86, r-release-linux-x86_64, r-release-osx-x86_64-mavericks, r-release-windows-ix86+x86_64, r-oldrel-windows-ix86+x86_64

Version: 1.0
Check: Rd line widths
Result: NOTE
    Rd file 'ppoistweedie.Rd':
     \examples lines wider than 100 characters:
     layout.show(1) ... [TRUNCATED]
    
    These lines will be truncated in the PDF manual.
Flavors: r-devel-linux-x86_64-debian-clang, r-devel-linux-x86_64-debian-gcc, r-devel-linux-x86_64-fedora-clang, r-devel-linux-x86_64-fedora-gcc, r-patched-linux-x86_64, r-release-linux-x86_64